{"id":397,"date":"2021-12-08T01:34:41","date_gmt":"2021-12-08T01:34:41","guid":{"rendered":"https:\/\/tv.joycemeyer.org\/bosanski\/wp-content\/uploads\/sites\/64\/2021\/12\/1085-2.jpg"},"modified":"2021-12-08T01:36:07","modified_gmt":"2021-12-08T01:36:07","slug":"1085-2","status":"inherit","type":"attachment","link":"https:\/\/tv.joycemeyer.org\/bosanski\/videos\/ljepota-umjesto-pepela-dio-1\/1085-2\/","title":{"rendered":"Suo\u010davanje sa strahom i pronala\u017eenje slobode &#8211; dio 1"},"author":7,"featured_media":0,"comment_status":"closed","ping_status":"closed","template":"","meta":{"_acf_changed":false},"class_list":["post-397","attachment","type-attachment","status-inherit","hentry"],"acf":[],"yoast_head":"<!-- This site is optimized with the Yoast SEO plugin v27.4 - https:\/\/yoast.com\/product\/yoast-seo-wordpress\/ -->\n<title>Suo\u010davanje sa strahom i pronala\u017eenje slobode - dio 1 - Joyce Meyer Ministries - Bosanski<\/title>\n<meta name=\"robots\" content=\"index, follow, max-snippet:-1, max-image-preview:large, max-video-preview:-1\" \/>\n<link rel=\"canonical\" href=\"https:\/\/tv.joycemeyer.org\/bosanski\/wp-content\/uploads\/sites\/64\/2021\/12\/1085-2.jpg\" \/>\n<meta property=\"og:locale\" content=\"bs_BA\" \/>\n<meta property=\"og:type\" content=\"article\" \/>\n<meta property=\"og:title\" content=\"Suo\u010davanje sa strahom i pronala\u017eenje slobode - dio 1 - Joyce Meyer Ministries - Bosanski\" \/>\n<meta property=\"og:description\" content=\"Suo\u010davanje sa strahom i pronala\u017eenje slobode - dio 1\" \/>\n<meta property=\"og:url\" content=\"https:\/\/tv.joycemeyer.org\/bosanski\/wp-content\/uploads\/sites\/64\/2021\/12\/1085-2.jpg\" \/>\n<meta property=\"og:site_name\" content=\"Joyce Meyer Ministries - Bosanski\" \/>\n<meta property=\"article:modified_time\" content=\"2021-12-08T01:36:07+00:00\" \/>\n<meta property=\"og:image\" content=\"https:\/\/tv.joycemeyer.org\/bosanski\/wp-content\/uploads\/sites\/64\/2021\/12\/1085-2.jpg\" \/>\n\t<meta property=\"og:image:width\" content=\"457\" \/>\n\t<meta property=\"og:image:height\" content=\"257\" \/>\n\t<meta property=\"og:image:type\" content=\"image\/jpeg\" \/>\n<meta name=\"twitter:card\" content=\"summary_large_image\" \/>\n<script type=\"application\/ld+json\" class=\"yoast-schema-graph\">{\"@context\":\"https:\\\/\\\/schema.org\",\"@graph\":[{\"@type\":\"WebPage\",\"@id\":\"https:\\\/\\\/tv.joycemeyer.org\\\/bosanski\\\/wp-content\\\/uploads\\\/sites\\\/64\\\/2021\\\/12\\\/1085-2.jpg\",\"url\":\"https:\\\/\\\/tv.joycemeyer.org\\\/bosanski\\\/wp-content\\\/uploads\\\/sites\\\/64\\\/2021\\\/12\\\/1085-2.jpg\",\"name\":\"Suo\u010davanje sa strahom i pronala\u017eenje slobode - dio 1 - Joyce Meyer Ministries - Bosanski\",\"isPartOf\":{\"@id\":\"https:\\\/\\\/tv.joycemeyer.org\\\/bosanski\\\/#website\"},\"datePublished\":\"2021-12-08T01:34:41+00:00\",\"dateModified\":\"2021-12-08T01:36:07+00:00\",\"breadcrumb\":{\"@id\":\"https:\\\/\\\/tv.joycemeyer.org\\\/bosanski\\\/wp-content\\\/uploads\\\/sites\\\/64\\\/2021\\\/12\\\/1085-2.jpg#breadcrumb\"},\"inLanguage\":\"bs-BA\",\"potentialAction\":[{\"@type\":\"ReadAction\",\"target\":[\"https:\\\/\\\/tv.joycemeyer.org\\\/bosanski\\\/wp-content\\\/uploads\\\/sites\\\/64\\\/2021\\\/12\\\/1085-2.jpg\"]}]},{\"@type\":\"BreadcrumbList\",\"@id\":\"https:\\\/\\\/tv.joycemeyer.org\\\/bosanski\\\/wp-content\\\/uploads\\\/sites\\\/64\\\/2021\\\/12\\\/1085-2.jpg#breadcrumb\",\"itemListElement\":[{\"@type\":\"ListItem\",\"position\":1,\"name\":\"Home\",\"item\":\"https:\\\/\\\/tv.joycemeyer.org\\\/bosanski\\\/\"},{\"@type\":\"ListItem\",\"position\":2,\"name\":\"Ljepota umjesto pepela &#8211; dio 1\",\"item\":\"https:\\\/\\\/tv.joycemeyer.org\\\/bosanski\\\/videos\\\/ljepota-umjesto-pepela-dio-1\\\/\"},{\"@type\":\"ListItem\",\"position\":3,\"name\":\"Suo\u010davanje sa strahom i pronala\u017eenje slobode &#8211; dio 1\"}]},{\"@type\":\"WebSite\",\"@id\":\"https:\\\/\\\/tv.joycemeyer.org\\\/bosanski\\\/#website\",\"url\":\"https:\\\/\\\/tv.joycemeyer.org\\\/bosanski\\\/\",\"name\":\"Joyce Meyer Ministries - Bosanski\",\"description\":\"Dijeliti Hrista - Voljeti ljude\",\"potentialAction\":[{\"@type\":\"SearchAction\",\"target\":{\"@type\":\"EntryPoint\",\"urlTemplate\":\"https:\\\/\\\/tv.joycemeyer.org\\\/bosanski\\\/?s={search_term_string}\"},\"query-input\":{\"@type\":\"PropertyValueSpecification\",\"valueRequired\":true,\"valueName\":\"search_term_string\"}}],\"inLanguage\":\"bs-BA\"}]}<\/script>\n<!-- \/ Yoast SEO plugin. -->","yoast_head_json":{"title":"Suo\u010davanje sa strahom i pronala\u017eenje slobode - dio 1 - Joyce Meyer Ministries - Bosanski","robots":{"index":"index","follow":"follow","max-snippet":"max-snippet:-1","max-image-preview":"max-image-preview:large","max-video-preview":"max-video-preview:-1"},"canonical":"https:\/\/tv.joycemeyer.org\/bosanski\/wp-content\/uploads\/sites\/64\/2021\/12\/1085-2.jpg","og_locale":"bs_BA","og_type":"article","og_title":"Suo\u010davanje sa strahom i pronala\u017eenje slobode - dio 1 - Joyce Meyer Ministries - Bosanski","og_description":"Suo\u010davanje sa strahom i pronala\u017eenje slobode - dio 1","og_url":"https:\/\/tv.joycemeyer.org\/bosanski\/wp-content\/uploads\/sites\/64\/2021\/12\/1085-2.jpg","og_site_name":"Joyce Meyer Ministries - Bosanski","article_modified_time":"2021-12-08T01:36:07+00:00","og_image":[{"width":457,"height":257,"url":"https:\/\/tv.joycemeyer.org\/bosanski\/wp-content\/uploads\/sites\/64\/2021\/12\/1085-2.jpg","type":"image\/jpeg"}],"twitter_card":"summary_large_image","schema":{"@context":"https:\/\/schema.org","@graph":[{"@type":"WebPage","@id":"https:\/\/tv.joycemeyer.org\/bosanski\/wp-content\/uploads\/sites\/64\/2021\/12\/1085-2.jpg","url":"https:\/\/tv.joycemeyer.org\/bosanski\/wp-content\/uploads\/sites\/64\/2021\/12\/1085-2.jpg","name":"Suo\u010davanje sa strahom i pronala\u017eenje slobode - dio 1 - Joyce Meyer Ministries - Bosanski","isPartOf":{"@id":"https:\/\/tv.joycemeyer.org\/bosanski\/#website"},"datePublished":"2021-12-08T01:34:41+00:00","dateModified":"2021-12-08T01:36:07+00:00","breadcrumb":{"@id":"https:\/\/tv.joycemeyer.org\/bosanski\/wp-content\/uploads\/sites\/64\/2021\/12\/1085-2.jpg#breadcrumb"},"inLanguage":"bs-BA","potentialAction":[{"@type":"ReadAction","target":["https:\/\/tv.joycemeyer.org\/bosanski\/wp-content\/uploads\/sites\/64\/2021\/12\/1085-2.jpg"]}]},{"@type":"BreadcrumbList","@id":"https:\/\/tv.joycemeyer.org\/bosanski\/wp-content\/uploads\/sites\/64\/2021\/12\/1085-2.jpg#breadcrumb","itemListElement":[{"@type":"ListItem","position":1,"name":"Home","item":"https:\/\/tv.joycemeyer.org\/bosanski\/"},{"@type":"ListItem","position":2,"name":"Ljepota umjesto pepela &#8211; dio 1","item":"https:\/\/tv.joycemeyer.org\/bosanski\/videos\/ljepota-umjesto-pepela-dio-1\/"},{"@type":"ListItem","position":3,"name":"Suo\u010davanje sa strahom i pronala\u017eenje slobode &#8211; dio 1"}]},{"@type":"WebSite","@id":"https:\/\/tv.joycemeyer.org\/bosanski\/#website","url":"https:\/\/tv.joycemeyer.org\/bosanski\/","name":"Joyce Meyer Ministries - Bosanski","description":"Dijeliti Hrista - Voljeti ljude","potentialAction":[{"@type":"SearchAction","target":{"@type":"EntryPoint","urlTemplate":"https:\/\/tv.joycemeyer.org\/bosanski\/?s={search_term_string}"},"query-input":{"@type":"PropertyValueSpecification","valueRequired":true,"valueName":"search_term_string"}}],"inLanguage":"bs-BA"}]}},"description":{"rendered":"<p class=\"attachment\"><a href='https:\/\/tv.joycemeyer.org\/bosanski\/wp-content\/uploads\/sites\/64\/2021\/12\/1085-2.jpg'><img decoding=\"async\" width=\"300\" height=\"169\" src=\"https:\/\/tv.joycemeyer.org\/bosanski\/wp-content\/uploads\/sites\/64\/2021\/12\/1085-2-300x169.jpg\" class=\"attachment-medium size-medium\" alt=\"Suo\u010davanje sa strahom i pronala\u017eenje slobode - dio 1\" srcset=\"https:\/\/tv.joycemeyer.org\/bosanski\/wp-content\/uploads\/sites\/64\/2021\/12\/1085-2-300x169.jpg 300w, https:\/\/tv.joycemeyer.org\/bosanski\/wp-content\/uploads\/sites\/64\/2021\/12\/1085-2.jpg 457w\" sizes=\"(max-width: 300px) 100vw, 300px\" \/><\/a><\/p>\n<p>Suo\u010davanje sa strahom i pronala\u017eenje slobode &#8211; dio 1<\/p>\n"},"caption":{"rendered":"<p>Suo\u010davanje sa strahom i pronala\u017eenje slobode &#8211; dio 1<\/p>\n"},"alt_text":"Suo\u010davanje sa strahom i pronala\u017eenje slobode - dio 1","media_type":"image","mime_type":"image\/jpeg","media_details":{"width":457,"height":257,"file":"2021\/12\/1085-2.jpg","sizes":{"medium":{"file":"1085-2-300x169.jpg","width":300,"height":169,"mime_type":"image\/jpeg","source_url":"https:\/\/tv.joycemeyer.org\/bosanski\/wp-content\/uploads\/sites\/64\/2021\/12\/1085-2-300x169.jpg"},"thumbnail":{"file":"1085-2-150x150.jpg","width":150,"height":150,"mime_type":"image\/jpeg","source_url":"https:\/\/tv.joycemeyer.org\/bosanski\/wp-content\/uploads\/sites\/64\/2021\/12\/1085-2-150x150.jpg"},"ebook":{"file":"1085-2-300x257.jpg","width":300,"height":257,"mime_type":"image\/jpeg","source_url":"https:\/\/tv.joycemeyer.org\/bosanski\/wp-content\/uploads\/sites\/64\/2021\/12\/1085-2-300x257.jpg"},"rpwe-thumbnail":{"file":"1085-2-45x45.jpg","width":45,"height":45,"mime_type":"image\/jpeg","source_url":"https:\/\/tv.joycemeyer.org\/bosanski\/wp-content\/uploads\/sites\/64\/2021\/12\/1085-2-45x45.jpg"},"full":{"file":"1085-2.jpg","width":457,"height":257,"mime_type":"image\/jpeg","source_url":"https:\/\/tv.joycemeyer.org\/bosanski\/wp-content\/uploads\/sites\/64\/2021\/12\/1085-2.jpg"}},"image_meta":{"aperture":"0","credit":"","camera":"","caption":"","created_timestamp":"0","copyright":"","focal_length":"0","iso":"0","shutter_speed":"0","title":"","orientation":"0","keywords":[]}},"post":387,"source_url":"https:\/\/tv.joycemeyer.org\/bosanski\/wp-content\/uploads\/sites\/64\/2021\/12\/1085-2.jpg","_links":{"self":[{"href":"https:\/\/tv.joycemeyer.org\/bosanski\/wp-json\/wp\/v2\/media\/397","targetHints":{"allow":["GET"]}}],"collection":[{"href":"https:\/\/tv.joycemeyer.org\/bosanski\/wp-json\/wp\/v2\/media"}],"about":[{"href":"https:\/\/tv.joycemeyer.org\/bosanski\/wp-json\/wp\/v2\/types\/attachment"}],"author":[{"embeddable":true,"href":"https:\/\/tv.joycemeyer.org\/bosanski\/wp-json\/wp\/v2\/users\/7"}],"replies":[{"embeddable":true,"href":"https:\/\/tv.joycemeyer.org\/bosanski\/wp-json\/wp\/v2\/comments?post=397"}],"wp:attached-to":[{"embeddable":true,"post_type":"videos","id":387,"href":"https:\/\/tv.joycemeyer.org\/bosanski\/wp-json\/wp\/v2\/videos\/387"}],"curies":[{"name":"wp","href":"https:\/\/api.w.org\/{rel}","templated":true}]}}

Suočavanje sa strahom i pronalaženje slobode &#8211; dio 1

<!-- This site is optimized with the Yoast SEO plugin v27.4 - https://yoast.com/product/yoast-seo-wordpress/ -->
<title>Suočavanje sa strahom i pronalaženje slobode - dio 1 - Joyce Meyer Ministries - Bosanski</title>
<meta name="robots" content="index, follow, max-snippet:-1, max-image-preview:large, max-video-preview:-1" />
<link rel="canonical" href="https://tv.joycemeyer.org/bosanski/wp-content/uploads/sites/64/2021/12/1085-2.jpg" />
<meta property="og:locale" content="bs_BA" />
<meta property="og:type" content="article" />
<meta property="og:title" content="Suočavanje sa strahom i pronalaženje slobode - dio 1 - Joyce Meyer Ministries - Bosanski" />
<meta property="og:description" content="Suočavanje sa strahom i pronalaženje slobode - dio 1" />
<meta property="og:url" content="https://tv.joycemeyer.org/bosanski/wp-content/uploads/sites/64/2021/12/1085-2.jpg" />
<meta property="og:site_name" content="Joyce Meyer Ministries - Bosanski" />
<meta property="article:modified_time" content="2021-12-08T01:36:07+00:00" />
<meta property="og:image" content="https://tv.joycemeyer.org/bosanski/wp-content/uploads/sites/64/2021/12/1085-2.jpg" />
	<meta property="og:image:width" content="457" />
	<meta property="og:image:height" content="257" />
	<meta property="og:image:type" content="image/jpeg" />
<meta name="twitter:card" content="summary_large_image" />
<script type="application/ld+json" class="yoast-schema-graph">{"@context":"https:\/\/schema.org","@graph":[{"@type":"WebPage","@id":"https:\/\/tv.joycemeyer.org\/bosanski\/wp-content\/uploads\/sites\/64\/2021\/12\/1085-2.jpg","url":"https:\/\/tv.joycemeyer.org\/bosanski\/wp-content\/uploads\/sites\/64\/2021\/12\/1085-2.jpg","name":"Suočavanje sa strahom i pronalaženje slobode - dio 1 - Joyce Meyer Ministries - Bosanski","isPartOf":{"@id":"https:\/\/tv.joycemeyer.org\/bosanski\/#website"},"datePublished":"2021-12-08T01:34:41+00:00","dateModified":"2021-12-08T01:36:07+00:00","breadcrumb":{"@id":"https:\/\/tv.joycemeyer.org\/bosanski\/wp-content\/uploads\/sites\/64\/2021\/12\/1085-2.jpg#breadcrumb"},"inLanguage":"bs-BA","potentialAction":[{"@type":"ReadAction","target":["https:\/\/tv.joycemeyer.org\/bosanski\/wp-content\/uploads\/sites\/64\/2021\/12\/1085-2.jpg"]}]},{"@type":"BreadcrumbList","@id":"https:\/\/tv.joycemeyer.org\/bosanski\/wp-content\/uploads\/sites\/64\/2021\/12\/1085-2.jpg#breadcrumb","itemListElement":[{"@type":"ListItem","position":1,"name":"Home","item":"https:\/\/tv.joycemeyer.org\/bosanski\/"},{"@type":"ListItem","position":2,"name":"Ljepota umjesto pepela &#8211; dio 1","item":"https:\/\/tv.joycemeyer.org\/bosanski\/videos\/ljepota-umjesto-pepela-dio-1\/"},{"@type":"ListItem","position":3,"name":"Suočavanje sa strahom i pronalaženje slobode &#8211; dio 1"}]},{"@type":"WebSite","@id":"https:\/\/tv.joycemeyer.org\/bosanski\/#website","url":"https:\/\/tv.joycemeyer.org\/bosanski\/","name":"Joyce Meyer Ministries - Bosanski","description":"Dijeliti Hrista - Voljeti ljude","potentialAction":[{"@type":"SearchAction","target":{"@type":"EntryPoint","urlTemplate":"https:\/\/tv.joycemeyer.org\/bosanski\/?s={search_term_string}"},"query-input":{"@type":"PropertyValueSpecification","valueRequired":true,"valueName":"search_term_string"}}],"inLanguage":"bs-BA"}]}</script>
<!-- / Yoast SEO plugin. -->

Suočavanje sa strahom i pronalaženje slobode - dio 1 - Joyce Meyer Ministries - Bosanski

Suočavanje sa strahom i pronalaženje slobode - dio 1

<p class="attachment"><a href='https://tv.joycemeyer.org/bosanski/wp-content/uploads/sites/64/2021/12/1085-2.jpg'><img decoding="async" width="300" height="169" src="https://tv.joycemeyer.org/bosanski/wp-content/uploads/sites/64/2021/12/1085-2-300x169.jpg" class="attachment-medium size-medium" alt="Suočavanje sa strahom i pronalaženje slobode - dio 1" srcset="https://tv.joycemeyer.org/bosanski/wp-content/uploads/sites/64/2021/12/1085-2-300x169.jpg 300w, https://tv.joycemeyer.org/bosanski/wp-content/uploads/sites/64/2021/12/1085-2.jpg 457w" sizes="(max-width: 300px) 100vw, 300px" /></a></p>
<p>Suočavanje sa strahom i pronalaženje slobode &#8211; dio 1</p>

<p>Suočavanje sa strahom i pronalaženje slobode &#8211; dio 1</p>
