{"id":1382,"date":"2019-04-20T00:01:47","date_gmt":"2019-04-20T00:01:47","guid":{"rendered":"https:\/\/tv.joycemeyer.org\/czech\/?post_type=devotional&#038;p=1382"},"modified":"2025-03-19T19:02:31","modified_gmt":"2025-03-19T19:02:31","slug":"rozvijejici-se-vztah","status":"publish","type":"devotional","link":"https:\/\/tv.joycemeyer.org\/czech\/devotional\/rozvijejici-se-vztah\/","title":{"rendered":"Rozv\u00edjej\u00edc\u00ed se vztah"},"content":{"rendered":"<blockquote><p>Stezka spravedliv\u00fdch je jako z\u00e1\u0159e \u00fasvitu, z\u00e1\u0159\u00ed v\u00edc a v\u00edc, a\u017e do b\u00edl\u00e9ho dne. (P\u0159\u00edslov\u00ed 4,18)<\/p><\/blockquote>\n<p>Na\u0161e schopnost naslouchat Bohu se vyv\u00edj\u00ed postupn\u011b. Nen\u00ed to n\u011bjak\u00e1 dovednost, kterou jednor\u00e1zov\u011b z\u00edsk\u00e1me. Je to ovoce postupn\u011b se rozv\u00edjej\u00edc\u00edho vztahu. T\u00edm, jak n\u00e1\u0161 vztah s Bohem roste, se u\u010d\u00edme komunikovat s n\u00edm st\u00e1le \u010dast\u011bji, hloub\u011bji a efektivn\u011bji. Osvojujeme si schopnost l\u00e9pe n\u00e1sledovat Ducha svat\u00e9ho, modlit se s v\u011bt\u0161\u00ed jistotou a jasn\u011bji sly\u0161et jeho hlas.<\/p>\n<p>U\u017e se ti n\u011bkdy stalo, \u017ee jsi byl ve vztahu s Bohem \u0161\u0165astn\u00fd, m\u011bl jsi pocit, \u017ee se ti da\u0159\u00ed, a pak jsi bez n\u011bjak\u00e9ho zjevn\u00e9ho d\u016fvodu poc\u00edtil neklid, za\u010dal jsi b\u00fdt znud\u011bn\u00fd, roztr\u017eit\u00fd nebo nespokojen\u00fd? U\u017e jsi n\u011bkdy m\u011bl pocit, \u017ee ve tv\u00e9m vztahu s Bohem n\u011bco nen\u00ed v po\u0159\u00e1dku, nebo jsi najednou zatou\u017eil n\u011bco ud\u011blat jinak? Ve v\u011bt\u0161in\u011b p\u0159\u00edpad\u016f je to zp\u016fsob, jak se n\u00e1m Duch svat\u00fd sna\u017e\u00ed n\u011bco \u0159\u00edct.<\/p>\n<p>Tv\u016fj vnit\u0159n\u00ed \u010dlov\u011bk (tv\u016fj duch, \u010d\u00e1st tv\u00e9 bytosti, kter\u00e1 komunikuje s Bohem) v\u00ed, kdy ve tv\u00e9m modlitebn\u00edm \u017eivot\u011b n\u011bco nen\u00ed v po\u0159\u00e1dku. Duch svat\u00fd \u017eije ve tv\u00e9m duchu a ukazuje ti, kdy pot\u0159ebuje\u0161 ve sv\u00e9m vztahu s Bohem n\u011bco zm\u011bnit. Mus\u00ed\u0161 ale b\u00fdt dostate\u010dn\u011b odhodlan\u00fd a n\u00e1sledovat Ducha. B\u016fh ti nab\u00edz\u00ed st\u00e1le v\u00edc a vede t\u011b k tomu, abys st\u00e1le prohluboval obecenstv\u00ed s n\u00edm a pozorn\u011bji naslouchal jeho hlasu. On je v\u017edy v pohybu a chce, aby ses pohyboval spolu s n\u00edm. Nikdy se neboj opustit jeden zp\u016fsob nebo metodu na cest\u011b za n\u011b\u010d\u00edm nov\u00fdm.<\/p>\n<hr \/>\n<p>Slovo pro dne\u0161n\u00ed den: Nezapome\u0148, \u017ee schopnost sly\u0161et Boha nez\u00edsk\u00e1\u0161 n\u011bjakou v\u00fdukou; je to ovoce vztahu s n\u00edm m\u00edt.<\/p>\n","protected":false},"excerpt":{"rendered":"<p>Na\u0161e schopnost naslouchat Bohu se vyv\u00edj\u00ed postupn\u011b. Nen\u00ed to n\u011bjak\u00e1 dovednost, kterou jednor\u00e1zov\u011b z\u00edsk\u00e1me. Je to ovoce postupn\u011b se rozv\u00edjej\u00edc\u00edho vztahu.<\/p>\n","protected":false},"author":19,"featured_media":1386,"parent":0,"menu_order":0,"comment_status":"closed","ping_status":"closed","template":"","class_list":["post-1382","devotional","type-devotional","status-publish","has-post-thumbnail","hentry"],"acf":[],"appp":{"post_detail":{"above_title":"<div class=\"post-featured-wrap\"><img width=\"960\" height=\"560\" src=\"https:\/\/tv.joycemeyer.org\/czech\/wp-content\/uploads\/sites\/67\/2019\/02\/1758.jpg\" class=\"post-featured wp-post-image\" alt=\"\" decoding=\"async\" srcset=\"https:\/\/tv.joycemeyer.org\/czech\/wp-content\/uploads\/sites\/67\/2019\/02\/1758.jpg 960w, https:\/\/tv.joycemeyer.org\/czech\/wp-content\/uploads\/sites\/67\/2019\/02\/1758-300x175.jpg 300w, https:\/\/tv.joycemeyer.org\/czech\/wp-content\/uploads\/sites\/67\/2019\/02\/1758-768x448.jpg 768w\" sizes=\"(max-width: 960px) 100vw, 960px\" \/><\/div>","below_content":""}},"yoast_head":"<!-- This site is optimized with the Yoast SEO plugin v27.4 - https:\/\/yoast.com\/product\/yoast-seo-wordpress\/ -->\n<title>Rozv\u00edjej\u00edc\u00ed se vztah - Joyce Meyer Ministries - Czech<\/title>\n<meta name=\"robots\" content=\"index, follow, max-snippet:-1, max-image-preview:large, max-video-preview:-1\" \/>\n<link rel=\"canonical\" href=\"https:\/\/tv.joycemeyer.org\/czech\/devotional\/rozvijejici-se-vztah\/\" \/>\n<meta property=\"og:locale\" content=\"cs_CZ\" \/>\n<meta property=\"og:type\" content=\"article\" \/>\n<meta property=\"og:title\" content=\"Rozv\u00edjej\u00edc\u00ed se vztah - Joyce Meyer Ministries - Czech\" \/>\n<meta property=\"og:description\" content=\"Na\u0161e schopnost naslouchat Bohu se vyv\u00edj\u00ed postupn\u011b. Nen\u00ed to n\u011bjak\u00e1 dovednost, kterou jednor\u00e1zov\u011b z\u00edsk\u00e1me. Je to ovoce postupn\u011b se rozv\u00edjej\u00edc\u00edho vztahu.\" \/>\n<meta property=\"og:url\" content=\"https:\/\/tv.joycemeyer.org\/czech\/devotional\/rozvijejici-se-vztah\/\" \/>\n<meta property=\"og:site_name\" content=\"Joyce Meyer Ministries - Czech\" \/>\n<meta property=\"article:publisher\" content=\"https:\/\/www.facebook.com\/joycemeyerministriescesko\/\" \/>\n<meta property=\"article:modified_time\" content=\"2025-03-19T19:02:31+00:00\" \/>\n<meta property=\"og:image\" content=\"https:\/\/tv.joycemeyer.org\/czech\/wp-content\/uploads\/sites\/67\/2019\/02\/1758.jpg\" \/>\n\t<meta property=\"og:image:width\" content=\"960\" \/>\n\t<meta property=\"og:image:height\" content=\"560\" \/>\n\t<meta property=\"og:image:type\" content=\"image\/jpeg\" \/>\n<meta name=\"twitter:card\" content=\"summary_large_image\" \/>\n<meta name=\"twitter:label1\" content=\"Odhadovan\u00e1 doba \u010dten\u00ed\" \/>\n\t<meta name=\"twitter:data1\" content=\"2 minuty\" \/>\n<script type=\"application\/ld+json\" class=\"yoast-schema-graph\">{\"@context\":\"https:\\\/\\\/schema.org\",\"@graph\":[{\"@type\":\"WebPage\",\"@id\":\"https:\\\/\\\/tv.joycemeyer.org\\\/czech\\\/devotional\\\/rozvijejici-se-vztah\\\/\",\"url\":\"https:\\\/\\\/tv.joycemeyer.org\\\/czech\\\/devotional\\\/rozvijejici-se-vztah\\\/\",\"name\":\"Rozv\u00edjej\u00edc\u00ed se vztah - Joyce Meyer Ministries - Czech\",\"isPartOf\":{\"@id\":\"https:\\\/\\\/tv.joycemeyer.org\\\/czech\\\/#website\"},\"primaryImageOfPage\":{\"@id\":\"https:\\\/\\\/tv.joycemeyer.org\\\/czech\\\/devotional\\\/rozvijejici-se-vztah\\\/#primaryimage\"},\"image\":{\"@id\":\"https:\\\/\\\/tv.joycemeyer.org\\\/czech\\\/devotional\\\/rozvijejici-se-vztah\\\/#primaryimage\"},\"thumbnailUrl\":\"https:\\\/\\\/tv.joycemeyer.org\\\/czech\\\/wp-content\\\/uploads\\\/sites\\\/67\\\/2019\\\/02\\\/1758.jpg\",\"datePublished\":\"2019-04-20T00:01:47+00:00\",\"dateModified\":\"2025-03-19T19:02:31+00:00\",\"breadcrumb\":{\"@id\":\"https:\\\/\\\/tv.joycemeyer.org\\\/czech\\\/devotional\\\/rozvijejici-se-vztah\\\/#breadcrumb\"},\"inLanguage\":\"cs\",\"potentialAction\":[{\"@type\":\"ReadAction\",\"target\":[\"https:\\\/\\\/tv.joycemeyer.org\\\/czech\\\/devotional\\\/rozvijejici-se-vztah\\\/\"]}]},{\"@type\":\"ImageObject\",\"inLanguage\":\"cs\",\"@id\":\"https:\\\/\\\/tv.joycemeyer.org\\\/czech\\\/devotional\\\/rozvijejici-se-vztah\\\/#primaryimage\",\"url\":\"https:\\\/\\\/tv.joycemeyer.org\\\/czech\\\/wp-content\\\/uploads\\\/sites\\\/67\\\/2019\\\/02\\\/1758.jpg\",\"contentUrl\":\"https:\\\/\\\/tv.joycemeyer.org\\\/czech\\\/wp-content\\\/uploads\\\/sites\\\/67\\\/2019\\\/02\\\/1758.jpg\",\"width\":960,\"height\":560,\"caption\":\"Rozv\u00edjej\u00edc\u00ed se vztah\"},{\"@type\":\"BreadcrumbList\",\"@id\":\"https:\\\/\\\/tv.joycemeyer.org\\\/czech\\\/devotional\\\/rozvijejici-se-vztah\\\/#breadcrumb\",\"itemListElement\":[{\"@type\":\"ListItem\",\"position\":1,\"name\":\"Home\",\"item\":\"https:\\\/\\\/tv.joycemeyer.org\\\/czech\\\/\"},{\"@type\":\"ListItem\",\"position\":2,\"name\":\"Devotional\",\"item\":\"https:\\\/\\\/tv.joycemeyer.org\\\/czech\\\/devotional\\\/\"},{\"@type\":\"ListItem\",\"position\":3,\"name\":\"Rozv\u00edjej\u00edc\u00ed se vztah\"}]},{\"@type\":\"WebSite\",\"@id\":\"https:\\\/\\\/tv.joycemeyer.org\\\/czech\\\/#website\",\"url\":\"https:\\\/\\\/tv.joycemeyer.org\\\/czech\\\/\",\"name\":\"Joyce Meyer Ministries - Czech\",\"description\":\"Sd\u00edlet se o Krista - milovat lidi\",\"potentialAction\":[{\"@type\":\"SearchAction\",\"target\":{\"@type\":\"EntryPoint\",\"urlTemplate\":\"https:\\\/\\\/tv.joycemeyer.org\\\/czech\\\/?s={search_term_string}\"},\"query-input\":{\"@type\":\"PropertyValueSpecification\",\"valueRequired\":true,\"valueName\":\"search_term_string\"}}],\"inLanguage\":\"cs\"}]}<\/script>\n<!-- \/ Yoast SEO plugin. -->","yoast_head_json":{"title":"Rozv\u00edjej\u00edc\u00ed se vztah - Joyce Meyer Ministries - Czech","robots":{"index":"index","follow":"follow","max-snippet":"max-snippet:-1","max-image-preview":"max-image-preview:large","max-video-preview":"max-video-preview:-1"},"canonical":"https:\/\/tv.joycemeyer.org\/czech\/devotional\/rozvijejici-se-vztah\/","og_locale":"cs_CZ","og_type":"article","og_title":"Rozv\u00edjej\u00edc\u00ed se vztah - Joyce Meyer Ministries - Czech","og_description":"Na\u0161e schopnost naslouchat Bohu se vyv\u00edj\u00ed postupn\u011b. Nen\u00ed to n\u011bjak\u00e1 dovednost, kterou jednor\u00e1zov\u011b z\u00edsk\u00e1me. Je to ovoce postupn\u011b se rozv\u00edjej\u00edc\u00edho vztahu.","og_url":"https:\/\/tv.joycemeyer.org\/czech\/devotional\/rozvijejici-se-vztah\/","og_site_name":"Joyce Meyer Ministries - Czech","article_publisher":"https:\/\/www.facebook.com\/joycemeyerministriescesko\/","article_modified_time":"2025-03-19T19:02:31+00:00","og_image":[{"width":960,"height":560,"url":"https:\/\/tv.joycemeyer.org\/czech\/wp-content\/uploads\/sites\/67\/2019\/02\/1758.jpg","type":"image\/jpeg"}],"twitter_card":"summary_large_image","twitter_misc":{"Odhadovan\u00e1 doba \u010dten\u00ed":"2 minuty"},"schema":{"@context":"https:\/\/schema.org","@graph":[{"@type":"WebPage","@id":"https:\/\/tv.joycemeyer.org\/czech\/devotional\/rozvijejici-se-vztah\/","url":"https:\/\/tv.joycemeyer.org\/czech\/devotional\/rozvijejici-se-vztah\/","name":"Rozv\u00edjej\u00edc\u00ed se vztah - Joyce Meyer Ministries - Czech","isPartOf":{"@id":"https:\/\/tv.joycemeyer.org\/czech\/#website"},"primaryImageOfPage":{"@id":"https:\/\/tv.joycemeyer.org\/czech\/devotional\/rozvijejici-se-vztah\/#primaryimage"},"image":{"@id":"https:\/\/tv.joycemeyer.org\/czech\/devotional\/rozvijejici-se-vztah\/#primaryimage"},"thumbnailUrl":"https:\/\/tv.joycemeyer.org\/czech\/wp-content\/uploads\/sites\/67\/2019\/02\/1758.jpg","datePublished":"2019-04-20T00:01:47+00:00","dateModified":"2025-03-19T19:02:31+00:00","breadcrumb":{"@id":"https:\/\/tv.joycemeyer.org\/czech\/devotional\/rozvijejici-se-vztah\/#breadcrumb"},"inLanguage":"cs","potentialAction":[{"@type":"ReadAction","target":["https:\/\/tv.joycemeyer.org\/czech\/devotional\/rozvijejici-se-vztah\/"]}]},{"@type":"ImageObject","inLanguage":"cs","@id":"https:\/\/tv.joycemeyer.org\/czech\/devotional\/rozvijejici-se-vztah\/#primaryimage","url":"https:\/\/tv.joycemeyer.org\/czech\/wp-content\/uploads\/sites\/67\/2019\/02\/1758.jpg","contentUrl":"https:\/\/tv.joycemeyer.org\/czech\/wp-content\/uploads\/sites\/67\/2019\/02\/1758.jpg","width":960,"height":560,"caption":"Rozv\u00edjej\u00edc\u00ed se vztah"},{"@type":"BreadcrumbList","@id":"https:\/\/tv.joycemeyer.org\/czech\/devotional\/rozvijejici-se-vztah\/#breadcrumb","itemListElement":[{"@type":"ListItem","position":1,"name":"Home","item":"https:\/\/tv.joycemeyer.org\/czech\/"},{"@type":"ListItem","position":2,"name":"Devotional","item":"https:\/\/tv.joycemeyer.org\/czech\/devotional\/"},{"@type":"ListItem","position":3,"name":"Rozv\u00edjej\u00edc\u00ed se vztah"}]},{"@type":"WebSite","@id":"https:\/\/tv.joycemeyer.org\/czech\/#website","url":"https:\/\/tv.joycemeyer.org\/czech\/","name":"Joyce Meyer Ministries - Czech","description":"Sd\u00edlet se o Krista - milovat lidi","potentialAction":[{"@type":"SearchAction","target":{"@type":"EntryPoint","urlTemplate":"https:\/\/tv.joycemeyer.org\/czech\/?s={search_term_string}"},"query-input":{"@type":"PropertyValueSpecification","valueRequired":true,"valueName":"search_term_string"}}],"inLanguage":"cs"}]}},"_links":{"self":[{"href":"https:\/\/tv.joycemeyer.org\/czech\/wp-json\/wp\/v2\/devotional\/1382","targetHints":{"allow":["GET"]}}],"collection":[{"href":"https:\/\/tv.joycemeyer.org\/czech\/wp-json\/wp\/v2\/devotional"}],"about":[{"href":"https:\/\/tv.joycemeyer.org\/czech\/wp-json\/wp\/v2\/types\/devotional"}],"author":[{"embeddable":true,"href":"https:\/\/tv.joycemeyer.org\/czech\/wp-json\/wp\/v2\/users\/19"}],"replies":[{"embeddable":true,"href":"https:\/\/tv.joycemeyer.org\/czech\/wp-json\/wp\/v2\/comments?post=1382"}],"wp:featuredmedia":[{"embeddable":true,"href":"https:\/\/tv.joycemeyer.org\/czech\/wp-json\/wp\/v2\/media\/1386"}],"wp:attachment":[{"href":"https:\/\/tv.joycemeyer.org\/czech\/wp-json\/wp\/v2\/media?parent=1382"}],"curies":[{"name":"wp","href":"https:\/\/api.w.org\/{rel}","templated":true}]}}

Rozvíjející se vztah

<blockquote><p>Stezka spravedlivých je jako záře úsvitu, září víc a víc, až do bílého dne. (Přísloví 4,18)</p></blockquote>
<p>Naše schopnost naslouchat Bohu se vyvíjí postupně. Není to nějaká dovednost, kterou jednorázově získáme. Je to ovoce postupně se rozvíjejícího vztahu. Tím, jak náš vztah s Bohem roste, se učíme komunikovat s ním stále častěji, hlouběji a efektivněji. Osvojujeme si schopnost lépe následovat Ducha svatého, modlit se s větší jistotou a jasněji slyšet jeho hlas.</p>
<p>Už se ti někdy stalo, že jsi byl ve vztahu s Bohem šťastný, měl jsi pocit, že se ti daří, a pak jsi bez nějakého zjevného důvodu pocítil neklid, začal jsi být znuděný, roztržitý nebo nespokojený? Už jsi někdy měl pocit, že ve tvém vztahu s Bohem něco není v pořádku, nebo jsi najednou zatoužil něco udělat jinak? Ve většině případů je to způsob, jak se nám Duch svatý snaží něco říct.</p>
<p>Tvůj vnitřní člověk (tvůj duch, část tvé bytosti, která komunikuje s Bohem) ví, kdy ve tvém modlitebním životě něco není v pořádku. Duch svatý žije ve tvém duchu a ukazuje ti, kdy potřebuješ ve svém vztahu s Bohem něco změnit. Musíš ale být dostatečně odhodlaný a následovat Ducha. Bůh ti nabízí stále víc a vede tě k tomu, abys stále prohluboval obecenství s ním a pozorněji naslouchal jeho hlasu. On je vždy v pohybu a chce, aby ses pohyboval spolu s ním. Nikdy se neboj opustit jeden způsob nebo metodu na cestě za něčím novým.</p>
<hr />
<p>Slovo pro dnešní den: Nezapomeň, že schopnost slyšet Boha nezískáš nějakou výukou; je to ovoce vztahu s ním mít.</p>

<p>Naše schopnost naslouchat Bohu se vyvíjí postupně. Není to nějaká dovednost, kterou jednorázově získáme. Je to ovoce postupně se rozvíjejícího vztahu.</p>

<!-- This site is optimized with the Yoast SEO plugin v27.4 - https://yoast.com/product/yoast-seo-wordpress/ -->
<title>Rozvíjející se vztah - Joyce Meyer Ministries - Czech</title>
<meta name="robots" content="index, follow, max-snippet:-1, max-image-preview:large, max-video-preview:-1" />
<link rel="canonical" href="https://tv.joycemeyer.org/czech/devotional/rozvijejici-se-vztah/" />
<meta property="og:locale" content="cs_CZ" />
<meta property="og:type" content="article" />
<meta property="og:title" content="Rozvíjející se vztah - Joyce Meyer Ministries - Czech" />
<meta property="og:description" content="Naše schopnost naslouchat Bohu se vyvíjí postupně. Není to nějaká dovednost, kterou jednorázově získáme. Je to ovoce postupně se rozvíjejícího vztahu." />
<meta property="og:url" content="https://tv.joycemeyer.org/czech/devotional/rozvijejici-se-vztah/" />
<meta property="og:site_name" content="Joyce Meyer Ministries - Czech" />
<meta property="article:publisher" content="https://www.facebook.com/joycemeyerministriescesko/" />
<meta property="article:modified_time" content="2025-03-19T19:02:31+00:00" />
<meta property="og:image" content="https://tv.joycemeyer.org/czech/wp-content/uploads/sites/67/2019/02/1758.jpg" />
	<meta property="og:image:width" content="960" />
	<meta property="og:image:height" content="560" />
	<meta property="og:image:type" content="image/jpeg" />
<meta name="twitter:card" content="summary_large_image" />
<meta name="twitter:label1" content="Odhadovaná doba čtení" />
	<meta name="twitter:data1" content="2 minuty" />
<script type="application/ld+json" class="yoast-schema-graph">{"@context":"https:\/\/schema.org","@graph":[{"@type":"WebPage","@id":"https:\/\/tv.joycemeyer.org\/czech\/devotional\/rozvijejici-se-vztah\/","url":"https:\/\/tv.joycemeyer.org\/czech\/devotional\/rozvijejici-se-vztah\/","name":"Rozvíjející se vztah - Joyce Meyer Ministries - Czech","isPartOf":{"@id":"https:\/\/tv.joycemeyer.org\/czech\/#website"},"primaryImageOfPage":{"@id":"https:\/\/tv.joycemeyer.org\/czech\/devotional\/rozvijejici-se-vztah\/#primaryimage"},"image":{"@id":"https:\/\/tv.joycemeyer.org\/czech\/devotional\/rozvijejici-se-vztah\/#primaryimage"},"thumbnailUrl":"https:\/\/tv.joycemeyer.org\/czech\/wp-content\/uploads\/sites\/67\/2019\/02\/1758.jpg","datePublished":"2019-04-20T00:01:47+00:00","dateModified":"2025-03-19T19:02:31+00:00","breadcrumb":{"@id":"https:\/\/tv.joycemeyer.org\/czech\/devotional\/rozvijejici-se-vztah\/#breadcrumb"},"inLanguage":"cs","potentialAction":[{"@type":"ReadAction","target":["https:\/\/tv.joycemeyer.org\/czech\/devotional\/rozvijejici-se-vztah\/"]}]},{"@type":"ImageObject","inLanguage":"cs","@id":"https:\/\/tv.joycemeyer.org\/czech\/devotional\/rozvijejici-se-vztah\/#primaryimage","url":"https:\/\/tv.joycemeyer.org\/czech\/wp-content\/uploads\/sites\/67\/2019\/02\/1758.jpg","contentUrl":"https:\/\/tv.joycemeyer.org\/czech\/wp-content\/uploads\/sites\/67\/2019\/02\/1758.jpg","width":960,"height":560,"caption":"Rozvíjející se vztah"},{"@type":"BreadcrumbList","@id":"https:\/\/tv.joycemeyer.org\/czech\/devotional\/rozvijejici-se-vztah\/#breadcrumb","itemListElement":[{"@type":"ListItem","position":1,"name":"Home","item":"https:\/\/tv.joycemeyer.org\/czech\/"},{"@type":"ListItem","position":2,"name":"Devotional","item":"https:\/\/tv.joycemeyer.org\/czech\/devotional\/"},{"@type":"ListItem","position":3,"name":"Rozvíjející se vztah"}]},{"@type":"WebSite","@id":"https:\/\/tv.joycemeyer.org\/czech\/#website","url":"https:\/\/tv.joycemeyer.org\/czech\/","name":"Joyce Meyer Ministries - Czech","description":"Sdílet se o Krista - milovat lidi","potentialAction":[{"@type":"SearchAction","target":{"@type":"EntryPoint","urlTemplate":"https:\/\/tv.joycemeyer.org\/czech\/?s={search_term_string}"},"query-input":{"@type":"PropertyValueSpecification","valueRequired":true,"valueName":"search_term_string"}}],"inLanguage":"cs"}]}</script>
<!-- / Yoast SEO plugin. -->

Rozvíjející se vztah - Joyce Meyer Ministries - Czech

Naše schopnost naslouchat Bohu se vyvíjí postupně. Není to nějaká dovednost, kterou jednorázově získáme. Je to ovoce postupně se rozvíjejícího vztahu.

Sdílet se o Krista - milovat lidi
