{"id":2135,"date":"2023-02-03T00:01:20","date_gmt":"2023-02-03T00:01:20","guid":{"rendered":"https:\/\/tv.joycemeyer.org\/czech\/?post_type=devotional&#038;p=2135"},"modified":"2023-02-03T12:24:31","modified_gmt":"2023-02-03T12:24:31","slug":"buh-je-schopen","status":"publish","type":"devotional","link":"https:\/\/tv.joycemeyer.org\/czech\/devotional\/buh-je-schopen\/","title":{"rendered":"B\u016fh je schopen"},"content":{"rendered":"<blockquote><p>Tomu pak, kdo je mocen podle s\u00edly, kterou p\u016fsob\u00ed v n\u00e1s, u\u010dinit daleko v\u00edce nade v\u0161echno, co \u017e\u00e1d\u00e1me nebo co si m\u016f\u017eeme pomyslet\u2026 (Efezsk\u00fdm 3,20)<\/p><\/blockquote>\n<p>Ver\u0161 z listu Efezsk\u00fdm 3,20 je mocnou p\u0159ipom\u00ednku, \u017ee B\u016fh je schopen vykonat daleko v\u00edc nade v\u0161echno, v co se kdy odv\u00e1\u017e\u00edme doufat, o co si dovol\u00edme \u017e\u00e1dat nebo na to dokonce jen pomyslet. M\u016f\u017eeme se modlit, prosit ve v\u00ed\u0159e a d\u016fv\u011b\u0159ovat. Je to B\u016fh, kdo kon\u00e1 pr\u00e1ci, a ne my. Jak to d\u011bl\u00e1? Podle s\u00edly a Bo\u017e\u00ed milosti, kter\u00e1 v n\u00e1s p\u016fsob\u00ed. Cokoli p\u0159ij\u00edm\u00e1me od P\u00e1na, p\u0159\u00edmo souvis\u00ed s mno\u017estv\u00edm milosti, kterou se nau\u010d\u00edme p\u0159ij\u00edmat.<\/p>\n<p>V minulosti jsem se velmi sna\u017eila se zm\u011bnit, a bylo to pro m\u011b nesm\u00edrn\u011b stresuj\u00edc\u00ed. \u017dila jsem pod siln\u00fdm pocitem odsouzen\u00ed, proto\u017ee se mi zd\u00e1lo, \u017ee v ka\u017ed\u00e9m k\u00e1z\u00e1ni sly\u0161\u00edm, \u017ee se m\u00e1m zm\u011bnit, ale a\u0165 jsem se sna\u017eila sebev\u00edc, neda\u0159ilo se mi to. Velmi jsem se tr\u00e1pila, proto\u017ee jsem v\u011bd\u011bla o v\u0161em, co bych m\u011bla zm\u011bnit, nem\u011bla jsem ale s\u00edlu tyto zm\u011bny realizovat.<\/p>\n<p>\u010c\u00edm bl\u00ed\u017ee jsi k P\u00e1nu, t\u00edm l\u00e9pe pochop\u00ed\u0161, \u017ee jen on mus\u00ed pro tebe b\u00fdt zdrojem v\u0161ech v\u011bc\u00ed. On je jedin\u00fd, kdo dok\u00e1\u017ee do tv\u00e9ho \u017eivota p\u0159in\u00e9st zm\u011bny. Nau\u010d se \u0159\u00edkat: \u201eBo\u017ee, bez tebe nic nedok\u00e1\u017eu, ale ty m\u00fdm prost\u0159ednictv\u00edm m\u016f\u017ee\u0161 ud\u011blat cokoli!\u201c<\/p>\n<hr \/>\n<h4><strong>B\u016fh zasl\u00edbil, \u017ee pokud mu budeme d\u016fv\u011b\u0159ovat a obr\u00e1t\u00edme s k n\u011bmu, pos\u00edl\u00ed n\u00e1s v na\u0161\u00ed slabosti. Bo\u017e\u00ed milost je dosta\u010duj\u00edc\u00ed k uspokojen\u00ed v\u0161ech na\u0161ich pot\u0159eb.\u2003<\/strong><\/h4>\n","protected":false},"excerpt":{"rendered":"<p>Velmi jsem se tr\u00e1pila, proto\u017ee jsem v\u011bd\u011bla o v\u0161em, co bych m\u011bla zm\u011bnit, nem\u011bla jsem ale s\u00edlu tyto zm\u011bny realizovat.<\/p>\n","protected":false},"author":20,"featured_media":2136,"parent":0,"menu_order":0,"comment_status":"closed","ping_status":"closed","template":"","class_list":["post-2135","devotional","type-devotional","status-publish","has-post-thumbnail","hentry"],"acf":[],"appp":{"post_detail":{"above_title":"<div class=\"post-featured-wrap\"><img width=\"1024\" height=\"597\" src=\"https:\/\/tv.joycemeyer.org\/czech\/wp-content\/uploads\/sites\/67\/2023\/01\/2049-1024x597.jpg\" class=\"post-featured wp-post-image\" alt=\"B\u016fh je schopen\" decoding=\"async\" srcset=\"https:\/\/tv.joycemeyer.org\/czech\/wp-content\/uploads\/sites\/67\/2023\/01\/2049-1024x597.jpg 1024w, https:\/\/tv.joycemeyer.org\/czech\/wp-content\/uploads\/sites\/67\/2023\/01\/2049-300x175.jpg 300w, https:\/\/tv.joycemeyer.org\/czech\/wp-content\/uploads\/sites\/67\/2023\/01\/2049-768x448.jpg 768w, https:\/\/tv.joycemeyer.org\/czech\/wp-content\/uploads\/sites\/67\/2023\/01\/2049-1536x896.jpg 1536w, https:\/\/tv.joycemeyer.org\/czech\/wp-content\/uploads\/sites\/67\/2023\/01\/2049.jpg 1800w\" sizes=\"(max-width: 1024px) 100vw, 1024px\" \/><\/div>","below_content":"<div class=\"follow\"><h6 class=\"alt\">Spojte se s n\u00e1mi<\/h6><ul class=\"nav nav--social nav--flex\"><li class=\"menu-item facebook\"><a href=\"https:\/\/www.facebook.com\/joycemeyerministriescesko\/\" target=\"_blank\"><span class=\"visuallyhidden\">Facebook<\/span><\/a><\/li><\/ul><\/div>"}},"yoast_head":"<!-- This site is optimized with the Yoast SEO plugin v27.4 - https:\/\/yoast.com\/product\/yoast-seo-wordpress\/ -->\n<title>B\u016fh je schopen - Joyce Meyer Ministries - Czech<\/title>\n<meta name=\"robots\" content=\"index, follow, max-snippet:-1, max-image-preview:large, max-video-preview:-1\" \/>\n<link rel=\"canonical\" href=\"https:\/\/tv.joycemeyer.org\/czech\/devotional\/buh-je-schopen\/\" \/>\n<meta property=\"og:locale\" content=\"cs_CZ\" \/>\n<meta property=\"og:type\" content=\"article\" \/>\n<meta property=\"og:title\" content=\"B\u016fh je schopen - Joyce Meyer Ministries - Czech\" \/>\n<meta property=\"og:description\" content=\"Velmi jsem se tr\u00e1pila, proto\u017ee jsem v\u011bd\u011bla o v\u0161em, co bych m\u011bla zm\u011bnit, nem\u011bla jsem ale s\u00edlu tyto zm\u011bny realizovat.\" \/>\n<meta property=\"og:url\" content=\"https:\/\/tv.joycemeyer.org\/czech\/devotional\/buh-je-schopen\/\" \/>\n<meta property=\"og:site_name\" content=\"Joyce Meyer Ministries - Czech\" \/>\n<meta property=\"article:publisher\" content=\"https:\/\/www.facebook.com\/joycemeyerministriescesko\/\" \/>\n<meta property=\"article:modified_time\" content=\"2023-02-03T12:24:31+00:00\" \/>\n<meta property=\"og:image\" content=\"https:\/\/tv.joycemeyer.org\/czech\/wp-content\/uploads\/sites\/67\/2023\/01\/2049.jpg\" \/>\n\t<meta property=\"og:image:width\" content=\"1800\" \/>\n\t<meta property=\"og:image:height\" content=\"1050\" \/>\n\t<meta property=\"og:image:type\" content=\"image\/jpeg\" \/>\n<meta name=\"twitter:card\" content=\"summary_large_image\" \/>\n<meta name=\"twitter:label1\" content=\"Odhadovan\u00e1 doba \u010dten\u00ed\" \/>\n\t<meta name=\"twitter:data1\" content=\"2 minuty\" \/>\n<script type=\"application\/ld+json\" class=\"yoast-schema-graph\">{\"@context\":\"https:\\\/\\\/schema.org\",\"@graph\":[{\"@type\":\"WebPage\",\"@id\":\"https:\\\/\\\/tv.joycemeyer.org\\\/czech\\\/devotional\\\/buh-je-schopen\\\/\",\"url\":\"https:\\\/\\\/tv.joycemeyer.org\\\/czech\\\/devotional\\\/buh-je-schopen\\\/\",\"name\":\"B\u016fh je schopen - Joyce Meyer Ministries - Czech\",\"isPartOf\":{\"@id\":\"https:\\\/\\\/tv.joycemeyer.org\\\/czech\\\/#website\"},\"primaryImageOfPage\":{\"@id\":\"https:\\\/\\\/tv.joycemeyer.org\\\/czech\\\/devotional\\\/buh-je-schopen\\\/#primaryimage\"},\"image\":{\"@id\":\"https:\\\/\\\/tv.joycemeyer.org\\\/czech\\\/devotional\\\/buh-je-schopen\\\/#primaryimage\"},\"thumbnailUrl\":\"https:\\\/\\\/tv.joycemeyer.org\\\/czech\\\/wp-content\\\/uploads\\\/sites\\\/67\\\/2023\\\/01\\\/2049.jpg\",\"datePublished\":\"2023-02-03T00:01:20+00:00\",\"dateModified\":\"2023-02-03T12:24:31+00:00\",\"breadcrumb\":{\"@id\":\"https:\\\/\\\/tv.joycemeyer.org\\\/czech\\\/devotional\\\/buh-je-schopen\\\/#breadcrumb\"},\"inLanguage\":\"cs\",\"potentialAction\":[{\"@type\":\"ReadAction\",\"target\":[\"https:\\\/\\\/tv.joycemeyer.org\\\/czech\\\/devotional\\\/buh-je-schopen\\\/\"]}]},{\"@type\":\"ImageObject\",\"inLanguage\":\"cs\",\"@id\":\"https:\\\/\\\/tv.joycemeyer.org\\\/czech\\\/devotional\\\/buh-je-schopen\\\/#primaryimage\",\"url\":\"https:\\\/\\\/tv.joycemeyer.org\\\/czech\\\/wp-content\\\/uploads\\\/sites\\\/67\\\/2023\\\/01\\\/2049.jpg\",\"contentUrl\":\"https:\\\/\\\/tv.joycemeyer.org\\\/czech\\\/wp-content\\\/uploads\\\/sites\\\/67\\\/2023\\\/01\\\/2049.jpg\",\"width\":1800,\"height\":1050,\"caption\":\"B\u016fh je schopen\"},{\"@type\":\"BreadcrumbList\",\"@id\":\"https:\\\/\\\/tv.joycemeyer.org\\\/czech\\\/devotional\\\/buh-je-schopen\\\/#breadcrumb\",\"itemListElement\":[{\"@type\":\"ListItem\",\"position\":1,\"name\":\"Home\",\"item\":\"https:\\\/\\\/tv.joycemeyer.org\\\/czech\\\/\"},{\"@type\":\"ListItem\",\"position\":2,\"name\":\"Devotional\",\"item\":\"https:\\\/\\\/tv.joycemeyer.org\\\/czech\\\/devotional\\\/\"},{\"@type\":\"ListItem\",\"position\":3,\"name\":\"B\u016fh je schopen\"}]},{\"@type\":\"WebSite\",\"@id\":\"https:\\\/\\\/tv.joycemeyer.org\\\/czech\\\/#website\",\"url\":\"https:\\\/\\\/tv.joycemeyer.org\\\/czech\\\/\",\"name\":\"Joyce Meyer Ministries - Czech\",\"description\":\"Sd\u00edlet se o Krista - milovat lidi\",\"potentialAction\":[{\"@type\":\"SearchAction\",\"target\":{\"@type\":\"EntryPoint\",\"urlTemplate\":\"https:\\\/\\\/tv.joycemeyer.org\\\/czech\\\/?s={search_term_string}\"},\"query-input\":{\"@type\":\"PropertyValueSpecification\",\"valueRequired\":true,\"valueName\":\"search_term_string\"}}],\"inLanguage\":\"cs\"}]}<\/script>\n<!-- \/ Yoast SEO plugin. -->","yoast_head_json":{"title":"B\u016fh je schopen - Joyce Meyer Ministries - Czech","robots":{"index":"index","follow":"follow","max-snippet":"max-snippet:-1","max-image-preview":"max-image-preview:large","max-video-preview":"max-video-preview:-1"},"canonical":"https:\/\/tv.joycemeyer.org\/czech\/devotional\/buh-je-schopen\/","og_locale":"cs_CZ","og_type":"article","og_title":"B\u016fh je schopen - Joyce Meyer Ministries - Czech","og_description":"Velmi jsem se tr\u00e1pila, proto\u017ee jsem v\u011bd\u011bla o v\u0161em, co bych m\u011bla zm\u011bnit, nem\u011bla jsem ale s\u00edlu tyto zm\u011bny realizovat.","og_url":"https:\/\/tv.joycemeyer.org\/czech\/devotional\/buh-je-schopen\/","og_site_name":"Joyce Meyer Ministries - Czech","article_publisher":"https:\/\/www.facebook.com\/joycemeyerministriescesko\/","article_modified_time":"2023-02-03T12:24:31+00:00","og_image":[{"width":1800,"height":1050,"url":"https:\/\/tv.joycemeyer.org\/czech\/wp-content\/uploads\/sites\/67\/2023\/01\/2049.jpg","type":"image\/jpeg"}],"twitter_card":"summary_large_image","twitter_misc":{"Odhadovan\u00e1 doba \u010dten\u00ed":"2 minuty"},"schema":{"@context":"https:\/\/schema.org","@graph":[{"@type":"WebPage","@id":"https:\/\/tv.joycemeyer.org\/czech\/devotional\/buh-je-schopen\/","url":"https:\/\/tv.joycemeyer.org\/czech\/devotional\/buh-je-schopen\/","name":"B\u016fh je schopen - Joyce Meyer Ministries - Czech","isPartOf":{"@id":"https:\/\/tv.joycemeyer.org\/czech\/#website"},"primaryImageOfPage":{"@id":"https:\/\/tv.joycemeyer.org\/czech\/devotional\/buh-je-schopen\/#primaryimage"},"image":{"@id":"https:\/\/tv.joycemeyer.org\/czech\/devotional\/buh-je-schopen\/#primaryimage"},"thumbnailUrl":"https:\/\/tv.joycemeyer.org\/czech\/wp-content\/uploads\/sites\/67\/2023\/01\/2049.jpg","datePublished":"2023-02-03T00:01:20+00:00","dateModified":"2023-02-03T12:24:31+00:00","breadcrumb":{"@id":"https:\/\/tv.joycemeyer.org\/czech\/devotional\/buh-je-schopen\/#breadcrumb"},"inLanguage":"cs","potentialAction":[{"@type":"ReadAction","target":["https:\/\/tv.joycemeyer.org\/czech\/devotional\/buh-je-schopen\/"]}]},{"@type":"ImageObject","inLanguage":"cs","@id":"https:\/\/tv.joycemeyer.org\/czech\/devotional\/buh-je-schopen\/#primaryimage","url":"https:\/\/tv.joycemeyer.org\/czech\/wp-content\/uploads\/sites\/67\/2023\/01\/2049.jpg","contentUrl":"https:\/\/tv.joycemeyer.org\/czech\/wp-content\/uploads\/sites\/67\/2023\/01\/2049.jpg","width":1800,"height":1050,"caption":"B\u016fh je schopen"},{"@type":"BreadcrumbList","@id":"https:\/\/tv.joycemeyer.org\/czech\/devotional\/buh-je-schopen\/#breadcrumb","itemListElement":[{"@type":"ListItem","position":1,"name":"Home","item":"https:\/\/tv.joycemeyer.org\/czech\/"},{"@type":"ListItem","position":2,"name":"Devotional","item":"https:\/\/tv.joycemeyer.org\/czech\/devotional\/"},{"@type":"ListItem","position":3,"name":"B\u016fh je schopen"}]},{"@type":"WebSite","@id":"https:\/\/tv.joycemeyer.org\/czech\/#website","url":"https:\/\/tv.joycemeyer.org\/czech\/","name":"Joyce Meyer Ministries - Czech","description":"Sd\u00edlet se o Krista - milovat lidi","potentialAction":[{"@type":"SearchAction","target":{"@type":"EntryPoint","urlTemplate":"https:\/\/tv.joycemeyer.org\/czech\/?s={search_term_string}"},"query-input":{"@type":"PropertyValueSpecification","valueRequired":true,"valueName":"search_term_string"}}],"inLanguage":"cs"}]}},"_links":{"self":[{"href":"https:\/\/tv.joycemeyer.org\/czech\/wp-json\/wp\/v2\/devotional\/2135","targetHints":{"allow":["GET"]}}],"collection":[{"href":"https:\/\/tv.joycemeyer.org\/czech\/wp-json\/wp\/v2\/devotional"}],"about":[{"href":"https:\/\/tv.joycemeyer.org\/czech\/wp-json\/wp\/v2\/types\/devotional"}],"author":[{"embeddable":true,"href":"https:\/\/tv.joycemeyer.org\/czech\/wp-json\/wp\/v2\/users\/20"}],"replies":[{"embeddable":true,"href":"https:\/\/tv.joycemeyer.org\/czech\/wp-json\/wp\/v2\/comments?post=2135"}],"wp:featuredmedia":[{"embeddable":true,"href":"https:\/\/tv.joycemeyer.org\/czech\/wp-json\/wp\/v2\/media\/2136"}],"wp:attachment":[{"href":"https:\/\/tv.joycemeyer.org\/czech\/wp-json\/wp\/v2\/media?parent=2135"}],"curies":[{"name":"wp","href":"https:\/\/api.w.org\/{rel}","templated":true}]}}

Bůh je schopen

<blockquote><p>Tomu pak, kdo je mocen podle síly, kterou působí v nás, učinit daleko více nade všechno, co žádáme nebo co si můžeme pomyslet… (Efezským 3,20)</p></blockquote>
<p>Verš z listu Efezským 3,20 je mocnou připomínku, že Bůh je schopen vykonat daleko víc nade všechno, v co se kdy odvážíme doufat, o co si dovolíme žádat nebo na to dokonce jen pomyslet. Můžeme se modlit, prosit ve víře a důvěřovat. Je to Bůh, kdo koná práci, a ne my. Jak to dělá? Podle síly a Boží milosti, která v nás působí. Cokoli přijímáme od Pána, přímo souvisí s množstvím milosti, kterou se naučíme přijímat.</p>
<p>V minulosti jsem se velmi snažila se změnit, a bylo to pro mě nesmírně stresující. Žila jsem pod silným pocitem odsouzení, protože se mi zdálo, že v každém kázáni slyším, že se mám změnit, ale ať jsem se snažila sebevíc, nedařilo se mi to. Velmi jsem se trápila, protože jsem věděla o všem, co bych měla změnit, neměla jsem ale sílu tyto změny realizovat.</p>
<p>Čím blíže jsi k Pánu, tím lépe pochopíš, že jen on musí pro tebe být zdrojem všech věcí. On je jediný, kdo dokáže do tvého života přinést změny. Nauč se říkat: „Bože, bez tebe nic nedokážu, ale ty mým prostřednictvím můžeš udělat cokoli!“</p>
<hr />
<h4><strong>Bůh zaslíbil, že pokud mu budeme důvěřovat a obrátíme s k němu, posílí nás v naší slabosti. Boží milost je dostačující k uspokojení všech našich potřeb. </strong></h4>

<p>Velmi jsem se trápila, protože jsem věděla o všem, co bych měla změnit, neměla jsem ale sílu tyto změny realizovat.</p>

<div class="post-featured-wrap"><img width="1024" height="597" src="https://tv.joycemeyer.org/czech/wp-content/uploads/sites/67/2023/01/2049-1024x597.jpg" class="post-featured wp-post-image" alt="Bůh je schopen" decoding="async" srcset="https://tv.joycemeyer.org/czech/wp-content/uploads/sites/67/2023/01/2049-1024x597.jpg 1024w, https://tv.joycemeyer.org/czech/wp-content/uploads/sites/67/2023/01/2049-300x175.jpg 300w, https://tv.joycemeyer.org/czech/wp-content/uploads/sites/67/2023/01/2049-768x448.jpg 768w, https://tv.joycemeyer.org/czech/wp-content/uploads/sites/67/2023/01/2049-1536x896.jpg 1536w, https://tv.joycemeyer.org/czech/wp-content/uploads/sites/67/2023/01/2049.jpg 1800w" sizes="(max-width: 1024px) 100vw, 1024px" /></div>

<div class="follow"><h6 class="alt">Spojte se s námi</h6><ul class="nav nav--social nav--flex"><li class="menu-item facebook"><a href="https://www.facebook.com/joycemeyerministriescesko/" target="_blank"><span class="visuallyhidden">Facebook</span></a></li></ul></div>

<!-- This site is optimized with the Yoast SEO plugin v27.4 - https://yoast.com/product/yoast-seo-wordpress/ -->
<title>Bůh je schopen - Joyce Meyer Ministries - Czech</title>
<meta name="robots" content="index, follow, max-snippet:-1, max-image-preview:large, max-video-preview:-1" />
<link rel="canonical" href="https://tv.joycemeyer.org/czech/devotional/buh-je-schopen/" />
<meta property="og:locale" content="cs_CZ" />
<meta property="og:type" content="article" />
<meta property="og:title" content="Bůh je schopen - Joyce Meyer Ministries - Czech" />
<meta property="og:description" content="Velmi jsem se trápila, protože jsem věděla o všem, co bych měla změnit, neměla jsem ale sílu tyto změny realizovat." />
<meta property="og:url" content="https://tv.joycemeyer.org/czech/devotional/buh-je-schopen/" />
<meta property="og:site_name" content="Joyce Meyer Ministries - Czech" />
<meta property="article:publisher" content="https://www.facebook.com/joycemeyerministriescesko/" />
<meta property="article:modified_time" content="2023-02-03T12:24:31+00:00" />
<meta property="og:image" content="https://tv.joycemeyer.org/czech/wp-content/uploads/sites/67/2023/01/2049.jpg" />
	<meta property="og:image:width" content="1800" />
	<meta property="og:image:height" content="1050" />
	<meta property="og:image:type" content="image/jpeg" />
<meta name="twitter:card" content="summary_large_image" />
<meta name="twitter:label1" content="Odhadovaná doba čtení" />
	<meta name="twitter:data1" content="2 minuty" />
<script type="application/ld+json" class="yoast-schema-graph">{"@context":"https:\/\/schema.org","@graph":[{"@type":"WebPage","@id":"https:\/\/tv.joycemeyer.org\/czech\/devotional\/buh-je-schopen\/","url":"https:\/\/tv.joycemeyer.org\/czech\/devotional\/buh-je-schopen\/","name":"Bůh je schopen - Joyce Meyer Ministries - Czech","isPartOf":{"@id":"https:\/\/tv.joycemeyer.org\/czech\/#website"},"primaryImageOfPage":{"@id":"https:\/\/tv.joycemeyer.org\/czech\/devotional\/buh-je-schopen\/#primaryimage"},"image":{"@id":"https:\/\/tv.joycemeyer.org\/czech\/devotional\/buh-je-schopen\/#primaryimage"},"thumbnailUrl":"https:\/\/tv.joycemeyer.org\/czech\/wp-content\/uploads\/sites\/67\/2023\/01\/2049.jpg","datePublished":"2023-02-03T00:01:20+00:00","dateModified":"2023-02-03T12:24:31+00:00","breadcrumb":{"@id":"https:\/\/tv.joycemeyer.org\/czech\/devotional\/buh-je-schopen\/#breadcrumb"},"inLanguage":"cs","potentialAction":[{"@type":"ReadAction","target":["https:\/\/tv.joycemeyer.org\/czech\/devotional\/buh-je-schopen\/"]}]},{"@type":"ImageObject","inLanguage":"cs","@id":"https:\/\/tv.joycemeyer.org\/czech\/devotional\/buh-je-schopen\/#primaryimage","url":"https:\/\/tv.joycemeyer.org\/czech\/wp-content\/uploads\/sites\/67\/2023\/01\/2049.jpg","contentUrl":"https:\/\/tv.joycemeyer.org\/czech\/wp-content\/uploads\/sites\/67\/2023\/01\/2049.jpg","width":1800,"height":1050,"caption":"Bůh je schopen"},{"@type":"BreadcrumbList","@id":"https:\/\/tv.joycemeyer.org\/czech\/devotional\/buh-je-schopen\/#breadcrumb","itemListElement":[{"@type":"ListItem","position":1,"name":"Home","item":"https:\/\/tv.joycemeyer.org\/czech\/"},{"@type":"ListItem","position":2,"name":"Devotional","item":"https:\/\/tv.joycemeyer.org\/czech\/devotional\/"},{"@type":"ListItem","position":3,"name":"Bůh je schopen"}]},{"@type":"WebSite","@id":"https:\/\/tv.joycemeyer.org\/czech\/#website","url":"https:\/\/tv.joycemeyer.org\/czech\/","name":"Joyce Meyer Ministries - Czech","description":"Sdílet se o Krista - milovat lidi","potentialAction":[{"@type":"SearchAction","target":{"@type":"EntryPoint","urlTemplate":"https:\/\/tv.joycemeyer.org\/czech\/?s={search_term_string}"},"query-input":{"@type":"PropertyValueSpecification","valueRequired":true,"valueName":"search_term_string"}}],"inLanguage":"cs"}]}</script>
<!-- / Yoast SEO plugin. -->

Bůh je schopen - Joyce Meyer Ministries - Czech

Velmi jsem se trápila, protože jsem věděla o všem, co bych měla změnit, neměla jsem ale sílu tyto změny realizovat.

Sdílet se o Krista - milovat lidi
