{"id":2383,"date":"2023-05-26T00:01:55","date_gmt":"2023-05-26T00:01:55","guid":{"rendered":"https:\/\/tv.joycemeyer.org\/czech\/?post_type=devotional&#038;p=2383"},"modified":"2023-05-26T11:45:49","modified_gmt":"2023-05-26T11:45:49","slug":"tes-se-na-budoucnost","status":"publish","type":"devotional","link":"https:\/\/tv.joycemeyer.org\/czech\/devotional\/tes-se-na-budoucnost\/","title":{"rendered":"T\u011b\u0161 se na budoucnost"},"content":{"rendered":"<blockquote><p>Ten, kter\u00fd sed\u011bl na tr\u016fnu, \u0159ekl: \u201cHle, \u010din\u00edm v\u0161echno nov\u00e9.\u201d A \u0159ekl: \u201cNapi\u0161: Tato slova jsou v\u011brn\u00e1 a prav\u00e1.\u201d (Zjeven\u00ed 21,5)<\/p><\/blockquote>\n<p>Mnoz\u00ed lid\u00e9 jsou ne\u0161\u0165astn\u00ed, proto\u017ee nesou b\u0159emeno chyb ze sv\u00e9 minulosti. Pokud jsi ne\u0161\u0165astn\u00fd kv\u016fli v\u011bcem, kter\u00e9 se staly ve tv\u00e9 minulosti, pak zm\u011b\u0148 sv\u00e9 my\u0161len\u00ed a zam\u011b\u0159 se \u00fapln\u011b jin\u00fdm sm\u011brem. Rozhodni se b\u00fdt t\u00edm, \u010d\u00edm t\u011b B\u016fh chce m\u00edt, a p\u0159ijmout v\u0161e, co ti B\u016fh nab\u00edz\u00ed a co ti Je\u017e\u00ed\u0161 vydobyl svou smrt\u00ed na k\u0159\u00ed\u017ei.<\/p>\n<p>Tv\u016fj nov\u00fd \u017eivot v Kristu znamen\u00e1, \u017ee tv\u00e9 h\u0159\u00edchy byly zcela odpu\u0161t\u011bny. B\u016fh t\u011b dokonale o\u010distil a chce p\u0159eb\u00fdvat ve tv\u00e9m srdce. M\u016f\u017ee\u0161 nechat minulost za sebou a za\u010d\u00edt se t\u011b\u0161it na budoucnost.<\/p>\n<p>Kdy\u017e ztr\u00e1c\u00ed\u0161 odvahu, \u0159ekni: \u201eU\u017e nebudu \u017e\u00edt v otroctv\u00ed. S t\u00edm, co se stalo v minulosti, nic nemohu ud\u011blat, ale mohu m\u00edt vliv na svou budoucnost. Budu se radovat ze \u017eivota a p\u0159ijmu to, co pro m\u011b Je\u017e\u00ed\u0161 m\u00e1. Od dne\u0161n\u00edho dne nech\u00e1m minulost za sebou a p\u016fjdu za Bohem!\u201c<\/p>\n<hr \/>\n<h4><strong>V\u010derej\u0161\u00ed den je minulost. Z\u00edt\u0159ek je tajemstv\u00edm. Dne\u0161n\u00ed den je Bo\u017e\u00edm darem pro tebe.\u2003<\/strong><\/h4>\n","protected":false},"excerpt":{"rendered":"<p>Pokud jsi ne\u0161\u0165astn\u00fd kv\u016fli v\u011bcem, kter\u00e9 se staly ve tv\u00e9 minulosti, pak zm\u011b\u0148 sv\u00e9 my\u0161len\u00ed a zam\u011b\u0159 se \u00fapln\u011b jin\u00fdm sm\u011brem. <\/p>\n","protected":false},"author":20,"featured_media":2384,"parent":0,"menu_order":0,"comment_status":"closed","ping_status":"closed","template":"","class_list":["post-2383","devotional","type-devotional","status-publish","has-post-thumbnail","hentry"],"acf":[],"appp":{"post_detail":{"above_title":"<div class=\"post-featured-wrap\"><img width=\"1024\" height=\"597\" src=\"https:\/\/tv.joycemeyer.org\/czech\/wp-content\/uploads\/sites\/67\/2023\/05\/2866-1024x597.jpg\" class=\"post-featured wp-post-image\" alt=\"T\u011b\u0161 se na budoucnost\" decoding=\"async\" srcset=\"https:\/\/tv.joycemeyer.org\/czech\/wp-content\/uploads\/sites\/67\/2023\/05\/2866-1024x597.jpg 1024w, https:\/\/tv.joycemeyer.org\/czech\/wp-content\/uploads\/sites\/67\/2023\/05\/2866-300x175.jpg 300w, https:\/\/tv.joycemeyer.org\/czech\/wp-content\/uploads\/sites\/67\/2023\/05\/2866-768x448.jpg 768w, https:\/\/tv.joycemeyer.org\/czech\/wp-content\/uploads\/sites\/67\/2023\/05\/2866-1536x896.jpg 1536w, https:\/\/tv.joycemeyer.org\/czech\/wp-content\/uploads\/sites\/67\/2023\/05\/2866.jpg 1800w\" sizes=\"(max-width: 1024px) 100vw, 1024px\" \/><\/div>","below_content":"<div class=\"follow\"><h6 class=\"alt\">Spojte se s n\u00e1mi<\/h6><ul class=\"nav nav--social nav--flex\"><li class=\"menu-item facebook\"><a href=\"https:\/\/www.facebook.com\/joycemeyerministriescesko\/\" target=\"_blank\"><span class=\"visuallyhidden\">Facebook<\/span><\/a><\/li><\/ul><\/div>"}},"yoast_head":"<!-- This site is optimized with the Yoast SEO plugin v27.4 - https:\/\/yoast.com\/product\/yoast-seo-wordpress\/ -->\n<title>T\u011b\u0161 se na budoucnost - Joyce Meyer Ministries - Czech<\/title>\n<meta name=\"robots\" content=\"index, follow, max-snippet:-1, max-image-preview:large, max-video-preview:-1\" \/>\n<link rel=\"canonical\" href=\"https:\/\/tv.joycemeyer.org\/czech\/devotional\/tes-se-na-budoucnost\/\" \/>\n<meta property=\"og:locale\" content=\"cs_CZ\" \/>\n<meta property=\"og:type\" content=\"article\" \/>\n<meta property=\"og:title\" content=\"T\u011b\u0161 se na budoucnost - Joyce Meyer Ministries - Czech\" \/>\n<meta property=\"og:description\" content=\"Pokud jsi ne\u0161\u0165astn\u00fd kv\u016fli v\u011bcem, kter\u00e9 se staly ve tv\u00e9 minulosti, pak zm\u011b\u0148 sv\u00e9 my\u0161len\u00ed a zam\u011b\u0159 se \u00fapln\u011b jin\u00fdm sm\u011brem.\" \/>\n<meta property=\"og:url\" content=\"https:\/\/tv.joycemeyer.org\/czech\/devotional\/tes-se-na-budoucnost\/\" \/>\n<meta property=\"og:site_name\" content=\"Joyce Meyer Ministries - Czech\" \/>\n<meta property=\"article:publisher\" content=\"https:\/\/www.facebook.com\/joycemeyerministriescesko\/\" \/>\n<meta property=\"article:modified_time\" content=\"2023-05-26T11:45:49+00:00\" \/>\n<meta property=\"og:image\" content=\"https:\/\/tv.joycemeyer.org\/czech\/wp-content\/uploads\/sites\/67\/2023\/05\/2866.jpg\" \/>\n\t<meta property=\"og:image:width\" content=\"1800\" \/>\n\t<meta property=\"og:image:height\" content=\"1050\" \/>\n\t<meta property=\"og:image:type\" content=\"image\/jpeg\" \/>\n<meta name=\"twitter:card\" content=\"summary_large_image\" \/>\n<meta name=\"twitter:label1\" content=\"Odhadovan\u00e1 doba \u010dten\u00ed\" \/>\n\t<meta name=\"twitter:data1\" content=\"1 minuta\" \/>\n<script type=\"application\/ld+json\" class=\"yoast-schema-graph\">{\"@context\":\"https:\\\/\\\/schema.org\",\"@graph\":[{\"@type\":\"WebPage\",\"@id\":\"https:\\\/\\\/tv.joycemeyer.org\\\/czech\\\/devotional\\\/tes-se-na-budoucnost\\\/\",\"url\":\"https:\\\/\\\/tv.joycemeyer.org\\\/czech\\\/devotional\\\/tes-se-na-budoucnost\\\/\",\"name\":\"T\u011b\u0161 se na budoucnost - Joyce Meyer Ministries - Czech\",\"isPartOf\":{\"@id\":\"https:\\\/\\\/tv.joycemeyer.org\\\/czech\\\/#website\"},\"primaryImageOfPage\":{\"@id\":\"https:\\\/\\\/tv.joycemeyer.org\\\/czech\\\/devotional\\\/tes-se-na-budoucnost\\\/#primaryimage\"},\"image\":{\"@id\":\"https:\\\/\\\/tv.joycemeyer.org\\\/czech\\\/devotional\\\/tes-se-na-budoucnost\\\/#primaryimage\"},\"thumbnailUrl\":\"https:\\\/\\\/tv.joycemeyer.org\\\/czech\\\/wp-content\\\/uploads\\\/sites\\\/67\\\/2023\\\/05\\\/2866.jpg\",\"datePublished\":\"2023-05-26T00:01:55+00:00\",\"dateModified\":\"2023-05-26T11:45:49+00:00\",\"breadcrumb\":{\"@id\":\"https:\\\/\\\/tv.joycemeyer.org\\\/czech\\\/devotional\\\/tes-se-na-budoucnost\\\/#breadcrumb\"},\"inLanguage\":\"cs\",\"potentialAction\":[{\"@type\":\"ReadAction\",\"target\":[\"https:\\\/\\\/tv.joycemeyer.org\\\/czech\\\/devotional\\\/tes-se-na-budoucnost\\\/\"]}]},{\"@type\":\"ImageObject\",\"inLanguage\":\"cs\",\"@id\":\"https:\\\/\\\/tv.joycemeyer.org\\\/czech\\\/devotional\\\/tes-se-na-budoucnost\\\/#primaryimage\",\"url\":\"https:\\\/\\\/tv.joycemeyer.org\\\/czech\\\/wp-content\\\/uploads\\\/sites\\\/67\\\/2023\\\/05\\\/2866.jpg\",\"contentUrl\":\"https:\\\/\\\/tv.joycemeyer.org\\\/czech\\\/wp-content\\\/uploads\\\/sites\\\/67\\\/2023\\\/05\\\/2866.jpg\",\"width\":1800,\"height\":1050,\"caption\":\"T\u011b\u0161 se na budoucnost\"},{\"@type\":\"BreadcrumbList\",\"@id\":\"https:\\\/\\\/tv.joycemeyer.org\\\/czech\\\/devotional\\\/tes-se-na-budoucnost\\\/#breadcrumb\",\"itemListElement\":[{\"@type\":\"ListItem\",\"position\":1,\"name\":\"Home\",\"item\":\"https:\\\/\\\/tv.joycemeyer.org\\\/czech\\\/\"},{\"@type\":\"ListItem\",\"position\":2,\"name\":\"Devotional\",\"item\":\"https:\\\/\\\/tv.joycemeyer.org\\\/czech\\\/devotional\\\/\"},{\"@type\":\"ListItem\",\"position\":3,\"name\":\"T\u011b\u0161 se na budoucnost\"}]},{\"@type\":\"WebSite\",\"@id\":\"https:\\\/\\\/tv.joycemeyer.org\\\/czech\\\/#website\",\"url\":\"https:\\\/\\\/tv.joycemeyer.org\\\/czech\\\/\",\"name\":\"Joyce Meyer Ministries - Czech\",\"description\":\"Sd\u00edlet se o Krista - milovat lidi\",\"potentialAction\":[{\"@type\":\"SearchAction\",\"target\":{\"@type\":\"EntryPoint\",\"urlTemplate\":\"https:\\\/\\\/tv.joycemeyer.org\\\/czech\\\/?s={search_term_string}\"},\"query-input\":{\"@type\":\"PropertyValueSpecification\",\"valueRequired\":true,\"valueName\":\"search_term_string\"}}],\"inLanguage\":\"cs\"}]}<\/script>\n<!-- \/ Yoast SEO plugin. -->","yoast_head_json":{"title":"T\u011b\u0161 se na budoucnost - Joyce Meyer Ministries - Czech","robots":{"index":"index","follow":"follow","max-snippet":"max-snippet:-1","max-image-preview":"max-image-preview:large","max-video-preview":"max-video-preview:-1"},"canonical":"https:\/\/tv.joycemeyer.org\/czech\/devotional\/tes-se-na-budoucnost\/","og_locale":"cs_CZ","og_type":"article","og_title":"T\u011b\u0161 se na budoucnost - Joyce Meyer Ministries - Czech","og_description":"Pokud jsi ne\u0161\u0165astn\u00fd kv\u016fli v\u011bcem, kter\u00e9 se staly ve tv\u00e9 minulosti, pak zm\u011b\u0148 sv\u00e9 my\u0161len\u00ed a zam\u011b\u0159 se \u00fapln\u011b jin\u00fdm sm\u011brem.","og_url":"https:\/\/tv.joycemeyer.org\/czech\/devotional\/tes-se-na-budoucnost\/","og_site_name":"Joyce Meyer Ministries - Czech","article_publisher":"https:\/\/www.facebook.com\/joycemeyerministriescesko\/","article_modified_time":"2023-05-26T11:45:49+00:00","og_image":[{"width":1800,"height":1050,"url":"https:\/\/tv.joycemeyer.org\/czech\/wp-content\/uploads\/sites\/67\/2023\/05\/2866.jpg","type":"image\/jpeg"}],"twitter_card":"summary_large_image","twitter_misc":{"Odhadovan\u00e1 doba \u010dten\u00ed":"1 minuta"},"schema":{"@context":"https:\/\/schema.org","@graph":[{"@type":"WebPage","@id":"https:\/\/tv.joycemeyer.org\/czech\/devotional\/tes-se-na-budoucnost\/","url":"https:\/\/tv.joycemeyer.org\/czech\/devotional\/tes-se-na-budoucnost\/","name":"T\u011b\u0161 se na budoucnost - Joyce Meyer Ministries - Czech","isPartOf":{"@id":"https:\/\/tv.joycemeyer.org\/czech\/#website"},"primaryImageOfPage":{"@id":"https:\/\/tv.joycemeyer.org\/czech\/devotional\/tes-se-na-budoucnost\/#primaryimage"},"image":{"@id":"https:\/\/tv.joycemeyer.org\/czech\/devotional\/tes-se-na-budoucnost\/#primaryimage"},"thumbnailUrl":"https:\/\/tv.joycemeyer.org\/czech\/wp-content\/uploads\/sites\/67\/2023\/05\/2866.jpg","datePublished":"2023-05-26T00:01:55+00:00","dateModified":"2023-05-26T11:45:49+00:00","breadcrumb":{"@id":"https:\/\/tv.joycemeyer.org\/czech\/devotional\/tes-se-na-budoucnost\/#breadcrumb"},"inLanguage":"cs","potentialAction":[{"@type":"ReadAction","target":["https:\/\/tv.joycemeyer.org\/czech\/devotional\/tes-se-na-budoucnost\/"]}]},{"@type":"ImageObject","inLanguage":"cs","@id":"https:\/\/tv.joycemeyer.org\/czech\/devotional\/tes-se-na-budoucnost\/#primaryimage","url":"https:\/\/tv.joycemeyer.org\/czech\/wp-content\/uploads\/sites\/67\/2023\/05\/2866.jpg","contentUrl":"https:\/\/tv.joycemeyer.org\/czech\/wp-content\/uploads\/sites\/67\/2023\/05\/2866.jpg","width":1800,"height":1050,"caption":"T\u011b\u0161 se na budoucnost"},{"@type":"BreadcrumbList","@id":"https:\/\/tv.joycemeyer.org\/czech\/devotional\/tes-se-na-budoucnost\/#breadcrumb","itemListElement":[{"@type":"ListItem","position":1,"name":"Home","item":"https:\/\/tv.joycemeyer.org\/czech\/"},{"@type":"ListItem","position":2,"name":"Devotional","item":"https:\/\/tv.joycemeyer.org\/czech\/devotional\/"},{"@type":"ListItem","position":3,"name":"T\u011b\u0161 se na budoucnost"}]},{"@type":"WebSite","@id":"https:\/\/tv.joycemeyer.org\/czech\/#website","url":"https:\/\/tv.joycemeyer.org\/czech\/","name":"Joyce Meyer Ministries - Czech","description":"Sd\u00edlet se o Krista - milovat lidi","potentialAction":[{"@type":"SearchAction","target":{"@type":"EntryPoint","urlTemplate":"https:\/\/tv.joycemeyer.org\/czech\/?s={search_term_string}"},"query-input":{"@type":"PropertyValueSpecification","valueRequired":true,"valueName":"search_term_string"}}],"inLanguage":"cs"}]}},"_links":{"self":[{"href":"https:\/\/tv.joycemeyer.org\/czech\/wp-json\/wp\/v2\/devotional\/2383","targetHints":{"allow":["GET"]}}],"collection":[{"href":"https:\/\/tv.joycemeyer.org\/czech\/wp-json\/wp\/v2\/devotional"}],"about":[{"href":"https:\/\/tv.joycemeyer.org\/czech\/wp-json\/wp\/v2\/types\/devotional"}],"author":[{"embeddable":true,"href":"https:\/\/tv.joycemeyer.org\/czech\/wp-json\/wp\/v2\/users\/20"}],"replies":[{"embeddable":true,"href":"https:\/\/tv.joycemeyer.org\/czech\/wp-json\/wp\/v2\/comments?post=2383"}],"wp:featuredmedia":[{"embeddable":true,"href":"https:\/\/tv.joycemeyer.org\/czech\/wp-json\/wp\/v2\/media\/2384"}],"wp:attachment":[{"href":"https:\/\/tv.joycemeyer.org\/czech\/wp-json\/wp\/v2\/media?parent=2383"}],"curies":[{"name":"wp","href":"https:\/\/api.w.org\/{rel}","templated":true}]}}

Těš se na budoucnost

<blockquote><p>Ten, který seděl na trůnu, řekl: “Hle, činím všechno nové.” A řekl: “Napiš: Tato slova jsou věrná a pravá.” (Zjevení 21,5)</p></blockquote>
<p>Mnozí lidé jsou nešťastní, protože nesou břemeno chyb ze své minulosti. Pokud jsi nešťastný kvůli věcem, které se staly ve tvé minulosti, pak změň své myšlení a zaměř se úplně jiným směrem. Rozhodni se být tím, čím tě Bůh chce mít, a přijmout vše, co ti Bůh nabízí a co ti Ježíš vydobyl svou smrtí na kříži.</p>
<p>Tvůj nový život v Kristu znamená, že tvé hříchy byly zcela odpuštěny. Bůh tě dokonale očistil a chce přebývat ve tvém srdce. Můžeš nechat minulost za sebou a začít se těšit na budoucnost.</p>
<p>Když ztrácíš odvahu, řekni: „Už nebudu žít v otroctví. S tím, co se stalo v minulosti, nic nemohu udělat, ale mohu mít vliv na svou budoucnost. Budu se radovat ze života a přijmu to, co pro mě Ježíš má. Od dnešního dne nechám minulost za sebou a půjdu za Bohem!“</p>
<hr />
<h4><strong>Včerejší den je minulost. Zítřek je tajemstvím. Dnešní den je Božím darem pro tebe. </strong></h4>

<p>Pokud jsi nešťastný kvůli věcem, které se staly ve tvé minulosti, pak změň své myšlení a zaměř se úplně jiným směrem. </p>

<div class="post-featured-wrap"><img width="1024" height="597" src="https://tv.joycemeyer.org/czech/wp-content/uploads/sites/67/2023/05/2866-1024x597.jpg" class="post-featured wp-post-image" alt="Těš se na budoucnost" decoding="async" srcset="https://tv.joycemeyer.org/czech/wp-content/uploads/sites/67/2023/05/2866-1024x597.jpg 1024w, https://tv.joycemeyer.org/czech/wp-content/uploads/sites/67/2023/05/2866-300x175.jpg 300w, https://tv.joycemeyer.org/czech/wp-content/uploads/sites/67/2023/05/2866-768x448.jpg 768w, https://tv.joycemeyer.org/czech/wp-content/uploads/sites/67/2023/05/2866-1536x896.jpg 1536w, https://tv.joycemeyer.org/czech/wp-content/uploads/sites/67/2023/05/2866.jpg 1800w" sizes="(max-width: 1024px) 100vw, 1024px" /></div>

<div class="follow"><h6 class="alt">Spojte se s námi</h6><ul class="nav nav--social nav--flex"><li class="menu-item facebook"><a href="https://www.facebook.com/joycemeyerministriescesko/" target="_blank"><span class="visuallyhidden">Facebook</span></a></li></ul></div>

<!-- This site is optimized with the Yoast SEO plugin v27.4 - https://yoast.com/product/yoast-seo-wordpress/ -->
<title>Těš se na budoucnost - Joyce Meyer Ministries - Czech</title>
<meta name="robots" content="index, follow, max-snippet:-1, max-image-preview:large, max-video-preview:-1" />
<link rel="canonical" href="https://tv.joycemeyer.org/czech/devotional/tes-se-na-budoucnost/" />
<meta property="og:locale" content="cs_CZ" />
<meta property="og:type" content="article" />
<meta property="og:title" content="Těš se na budoucnost - Joyce Meyer Ministries - Czech" />
<meta property="og:description" content="Pokud jsi nešťastný kvůli věcem, které se staly ve tvé minulosti, pak změň své myšlení a zaměř se úplně jiným směrem." />
<meta property="og:url" content="https://tv.joycemeyer.org/czech/devotional/tes-se-na-budoucnost/" />
<meta property="og:site_name" content="Joyce Meyer Ministries - Czech" />
<meta property="article:publisher" content="https://www.facebook.com/joycemeyerministriescesko/" />
<meta property="article:modified_time" content="2023-05-26T11:45:49+00:00" />
<meta property="og:image" content="https://tv.joycemeyer.org/czech/wp-content/uploads/sites/67/2023/05/2866.jpg" />
	<meta property="og:image:width" content="1800" />
	<meta property="og:image:height" content="1050" />
	<meta property="og:image:type" content="image/jpeg" />
<meta name="twitter:card" content="summary_large_image" />
<meta name="twitter:label1" content="Odhadovaná doba čtení" />
	<meta name="twitter:data1" content="1 minuta" />
<script type="application/ld+json" class="yoast-schema-graph">{"@context":"https:\/\/schema.org","@graph":[{"@type":"WebPage","@id":"https:\/\/tv.joycemeyer.org\/czech\/devotional\/tes-se-na-budoucnost\/","url":"https:\/\/tv.joycemeyer.org\/czech\/devotional\/tes-se-na-budoucnost\/","name":"Těš se na budoucnost - Joyce Meyer Ministries - Czech","isPartOf":{"@id":"https:\/\/tv.joycemeyer.org\/czech\/#website"},"primaryImageOfPage":{"@id":"https:\/\/tv.joycemeyer.org\/czech\/devotional\/tes-se-na-budoucnost\/#primaryimage"},"image":{"@id":"https:\/\/tv.joycemeyer.org\/czech\/devotional\/tes-se-na-budoucnost\/#primaryimage"},"thumbnailUrl":"https:\/\/tv.joycemeyer.org\/czech\/wp-content\/uploads\/sites\/67\/2023\/05\/2866.jpg","datePublished":"2023-05-26T00:01:55+00:00","dateModified":"2023-05-26T11:45:49+00:00","breadcrumb":{"@id":"https:\/\/tv.joycemeyer.org\/czech\/devotional\/tes-se-na-budoucnost\/#breadcrumb"},"inLanguage":"cs","potentialAction":[{"@type":"ReadAction","target":["https:\/\/tv.joycemeyer.org\/czech\/devotional\/tes-se-na-budoucnost\/"]}]},{"@type":"ImageObject","inLanguage":"cs","@id":"https:\/\/tv.joycemeyer.org\/czech\/devotional\/tes-se-na-budoucnost\/#primaryimage","url":"https:\/\/tv.joycemeyer.org\/czech\/wp-content\/uploads\/sites\/67\/2023\/05\/2866.jpg","contentUrl":"https:\/\/tv.joycemeyer.org\/czech\/wp-content\/uploads\/sites\/67\/2023\/05\/2866.jpg","width":1800,"height":1050,"caption":"Těš se na budoucnost"},{"@type":"BreadcrumbList","@id":"https:\/\/tv.joycemeyer.org\/czech\/devotional\/tes-se-na-budoucnost\/#breadcrumb","itemListElement":[{"@type":"ListItem","position":1,"name":"Home","item":"https:\/\/tv.joycemeyer.org\/czech\/"},{"@type":"ListItem","position":2,"name":"Devotional","item":"https:\/\/tv.joycemeyer.org\/czech\/devotional\/"},{"@type":"ListItem","position":3,"name":"Těš se na budoucnost"}]},{"@type":"WebSite","@id":"https:\/\/tv.joycemeyer.org\/czech\/#website","url":"https:\/\/tv.joycemeyer.org\/czech\/","name":"Joyce Meyer Ministries - Czech","description":"Sdílet se o Krista - milovat lidi","potentialAction":[{"@type":"SearchAction","target":{"@type":"EntryPoint","urlTemplate":"https:\/\/tv.joycemeyer.org\/czech\/?s={search_term_string}"},"query-input":{"@type":"PropertyValueSpecification","valueRequired":true,"valueName":"search_term_string"}}],"inLanguage":"cs"}]}</script>
<!-- / Yoast SEO plugin. -->

Těš se na budoucnost - Joyce Meyer Ministries - Czech

Pokud jsi nešťastný kvůli věcem, které se staly ve tvé minulosti, pak změň své myšlení a zaměř se úplně jiným směrem.

Sdílet se o Krista - milovat lidi
