{"id":2407,"date":"2023-06-06T00:01:50","date_gmt":"2023-06-06T00:01:50","guid":{"rendered":"https:\/\/tv.joycemeyer.org\/czech\/?post_type=devotional&#038;p=2407"},"modified":"2023-06-06T11:27:09","modified_gmt":"2023-06-06T11:27:09","slug":"moc-vyznavani","status":"publish","type":"devotional","link":"https:\/\/tv.joycemeyer.org\/czech\/devotional\/moc-vyznavani\/","title":{"rendered":"Moc vyzn\u00e1v\u00e1n\u00ed"},"content":{"rendered":"<blockquote><p>V moci jazyka je smrt i \u017eivot, kdo ho miluje, naj\u00ed se jeho ovoce. (P\u0159\u00edslov\u00ed 18,21)<\/p><\/blockquote>\n<p>Jestli chceme vid\u011bt vysly\u0161en\u00ed sv\u00fdch modliteb, je nezbytn\u00e9, abychom se nau\u010dili modlit, a pak \u010dinit pozitivn\u00ed, v\u00edrou napln\u011bn\u00e1 vyzn\u00e1n\u00ed do sv\u00e9 situace. Negativn\u00ed vyzn\u00e1n\u00ed a v\u00edra prost\u011b nejdou dohromady.<\/p>\n<p>\u0158ekn\u011bme, \u017ee se matka modl\u00ed za sv\u00e9ho syna, kter\u00fd m\u00e1 probl\u00e9my ve \u0161kole. Modl\u00ed se modlitbu v\u00edry a v\u011b\u0159\u00ed Bohu, \u017ee dojde k pr\u016flomu. Pak jde na ob\u011bd se dv\u011bma sousedkami a hodinu si st\u011b\u017euje: \u201eJsem tak unaven\u00e1 ze v\u0161ech t\u011bch probl\u00e9m\u016f s t\u00edmhle d\u00edt\u011btem. Nikdy se to nezlep\u0161\u00ed. Pro\u010d se to d\u011bje zrovna mn\u011b?\u201c Takov\u00fd druh negativn\u00edho vyzn\u00e1n\u00ed p\u016fsob\u00ed proti v\u00ed\u0159e.<\/p>\n<p>Ud\u011blej rozhodnut\u00ed, \u017ee bude\u0161 mluvit v souladu s t\u00edm, za co ses se modlil. Prohla\u0161uj Bo\u017e\u00ed slovo. Vyzn\u00e1vej svou v\u00edru! Kdy\u017e se t\u011b sousedky zeptaj\u00ed, jak se da\u0159\u00ed synovi, m\u016f\u017ee\u0161 odpov\u011bd\u011bt: \u201eV\u00edte co? Na viditeln\u00e9 rovin\u011b se v\u011bci moc nezm\u011bnily, ale modl\u00edm se za n\u011bj a m\u00e1m v srdci jistotu, \u017ee B\u016fh je s n\u00edm a kon\u00e1 v jeho \u017eivot\u011b mocn\u00e9 d\u00edlo.\u201c<\/p>\n<h4><strong>Kdy\u017e se tv\u00e1 v\u00edra, tv\u00e9 my\u0161lenky a tv\u00e1 slova budou shodovat s Bo\u017e\u00edmi zasl\u00edben\u00edmi, je jen ot\u00e1zkou \u010dasu, ne\u017e uvid\u00ed\u0161 pozitivn\u00ed zm\u011bnu.<\/strong><\/h4>\n<hr \/>\n<p>Modli se, a pak mluv v souladu s t\u00edm, za co ses modlil, a jist\u011b uvid\u00ed\u0161 \u00fa\u017easn\u00e9 v\u00fdsledky.<\/p>\n","protected":false},"excerpt":{"rendered":"<p>Ud\u011blej rozhodnut\u00ed, \u017ee bude\u0161 mluvit v souladu s t\u00edm, za co ses se modlil.<\/p>\n","protected":false},"author":20,"featured_media":2408,"parent":0,"menu_order":0,"comment_status":"closed","ping_status":"closed","template":"","class_list":["post-2407","devotional","type-devotional","status-publish","has-post-thumbnail","hentry"],"acf":[],"appp":{"post_detail":{"above_title":"<div class=\"post-featured-wrap\"><img width=\"1024\" height=\"597\" src=\"https:\/\/tv.joycemeyer.org\/czech\/wp-content\/uploads\/sites\/67\/2023\/05\/2858-1024x597.jpg\" class=\"post-featured wp-post-image\" alt=\"Moc vyzn\u00e1v\u00e1n\u00ed\" decoding=\"async\" srcset=\"https:\/\/tv.joycemeyer.org\/czech\/wp-content\/uploads\/sites\/67\/2023\/05\/2858-1024x597.jpg 1024w, https:\/\/tv.joycemeyer.org\/czech\/wp-content\/uploads\/sites\/67\/2023\/05\/2858-300x175.jpg 300w, https:\/\/tv.joycemeyer.org\/czech\/wp-content\/uploads\/sites\/67\/2023\/05\/2858-768x448.jpg 768w, https:\/\/tv.joycemeyer.org\/czech\/wp-content\/uploads\/sites\/67\/2023\/05\/2858-1536x896.jpg 1536w, https:\/\/tv.joycemeyer.org\/czech\/wp-content\/uploads\/sites\/67\/2023\/05\/2858.jpg 1800w\" sizes=\"(max-width: 1024px) 100vw, 1024px\" \/><\/div>","below_content":"<div class=\"follow\"><h6 class=\"alt\">Spojte se s n\u00e1mi<\/h6><ul class=\"nav nav--social nav--flex\"><li class=\"menu-item facebook\"><a href=\"https:\/\/www.facebook.com\/joycemeyerministriescesko\/\" target=\"_blank\"><span class=\"visuallyhidden\">Facebook<\/span><\/a><\/li><\/ul><\/div>"}},"yoast_head":"<!-- This site is optimized with the Yoast SEO plugin v27.4 - https:\/\/yoast.com\/product\/yoast-seo-wordpress\/ -->\n<title>Moc vyzn\u00e1v\u00e1n\u00ed - Joyce Meyer Ministries - Czech<\/title>\n<meta name=\"robots\" content=\"index, follow, max-snippet:-1, max-image-preview:large, max-video-preview:-1\" \/>\n<link rel=\"canonical\" href=\"https:\/\/tv.joycemeyer.org\/czech\/devotional\/moc-vyznavani\/\" \/>\n<meta property=\"og:locale\" content=\"cs_CZ\" \/>\n<meta property=\"og:type\" content=\"article\" \/>\n<meta property=\"og:title\" content=\"Moc vyzn\u00e1v\u00e1n\u00ed - Joyce Meyer Ministries - Czech\" \/>\n<meta property=\"og:description\" content=\"Ud\u011blej rozhodnut\u00ed, \u017ee bude\u0161 mluvit v souladu s t\u00edm, za co ses se modlil.\" \/>\n<meta property=\"og:url\" content=\"https:\/\/tv.joycemeyer.org\/czech\/devotional\/moc-vyznavani\/\" \/>\n<meta property=\"og:site_name\" content=\"Joyce Meyer Ministries - Czech\" \/>\n<meta property=\"article:publisher\" content=\"https:\/\/www.facebook.com\/joycemeyerministriescesko\/\" \/>\n<meta property=\"article:modified_time\" content=\"2023-06-06T11:27:09+00:00\" \/>\n<meta property=\"og:image\" content=\"https:\/\/tv.joycemeyer.org\/czech\/wp-content\/uploads\/sites\/67\/2023\/05\/2858.jpg\" \/>\n\t<meta property=\"og:image:width\" content=\"1800\" \/>\n\t<meta property=\"og:image:height\" content=\"1050\" \/>\n\t<meta property=\"og:image:type\" content=\"image\/jpeg\" \/>\n<meta name=\"twitter:card\" content=\"summary_large_image\" \/>\n<meta name=\"twitter:label1\" content=\"Odhadovan\u00e1 doba \u010dten\u00ed\" \/>\n\t<meta name=\"twitter:data1\" content=\"1 minuta\" \/>\n<script type=\"application\/ld+json\" class=\"yoast-schema-graph\">{\"@context\":\"https:\\\/\\\/schema.org\",\"@graph\":[{\"@type\":\"WebPage\",\"@id\":\"https:\\\/\\\/tv.joycemeyer.org\\\/czech\\\/devotional\\\/moc-vyznavani\\\/\",\"url\":\"https:\\\/\\\/tv.joycemeyer.org\\\/czech\\\/devotional\\\/moc-vyznavani\\\/\",\"name\":\"Moc vyzn\u00e1v\u00e1n\u00ed - Joyce Meyer Ministries - Czech\",\"isPartOf\":{\"@id\":\"https:\\\/\\\/tv.joycemeyer.org\\\/czech\\\/#website\"},\"primaryImageOfPage\":{\"@id\":\"https:\\\/\\\/tv.joycemeyer.org\\\/czech\\\/devotional\\\/moc-vyznavani\\\/#primaryimage\"},\"image\":{\"@id\":\"https:\\\/\\\/tv.joycemeyer.org\\\/czech\\\/devotional\\\/moc-vyznavani\\\/#primaryimage\"},\"thumbnailUrl\":\"https:\\\/\\\/tv.joycemeyer.org\\\/czech\\\/wp-content\\\/uploads\\\/sites\\\/67\\\/2023\\\/05\\\/2858.jpg\",\"datePublished\":\"2023-06-06T00:01:50+00:00\",\"dateModified\":\"2023-06-06T11:27:09+00:00\",\"breadcrumb\":{\"@id\":\"https:\\\/\\\/tv.joycemeyer.org\\\/czech\\\/devotional\\\/moc-vyznavani\\\/#breadcrumb\"},\"inLanguage\":\"cs\",\"potentialAction\":[{\"@type\":\"ReadAction\",\"target\":[\"https:\\\/\\\/tv.joycemeyer.org\\\/czech\\\/devotional\\\/moc-vyznavani\\\/\"]}]},{\"@type\":\"ImageObject\",\"inLanguage\":\"cs\",\"@id\":\"https:\\\/\\\/tv.joycemeyer.org\\\/czech\\\/devotional\\\/moc-vyznavani\\\/#primaryimage\",\"url\":\"https:\\\/\\\/tv.joycemeyer.org\\\/czech\\\/wp-content\\\/uploads\\\/sites\\\/67\\\/2023\\\/05\\\/2858.jpg\",\"contentUrl\":\"https:\\\/\\\/tv.joycemeyer.org\\\/czech\\\/wp-content\\\/uploads\\\/sites\\\/67\\\/2023\\\/05\\\/2858.jpg\",\"width\":1800,\"height\":1050,\"caption\":\"Moc vyzn\u00e1v\u00e1n\u00ed\"},{\"@type\":\"BreadcrumbList\",\"@id\":\"https:\\\/\\\/tv.joycemeyer.org\\\/czech\\\/devotional\\\/moc-vyznavani\\\/#breadcrumb\",\"itemListElement\":[{\"@type\":\"ListItem\",\"position\":1,\"name\":\"Home\",\"item\":\"https:\\\/\\\/tv.joycemeyer.org\\\/czech\\\/\"},{\"@type\":\"ListItem\",\"position\":2,\"name\":\"Devotional\",\"item\":\"https:\\\/\\\/tv.joycemeyer.org\\\/czech\\\/devotional\\\/\"},{\"@type\":\"ListItem\",\"position\":3,\"name\":\"Moc vyzn\u00e1v\u00e1n\u00ed\"}]},{\"@type\":\"WebSite\",\"@id\":\"https:\\\/\\\/tv.joycemeyer.org\\\/czech\\\/#website\",\"url\":\"https:\\\/\\\/tv.joycemeyer.org\\\/czech\\\/\",\"name\":\"Joyce Meyer Ministries - Czech\",\"description\":\"Sd\u00edlet se o Krista - milovat lidi\",\"potentialAction\":[{\"@type\":\"SearchAction\",\"target\":{\"@type\":\"EntryPoint\",\"urlTemplate\":\"https:\\\/\\\/tv.joycemeyer.org\\\/czech\\\/?s={search_term_string}\"},\"query-input\":{\"@type\":\"PropertyValueSpecification\",\"valueRequired\":true,\"valueName\":\"search_term_string\"}}],\"inLanguage\":\"cs\"}]}<\/script>\n<!-- \/ Yoast SEO plugin. -->","yoast_head_json":{"title":"Moc vyzn\u00e1v\u00e1n\u00ed - Joyce Meyer Ministries - Czech","robots":{"index":"index","follow":"follow","max-snippet":"max-snippet:-1","max-image-preview":"max-image-preview:large","max-video-preview":"max-video-preview:-1"},"canonical":"https:\/\/tv.joycemeyer.org\/czech\/devotional\/moc-vyznavani\/","og_locale":"cs_CZ","og_type":"article","og_title":"Moc vyzn\u00e1v\u00e1n\u00ed - Joyce Meyer Ministries - Czech","og_description":"Ud\u011blej rozhodnut\u00ed, \u017ee bude\u0161 mluvit v souladu s t\u00edm, za co ses se modlil.","og_url":"https:\/\/tv.joycemeyer.org\/czech\/devotional\/moc-vyznavani\/","og_site_name":"Joyce Meyer Ministries - Czech","article_publisher":"https:\/\/www.facebook.com\/joycemeyerministriescesko\/","article_modified_time":"2023-06-06T11:27:09+00:00","og_image":[{"width":1800,"height":1050,"url":"https:\/\/tv.joycemeyer.org\/czech\/wp-content\/uploads\/sites\/67\/2023\/05\/2858.jpg","type":"image\/jpeg"}],"twitter_card":"summary_large_image","twitter_misc":{"Odhadovan\u00e1 doba \u010dten\u00ed":"1 minuta"},"schema":{"@context":"https:\/\/schema.org","@graph":[{"@type":"WebPage","@id":"https:\/\/tv.joycemeyer.org\/czech\/devotional\/moc-vyznavani\/","url":"https:\/\/tv.joycemeyer.org\/czech\/devotional\/moc-vyznavani\/","name":"Moc vyzn\u00e1v\u00e1n\u00ed - Joyce Meyer Ministries - Czech","isPartOf":{"@id":"https:\/\/tv.joycemeyer.org\/czech\/#website"},"primaryImageOfPage":{"@id":"https:\/\/tv.joycemeyer.org\/czech\/devotional\/moc-vyznavani\/#primaryimage"},"image":{"@id":"https:\/\/tv.joycemeyer.org\/czech\/devotional\/moc-vyznavani\/#primaryimage"},"thumbnailUrl":"https:\/\/tv.joycemeyer.org\/czech\/wp-content\/uploads\/sites\/67\/2023\/05\/2858.jpg","datePublished":"2023-06-06T00:01:50+00:00","dateModified":"2023-06-06T11:27:09+00:00","breadcrumb":{"@id":"https:\/\/tv.joycemeyer.org\/czech\/devotional\/moc-vyznavani\/#breadcrumb"},"inLanguage":"cs","potentialAction":[{"@type":"ReadAction","target":["https:\/\/tv.joycemeyer.org\/czech\/devotional\/moc-vyznavani\/"]}]},{"@type":"ImageObject","inLanguage":"cs","@id":"https:\/\/tv.joycemeyer.org\/czech\/devotional\/moc-vyznavani\/#primaryimage","url":"https:\/\/tv.joycemeyer.org\/czech\/wp-content\/uploads\/sites\/67\/2023\/05\/2858.jpg","contentUrl":"https:\/\/tv.joycemeyer.org\/czech\/wp-content\/uploads\/sites\/67\/2023\/05\/2858.jpg","width":1800,"height":1050,"caption":"Moc vyzn\u00e1v\u00e1n\u00ed"},{"@type":"BreadcrumbList","@id":"https:\/\/tv.joycemeyer.org\/czech\/devotional\/moc-vyznavani\/#breadcrumb","itemListElement":[{"@type":"ListItem","position":1,"name":"Home","item":"https:\/\/tv.joycemeyer.org\/czech\/"},{"@type":"ListItem","position":2,"name":"Devotional","item":"https:\/\/tv.joycemeyer.org\/czech\/devotional\/"},{"@type":"ListItem","position":3,"name":"Moc vyzn\u00e1v\u00e1n\u00ed"}]},{"@type":"WebSite","@id":"https:\/\/tv.joycemeyer.org\/czech\/#website","url":"https:\/\/tv.joycemeyer.org\/czech\/","name":"Joyce Meyer Ministries - Czech","description":"Sd\u00edlet se o Krista - milovat lidi","potentialAction":[{"@type":"SearchAction","target":{"@type":"EntryPoint","urlTemplate":"https:\/\/tv.joycemeyer.org\/czech\/?s={search_term_string}"},"query-input":{"@type":"PropertyValueSpecification","valueRequired":true,"valueName":"search_term_string"}}],"inLanguage":"cs"}]}},"_links":{"self":[{"href":"https:\/\/tv.joycemeyer.org\/czech\/wp-json\/wp\/v2\/devotional\/2407","targetHints":{"allow":["GET"]}}],"collection":[{"href":"https:\/\/tv.joycemeyer.org\/czech\/wp-json\/wp\/v2\/devotional"}],"about":[{"href":"https:\/\/tv.joycemeyer.org\/czech\/wp-json\/wp\/v2\/types\/devotional"}],"author":[{"embeddable":true,"href":"https:\/\/tv.joycemeyer.org\/czech\/wp-json\/wp\/v2\/users\/20"}],"replies":[{"embeddable":true,"href":"https:\/\/tv.joycemeyer.org\/czech\/wp-json\/wp\/v2\/comments?post=2407"}],"wp:featuredmedia":[{"embeddable":true,"href":"https:\/\/tv.joycemeyer.org\/czech\/wp-json\/wp\/v2\/media\/2408"}],"wp:attachment":[{"href":"https:\/\/tv.joycemeyer.org\/czech\/wp-json\/wp\/v2\/media?parent=2407"}],"curies":[{"name":"wp","href":"https:\/\/api.w.org\/{rel}","templated":true}]}}

Moc vyznávání

<blockquote><p>V moci jazyka je smrt i život, kdo ho miluje, nají se jeho ovoce. (Přísloví 18,21)</p></blockquote>
<p>Jestli chceme vidět vyslyšení svých modliteb, je nezbytné, abychom se naučili modlit, a pak činit pozitivní, vírou naplněná vyznání do své situace. Negativní vyznání a víra prostě nejdou dohromady.</p>
<p>Řekněme, že se matka modlí za svého syna, který má problémy ve škole. Modlí se modlitbu víry a věří Bohu, že dojde k průlomu. Pak jde na oběd se dvěma sousedkami a hodinu si stěžuje: „Jsem tak unavená ze všech těch problémů s tímhle dítětem. Nikdy se to nezlepší. Proč se to děje zrovna mně?“ Takový druh negativního vyznání působí proti víře.</p>
<p>Udělej rozhodnutí, že budeš mluvit v souladu s tím, za co ses se modlil. Prohlašuj Boží slovo. Vyznávej svou víru! Když se tě sousedky zeptají, jak se daří synovi, můžeš odpovědět: „Víte co? Na viditelné rovině se věci moc nezměnily, ale modlím se za něj a mám v srdci jistotu, že Bůh je s ním a koná v jeho životě mocné dílo.“</p>
<h4><strong>Když se tvá víra, tvé myšlenky a tvá slova budou shodovat s Božími zaslíbeními, je jen otázkou času, než uvidíš pozitivní změnu.</strong></h4>
<hr />
<p>Modli se, a pak mluv v souladu s tím, za co ses modlil, a jistě uvidíš úžasné výsledky.</p>

<p>Udělej rozhodnutí, že budeš mluvit v souladu s tím, za co ses se modlil.</p>

<div class="post-featured-wrap"><img width="1024" height="597" src="https://tv.joycemeyer.org/czech/wp-content/uploads/sites/67/2023/05/2858-1024x597.jpg" class="post-featured wp-post-image" alt="Moc vyznávání" decoding="async" srcset="https://tv.joycemeyer.org/czech/wp-content/uploads/sites/67/2023/05/2858-1024x597.jpg 1024w, https://tv.joycemeyer.org/czech/wp-content/uploads/sites/67/2023/05/2858-300x175.jpg 300w, https://tv.joycemeyer.org/czech/wp-content/uploads/sites/67/2023/05/2858-768x448.jpg 768w, https://tv.joycemeyer.org/czech/wp-content/uploads/sites/67/2023/05/2858-1536x896.jpg 1536w, https://tv.joycemeyer.org/czech/wp-content/uploads/sites/67/2023/05/2858.jpg 1800w" sizes="(max-width: 1024px) 100vw, 1024px" /></div>

<div class="follow"><h6 class="alt">Spojte se s námi</h6><ul class="nav nav--social nav--flex"><li class="menu-item facebook"><a href="https://www.facebook.com/joycemeyerministriescesko/" target="_blank"><span class="visuallyhidden">Facebook</span></a></li></ul></div>

<!-- This site is optimized with the Yoast SEO plugin v27.4 - https://yoast.com/product/yoast-seo-wordpress/ -->
<title>Moc vyznávání - Joyce Meyer Ministries - Czech</title>
<meta name="robots" content="index, follow, max-snippet:-1, max-image-preview:large, max-video-preview:-1" />
<link rel="canonical" href="https://tv.joycemeyer.org/czech/devotional/moc-vyznavani/" />
<meta property="og:locale" content="cs_CZ" />
<meta property="og:type" content="article" />
<meta property="og:title" content="Moc vyznávání - Joyce Meyer Ministries - Czech" />
<meta property="og:description" content="Udělej rozhodnutí, že budeš mluvit v souladu s tím, za co ses se modlil." />
<meta property="og:url" content="https://tv.joycemeyer.org/czech/devotional/moc-vyznavani/" />
<meta property="og:site_name" content="Joyce Meyer Ministries - Czech" />
<meta property="article:publisher" content="https://www.facebook.com/joycemeyerministriescesko/" />
<meta property="article:modified_time" content="2023-06-06T11:27:09+00:00" />
<meta property="og:image" content="https://tv.joycemeyer.org/czech/wp-content/uploads/sites/67/2023/05/2858.jpg" />
	<meta property="og:image:width" content="1800" />
	<meta property="og:image:height" content="1050" />
	<meta property="og:image:type" content="image/jpeg" />
<meta name="twitter:card" content="summary_large_image" />
<meta name="twitter:label1" content="Odhadovaná doba čtení" />
	<meta name="twitter:data1" content="1 minuta" />
<script type="application/ld+json" class="yoast-schema-graph">{"@context":"https:\/\/schema.org","@graph":[{"@type":"WebPage","@id":"https:\/\/tv.joycemeyer.org\/czech\/devotional\/moc-vyznavani\/","url":"https:\/\/tv.joycemeyer.org\/czech\/devotional\/moc-vyznavani\/","name":"Moc vyznávání - Joyce Meyer Ministries - Czech","isPartOf":{"@id":"https:\/\/tv.joycemeyer.org\/czech\/#website"},"primaryImageOfPage":{"@id":"https:\/\/tv.joycemeyer.org\/czech\/devotional\/moc-vyznavani\/#primaryimage"},"image":{"@id":"https:\/\/tv.joycemeyer.org\/czech\/devotional\/moc-vyznavani\/#primaryimage"},"thumbnailUrl":"https:\/\/tv.joycemeyer.org\/czech\/wp-content\/uploads\/sites\/67\/2023\/05\/2858.jpg","datePublished":"2023-06-06T00:01:50+00:00","dateModified":"2023-06-06T11:27:09+00:00","breadcrumb":{"@id":"https:\/\/tv.joycemeyer.org\/czech\/devotional\/moc-vyznavani\/#breadcrumb"},"inLanguage":"cs","potentialAction":[{"@type":"ReadAction","target":["https:\/\/tv.joycemeyer.org\/czech\/devotional\/moc-vyznavani\/"]}]},{"@type":"ImageObject","inLanguage":"cs","@id":"https:\/\/tv.joycemeyer.org\/czech\/devotional\/moc-vyznavani\/#primaryimage","url":"https:\/\/tv.joycemeyer.org\/czech\/wp-content\/uploads\/sites\/67\/2023\/05\/2858.jpg","contentUrl":"https:\/\/tv.joycemeyer.org\/czech\/wp-content\/uploads\/sites\/67\/2023\/05\/2858.jpg","width":1800,"height":1050,"caption":"Moc vyznávání"},{"@type":"BreadcrumbList","@id":"https:\/\/tv.joycemeyer.org\/czech\/devotional\/moc-vyznavani\/#breadcrumb","itemListElement":[{"@type":"ListItem","position":1,"name":"Home","item":"https:\/\/tv.joycemeyer.org\/czech\/"},{"@type":"ListItem","position":2,"name":"Devotional","item":"https:\/\/tv.joycemeyer.org\/czech\/devotional\/"},{"@type":"ListItem","position":3,"name":"Moc vyznávání"}]},{"@type":"WebSite","@id":"https:\/\/tv.joycemeyer.org\/czech\/#website","url":"https:\/\/tv.joycemeyer.org\/czech\/","name":"Joyce Meyer Ministries - Czech","description":"Sdílet se o Krista - milovat lidi","potentialAction":[{"@type":"SearchAction","target":{"@type":"EntryPoint","urlTemplate":"https:\/\/tv.joycemeyer.org\/czech\/?s={search_term_string}"},"query-input":{"@type":"PropertyValueSpecification","valueRequired":true,"valueName":"search_term_string"}}],"inLanguage":"cs"}]}</script>
<!-- / Yoast SEO plugin. -->

Moc vyznávání - Joyce Meyer Ministries - Czech

Udělej rozhodnutí, že budeš mluvit v souladu s tím, za co ses se modlil.

Sdílet se o Krista - milovat lidi
