{"id":2514,"date":"2023-07-25T00:01:36","date_gmt":"2023-07-25T00:01:36","guid":{"rendered":"https:\/\/tv.joycemeyer.org\/czech\/?post_type=devotional&#038;p=2514"},"modified":"2023-07-25T11:24:53","modified_gmt":"2023-07-25T11:24:53","slug":"sila-obnoveneho-srdce-2","status":"publish","type":"devotional","link":"https:\/\/tv.joycemeyer.org\/czech\/devotional\/sila-obnoveneho-srdce-2\/","title":{"rendered":"S\u00edla obnoven\u00e9ho srdce"},"content":{"rendered":"<blockquote><p>\u2026jeliko\u017e se ned\u00edv\u00e1m na to, na co se d\u00edv\u00e1 \u010dlov\u011bk. V\u017edy\u0165 \u010dlov\u011bk se d\u00edv\u00e1 na to, co m\u00e1 p\u0159ed o\u010dima, ale Hospodin se d\u00edv\u00e1 na srdce. (1. Samuelova 16,7)<\/p><\/blockquote>\n<p>B\u016fh hled\u00ed na srdce. Ned\u00edv\u00e1 se na zevn\u011bj\u0161ek nebo na na\u0161e skutky. \u010clov\u011bk posuzuje podle t\u011bla, ale pro Boha je d\u016fle\u017eit\u00fd postoj srdce.<\/p>\n<p>Je mo\u017en\u00e9 d\u011blat dobr\u00e9 skutky, a p\u0159esto m\u00edt v srdci \u0161patn\u00fd postoj. Je tak\u00e9 mo\u017en\u00e9 ob\u010das ud\u011blat n\u011bjakou chybu, a p\u0159esto m\u00edt spr\u00e1vn\u00fd postoj srdce. B\u016fh si mnohem rad\u011bji pou\u017eije \u010dlov\u011bka s dobr\u00fdm srdcem, kter\u00fd m\u00e1 je\u0161t\u011b p\u00e1r probl\u00e9m\u016f ne\u017e n\u011bkoho, kdo m\u00e1 navenek v\u0161e v nejlep\u0161\u00edm po\u0159\u00e1dku, ale m\u00e1 zl\u00e9 srdce.<\/p>\n<p>Chceme-li sly\u0161et Bo\u017e\u00ed hlas a \u017e\u00edt v bl\u00edzk\u00e9m vztahu s n\u00edm, pak je d\u016fle\u017eit\u00e9, abychom se pod\u00edvali na sv\u016fj vnit\u0159n\u00ed \u017eivot a postoj sv\u00e9ho srdce a prov\u011b\u0159ili, jak p\u0159em\u00fd\u0161l\u00edme (Bible tyto v\u011bci naz\u00fdv\u00e1 skryt\u00fd \u010dlov\u011bk srdce).<\/p>\n<hr \/>\n<h4>Kdy\u017e se B\u016fh rozhodne n\u011bkoho pov\u00fd\u0161it, vybere si \u010dlov\u011bka podle sv\u00e9ho vlastn\u00edho srdce.<\/h4>\n","protected":false},"excerpt":{"rendered":"<p>B\u016fh hled\u00ed na srdce.<\/p>\n","protected":false},"author":20,"featured_media":2515,"parent":0,"menu_order":0,"comment_status":"closed","ping_status":"closed","template":"","class_list":["post-2514","devotional","type-devotional","status-publish","has-post-thumbnail","hentry"],"acf":[],"appp":{"post_detail":{"above_title":"<div class=\"post-featured-wrap\"><img width=\"960\" height=\"560\" src=\"https:\/\/tv.joycemeyer.org\/czech\/wp-content\/uploads\/sites\/67\/2023\/07\/2822.jpg\" class=\"post-featured wp-post-image\" alt=\"S\u00edla obnoven\u00e9ho srdce\" decoding=\"async\" srcset=\"https:\/\/tv.joycemeyer.org\/czech\/wp-content\/uploads\/sites\/67\/2023\/07\/2822.jpg 960w, https:\/\/tv.joycemeyer.org\/czech\/wp-content\/uploads\/sites\/67\/2023\/07\/2822-300x175.jpg 300w, https:\/\/tv.joycemeyer.org\/czech\/wp-content\/uploads\/sites\/67\/2023\/07\/2822-768x448.jpg 768w\" sizes=\"(max-width: 960px) 100vw, 960px\" \/><\/div>","below_content":""}},"yoast_head":"<!-- This site is optimized with the Yoast SEO plugin v27.4 - https:\/\/yoast.com\/product\/yoast-seo-wordpress\/ -->\n<title>S\u00edla obnoven\u00e9ho srdce - Joyce Meyer Ministries - Czech<\/title>\n<meta name=\"robots\" content=\"index, follow, max-snippet:-1, max-image-preview:large, max-video-preview:-1\" \/>\n<link rel=\"canonical\" href=\"https:\/\/tv.joycemeyer.org\/czech\/devotional\/sila-obnoveneho-srdce-2\/\" \/>\n<meta property=\"og:locale\" content=\"cs_CZ\" \/>\n<meta property=\"og:type\" content=\"article\" \/>\n<meta property=\"og:title\" content=\"S\u00edla obnoven\u00e9ho srdce - Joyce Meyer Ministries - Czech\" \/>\n<meta property=\"og:description\" content=\"B\u016fh hled\u00ed na srdce.\" \/>\n<meta property=\"og:url\" content=\"https:\/\/tv.joycemeyer.org\/czech\/devotional\/sila-obnoveneho-srdce-2\/\" \/>\n<meta property=\"og:site_name\" content=\"Joyce Meyer Ministries - Czech\" \/>\n<meta property=\"article:publisher\" content=\"https:\/\/www.facebook.com\/joycemeyerministriescesko\/\" \/>\n<meta property=\"article:modified_time\" content=\"2023-07-25T11:24:53+00:00\" \/>\n<meta property=\"og:image\" content=\"https:\/\/tv.joycemeyer.org\/czech\/wp-content\/uploads\/sites\/67\/2023\/07\/2822.jpg\" \/>\n\t<meta property=\"og:image:width\" content=\"960\" \/>\n\t<meta property=\"og:image:height\" content=\"560\" \/>\n\t<meta property=\"og:image:type\" content=\"image\/jpeg\" \/>\n<meta name=\"twitter:card\" content=\"summary_large_image\" \/>\n<meta name=\"twitter:label1\" content=\"Odhadovan\u00e1 doba \u010dten\u00ed\" \/>\n\t<meta name=\"twitter:data1\" content=\"1 minuta\" \/>\n<script type=\"application\/ld+json\" class=\"yoast-schema-graph\">{\"@context\":\"https:\\\/\\\/schema.org\",\"@graph\":[{\"@type\":\"WebPage\",\"@id\":\"https:\\\/\\\/tv.joycemeyer.org\\\/czech\\\/devotional\\\/sila-obnoveneho-srdce-2\\\/\",\"url\":\"https:\\\/\\\/tv.joycemeyer.org\\\/czech\\\/devotional\\\/sila-obnoveneho-srdce-2\\\/\",\"name\":\"S\u00edla obnoven\u00e9ho srdce - Joyce Meyer Ministries - Czech\",\"isPartOf\":{\"@id\":\"https:\\\/\\\/tv.joycemeyer.org\\\/czech\\\/#website\"},\"primaryImageOfPage\":{\"@id\":\"https:\\\/\\\/tv.joycemeyer.org\\\/czech\\\/devotional\\\/sila-obnoveneho-srdce-2\\\/#primaryimage\"},\"image\":{\"@id\":\"https:\\\/\\\/tv.joycemeyer.org\\\/czech\\\/devotional\\\/sila-obnoveneho-srdce-2\\\/#primaryimage\"},\"thumbnailUrl\":\"https:\\\/\\\/tv.joycemeyer.org\\\/czech\\\/wp-content\\\/uploads\\\/sites\\\/67\\\/2023\\\/07\\\/2822.jpg\",\"datePublished\":\"2023-07-25T00:01:36+00:00\",\"dateModified\":\"2023-07-25T11:24:53+00:00\",\"breadcrumb\":{\"@id\":\"https:\\\/\\\/tv.joycemeyer.org\\\/czech\\\/devotional\\\/sila-obnoveneho-srdce-2\\\/#breadcrumb\"},\"inLanguage\":\"cs\",\"potentialAction\":[{\"@type\":\"ReadAction\",\"target\":[\"https:\\\/\\\/tv.joycemeyer.org\\\/czech\\\/devotional\\\/sila-obnoveneho-srdce-2\\\/\"]}]},{\"@type\":\"ImageObject\",\"inLanguage\":\"cs\",\"@id\":\"https:\\\/\\\/tv.joycemeyer.org\\\/czech\\\/devotional\\\/sila-obnoveneho-srdce-2\\\/#primaryimage\",\"url\":\"https:\\\/\\\/tv.joycemeyer.org\\\/czech\\\/wp-content\\\/uploads\\\/sites\\\/67\\\/2023\\\/07\\\/2822.jpg\",\"contentUrl\":\"https:\\\/\\\/tv.joycemeyer.org\\\/czech\\\/wp-content\\\/uploads\\\/sites\\\/67\\\/2023\\\/07\\\/2822.jpg\",\"width\":960,\"height\":560,\"caption\":\"S\u00edla obnoven\u00e9ho srdce\"},{\"@type\":\"BreadcrumbList\",\"@id\":\"https:\\\/\\\/tv.joycemeyer.org\\\/czech\\\/devotional\\\/sila-obnoveneho-srdce-2\\\/#breadcrumb\",\"itemListElement\":[{\"@type\":\"ListItem\",\"position\":1,\"name\":\"Home\",\"item\":\"https:\\\/\\\/tv.joycemeyer.org\\\/czech\\\/\"},{\"@type\":\"ListItem\",\"position\":2,\"name\":\"Devotional\",\"item\":\"https:\\\/\\\/tv.joycemeyer.org\\\/czech\\\/devotional\\\/\"},{\"@type\":\"ListItem\",\"position\":3,\"name\":\"S\u00edla obnoven\u00e9ho srdce\"}]},{\"@type\":\"WebSite\",\"@id\":\"https:\\\/\\\/tv.joycemeyer.org\\\/czech\\\/#website\",\"url\":\"https:\\\/\\\/tv.joycemeyer.org\\\/czech\\\/\",\"name\":\"Joyce Meyer Ministries - Czech\",\"description\":\"Sd\u00edlet se o Krista - milovat lidi\",\"potentialAction\":[{\"@type\":\"SearchAction\",\"target\":{\"@type\":\"EntryPoint\",\"urlTemplate\":\"https:\\\/\\\/tv.joycemeyer.org\\\/czech\\\/?s={search_term_string}\"},\"query-input\":{\"@type\":\"PropertyValueSpecification\",\"valueRequired\":true,\"valueName\":\"search_term_string\"}}],\"inLanguage\":\"cs\"}]}<\/script>\n<!-- \/ Yoast SEO plugin. -->","yoast_head_json":{"title":"S\u00edla obnoven\u00e9ho srdce - Joyce Meyer Ministries - Czech","robots":{"index":"index","follow":"follow","max-snippet":"max-snippet:-1","max-image-preview":"max-image-preview:large","max-video-preview":"max-video-preview:-1"},"canonical":"https:\/\/tv.joycemeyer.org\/czech\/devotional\/sila-obnoveneho-srdce-2\/","og_locale":"cs_CZ","og_type":"article","og_title":"S\u00edla obnoven\u00e9ho srdce - Joyce Meyer Ministries - Czech","og_description":"B\u016fh hled\u00ed na srdce.","og_url":"https:\/\/tv.joycemeyer.org\/czech\/devotional\/sila-obnoveneho-srdce-2\/","og_site_name":"Joyce Meyer Ministries - Czech","article_publisher":"https:\/\/www.facebook.com\/joycemeyerministriescesko\/","article_modified_time":"2023-07-25T11:24:53+00:00","og_image":[{"width":960,"height":560,"url":"https:\/\/tv.joycemeyer.org\/czech\/wp-content\/uploads\/sites\/67\/2023\/07\/2822.jpg","type":"image\/jpeg"}],"twitter_card":"summary_large_image","twitter_misc":{"Odhadovan\u00e1 doba \u010dten\u00ed":"1 minuta"},"schema":{"@context":"https:\/\/schema.org","@graph":[{"@type":"WebPage","@id":"https:\/\/tv.joycemeyer.org\/czech\/devotional\/sila-obnoveneho-srdce-2\/","url":"https:\/\/tv.joycemeyer.org\/czech\/devotional\/sila-obnoveneho-srdce-2\/","name":"S\u00edla obnoven\u00e9ho srdce - Joyce Meyer Ministries - Czech","isPartOf":{"@id":"https:\/\/tv.joycemeyer.org\/czech\/#website"},"primaryImageOfPage":{"@id":"https:\/\/tv.joycemeyer.org\/czech\/devotional\/sila-obnoveneho-srdce-2\/#primaryimage"},"image":{"@id":"https:\/\/tv.joycemeyer.org\/czech\/devotional\/sila-obnoveneho-srdce-2\/#primaryimage"},"thumbnailUrl":"https:\/\/tv.joycemeyer.org\/czech\/wp-content\/uploads\/sites\/67\/2023\/07\/2822.jpg","datePublished":"2023-07-25T00:01:36+00:00","dateModified":"2023-07-25T11:24:53+00:00","breadcrumb":{"@id":"https:\/\/tv.joycemeyer.org\/czech\/devotional\/sila-obnoveneho-srdce-2\/#breadcrumb"},"inLanguage":"cs","potentialAction":[{"@type":"ReadAction","target":["https:\/\/tv.joycemeyer.org\/czech\/devotional\/sila-obnoveneho-srdce-2\/"]}]},{"@type":"ImageObject","inLanguage":"cs","@id":"https:\/\/tv.joycemeyer.org\/czech\/devotional\/sila-obnoveneho-srdce-2\/#primaryimage","url":"https:\/\/tv.joycemeyer.org\/czech\/wp-content\/uploads\/sites\/67\/2023\/07\/2822.jpg","contentUrl":"https:\/\/tv.joycemeyer.org\/czech\/wp-content\/uploads\/sites\/67\/2023\/07\/2822.jpg","width":960,"height":560,"caption":"S\u00edla obnoven\u00e9ho srdce"},{"@type":"BreadcrumbList","@id":"https:\/\/tv.joycemeyer.org\/czech\/devotional\/sila-obnoveneho-srdce-2\/#breadcrumb","itemListElement":[{"@type":"ListItem","position":1,"name":"Home","item":"https:\/\/tv.joycemeyer.org\/czech\/"},{"@type":"ListItem","position":2,"name":"Devotional","item":"https:\/\/tv.joycemeyer.org\/czech\/devotional\/"},{"@type":"ListItem","position":3,"name":"S\u00edla obnoven\u00e9ho srdce"}]},{"@type":"WebSite","@id":"https:\/\/tv.joycemeyer.org\/czech\/#website","url":"https:\/\/tv.joycemeyer.org\/czech\/","name":"Joyce Meyer Ministries - Czech","description":"Sd\u00edlet se o Krista - milovat lidi","potentialAction":[{"@type":"SearchAction","target":{"@type":"EntryPoint","urlTemplate":"https:\/\/tv.joycemeyer.org\/czech\/?s={search_term_string}"},"query-input":{"@type":"PropertyValueSpecification","valueRequired":true,"valueName":"search_term_string"}}],"inLanguage":"cs"}]}},"_links":{"self":[{"href":"https:\/\/tv.joycemeyer.org\/czech\/wp-json\/wp\/v2\/devotional\/2514","targetHints":{"allow":["GET"]}}],"collection":[{"href":"https:\/\/tv.joycemeyer.org\/czech\/wp-json\/wp\/v2\/devotional"}],"about":[{"href":"https:\/\/tv.joycemeyer.org\/czech\/wp-json\/wp\/v2\/types\/devotional"}],"author":[{"embeddable":true,"href":"https:\/\/tv.joycemeyer.org\/czech\/wp-json\/wp\/v2\/users\/20"}],"replies":[{"embeddable":true,"href":"https:\/\/tv.joycemeyer.org\/czech\/wp-json\/wp\/v2\/comments?post=2514"}],"wp:featuredmedia":[{"embeddable":true,"href":"https:\/\/tv.joycemeyer.org\/czech\/wp-json\/wp\/v2\/media\/2515"}],"wp:attachment":[{"href":"https:\/\/tv.joycemeyer.org\/czech\/wp-json\/wp\/v2\/media?parent=2514"}],"curies":[{"name":"wp","href":"https:\/\/api.w.org\/{rel}","templated":true}]}}

Síla obnoveného srdce

<blockquote><p>…jelikož se nedívám na to, na co se dívá člověk. Vždyť člověk se dívá na to, co má před očima, ale Hospodin se dívá na srdce. (1. Samuelova 16,7)</p></blockquote>
<p>Bůh hledí na srdce. Nedívá se na zevnějšek nebo na naše skutky. Člověk posuzuje podle těla, ale pro Boha je důležitý postoj srdce.</p>
<p>Je možné dělat dobré skutky, a přesto mít v srdci špatný postoj. Je také možné občas udělat nějakou chybu, a přesto mít správný postoj srdce. Bůh si mnohem raději použije člověka s dobrým srdcem, který má ještě pár problémů než někoho, kdo má navenek vše v nejlepším pořádku, ale má zlé srdce.</p>
<p>Chceme-li slyšet Boží hlas a žít v blízkém vztahu s ním, pak je důležité, abychom se podívali na svůj vnitřní život a postoj svého srdce a prověřili, jak přemýšlíme (Bible tyto věci nazývá skrytý člověk srdce).</p>
<hr />
<h4>Když se Bůh rozhodne někoho povýšit, vybere si člověka podle svého vlastního srdce.</h4>

<p>Bůh hledí na srdce.</p>

<div class="post-featured-wrap"><img width="960" height="560" src="https://tv.joycemeyer.org/czech/wp-content/uploads/sites/67/2023/07/2822.jpg" class="post-featured wp-post-image" alt="Síla obnoveného srdce" decoding="async" srcset="https://tv.joycemeyer.org/czech/wp-content/uploads/sites/67/2023/07/2822.jpg 960w, https://tv.joycemeyer.org/czech/wp-content/uploads/sites/67/2023/07/2822-300x175.jpg 300w, https://tv.joycemeyer.org/czech/wp-content/uploads/sites/67/2023/07/2822-768x448.jpg 768w" sizes="(max-width: 960px) 100vw, 960px" /></div>

<!-- This site is optimized with the Yoast SEO plugin v27.4 - https://yoast.com/product/yoast-seo-wordpress/ -->
<title>Síla obnoveného srdce - Joyce Meyer Ministries - Czech</title>
<meta name="robots" content="index, follow, max-snippet:-1, max-image-preview:large, max-video-preview:-1" />
<link rel="canonical" href="https://tv.joycemeyer.org/czech/devotional/sila-obnoveneho-srdce-2/" />
<meta property="og:locale" content="cs_CZ" />
<meta property="og:type" content="article" />
<meta property="og:title" content="Síla obnoveného srdce - Joyce Meyer Ministries - Czech" />
<meta property="og:description" content="Bůh hledí na srdce." />
<meta property="og:url" content="https://tv.joycemeyer.org/czech/devotional/sila-obnoveneho-srdce-2/" />
<meta property="og:site_name" content="Joyce Meyer Ministries - Czech" />
<meta property="article:publisher" content="https://www.facebook.com/joycemeyerministriescesko/" />
<meta property="article:modified_time" content="2023-07-25T11:24:53+00:00" />
<meta property="og:image" content="https://tv.joycemeyer.org/czech/wp-content/uploads/sites/67/2023/07/2822.jpg" />
	<meta property="og:image:width" content="960" />
	<meta property="og:image:height" content="560" />
	<meta property="og:image:type" content="image/jpeg" />
<meta name="twitter:card" content="summary_large_image" />
<meta name="twitter:label1" content="Odhadovaná doba čtení" />
	<meta name="twitter:data1" content="1 minuta" />
<script type="application/ld+json" class="yoast-schema-graph">{"@context":"https:\/\/schema.org","@graph":[{"@type":"WebPage","@id":"https:\/\/tv.joycemeyer.org\/czech\/devotional\/sila-obnoveneho-srdce-2\/","url":"https:\/\/tv.joycemeyer.org\/czech\/devotional\/sila-obnoveneho-srdce-2\/","name":"Síla obnoveného srdce - Joyce Meyer Ministries - Czech","isPartOf":{"@id":"https:\/\/tv.joycemeyer.org\/czech\/#website"},"primaryImageOfPage":{"@id":"https:\/\/tv.joycemeyer.org\/czech\/devotional\/sila-obnoveneho-srdce-2\/#primaryimage"},"image":{"@id":"https:\/\/tv.joycemeyer.org\/czech\/devotional\/sila-obnoveneho-srdce-2\/#primaryimage"},"thumbnailUrl":"https:\/\/tv.joycemeyer.org\/czech\/wp-content\/uploads\/sites\/67\/2023\/07\/2822.jpg","datePublished":"2023-07-25T00:01:36+00:00","dateModified":"2023-07-25T11:24:53+00:00","breadcrumb":{"@id":"https:\/\/tv.joycemeyer.org\/czech\/devotional\/sila-obnoveneho-srdce-2\/#breadcrumb"},"inLanguage":"cs","potentialAction":[{"@type":"ReadAction","target":["https:\/\/tv.joycemeyer.org\/czech\/devotional\/sila-obnoveneho-srdce-2\/"]}]},{"@type":"ImageObject","inLanguage":"cs","@id":"https:\/\/tv.joycemeyer.org\/czech\/devotional\/sila-obnoveneho-srdce-2\/#primaryimage","url":"https:\/\/tv.joycemeyer.org\/czech\/wp-content\/uploads\/sites\/67\/2023\/07\/2822.jpg","contentUrl":"https:\/\/tv.joycemeyer.org\/czech\/wp-content\/uploads\/sites\/67\/2023\/07\/2822.jpg","width":960,"height":560,"caption":"Síla obnoveného srdce"},{"@type":"BreadcrumbList","@id":"https:\/\/tv.joycemeyer.org\/czech\/devotional\/sila-obnoveneho-srdce-2\/#breadcrumb","itemListElement":[{"@type":"ListItem","position":1,"name":"Home","item":"https:\/\/tv.joycemeyer.org\/czech\/"},{"@type":"ListItem","position":2,"name":"Devotional","item":"https:\/\/tv.joycemeyer.org\/czech\/devotional\/"},{"@type":"ListItem","position":3,"name":"Síla obnoveného srdce"}]},{"@type":"WebSite","@id":"https:\/\/tv.joycemeyer.org\/czech\/#website","url":"https:\/\/tv.joycemeyer.org\/czech\/","name":"Joyce Meyer Ministries - Czech","description":"Sdílet se o Krista - milovat lidi","potentialAction":[{"@type":"SearchAction","target":{"@type":"EntryPoint","urlTemplate":"https:\/\/tv.joycemeyer.org\/czech\/?s={search_term_string}"},"query-input":{"@type":"PropertyValueSpecification","valueRequired":true,"valueName":"search_term_string"}}],"inLanguage":"cs"}]}</script>
<!-- / Yoast SEO plugin. -->

Síla obnoveného srdce - Joyce Meyer Ministries - Czech

Bůh hledí na srdce.

Sdílet se o Krista - milovat lidi
