{"id":2535,"date":"2023-08-04T00:01:08","date_gmt":"2023-08-04T00:01:08","guid":{"rendered":"https:\/\/tv.joycemeyer.org\/czech\/?post_type=devotional&#038;p=2535"},"modified":"2023-08-04T03:50:11","modified_gmt":"2023-08-04T03:50:11","slug":"vetsi-plan-2","status":"publish","type":"devotional","link":"https:\/\/tv.joycemeyer.org\/czech\/devotional\/vetsi-plan-2\/","title":{"rendered":"V\u011bt\u0161\u00ed pl\u00e1n"},"content":{"rendered":"<blockquote><p>Je\u017e\u00ed\u0161 na n\u011b pohled\u011bl a \u0159ekl jim: \u201eU lid\u00ed je to nemo\u017en\u00e9, ale u Boha je mo\u017en\u00e9 v\u0161echno.\u201c (Matou\u0161 19,26)<\/p><\/blockquote>\n<p>Je d\u016fle\u017eit\u00e9 prosit Boha, aby ti dal sny a vize pro \u017eivot. Kdy\u017e p\u0159ed sebou nem\u00e1me nic, o co bychom usilovali, hroz\u00ed n\u00e1m, \u017ee zakrn\u00edme. B\u016fh n\u00e1s stvo\u0159il, abychom m\u011bli c\u00edle. V listu Efezsk\u00fdm je naps\u00e1no, \u017ee B\u016fh je: \u201e\u2026 mocen podle s\u00edly, kterou p\u016fsob\u00ed v n\u00e1s, u\u010dinit daleko v\u00edce nade v\u0161echno, co \u017e\u00e1d\u00e1me nebo co si m\u016f\u017eeme pomyslet\u2026\u201c (Efezsk\u00fdm 3,20) To je d\u016fvod, pro\u010d jako k\u0159es\u0165an\u00e9 m\u016f\u017eeme m\u00edt velk\u00e9 c\u00edle, velk\u00e9 my\u0161lenky a velkou nad\u011bji.<\/p>\n<p>\u010casto stoj\u00edme p\u0159ed n\u011bjak\u00fdm \u00fakolem a zd\u00e1 se n\u00e1m, \u017ee neexistuje zp\u016fsob, jak bychom ho mohli zvl\u00e1dnout. St\u00e1v\u00e1 se to, kdy\u017e hled\u00edme na sebe, m\u00edsto abychom se d\u00edvali na Boha, kter\u00fd dok\u00e1\u017ee ud\u011blat \u00fapln\u011b v\u0161echno.<\/p>\n<p>Kdy\u017e Hospodin povolal Jozua, aby zaujal m\u00edsto Moj\u017e\u00ed\u0161e a uvedl Izraelce do zasl\u00edben\u00e9 zem\u011b, \u0159ekl mu: \u201eJako jsem byl s Moj\u017e\u00ed\u0161em, budu i s tebou. Nenech\u00e1m t\u011b klesnout ani t\u011b neopust\u00edm.\u201c (Jozue 1,5)<\/p>\n<p>Jestli\u017ee B\u016fh zaslibuje, \u017ee bude s n\u00e1mi \u2013 a on to opravdu zasl\u00edbil \u2013, tak nic jin\u00e9ho nepot\u0159ebujeme. Jeho moc se dokon\u00e1v\u00e1 v na\u0161\u00ed slabosti (viz 2. Korintsk\u00fdm 12,9). A\u0165 u\u017e m\u00e1\u0161 jak\u00e9koli slabosti, Bo\u017e\u00ed s\u00edla je ti k dispozici, abys v \u017eivot\u011b dok\u00e1zal v\u011bci, o nich\u017e jsi ani nesnil.<\/p>\n<hr \/>\n<h4>B\u016fh bude poct\u011bn, kdy\u017e mu bude\u0161 d\u016fv\u011b\u0159ovat, \u017ee ud\u011bl\u00e1 velk\u00e9 v\u011bci, kter\u00e9 vypadaj\u00ed jako nemo\u017en\u00e9.<\/h4>\n","protected":false},"excerpt":{"rendered":"<p>\u010casto stoj\u00edme p\u0159ed n\u011bjak\u00fdm \u00fakolem a zd\u00e1 se n\u00e1m, \u017ee neexistuje zp\u016fsob, jak bychom ho mohli zvl\u00e1dnout. <\/p>\n","protected":false},"author":20,"featured_media":2536,"parent":0,"menu_order":0,"comment_status":"closed","ping_status":"closed","template":"","class_list":["post-2535","devotional","type-devotional","status-publish","has-post-thumbnail","hentry"],"acf":[],"appp":{"post_detail":{"above_title":"<div class=\"post-featured-wrap\"><img width=\"960\" height=\"560\" src=\"https:\/\/tv.joycemeyer.org\/czech\/wp-content\/uploads\/sites\/67\/2023\/07\/1941.jpg\" class=\"post-featured wp-post-image\" alt=\"V\u011bt\u0161\u00ed pl\u00e1n\" decoding=\"async\" srcset=\"https:\/\/tv.joycemeyer.org\/czech\/wp-content\/uploads\/sites\/67\/2023\/07\/1941.jpg 960w, https:\/\/tv.joycemeyer.org\/czech\/wp-content\/uploads\/sites\/67\/2023\/07\/1941-300x175.jpg 300w, https:\/\/tv.joycemeyer.org\/czech\/wp-content\/uploads\/sites\/67\/2023\/07\/1941-768x448.jpg 768w\" sizes=\"(max-width: 960px) 100vw, 960px\" \/><\/div>","below_content":""}},"yoast_head":"<!-- This site is optimized with the Yoast SEO plugin v27.4 - https:\/\/yoast.com\/product\/yoast-seo-wordpress\/ -->\n<title>V\u011bt\u0161\u00ed pl\u00e1n - Joyce Meyer Ministries - Czech<\/title>\n<meta name=\"robots\" content=\"index, follow, max-snippet:-1, max-image-preview:large, max-video-preview:-1\" \/>\n<link rel=\"canonical\" href=\"https:\/\/tv.joycemeyer.org\/czech\/devotional\/vetsi-plan-2\/\" \/>\n<meta property=\"og:locale\" content=\"cs_CZ\" \/>\n<meta property=\"og:type\" content=\"article\" \/>\n<meta property=\"og:title\" content=\"V\u011bt\u0161\u00ed pl\u00e1n - Joyce Meyer Ministries - Czech\" \/>\n<meta property=\"og:description\" content=\"\u010casto stoj\u00edme p\u0159ed n\u011bjak\u00fdm \u00fakolem a zd\u00e1 se n\u00e1m, \u017ee neexistuje zp\u016fsob, jak bychom ho mohli zvl\u00e1dnout.\" \/>\n<meta property=\"og:url\" content=\"https:\/\/tv.joycemeyer.org\/czech\/devotional\/vetsi-plan-2\/\" \/>\n<meta property=\"og:site_name\" content=\"Joyce Meyer Ministries - Czech\" \/>\n<meta property=\"article:publisher\" content=\"https:\/\/www.facebook.com\/joycemeyerministriescesko\/\" \/>\n<meta property=\"article:modified_time\" content=\"2023-08-04T03:50:11+00:00\" \/>\n<meta property=\"og:image\" content=\"https:\/\/tv.joycemeyer.org\/czech\/wp-content\/uploads\/sites\/67\/2023\/07\/1941.jpg\" \/>\n\t<meta property=\"og:image:width\" content=\"960\" \/>\n\t<meta property=\"og:image:height\" content=\"560\" \/>\n\t<meta property=\"og:image:type\" content=\"image\/jpeg\" \/>\n<meta name=\"twitter:card\" content=\"summary_large_image\" \/>\n<meta name=\"twitter:label1\" content=\"Odhadovan\u00e1 doba \u010dten\u00ed\" \/>\n\t<meta name=\"twitter:data1\" content=\"1 minuta\" \/>\n<script type=\"application\/ld+json\" class=\"yoast-schema-graph\">{\"@context\":\"https:\\\/\\\/schema.org\",\"@graph\":[{\"@type\":\"WebPage\",\"@id\":\"https:\\\/\\\/tv.joycemeyer.org\\\/czech\\\/devotional\\\/vetsi-plan-2\\\/\",\"url\":\"https:\\\/\\\/tv.joycemeyer.org\\\/czech\\\/devotional\\\/vetsi-plan-2\\\/\",\"name\":\"V\u011bt\u0161\u00ed pl\u00e1n - Joyce Meyer Ministries - Czech\",\"isPartOf\":{\"@id\":\"https:\\\/\\\/tv.joycemeyer.org\\\/czech\\\/#website\"},\"primaryImageOfPage\":{\"@id\":\"https:\\\/\\\/tv.joycemeyer.org\\\/czech\\\/devotional\\\/vetsi-plan-2\\\/#primaryimage\"},\"image\":{\"@id\":\"https:\\\/\\\/tv.joycemeyer.org\\\/czech\\\/devotional\\\/vetsi-plan-2\\\/#primaryimage\"},\"thumbnailUrl\":\"https:\\\/\\\/tv.joycemeyer.org\\\/czech\\\/wp-content\\\/uploads\\\/sites\\\/67\\\/2023\\\/07\\\/1941.jpg\",\"datePublished\":\"2023-08-04T00:01:08+00:00\",\"dateModified\":\"2023-08-04T03:50:11+00:00\",\"breadcrumb\":{\"@id\":\"https:\\\/\\\/tv.joycemeyer.org\\\/czech\\\/devotional\\\/vetsi-plan-2\\\/#breadcrumb\"},\"inLanguage\":\"cs\",\"potentialAction\":[{\"@type\":\"ReadAction\",\"target\":[\"https:\\\/\\\/tv.joycemeyer.org\\\/czech\\\/devotional\\\/vetsi-plan-2\\\/\"]}]},{\"@type\":\"ImageObject\",\"inLanguage\":\"cs\",\"@id\":\"https:\\\/\\\/tv.joycemeyer.org\\\/czech\\\/devotional\\\/vetsi-plan-2\\\/#primaryimage\",\"url\":\"https:\\\/\\\/tv.joycemeyer.org\\\/czech\\\/wp-content\\\/uploads\\\/sites\\\/67\\\/2023\\\/07\\\/1941.jpg\",\"contentUrl\":\"https:\\\/\\\/tv.joycemeyer.org\\\/czech\\\/wp-content\\\/uploads\\\/sites\\\/67\\\/2023\\\/07\\\/1941.jpg\",\"width\":960,\"height\":560,\"caption\":\"V\u011bt\u0161\u00ed pl\u00e1n\"},{\"@type\":\"BreadcrumbList\",\"@id\":\"https:\\\/\\\/tv.joycemeyer.org\\\/czech\\\/devotional\\\/vetsi-plan-2\\\/#breadcrumb\",\"itemListElement\":[{\"@type\":\"ListItem\",\"position\":1,\"name\":\"Home\",\"item\":\"https:\\\/\\\/tv.joycemeyer.org\\\/czech\\\/\"},{\"@type\":\"ListItem\",\"position\":2,\"name\":\"Devotional\",\"item\":\"https:\\\/\\\/tv.joycemeyer.org\\\/czech\\\/devotional\\\/\"},{\"@type\":\"ListItem\",\"position\":3,\"name\":\"V\u011bt\u0161\u00ed pl\u00e1n\"}]},{\"@type\":\"WebSite\",\"@id\":\"https:\\\/\\\/tv.joycemeyer.org\\\/czech\\\/#website\",\"url\":\"https:\\\/\\\/tv.joycemeyer.org\\\/czech\\\/\",\"name\":\"Joyce Meyer Ministries - Czech\",\"description\":\"Sd\u00edlet se o Krista - milovat lidi\",\"potentialAction\":[{\"@type\":\"SearchAction\",\"target\":{\"@type\":\"EntryPoint\",\"urlTemplate\":\"https:\\\/\\\/tv.joycemeyer.org\\\/czech\\\/?s={search_term_string}\"},\"query-input\":{\"@type\":\"PropertyValueSpecification\",\"valueRequired\":true,\"valueName\":\"search_term_string\"}}],\"inLanguage\":\"cs\"}]}<\/script>\n<!-- \/ Yoast SEO plugin. -->","yoast_head_json":{"title":"V\u011bt\u0161\u00ed pl\u00e1n - Joyce Meyer Ministries - Czech","robots":{"index":"index","follow":"follow","max-snippet":"max-snippet:-1","max-image-preview":"max-image-preview:large","max-video-preview":"max-video-preview:-1"},"canonical":"https:\/\/tv.joycemeyer.org\/czech\/devotional\/vetsi-plan-2\/","og_locale":"cs_CZ","og_type":"article","og_title":"V\u011bt\u0161\u00ed pl\u00e1n - Joyce Meyer Ministries - Czech","og_description":"\u010casto stoj\u00edme p\u0159ed n\u011bjak\u00fdm \u00fakolem a zd\u00e1 se n\u00e1m, \u017ee neexistuje zp\u016fsob, jak bychom ho mohli zvl\u00e1dnout.","og_url":"https:\/\/tv.joycemeyer.org\/czech\/devotional\/vetsi-plan-2\/","og_site_name":"Joyce Meyer Ministries - Czech","article_publisher":"https:\/\/www.facebook.com\/joycemeyerministriescesko\/","article_modified_time":"2023-08-04T03:50:11+00:00","og_image":[{"width":960,"height":560,"url":"https:\/\/tv.joycemeyer.org\/czech\/wp-content\/uploads\/sites\/67\/2023\/07\/1941.jpg","type":"image\/jpeg"}],"twitter_card":"summary_large_image","twitter_misc":{"Odhadovan\u00e1 doba \u010dten\u00ed":"1 minuta"},"schema":{"@context":"https:\/\/schema.org","@graph":[{"@type":"WebPage","@id":"https:\/\/tv.joycemeyer.org\/czech\/devotional\/vetsi-plan-2\/","url":"https:\/\/tv.joycemeyer.org\/czech\/devotional\/vetsi-plan-2\/","name":"V\u011bt\u0161\u00ed pl\u00e1n - Joyce Meyer Ministries - Czech","isPartOf":{"@id":"https:\/\/tv.joycemeyer.org\/czech\/#website"},"primaryImageOfPage":{"@id":"https:\/\/tv.joycemeyer.org\/czech\/devotional\/vetsi-plan-2\/#primaryimage"},"image":{"@id":"https:\/\/tv.joycemeyer.org\/czech\/devotional\/vetsi-plan-2\/#primaryimage"},"thumbnailUrl":"https:\/\/tv.joycemeyer.org\/czech\/wp-content\/uploads\/sites\/67\/2023\/07\/1941.jpg","datePublished":"2023-08-04T00:01:08+00:00","dateModified":"2023-08-04T03:50:11+00:00","breadcrumb":{"@id":"https:\/\/tv.joycemeyer.org\/czech\/devotional\/vetsi-plan-2\/#breadcrumb"},"inLanguage":"cs","potentialAction":[{"@type":"ReadAction","target":["https:\/\/tv.joycemeyer.org\/czech\/devotional\/vetsi-plan-2\/"]}]},{"@type":"ImageObject","inLanguage":"cs","@id":"https:\/\/tv.joycemeyer.org\/czech\/devotional\/vetsi-plan-2\/#primaryimage","url":"https:\/\/tv.joycemeyer.org\/czech\/wp-content\/uploads\/sites\/67\/2023\/07\/1941.jpg","contentUrl":"https:\/\/tv.joycemeyer.org\/czech\/wp-content\/uploads\/sites\/67\/2023\/07\/1941.jpg","width":960,"height":560,"caption":"V\u011bt\u0161\u00ed pl\u00e1n"},{"@type":"BreadcrumbList","@id":"https:\/\/tv.joycemeyer.org\/czech\/devotional\/vetsi-plan-2\/#breadcrumb","itemListElement":[{"@type":"ListItem","position":1,"name":"Home","item":"https:\/\/tv.joycemeyer.org\/czech\/"},{"@type":"ListItem","position":2,"name":"Devotional","item":"https:\/\/tv.joycemeyer.org\/czech\/devotional\/"},{"@type":"ListItem","position":3,"name":"V\u011bt\u0161\u00ed pl\u00e1n"}]},{"@type":"WebSite","@id":"https:\/\/tv.joycemeyer.org\/czech\/#website","url":"https:\/\/tv.joycemeyer.org\/czech\/","name":"Joyce Meyer Ministries - Czech","description":"Sd\u00edlet se o Krista - milovat lidi","potentialAction":[{"@type":"SearchAction","target":{"@type":"EntryPoint","urlTemplate":"https:\/\/tv.joycemeyer.org\/czech\/?s={search_term_string}"},"query-input":{"@type":"PropertyValueSpecification","valueRequired":true,"valueName":"search_term_string"}}],"inLanguage":"cs"}]}},"_links":{"self":[{"href":"https:\/\/tv.joycemeyer.org\/czech\/wp-json\/wp\/v2\/devotional\/2535","targetHints":{"allow":["GET"]}}],"collection":[{"href":"https:\/\/tv.joycemeyer.org\/czech\/wp-json\/wp\/v2\/devotional"}],"about":[{"href":"https:\/\/tv.joycemeyer.org\/czech\/wp-json\/wp\/v2\/types\/devotional"}],"author":[{"embeddable":true,"href":"https:\/\/tv.joycemeyer.org\/czech\/wp-json\/wp\/v2\/users\/20"}],"replies":[{"embeddable":true,"href":"https:\/\/tv.joycemeyer.org\/czech\/wp-json\/wp\/v2\/comments?post=2535"}],"wp:featuredmedia":[{"embeddable":true,"href":"https:\/\/tv.joycemeyer.org\/czech\/wp-json\/wp\/v2\/media\/2536"}],"wp:attachment":[{"href":"https:\/\/tv.joycemeyer.org\/czech\/wp-json\/wp\/v2\/media?parent=2535"}],"curies":[{"name":"wp","href":"https:\/\/api.w.org\/{rel}","templated":true}]}}

Větší plán

<blockquote><p>Ježíš na ně pohleděl a řekl jim: „U lidí je to nemožné, ale u Boha je možné všechno.“ (Matouš 19,26)</p></blockquote>
<p>Je důležité prosit Boha, aby ti dal sny a vize pro život. Když před sebou nemáme nic, o co bychom usilovali, hrozí nám, že zakrníme. Bůh nás stvořil, abychom měli cíle. V listu Efezským je napsáno, že Bůh je: „… mocen podle síly, kterou působí v nás, učinit daleko více nade všechno, co žádáme nebo co si můžeme pomyslet…“ (Efezským 3,20) To je důvod, proč jako křesťané můžeme mít velké cíle, velké myšlenky a velkou naději.</p>
<p>Často stojíme před nějakým úkolem a zdá se nám, že neexistuje způsob, jak bychom ho mohli zvládnout. Stává se to, když hledíme na sebe, místo abychom se dívali na Boha, který dokáže udělat úplně všechno.</p>
<p>Když Hospodin povolal Jozua, aby zaujal místo Mojžíše a uvedl Izraelce do zaslíbené země, řekl mu: „Jako jsem byl s Mojžíšem, budu i s tebou. Nenechám tě klesnout ani tě neopustím.“ (Jozue 1,5)</p>
<p>Jestliže Bůh zaslibuje, že bude s námi – a on to opravdu zaslíbil –, tak nic jiného nepotřebujeme. Jeho moc se dokonává v naší slabosti (viz 2. Korintským 12,9). Ať už máš jakékoli slabosti, Boží síla je ti k dispozici, abys v životě dokázal věci, o nichž jsi ani nesnil.</p>
<hr />
<h4>Bůh bude poctěn, když mu budeš důvěřovat, že udělá velké věci, které vypadají jako nemožné.</h4>

<p>Často stojíme před nějakým úkolem a zdá se nám, že neexistuje způsob, jak bychom ho mohli zvládnout. </p>

<div class="post-featured-wrap"><img width="960" height="560" src="https://tv.joycemeyer.org/czech/wp-content/uploads/sites/67/2023/07/1941.jpg" class="post-featured wp-post-image" alt="Větší plán" decoding="async" srcset="https://tv.joycemeyer.org/czech/wp-content/uploads/sites/67/2023/07/1941.jpg 960w, https://tv.joycemeyer.org/czech/wp-content/uploads/sites/67/2023/07/1941-300x175.jpg 300w, https://tv.joycemeyer.org/czech/wp-content/uploads/sites/67/2023/07/1941-768x448.jpg 768w" sizes="(max-width: 960px) 100vw, 960px" /></div>

<!-- This site is optimized with the Yoast SEO plugin v27.4 - https://yoast.com/product/yoast-seo-wordpress/ -->
<title>Větší plán - Joyce Meyer Ministries - Czech</title>
<meta name="robots" content="index, follow, max-snippet:-1, max-image-preview:large, max-video-preview:-1" />
<link rel="canonical" href="https://tv.joycemeyer.org/czech/devotional/vetsi-plan-2/" />
<meta property="og:locale" content="cs_CZ" />
<meta property="og:type" content="article" />
<meta property="og:title" content="Větší plán - Joyce Meyer Ministries - Czech" />
<meta property="og:description" content="Často stojíme před nějakým úkolem a zdá se nám, že neexistuje způsob, jak bychom ho mohli zvládnout." />
<meta property="og:url" content="https://tv.joycemeyer.org/czech/devotional/vetsi-plan-2/" />
<meta property="og:site_name" content="Joyce Meyer Ministries - Czech" />
<meta property="article:publisher" content="https://www.facebook.com/joycemeyerministriescesko/" />
<meta property="article:modified_time" content="2023-08-04T03:50:11+00:00" />
<meta property="og:image" content="https://tv.joycemeyer.org/czech/wp-content/uploads/sites/67/2023/07/1941.jpg" />
	<meta property="og:image:width" content="960" />
	<meta property="og:image:height" content="560" />
	<meta property="og:image:type" content="image/jpeg" />
<meta name="twitter:card" content="summary_large_image" />
<meta name="twitter:label1" content="Odhadovaná doba čtení" />
	<meta name="twitter:data1" content="1 minuta" />
<script type="application/ld+json" class="yoast-schema-graph">{"@context":"https:\/\/schema.org","@graph":[{"@type":"WebPage","@id":"https:\/\/tv.joycemeyer.org\/czech\/devotional\/vetsi-plan-2\/","url":"https:\/\/tv.joycemeyer.org\/czech\/devotional\/vetsi-plan-2\/","name":"Větší plán - Joyce Meyer Ministries - Czech","isPartOf":{"@id":"https:\/\/tv.joycemeyer.org\/czech\/#website"},"primaryImageOfPage":{"@id":"https:\/\/tv.joycemeyer.org\/czech\/devotional\/vetsi-plan-2\/#primaryimage"},"image":{"@id":"https:\/\/tv.joycemeyer.org\/czech\/devotional\/vetsi-plan-2\/#primaryimage"},"thumbnailUrl":"https:\/\/tv.joycemeyer.org\/czech\/wp-content\/uploads\/sites\/67\/2023\/07\/1941.jpg","datePublished":"2023-08-04T00:01:08+00:00","dateModified":"2023-08-04T03:50:11+00:00","breadcrumb":{"@id":"https:\/\/tv.joycemeyer.org\/czech\/devotional\/vetsi-plan-2\/#breadcrumb"},"inLanguage":"cs","potentialAction":[{"@type":"ReadAction","target":["https:\/\/tv.joycemeyer.org\/czech\/devotional\/vetsi-plan-2\/"]}]},{"@type":"ImageObject","inLanguage":"cs","@id":"https:\/\/tv.joycemeyer.org\/czech\/devotional\/vetsi-plan-2\/#primaryimage","url":"https:\/\/tv.joycemeyer.org\/czech\/wp-content\/uploads\/sites\/67\/2023\/07\/1941.jpg","contentUrl":"https:\/\/tv.joycemeyer.org\/czech\/wp-content\/uploads\/sites\/67\/2023\/07\/1941.jpg","width":960,"height":560,"caption":"Větší plán"},{"@type":"BreadcrumbList","@id":"https:\/\/tv.joycemeyer.org\/czech\/devotional\/vetsi-plan-2\/#breadcrumb","itemListElement":[{"@type":"ListItem","position":1,"name":"Home","item":"https:\/\/tv.joycemeyer.org\/czech\/"},{"@type":"ListItem","position":2,"name":"Devotional","item":"https:\/\/tv.joycemeyer.org\/czech\/devotional\/"},{"@type":"ListItem","position":3,"name":"Větší plán"}]},{"@type":"WebSite","@id":"https:\/\/tv.joycemeyer.org\/czech\/#website","url":"https:\/\/tv.joycemeyer.org\/czech\/","name":"Joyce Meyer Ministries - Czech","description":"Sdílet se o Krista - milovat lidi","potentialAction":[{"@type":"SearchAction","target":{"@type":"EntryPoint","urlTemplate":"https:\/\/tv.joycemeyer.org\/czech\/?s={search_term_string}"},"query-input":{"@type":"PropertyValueSpecification","valueRequired":true,"valueName":"search_term_string"}}],"inLanguage":"cs"}]}</script>
<!-- / Yoast SEO plugin. -->

Větší plán - Joyce Meyer Ministries - Czech

Často stojíme před nějakým úkolem a zdá se nám, že neexistuje způsob, jak bychom ho mohli zvládnout.

Sdílet se o Krista - milovat lidi
