{"id":2541,"date":"2023-08-07T00:01:33","date_gmt":"2023-08-07T00:01:33","guid":{"rendered":"https:\/\/tv.joycemeyer.org\/czech\/?post_type=devotional&#038;p=2541"},"modified":"2023-08-07T11:52:25","modified_gmt":"2023-08-07T11:52:25","slug":"atmosfera-uctivani-2","status":"publish","type":"devotional","link":"https:\/\/tv.joycemeyer.org\/czech\/devotional\/atmosfera-uctivani-2\/","title":{"rendered":"Atmosf\u00e9ra uct\u00edv\u00e1n\u00ed"},"content":{"rendered":"<blockquote><p>Kdy\u017e se ke mn\u011b p\u0159ibl\u00ed\u017eili zlovoln\u00edci, aby poz\u0159eli m\u00e9 t\u011blo, moji protivn\u00edci a nep\u0159\u00e1tel\u00e9, sami klop\u00fdtli a padli. (\u017dalm 27,2)<\/p><\/blockquote>\n<p>Kdy\u017e uct\u00edv\u00e1me Boha, d\u00e1v\u00e1me t\u00edm najevo, \u017ee si uv\u011bdomujeme, k\u00fdm je, co pro n\u00e1s ud\u011blal a co v na\u0161ich \u017eivotech je\u0161t\u011b vykon\u00e1.<\/p>\n<p>P\u0159i uct\u00edv\u00e1n\u00ed nejde o n\u00e1s, v\u0161e je zam\u011b\u0159eno jen Boha. Nicm\u00e9n\u011b a\u010dkoli uct\u00edv\u00e1n\u00ed nen\u00ed zam\u011b\u0159eno na tebe, samo o sob\u011b t\u011b prom\u011b\u0148uje. Kdy\u017e za\u010dne\u0161 Bohu v uct\u00edv\u00e1n\u00ed d\u011bkovat za zm\u011bny, kter\u00e9 v tob\u011b ji\u017e ud\u011blal, zjist\u00ed\u0161, \u017ee se tyto zm\u011bny za\u010d\u00ednaj\u00ed st\u00e1le v\u00edc projevovat, a ty zakou\u0161\u00ed\u0161 novou \u00farove\u0148 Bo\u017e\u00ed sl\u00e1vy. Jin\u00fdmi slovy, B\u016fh je bl\u00edzko t\u011bm, kdo ho uct\u00edvaj\u00ed, a vyl\u00e9v\u00e1 svou dobrotu na ty, kdo se rozhodnou ho velebit.<\/p>\n<p>Prost\u0159ednictv\u00edm uct\u00edv\u00e1n\u00ed doch\u00e1z\u00ed k osvobozen\u00ed. N\u011bkdy pot\u0159ebujeme du\u0161evn\u00ed nebo emocion\u00e1ln\u00ed uvoln\u011bn\u00ed. Kdy\u017e uct\u00edv\u00e1me P\u00e1na, skl\u00e1d\u00e1me na n\u011bj emocion\u00e1ln\u00ed a ment\u00e1ln\u00ed b\u0159emena, kter\u00e1 n\u00e1s t\u00ed\u017e\u00ed, a ta se pak ztr\u00e1cej\u00ed v Bo\u017e\u00ed n\u00e1dhe\u0159e a majest\u00e1tu.<\/p>\n<p>Doporu\u010duji ti, abys s uct\u00edv\u00e1n\u00edm za\u010dal hned r\u00e1no. Kdy\u017e se p\u0159ipravuje\u0161 na sv\u016fj den, jsi v pr\u00e1ci nebo n\u011bco vy\u0159izuje\u0161, uct\u00edvej P\u00e1na. Na konci dne jej uct\u00edvej za v\u0161echno, \u010d\u00edm t\u011b provedl. Bude\u0161 se divit, jak se doma nebo v pr\u00e1ci za\u010dnou v\u011bci m\u011bnit, pokud bude\u0161 m\u00edt v \u017eivot\u011b Boha na prvn\u00edm m\u00edst\u011b.<\/p>\n<hr \/>\n<h4>Uct\u00edv\u00e1n\u00ed vytv\u00e1\u0159\u00ed atmosf\u00e9ru, v n\u00ed\u017e B\u016fh m\u016f\u017ee jednat.<\/h4>\n","protected":false},"excerpt":{"rendered":"<p>Prost\u0159ednictv\u00edm uct\u00edv\u00e1n\u00ed doch\u00e1z\u00ed k osvobozen\u00ed. <\/p>\n","protected":false},"author":20,"featured_media":2542,"parent":0,"menu_order":0,"comment_status":"closed","ping_status":"closed","template":"","class_list":["post-2541","devotional","type-devotional","status-publish","has-post-thumbnail","hentry"],"acf":[],"appp":{"post_detail":{"above_title":"<div class=\"post-featured-wrap\"><img width=\"1024\" height=\"597\" src=\"https:\/\/tv.joycemeyer.org\/czech\/wp-content\/uploads\/sites\/67\/2023\/07\/2171-1024x597.jpg\" class=\"post-featured wp-post-image\" alt=\"Atmosf\u00e9ra uct\u00edv\u00e1n\u00ed\" decoding=\"async\" srcset=\"https:\/\/tv.joycemeyer.org\/czech\/wp-content\/uploads\/sites\/67\/2023\/07\/2171-1024x597.jpg 1024w, https:\/\/tv.joycemeyer.org\/czech\/wp-content\/uploads\/sites\/67\/2023\/07\/2171-300x175.jpg 300w, https:\/\/tv.joycemeyer.org\/czech\/wp-content\/uploads\/sites\/67\/2023\/07\/2171-768x448.jpg 768w, https:\/\/tv.joycemeyer.org\/czech\/wp-content\/uploads\/sites\/67\/2023\/07\/2171-1536x896.jpg 1536w, https:\/\/tv.joycemeyer.org\/czech\/wp-content\/uploads\/sites\/67\/2023\/07\/2171.jpg 1800w\" sizes=\"(max-width: 1024px) 100vw, 1024px\" \/><\/div>","below_content":""}},"yoast_head":"<!-- This site is optimized with the Yoast SEO plugin v27.4 - https:\/\/yoast.com\/product\/yoast-seo-wordpress\/ -->\n<title>Atmosf\u00e9ra uct\u00edv\u00e1n\u00ed - Joyce Meyer Ministries - Czech<\/title>\n<meta name=\"robots\" content=\"index, follow, max-snippet:-1, max-image-preview:large, max-video-preview:-1\" \/>\n<link rel=\"canonical\" href=\"https:\/\/tv.joycemeyer.org\/czech\/devotional\/atmosfera-uctivani-2\/\" \/>\n<meta property=\"og:locale\" content=\"cs_CZ\" \/>\n<meta property=\"og:type\" content=\"article\" \/>\n<meta property=\"og:title\" content=\"Atmosf\u00e9ra uct\u00edv\u00e1n\u00ed - Joyce Meyer Ministries - Czech\" \/>\n<meta property=\"og:description\" content=\"Prost\u0159ednictv\u00edm uct\u00edv\u00e1n\u00ed doch\u00e1z\u00ed k osvobozen\u00ed.\" \/>\n<meta property=\"og:url\" content=\"https:\/\/tv.joycemeyer.org\/czech\/devotional\/atmosfera-uctivani-2\/\" \/>\n<meta property=\"og:site_name\" content=\"Joyce Meyer Ministries - Czech\" \/>\n<meta property=\"article:publisher\" content=\"https:\/\/www.facebook.com\/joycemeyerministriescesko\/\" \/>\n<meta property=\"article:modified_time\" content=\"2023-08-07T11:52:25+00:00\" \/>\n<meta property=\"og:image\" content=\"https:\/\/tv.joycemeyer.org\/czech\/wp-content\/uploads\/sites\/67\/2023\/07\/2171.jpg\" \/>\n\t<meta property=\"og:image:width\" content=\"1800\" \/>\n\t<meta property=\"og:image:height\" content=\"1050\" \/>\n\t<meta property=\"og:image:type\" content=\"image\/jpeg\" \/>\n<meta name=\"twitter:card\" content=\"summary_large_image\" \/>\n<meta name=\"twitter:label1\" content=\"Odhadovan\u00e1 doba \u010dten\u00ed\" \/>\n\t<meta name=\"twitter:data1\" content=\"1 minuta\" \/>\n<script type=\"application\/ld+json\" class=\"yoast-schema-graph\">{\"@context\":\"https:\\\/\\\/schema.org\",\"@graph\":[{\"@type\":\"WebPage\",\"@id\":\"https:\\\/\\\/tv.joycemeyer.org\\\/czech\\\/devotional\\\/atmosfera-uctivani-2\\\/\",\"url\":\"https:\\\/\\\/tv.joycemeyer.org\\\/czech\\\/devotional\\\/atmosfera-uctivani-2\\\/\",\"name\":\"Atmosf\u00e9ra uct\u00edv\u00e1n\u00ed - Joyce Meyer Ministries - Czech\",\"isPartOf\":{\"@id\":\"https:\\\/\\\/tv.joycemeyer.org\\\/czech\\\/#website\"},\"primaryImageOfPage\":{\"@id\":\"https:\\\/\\\/tv.joycemeyer.org\\\/czech\\\/devotional\\\/atmosfera-uctivani-2\\\/#primaryimage\"},\"image\":{\"@id\":\"https:\\\/\\\/tv.joycemeyer.org\\\/czech\\\/devotional\\\/atmosfera-uctivani-2\\\/#primaryimage\"},\"thumbnailUrl\":\"https:\\\/\\\/tv.joycemeyer.org\\\/czech\\\/wp-content\\\/uploads\\\/sites\\\/67\\\/2023\\\/07\\\/2171.jpg\",\"datePublished\":\"2023-08-07T00:01:33+00:00\",\"dateModified\":\"2023-08-07T11:52:25+00:00\",\"breadcrumb\":{\"@id\":\"https:\\\/\\\/tv.joycemeyer.org\\\/czech\\\/devotional\\\/atmosfera-uctivani-2\\\/#breadcrumb\"},\"inLanguage\":\"cs\",\"potentialAction\":[{\"@type\":\"ReadAction\",\"target\":[\"https:\\\/\\\/tv.joycemeyer.org\\\/czech\\\/devotional\\\/atmosfera-uctivani-2\\\/\"]}]},{\"@type\":\"ImageObject\",\"inLanguage\":\"cs\",\"@id\":\"https:\\\/\\\/tv.joycemeyer.org\\\/czech\\\/devotional\\\/atmosfera-uctivani-2\\\/#primaryimage\",\"url\":\"https:\\\/\\\/tv.joycemeyer.org\\\/czech\\\/wp-content\\\/uploads\\\/sites\\\/67\\\/2023\\\/07\\\/2171.jpg\",\"contentUrl\":\"https:\\\/\\\/tv.joycemeyer.org\\\/czech\\\/wp-content\\\/uploads\\\/sites\\\/67\\\/2023\\\/07\\\/2171.jpg\",\"width\":1800,\"height\":1050,\"caption\":\"Atmosf\u00e9ra uct\u00edv\u00e1n\u00ed\"},{\"@type\":\"BreadcrumbList\",\"@id\":\"https:\\\/\\\/tv.joycemeyer.org\\\/czech\\\/devotional\\\/atmosfera-uctivani-2\\\/#breadcrumb\",\"itemListElement\":[{\"@type\":\"ListItem\",\"position\":1,\"name\":\"Home\",\"item\":\"https:\\\/\\\/tv.joycemeyer.org\\\/czech\\\/\"},{\"@type\":\"ListItem\",\"position\":2,\"name\":\"Devotional\",\"item\":\"https:\\\/\\\/tv.joycemeyer.org\\\/czech\\\/devotional\\\/\"},{\"@type\":\"ListItem\",\"position\":3,\"name\":\"Atmosf\u00e9ra uct\u00edv\u00e1n\u00ed\"}]},{\"@type\":\"WebSite\",\"@id\":\"https:\\\/\\\/tv.joycemeyer.org\\\/czech\\\/#website\",\"url\":\"https:\\\/\\\/tv.joycemeyer.org\\\/czech\\\/\",\"name\":\"Joyce Meyer Ministries - Czech\",\"description\":\"Sd\u00edlet se o Krista - milovat lidi\",\"potentialAction\":[{\"@type\":\"SearchAction\",\"target\":{\"@type\":\"EntryPoint\",\"urlTemplate\":\"https:\\\/\\\/tv.joycemeyer.org\\\/czech\\\/?s={search_term_string}\"},\"query-input\":{\"@type\":\"PropertyValueSpecification\",\"valueRequired\":true,\"valueName\":\"search_term_string\"}}],\"inLanguage\":\"cs\"}]}<\/script>\n<!-- \/ Yoast SEO plugin. -->","yoast_head_json":{"title":"Atmosf\u00e9ra uct\u00edv\u00e1n\u00ed - Joyce Meyer Ministries - Czech","robots":{"index":"index","follow":"follow","max-snippet":"max-snippet:-1","max-image-preview":"max-image-preview:large","max-video-preview":"max-video-preview:-1"},"canonical":"https:\/\/tv.joycemeyer.org\/czech\/devotional\/atmosfera-uctivani-2\/","og_locale":"cs_CZ","og_type":"article","og_title":"Atmosf\u00e9ra uct\u00edv\u00e1n\u00ed - Joyce Meyer Ministries - Czech","og_description":"Prost\u0159ednictv\u00edm uct\u00edv\u00e1n\u00ed doch\u00e1z\u00ed k osvobozen\u00ed.","og_url":"https:\/\/tv.joycemeyer.org\/czech\/devotional\/atmosfera-uctivani-2\/","og_site_name":"Joyce Meyer Ministries - Czech","article_publisher":"https:\/\/www.facebook.com\/joycemeyerministriescesko\/","article_modified_time":"2023-08-07T11:52:25+00:00","og_image":[{"width":1800,"height":1050,"url":"https:\/\/tv.joycemeyer.org\/czech\/wp-content\/uploads\/sites\/67\/2023\/07\/2171.jpg","type":"image\/jpeg"}],"twitter_card":"summary_large_image","twitter_misc":{"Odhadovan\u00e1 doba \u010dten\u00ed":"1 minuta"},"schema":{"@context":"https:\/\/schema.org","@graph":[{"@type":"WebPage","@id":"https:\/\/tv.joycemeyer.org\/czech\/devotional\/atmosfera-uctivani-2\/","url":"https:\/\/tv.joycemeyer.org\/czech\/devotional\/atmosfera-uctivani-2\/","name":"Atmosf\u00e9ra uct\u00edv\u00e1n\u00ed - Joyce Meyer Ministries - Czech","isPartOf":{"@id":"https:\/\/tv.joycemeyer.org\/czech\/#website"},"primaryImageOfPage":{"@id":"https:\/\/tv.joycemeyer.org\/czech\/devotional\/atmosfera-uctivani-2\/#primaryimage"},"image":{"@id":"https:\/\/tv.joycemeyer.org\/czech\/devotional\/atmosfera-uctivani-2\/#primaryimage"},"thumbnailUrl":"https:\/\/tv.joycemeyer.org\/czech\/wp-content\/uploads\/sites\/67\/2023\/07\/2171.jpg","datePublished":"2023-08-07T00:01:33+00:00","dateModified":"2023-08-07T11:52:25+00:00","breadcrumb":{"@id":"https:\/\/tv.joycemeyer.org\/czech\/devotional\/atmosfera-uctivani-2\/#breadcrumb"},"inLanguage":"cs","potentialAction":[{"@type":"ReadAction","target":["https:\/\/tv.joycemeyer.org\/czech\/devotional\/atmosfera-uctivani-2\/"]}]},{"@type":"ImageObject","inLanguage":"cs","@id":"https:\/\/tv.joycemeyer.org\/czech\/devotional\/atmosfera-uctivani-2\/#primaryimage","url":"https:\/\/tv.joycemeyer.org\/czech\/wp-content\/uploads\/sites\/67\/2023\/07\/2171.jpg","contentUrl":"https:\/\/tv.joycemeyer.org\/czech\/wp-content\/uploads\/sites\/67\/2023\/07\/2171.jpg","width":1800,"height":1050,"caption":"Atmosf\u00e9ra uct\u00edv\u00e1n\u00ed"},{"@type":"BreadcrumbList","@id":"https:\/\/tv.joycemeyer.org\/czech\/devotional\/atmosfera-uctivani-2\/#breadcrumb","itemListElement":[{"@type":"ListItem","position":1,"name":"Home","item":"https:\/\/tv.joycemeyer.org\/czech\/"},{"@type":"ListItem","position":2,"name":"Devotional","item":"https:\/\/tv.joycemeyer.org\/czech\/devotional\/"},{"@type":"ListItem","position":3,"name":"Atmosf\u00e9ra uct\u00edv\u00e1n\u00ed"}]},{"@type":"WebSite","@id":"https:\/\/tv.joycemeyer.org\/czech\/#website","url":"https:\/\/tv.joycemeyer.org\/czech\/","name":"Joyce Meyer Ministries - Czech","description":"Sd\u00edlet se o Krista - milovat lidi","potentialAction":[{"@type":"SearchAction","target":{"@type":"EntryPoint","urlTemplate":"https:\/\/tv.joycemeyer.org\/czech\/?s={search_term_string}"},"query-input":{"@type":"PropertyValueSpecification","valueRequired":true,"valueName":"search_term_string"}}],"inLanguage":"cs"}]}},"_links":{"self":[{"href":"https:\/\/tv.joycemeyer.org\/czech\/wp-json\/wp\/v2\/devotional\/2541","targetHints":{"allow":["GET"]}}],"collection":[{"href":"https:\/\/tv.joycemeyer.org\/czech\/wp-json\/wp\/v2\/devotional"}],"about":[{"href":"https:\/\/tv.joycemeyer.org\/czech\/wp-json\/wp\/v2\/types\/devotional"}],"author":[{"embeddable":true,"href":"https:\/\/tv.joycemeyer.org\/czech\/wp-json\/wp\/v2\/users\/20"}],"replies":[{"embeddable":true,"href":"https:\/\/tv.joycemeyer.org\/czech\/wp-json\/wp\/v2\/comments?post=2541"}],"wp:featuredmedia":[{"embeddable":true,"href":"https:\/\/tv.joycemeyer.org\/czech\/wp-json\/wp\/v2\/media\/2542"}],"wp:attachment":[{"href":"https:\/\/tv.joycemeyer.org\/czech\/wp-json\/wp\/v2\/media?parent=2541"}],"curies":[{"name":"wp","href":"https:\/\/api.w.org\/{rel}","templated":true}]}}

Atmosféra uctívání

<blockquote><p>Když se ke mně přiblížili zlovolníci, aby pozřeli mé tělo, moji protivníci a nepřátelé, sami klopýtli a padli. (Žalm 27,2)</p></blockquote>
<p>Když uctíváme Boha, dáváme tím najevo, že si uvědomujeme, kým je, co pro nás udělal a co v našich životech ještě vykoná.</p>
<p>Při uctívání nejde o nás, vše je zaměřeno jen Boha. Nicméně ačkoli uctívání není zaměřeno na tebe, samo o sobě tě proměňuje. Když začneš Bohu v uctívání děkovat za změny, které v tobě již udělal, zjistíš, že se tyto změny začínají stále víc projevovat, a ty zakoušíš novou úroveň Boží slávy. Jinými slovy, Bůh je blízko těm, kdo ho uctívají, a vylévá svou dobrotu na ty, kdo se rozhodnou ho velebit.</p>
<p>Prostřednictvím uctívání dochází k osvobození. Někdy potřebujeme duševní nebo emocionální uvolnění. Když uctíváme Pána, skládáme na něj emocionální a mentální břemena, která nás tíží, a ta se pak ztrácejí v Boží nádheře a majestátu.</p>
<p>Doporučuji ti, abys s uctíváním začal hned ráno. Když se připravuješ na svůj den, jsi v práci nebo něco vyřizuješ, uctívej Pána. Na konci dne jej uctívej za všechno, čím tě provedl. Budeš se divit, jak se doma nebo v práci začnou věci měnit, pokud budeš mít v životě Boha na prvním místě.</p>
<hr />
<h4>Uctívání vytváří atmosféru, v níž Bůh může jednat.</h4>

<p>Prostřednictvím uctívání dochází k osvobození. </p>

<div class="post-featured-wrap"><img width="1024" height="597" src="https://tv.joycemeyer.org/czech/wp-content/uploads/sites/67/2023/07/2171-1024x597.jpg" class="post-featured wp-post-image" alt="Atmosféra uctívání" decoding="async" srcset="https://tv.joycemeyer.org/czech/wp-content/uploads/sites/67/2023/07/2171-1024x597.jpg 1024w, https://tv.joycemeyer.org/czech/wp-content/uploads/sites/67/2023/07/2171-300x175.jpg 300w, https://tv.joycemeyer.org/czech/wp-content/uploads/sites/67/2023/07/2171-768x448.jpg 768w, https://tv.joycemeyer.org/czech/wp-content/uploads/sites/67/2023/07/2171-1536x896.jpg 1536w, https://tv.joycemeyer.org/czech/wp-content/uploads/sites/67/2023/07/2171.jpg 1800w" sizes="(max-width: 1024px) 100vw, 1024px" /></div>

<!-- This site is optimized with the Yoast SEO plugin v27.4 - https://yoast.com/product/yoast-seo-wordpress/ -->
<title>Atmosféra uctívání - Joyce Meyer Ministries - Czech</title>
<meta name="robots" content="index, follow, max-snippet:-1, max-image-preview:large, max-video-preview:-1" />
<link rel="canonical" href="https://tv.joycemeyer.org/czech/devotional/atmosfera-uctivani-2/" />
<meta property="og:locale" content="cs_CZ" />
<meta property="og:type" content="article" />
<meta property="og:title" content="Atmosféra uctívání - Joyce Meyer Ministries - Czech" />
<meta property="og:description" content="Prostřednictvím uctívání dochází k osvobození." />
<meta property="og:url" content="https://tv.joycemeyer.org/czech/devotional/atmosfera-uctivani-2/" />
<meta property="og:site_name" content="Joyce Meyer Ministries - Czech" />
<meta property="article:publisher" content="https://www.facebook.com/joycemeyerministriescesko/" />
<meta property="article:modified_time" content="2023-08-07T11:52:25+00:00" />
<meta property="og:image" content="https://tv.joycemeyer.org/czech/wp-content/uploads/sites/67/2023/07/2171.jpg" />
	<meta property="og:image:width" content="1800" />
	<meta property="og:image:height" content="1050" />
	<meta property="og:image:type" content="image/jpeg" />
<meta name="twitter:card" content="summary_large_image" />
<meta name="twitter:label1" content="Odhadovaná doba čtení" />
	<meta name="twitter:data1" content="1 minuta" />
<script type="application/ld+json" class="yoast-schema-graph">{"@context":"https:\/\/schema.org","@graph":[{"@type":"WebPage","@id":"https:\/\/tv.joycemeyer.org\/czech\/devotional\/atmosfera-uctivani-2\/","url":"https:\/\/tv.joycemeyer.org\/czech\/devotional\/atmosfera-uctivani-2\/","name":"Atmosféra uctívání - Joyce Meyer Ministries - Czech","isPartOf":{"@id":"https:\/\/tv.joycemeyer.org\/czech\/#website"},"primaryImageOfPage":{"@id":"https:\/\/tv.joycemeyer.org\/czech\/devotional\/atmosfera-uctivani-2\/#primaryimage"},"image":{"@id":"https:\/\/tv.joycemeyer.org\/czech\/devotional\/atmosfera-uctivani-2\/#primaryimage"},"thumbnailUrl":"https:\/\/tv.joycemeyer.org\/czech\/wp-content\/uploads\/sites\/67\/2023\/07\/2171.jpg","datePublished":"2023-08-07T00:01:33+00:00","dateModified":"2023-08-07T11:52:25+00:00","breadcrumb":{"@id":"https:\/\/tv.joycemeyer.org\/czech\/devotional\/atmosfera-uctivani-2\/#breadcrumb"},"inLanguage":"cs","potentialAction":[{"@type":"ReadAction","target":["https:\/\/tv.joycemeyer.org\/czech\/devotional\/atmosfera-uctivani-2\/"]}]},{"@type":"ImageObject","inLanguage":"cs","@id":"https:\/\/tv.joycemeyer.org\/czech\/devotional\/atmosfera-uctivani-2\/#primaryimage","url":"https:\/\/tv.joycemeyer.org\/czech\/wp-content\/uploads\/sites\/67\/2023\/07\/2171.jpg","contentUrl":"https:\/\/tv.joycemeyer.org\/czech\/wp-content\/uploads\/sites\/67\/2023\/07\/2171.jpg","width":1800,"height":1050,"caption":"Atmosféra uctívání"},{"@type":"BreadcrumbList","@id":"https:\/\/tv.joycemeyer.org\/czech\/devotional\/atmosfera-uctivani-2\/#breadcrumb","itemListElement":[{"@type":"ListItem","position":1,"name":"Home","item":"https:\/\/tv.joycemeyer.org\/czech\/"},{"@type":"ListItem","position":2,"name":"Devotional","item":"https:\/\/tv.joycemeyer.org\/czech\/devotional\/"},{"@type":"ListItem","position":3,"name":"Atmosféra uctívání"}]},{"@type":"WebSite","@id":"https:\/\/tv.joycemeyer.org\/czech\/#website","url":"https:\/\/tv.joycemeyer.org\/czech\/","name":"Joyce Meyer Ministries - Czech","description":"Sdílet se o Krista - milovat lidi","potentialAction":[{"@type":"SearchAction","target":{"@type":"EntryPoint","urlTemplate":"https:\/\/tv.joycemeyer.org\/czech\/?s={search_term_string}"},"query-input":{"@type":"PropertyValueSpecification","valueRequired":true,"valueName":"search_term_string"}}],"inLanguage":"cs"}]}</script>
<!-- / Yoast SEO plugin. -->

Atmosféra uctívání - Joyce Meyer Ministries - Czech

Prostřednictvím uctívání dochází k osvobození.

Sdílet se o Krista - milovat lidi
