{"id":2582,"date":"2023-09-05T00:01:04","date_gmt":"2023-09-05T00:01:04","guid":{"rendered":"https:\/\/tv.joycemeyer.org\/czech\/?post_type=devotional&#038;p=2582"},"modified":"2023-09-05T11:34:57","modified_gmt":"2023-09-05T11:34:57","slug":"ver-2","status":"publish","type":"devotional","link":"https:\/\/tv.joycemeyer.org\/czech\/devotional\/ver-2\/","title":{"rendered":"V\u011b\u0159"},"content":{"rendered":"<blockquote><p>Bez v\u00edry v\u0161ak nen\u00ed mo\u017en\u00e9 se mu zal\u00edbit, proto\u017ee ten, kdo p\u0159ich\u00e1z\u00ed k Bohu, mus\u00ed uv\u011b\u0159it, \u017ee B\u016fh je a \u017ee odpl\u00e1c\u00ed t\u011bm, kdo ho usilovn\u011b hledaj\u00ed. (\u017did\u016fm 11,6)<\/p><\/blockquote>\n<p>Pozitivn\u00ed v\u011b\u0159\u00edc\u00ed srdce je v na\u0161em vztahu s Bohem jedn\u00edm z naprosto z\u00e1sadn\u00edch postoj\u016f. M\u016f\u017ee to zn\u00edt divn\u011b, proto\u017ee se naz\u00fdv\u00e1me v\u011b\u0159\u00edc\u00edmi. Je snadn\u00e9 p\u0159edpokl\u00e1dat, \u017ee v\u0161ichni v\u011b\u0159\u00edc\u00ed v\u011b\u0159\u00ed, v\u0161imla jsem si ale, \u017ee existuje mnoho \u201enev\u011b\u0159\u00edc\u00edch v\u011b\u0159\u00edc\u00edch\u201c s dobr\u00fdmi \u00famysly. \u010cas od \u010dasu do tohoto stavu sklouz\u00e1v\u00e1m i j\u00e1.<\/p>\n<p>Je\u017e\u00ed\u0161 \u0159\u00edk\u00e1, \u017ee \u010dlov\u011bku se stane, jak uv\u011b\u0159il (viz Matou\u0161 8,13). Nen\u00ed to mocn\u00e1 my\u0161lenka? Je \u00fa\u017easn\u00e9, kolik toho B\u016fh v na\u0161em \u017eivot\u011b ud\u011bl\u00e1, pokud budeme prost\u011b a jednodu\u0161e v\u011b\u0159it, \u017ee m\u016f\u017ee a chce. V\u00edra je rozhodnut\u00ed, kter\u00e9 \u010din\u00edme. Kdykoli p\u0159estaneme v\u011b\u0159it, ztr\u00e1c\u00edme klid a radost. Vytvo\u0159 si zvyk, \u017ee ka\u017ed\u00fd den r\u00e1no bude\u0161 vst\u00e1vat s t\u00edm, \u017ee si bude\u0161 znovu a znovu opakovat: V\u011b\u0159\u00edm, v\u011b\u0159\u00edm, v\u011b\u0159\u00edm. V\u011b\u0159\u00edm, \u017ee s Bo\u017e\u00ed pomoc\u00ed mohu ud\u011blat v\u0161e, co pro m\u011b B\u016fh p\u0159iprav\u00ed.<\/p>\n<p>Kdy\u017e jsi v poku\u0161en\u00ed pochybovat, p\u0159ipome\u0148 si, \u017ee jsi v\u011b\u0159\u00edc\u00ed, a v\u011b\u0159\u00edc\u00ed v\u017edy v\u011b\u0159\u00ed! V\u00edra se l\u00edb\u00ed Bohu a uvol\u0148uje napln\u011bn\u00ed jeho zasl\u00edben\u00ed ve tv\u00e9m \u017eivot\u011b.<\/p>\n<hr \/>\n<h4>Kdy\u017e ztr\u00e1c\u00ed\u0161 radost a pokoj, zkontroluj svou v\u00edru!<\/h4>\n","protected":false},"excerpt":{"rendered":"<p>Je\u017e\u00ed\u0161 \u0159\u00edk\u00e1, \u017ee \u010dlov\u011bku se stane, jak uv\u011b\u0159il.<\/p>\n","protected":false},"author":20,"featured_media":2583,"parent":0,"menu_order":0,"comment_status":"closed","ping_status":"closed","template":"","class_list":["post-2582","devotional","type-devotional","status-publish","has-post-thumbnail","hentry"],"acf":[],"appp":{"post_detail":{"above_title":"<div class=\"post-featured-wrap\"><img width=\"1024\" height=\"597\" src=\"https:\/\/tv.joycemeyer.org\/czech\/wp-content\/uploads\/sites\/67\/2023\/08\/3012-1024x597.jpg\" class=\"post-featured wp-post-image\" alt=\"V\u011b\u0159\" decoding=\"async\" srcset=\"https:\/\/tv.joycemeyer.org\/czech\/wp-content\/uploads\/sites\/67\/2023\/08\/3012-1024x597.jpg 1024w, https:\/\/tv.joycemeyer.org\/czech\/wp-content\/uploads\/sites\/67\/2023\/08\/3012-300x175.jpg 300w, https:\/\/tv.joycemeyer.org\/czech\/wp-content\/uploads\/sites\/67\/2023\/08\/3012-768x448.jpg 768w, https:\/\/tv.joycemeyer.org\/czech\/wp-content\/uploads\/sites\/67\/2023\/08\/3012-1536x896.jpg 1536w, https:\/\/tv.joycemeyer.org\/czech\/wp-content\/uploads\/sites\/67\/2023\/08\/3012.jpg 1800w\" sizes=\"(max-width: 1024px) 100vw, 1024px\" \/><\/div>","below_content":""}},"yoast_head":"<!-- This site is optimized with the Yoast SEO plugin v27.4 - https:\/\/yoast.com\/product\/yoast-seo-wordpress\/ -->\n<title>V\u011b\u0159 - Joyce Meyer Ministries - Czech<\/title>\n<meta name=\"robots\" content=\"index, follow, max-snippet:-1, max-image-preview:large, max-video-preview:-1\" \/>\n<link rel=\"canonical\" href=\"https:\/\/tv.joycemeyer.org\/czech\/devotional\/ver-2\/\" \/>\n<meta property=\"og:locale\" content=\"cs_CZ\" \/>\n<meta property=\"og:type\" content=\"article\" \/>\n<meta property=\"og:title\" content=\"V\u011b\u0159 - Joyce Meyer Ministries - Czech\" \/>\n<meta property=\"og:description\" content=\"Je\u017e\u00ed\u0161 \u0159\u00edk\u00e1, \u017ee \u010dlov\u011bku se stane, jak uv\u011b\u0159il.\" \/>\n<meta property=\"og:url\" content=\"https:\/\/tv.joycemeyer.org\/czech\/devotional\/ver-2\/\" \/>\n<meta property=\"og:site_name\" content=\"Joyce Meyer Ministries - Czech\" \/>\n<meta property=\"article:publisher\" content=\"https:\/\/www.facebook.com\/joycemeyerministriescesko\/\" \/>\n<meta property=\"article:modified_time\" content=\"2023-09-05T11:34:57+00:00\" \/>\n<meta property=\"og:image\" content=\"https:\/\/tv.joycemeyer.org\/czech\/wp-content\/uploads\/sites\/67\/2023\/08\/3012.jpg\" \/>\n\t<meta property=\"og:image:width\" content=\"1800\" \/>\n\t<meta property=\"og:image:height\" content=\"1050\" \/>\n\t<meta property=\"og:image:type\" content=\"image\/jpeg\" \/>\n<meta name=\"twitter:card\" content=\"summary_large_image\" \/>\n<meta name=\"twitter:label1\" content=\"Odhadovan\u00e1 doba \u010dten\u00ed\" \/>\n\t<meta name=\"twitter:data1\" content=\"1 minuta\" \/>\n<script type=\"application\/ld+json\" class=\"yoast-schema-graph\">{\"@context\":\"https:\\\/\\\/schema.org\",\"@graph\":[{\"@type\":\"WebPage\",\"@id\":\"https:\\\/\\\/tv.joycemeyer.org\\\/czech\\\/devotional\\\/ver-2\\\/\",\"url\":\"https:\\\/\\\/tv.joycemeyer.org\\\/czech\\\/devotional\\\/ver-2\\\/\",\"name\":\"V\u011b\u0159 - Joyce Meyer Ministries - Czech\",\"isPartOf\":{\"@id\":\"https:\\\/\\\/tv.joycemeyer.org\\\/czech\\\/#website\"},\"primaryImageOfPage\":{\"@id\":\"https:\\\/\\\/tv.joycemeyer.org\\\/czech\\\/devotional\\\/ver-2\\\/#primaryimage\"},\"image\":{\"@id\":\"https:\\\/\\\/tv.joycemeyer.org\\\/czech\\\/devotional\\\/ver-2\\\/#primaryimage\"},\"thumbnailUrl\":\"https:\\\/\\\/tv.joycemeyer.org\\\/czech\\\/wp-content\\\/uploads\\\/sites\\\/67\\\/2023\\\/08\\\/3012.jpg\",\"datePublished\":\"2023-09-05T00:01:04+00:00\",\"dateModified\":\"2023-09-05T11:34:57+00:00\",\"breadcrumb\":{\"@id\":\"https:\\\/\\\/tv.joycemeyer.org\\\/czech\\\/devotional\\\/ver-2\\\/#breadcrumb\"},\"inLanguage\":\"cs\",\"potentialAction\":[{\"@type\":\"ReadAction\",\"target\":[\"https:\\\/\\\/tv.joycemeyer.org\\\/czech\\\/devotional\\\/ver-2\\\/\"]}]},{\"@type\":\"ImageObject\",\"inLanguage\":\"cs\",\"@id\":\"https:\\\/\\\/tv.joycemeyer.org\\\/czech\\\/devotional\\\/ver-2\\\/#primaryimage\",\"url\":\"https:\\\/\\\/tv.joycemeyer.org\\\/czech\\\/wp-content\\\/uploads\\\/sites\\\/67\\\/2023\\\/08\\\/3012.jpg\",\"contentUrl\":\"https:\\\/\\\/tv.joycemeyer.org\\\/czech\\\/wp-content\\\/uploads\\\/sites\\\/67\\\/2023\\\/08\\\/3012.jpg\",\"width\":1800,\"height\":1050,\"caption\":\"V\u011b\u0159\"},{\"@type\":\"BreadcrumbList\",\"@id\":\"https:\\\/\\\/tv.joycemeyer.org\\\/czech\\\/devotional\\\/ver-2\\\/#breadcrumb\",\"itemListElement\":[{\"@type\":\"ListItem\",\"position\":1,\"name\":\"Home\",\"item\":\"https:\\\/\\\/tv.joycemeyer.org\\\/czech\\\/\"},{\"@type\":\"ListItem\",\"position\":2,\"name\":\"Devotional\",\"item\":\"https:\\\/\\\/tv.joycemeyer.org\\\/czech\\\/devotional\\\/\"},{\"@type\":\"ListItem\",\"position\":3,\"name\":\"V\u011b\u0159\"}]},{\"@type\":\"WebSite\",\"@id\":\"https:\\\/\\\/tv.joycemeyer.org\\\/czech\\\/#website\",\"url\":\"https:\\\/\\\/tv.joycemeyer.org\\\/czech\\\/\",\"name\":\"Joyce Meyer Ministries - Czech\",\"description\":\"Sd\u00edlet se o Krista - milovat lidi\",\"potentialAction\":[{\"@type\":\"SearchAction\",\"target\":{\"@type\":\"EntryPoint\",\"urlTemplate\":\"https:\\\/\\\/tv.joycemeyer.org\\\/czech\\\/?s={search_term_string}\"},\"query-input\":{\"@type\":\"PropertyValueSpecification\",\"valueRequired\":true,\"valueName\":\"search_term_string\"}}],\"inLanguage\":\"cs\"}]}<\/script>\n<!-- \/ Yoast SEO plugin. -->","yoast_head_json":{"title":"V\u011b\u0159 - Joyce Meyer Ministries - Czech","robots":{"index":"index","follow":"follow","max-snippet":"max-snippet:-1","max-image-preview":"max-image-preview:large","max-video-preview":"max-video-preview:-1"},"canonical":"https:\/\/tv.joycemeyer.org\/czech\/devotional\/ver-2\/","og_locale":"cs_CZ","og_type":"article","og_title":"V\u011b\u0159 - Joyce Meyer Ministries - Czech","og_description":"Je\u017e\u00ed\u0161 \u0159\u00edk\u00e1, \u017ee \u010dlov\u011bku se stane, jak uv\u011b\u0159il.","og_url":"https:\/\/tv.joycemeyer.org\/czech\/devotional\/ver-2\/","og_site_name":"Joyce Meyer Ministries - Czech","article_publisher":"https:\/\/www.facebook.com\/joycemeyerministriescesko\/","article_modified_time":"2023-09-05T11:34:57+00:00","og_image":[{"width":1800,"height":1050,"url":"https:\/\/tv.joycemeyer.org\/czech\/wp-content\/uploads\/sites\/67\/2023\/08\/3012.jpg","type":"image\/jpeg"}],"twitter_card":"summary_large_image","twitter_misc":{"Odhadovan\u00e1 doba \u010dten\u00ed":"1 minuta"},"schema":{"@context":"https:\/\/schema.org","@graph":[{"@type":"WebPage","@id":"https:\/\/tv.joycemeyer.org\/czech\/devotional\/ver-2\/","url":"https:\/\/tv.joycemeyer.org\/czech\/devotional\/ver-2\/","name":"V\u011b\u0159 - Joyce Meyer Ministries - Czech","isPartOf":{"@id":"https:\/\/tv.joycemeyer.org\/czech\/#website"},"primaryImageOfPage":{"@id":"https:\/\/tv.joycemeyer.org\/czech\/devotional\/ver-2\/#primaryimage"},"image":{"@id":"https:\/\/tv.joycemeyer.org\/czech\/devotional\/ver-2\/#primaryimage"},"thumbnailUrl":"https:\/\/tv.joycemeyer.org\/czech\/wp-content\/uploads\/sites\/67\/2023\/08\/3012.jpg","datePublished":"2023-09-05T00:01:04+00:00","dateModified":"2023-09-05T11:34:57+00:00","breadcrumb":{"@id":"https:\/\/tv.joycemeyer.org\/czech\/devotional\/ver-2\/#breadcrumb"},"inLanguage":"cs","potentialAction":[{"@type":"ReadAction","target":["https:\/\/tv.joycemeyer.org\/czech\/devotional\/ver-2\/"]}]},{"@type":"ImageObject","inLanguage":"cs","@id":"https:\/\/tv.joycemeyer.org\/czech\/devotional\/ver-2\/#primaryimage","url":"https:\/\/tv.joycemeyer.org\/czech\/wp-content\/uploads\/sites\/67\/2023\/08\/3012.jpg","contentUrl":"https:\/\/tv.joycemeyer.org\/czech\/wp-content\/uploads\/sites\/67\/2023\/08\/3012.jpg","width":1800,"height":1050,"caption":"V\u011b\u0159"},{"@type":"BreadcrumbList","@id":"https:\/\/tv.joycemeyer.org\/czech\/devotional\/ver-2\/#breadcrumb","itemListElement":[{"@type":"ListItem","position":1,"name":"Home","item":"https:\/\/tv.joycemeyer.org\/czech\/"},{"@type":"ListItem","position":2,"name":"Devotional","item":"https:\/\/tv.joycemeyer.org\/czech\/devotional\/"},{"@type":"ListItem","position":3,"name":"V\u011b\u0159"}]},{"@type":"WebSite","@id":"https:\/\/tv.joycemeyer.org\/czech\/#website","url":"https:\/\/tv.joycemeyer.org\/czech\/","name":"Joyce Meyer Ministries - Czech","description":"Sd\u00edlet se o Krista - milovat lidi","potentialAction":[{"@type":"SearchAction","target":{"@type":"EntryPoint","urlTemplate":"https:\/\/tv.joycemeyer.org\/czech\/?s={search_term_string}"},"query-input":{"@type":"PropertyValueSpecification","valueRequired":true,"valueName":"search_term_string"}}],"inLanguage":"cs"}]}},"_links":{"self":[{"href":"https:\/\/tv.joycemeyer.org\/czech\/wp-json\/wp\/v2\/devotional\/2582","targetHints":{"allow":["GET"]}}],"collection":[{"href":"https:\/\/tv.joycemeyer.org\/czech\/wp-json\/wp\/v2\/devotional"}],"about":[{"href":"https:\/\/tv.joycemeyer.org\/czech\/wp-json\/wp\/v2\/types\/devotional"}],"author":[{"embeddable":true,"href":"https:\/\/tv.joycemeyer.org\/czech\/wp-json\/wp\/v2\/users\/20"}],"replies":[{"embeddable":true,"href":"https:\/\/tv.joycemeyer.org\/czech\/wp-json\/wp\/v2\/comments?post=2582"}],"wp:featuredmedia":[{"embeddable":true,"href":"https:\/\/tv.joycemeyer.org\/czech\/wp-json\/wp\/v2\/media\/2583"}],"wp:attachment":[{"href":"https:\/\/tv.joycemeyer.org\/czech\/wp-json\/wp\/v2\/media?parent=2582"}],"curies":[{"name":"wp","href":"https:\/\/api.w.org\/{rel}","templated":true}]}}

Věř

<blockquote><p>Bez víry však není možné se mu zalíbit, protože ten, kdo přichází k Bohu, musí uvěřit, že Bůh je a že odplácí těm, kdo ho usilovně hledají. (Židům 11,6)</p></blockquote>
<p>Pozitivní věřící srdce je v našem vztahu s Bohem jedním z naprosto zásadních postojů. Může to znít divně, protože se nazýváme věřícími. Je snadné předpokládat, že všichni věřící věří, všimla jsem si ale, že existuje mnoho „nevěřících věřících“ s dobrými úmysly. Čas od času do tohoto stavu sklouzávám i já.</p>
<p>Ježíš říká, že člověku se stane, jak uvěřil (viz Matouš 8,13). Není to mocná myšlenka? Je úžasné, kolik toho Bůh v našem životě udělá, pokud budeme prostě a jednoduše věřit, že může a chce. Víra je rozhodnutí, které činíme. Kdykoli přestaneme věřit, ztrácíme klid a radost. Vytvoř si zvyk, že každý den ráno budeš vstávat s tím, že si budeš znovu a znovu opakovat: Věřím, věřím, věřím. Věřím, že s Boží pomocí mohu udělat vše, co pro mě Bůh připraví.</p>
<p>Když jsi v pokušení pochybovat, připomeň si, že jsi věřící, a věřící vždy věří! Víra se líbí Bohu a uvolňuje naplnění jeho zaslíbení ve tvém životě.</p>
<hr />
<h4>Když ztrácíš radost a pokoj, zkontroluj svou víru!</h4>

<p>Ježíš říká, že člověku se stane, jak uvěřil.</p>

<div class="post-featured-wrap"><img width="1024" height="597" src="https://tv.joycemeyer.org/czech/wp-content/uploads/sites/67/2023/08/3012-1024x597.jpg" class="post-featured wp-post-image" alt="Věř" decoding="async" srcset="https://tv.joycemeyer.org/czech/wp-content/uploads/sites/67/2023/08/3012-1024x597.jpg 1024w, https://tv.joycemeyer.org/czech/wp-content/uploads/sites/67/2023/08/3012-300x175.jpg 300w, https://tv.joycemeyer.org/czech/wp-content/uploads/sites/67/2023/08/3012-768x448.jpg 768w, https://tv.joycemeyer.org/czech/wp-content/uploads/sites/67/2023/08/3012-1536x896.jpg 1536w, https://tv.joycemeyer.org/czech/wp-content/uploads/sites/67/2023/08/3012.jpg 1800w" sizes="(max-width: 1024px) 100vw, 1024px" /></div>

<!-- This site is optimized with the Yoast SEO plugin v27.4 - https://yoast.com/product/yoast-seo-wordpress/ -->
<title>Věř - Joyce Meyer Ministries - Czech</title>
<meta name="robots" content="index, follow, max-snippet:-1, max-image-preview:large, max-video-preview:-1" />
<link rel="canonical" href="https://tv.joycemeyer.org/czech/devotional/ver-2/" />
<meta property="og:locale" content="cs_CZ" />
<meta property="og:type" content="article" />
<meta property="og:title" content="Věř - Joyce Meyer Ministries - Czech" />
<meta property="og:description" content="Ježíš říká, že člověku se stane, jak uvěřil." />
<meta property="og:url" content="https://tv.joycemeyer.org/czech/devotional/ver-2/" />
<meta property="og:site_name" content="Joyce Meyer Ministries - Czech" />
<meta property="article:publisher" content="https://www.facebook.com/joycemeyerministriescesko/" />
<meta property="article:modified_time" content="2023-09-05T11:34:57+00:00" />
<meta property="og:image" content="https://tv.joycemeyer.org/czech/wp-content/uploads/sites/67/2023/08/3012.jpg" />
	<meta property="og:image:width" content="1800" />
	<meta property="og:image:height" content="1050" />
	<meta property="og:image:type" content="image/jpeg" />
<meta name="twitter:card" content="summary_large_image" />
<meta name="twitter:label1" content="Odhadovaná doba čtení" />
	<meta name="twitter:data1" content="1 minuta" />
<script type="application/ld+json" class="yoast-schema-graph">{"@context":"https:\/\/schema.org","@graph":[{"@type":"WebPage","@id":"https:\/\/tv.joycemeyer.org\/czech\/devotional\/ver-2\/","url":"https:\/\/tv.joycemeyer.org\/czech\/devotional\/ver-2\/","name":"Věř - Joyce Meyer Ministries - Czech","isPartOf":{"@id":"https:\/\/tv.joycemeyer.org\/czech\/#website"},"primaryImageOfPage":{"@id":"https:\/\/tv.joycemeyer.org\/czech\/devotional\/ver-2\/#primaryimage"},"image":{"@id":"https:\/\/tv.joycemeyer.org\/czech\/devotional\/ver-2\/#primaryimage"},"thumbnailUrl":"https:\/\/tv.joycemeyer.org\/czech\/wp-content\/uploads\/sites\/67\/2023\/08\/3012.jpg","datePublished":"2023-09-05T00:01:04+00:00","dateModified":"2023-09-05T11:34:57+00:00","breadcrumb":{"@id":"https:\/\/tv.joycemeyer.org\/czech\/devotional\/ver-2\/#breadcrumb"},"inLanguage":"cs","potentialAction":[{"@type":"ReadAction","target":["https:\/\/tv.joycemeyer.org\/czech\/devotional\/ver-2\/"]}]},{"@type":"ImageObject","inLanguage":"cs","@id":"https:\/\/tv.joycemeyer.org\/czech\/devotional\/ver-2\/#primaryimage","url":"https:\/\/tv.joycemeyer.org\/czech\/wp-content\/uploads\/sites\/67\/2023\/08\/3012.jpg","contentUrl":"https:\/\/tv.joycemeyer.org\/czech\/wp-content\/uploads\/sites\/67\/2023\/08\/3012.jpg","width":1800,"height":1050,"caption":"Věř"},{"@type":"BreadcrumbList","@id":"https:\/\/tv.joycemeyer.org\/czech\/devotional\/ver-2\/#breadcrumb","itemListElement":[{"@type":"ListItem","position":1,"name":"Home","item":"https:\/\/tv.joycemeyer.org\/czech\/"},{"@type":"ListItem","position":2,"name":"Devotional","item":"https:\/\/tv.joycemeyer.org\/czech\/devotional\/"},{"@type":"ListItem","position":3,"name":"Věř"}]},{"@type":"WebSite","@id":"https:\/\/tv.joycemeyer.org\/czech\/#website","url":"https:\/\/tv.joycemeyer.org\/czech\/","name":"Joyce Meyer Ministries - Czech","description":"Sdílet se o Krista - milovat lidi","potentialAction":[{"@type":"SearchAction","target":{"@type":"EntryPoint","urlTemplate":"https:\/\/tv.joycemeyer.org\/czech\/?s={search_term_string}"},"query-input":{"@type":"PropertyValueSpecification","valueRequired":true,"valueName":"search_term_string"}}],"inLanguage":"cs"}]}</script>
<!-- / Yoast SEO plugin. -->

Věř - Joyce Meyer Ministries - Czech

Ježíš říká, že člověku se stane, jak uvěřil.

Sdílet se o Krista - milovat lidi
