{"id":2797,"date":"2023-12-12T00:01:29","date_gmt":"2023-12-12T00:01:29","guid":{"rendered":"https:\/\/tv.joycemeyer.org\/czech\/?post_type=devotional&#038;p=2797"},"modified":"2023-12-12T12:28:29","modified_gmt":"2023-12-12T12:28:29","slug":"bud-ve-strehu-a-modli-se","status":"publish","type":"devotional","link":"https:\/\/tv.joycemeyer.org\/czech\/devotional\/bud-ve-strehu-a-modli-se\/","title":{"rendered":"Bu\u010f ve st\u0159ehu a modli se"},"content":{"rendered":"<blockquote><p>Bd\u011bte a modlete se, abyste neve\u0161li do poku\u0161en\u00ed. Duch je sice ochotn\u00fd, ale t\u011blo slab\u00e9. (Matou\u0161 26,41)<\/p><\/blockquote>\n<p>Strach je satan\u016fv zp\u016fsob, jak n\u00e1m zabr\u00e1nit j\u00edt vp\u0159ed a radovat se ze \u017eivota, za n\u011bj\u017e Je\u017e\u00ed\u0161 zem\u0159el. \u010cas od \u010dasu za\u00fato\u010d\u00ed na ka\u017ed\u00e9ho z n\u00e1s. Strach ale neodpov\u00edd\u00e1 realit\u011b. Je to fale\u0161n\u00fd d\u016fkaz, kter\u00fd se tv\u00e1\u0159\u00ed jako skute\u010dn\u00fd.<\/p>\n<p>Strach je s\u00edla, kter\u00e1 dok\u00e1\u017ee oslabit n\u00e1\u0161 \u017eivot, jestli\u017ee se mu podd\u00e1me. B\u016fh n\u00e1s naopak chce pos\u00edlit, pokud se s n\u00edm spoj\u00edme v modlitb\u011b. Prost\u0159ednictv\u00edm modlitby se uvol\u0148uje v\u00edra, kter\u00e1 p\u0159in\u00e1\u0161\u00ed do na\u0161eho \u017eivota obrovskou s\u00edlu.<\/p>\n<p>Bible n\u00e1s u\u010d\u00ed, abychom \u201ebd\u011bli a modlili se\u201c. S Bo\u017e\u00ed pomoc\u00ed m\u016f\u017eeme sledovat sami sebe a okolnosti, kter\u00e9 n\u00e1s obklopuj\u00ed, a b\u00fdt ve st\u0159ehu p\u0159ed \u00fatoky, je\u017e nep\u0159\u00edtel podnik\u00e1 proti na\u0161\u00ed mysli a emoc\u00edm. Jakmile si tyto \u00fatoky uv\u011bdom\u00edme, m\u016f\u017eeme se okam\u017eit\u011b v modlitb\u011b obr\u00e1tit k Bohu. On je n\u00e1\u0161 pevn\u00fd hrad, a kdy\u017e jsme v n\u011bm, nemus\u00edme se ni\u010deho b\u00e1t.<\/p>\n<p>Nejlep\u0161\u00ed zp\u016fsob, jak odolat \u010f\u00e1blu, je modlit se. Up\u0159\u00edmn\u00e9 a opravdov\u00e9 modlitby n\u00e1s p\u0159ibli\u017euj\u00ed k Bohu. A \u010d\u00edm bl\u00ed\u017e jsme Bohu, t\u00edm snaz\u0161\u00ed je zbavit se strachu.<\/p>\n<hr \/>\n<h4>Za v\u0161echno se modli a ni\u010deho se neboj. Kdy\u017e strach zaklepe na tv\u00e9 dve\u0159e, a\u0165 mu otev\u0159e v\u00edra!<\/h4>\n","protected":false},"excerpt":{"rendered":"<p>S Bo\u017e\u00ed pomoc\u00ed m\u016f\u017eeme sledovat sami sebe a okolnosti, kter\u00e9 n\u00e1s obklopuj\u00ed, a b\u00fdt ve st\u0159ehu p\u0159ed \u00fatoky, je\u017e nep\u0159\u00edtel podnik\u00e1 proti na\u0161\u00ed mysli a emoc\u00edm.<\/p>\n","protected":false},"author":20,"featured_media":2798,"parent":0,"menu_order":0,"comment_status":"closed","ping_status":"closed","template":"","class_list":["post-2797","devotional","type-devotional","status-publish","has-post-thumbnail","hentry"],"acf":[],"appp":{"post_detail":{"above_title":"<div class=\"post-featured-wrap\"><img width=\"683\" height=\"1024\" src=\"https:\/\/tv.joycemeyer.org\/czech\/wp-content\/uploads\/sites\/67\/2023\/12\/3519L-683x1024.jpg\" class=\"post-featured wp-post-image\" alt=\"Bu\u010f ve st\u0159ehu a modli se\" decoding=\"async\" srcset=\"https:\/\/tv.joycemeyer.org\/czech\/wp-content\/uploads\/sites\/67\/2023\/12\/3519L-683x1024.jpg 683w, https:\/\/tv.joycemeyer.org\/czech\/wp-content\/uploads\/sites\/67\/2023\/12\/3519L-200x300.jpg 200w, https:\/\/tv.joycemeyer.org\/czech\/wp-content\/uploads\/sites\/67\/2023\/12\/3519L-768x1152.jpg 768w, https:\/\/tv.joycemeyer.org\/czech\/wp-content\/uploads\/sites\/67\/2023\/12\/3519L.jpg 960w\" sizes=\"(max-width: 683px) 100vw, 683px\" \/><\/div>","below_content":""}},"yoast_head":"<!-- This site is optimized with the Yoast SEO plugin v27.4 - https:\/\/yoast.com\/product\/yoast-seo-wordpress\/ -->\n<title>Bu\u010f ve st\u0159ehu a modli se - Joyce Meyer Ministries - Czech<\/title>\n<meta name=\"robots\" content=\"index, follow, max-snippet:-1, max-image-preview:large, max-video-preview:-1\" \/>\n<link rel=\"canonical\" href=\"https:\/\/tv.joycemeyer.org\/czech\/devotional\/bud-ve-strehu-a-modli-se\/\" \/>\n<meta property=\"og:locale\" content=\"cs_CZ\" \/>\n<meta property=\"og:type\" content=\"article\" \/>\n<meta property=\"og:title\" content=\"Bu\u010f ve st\u0159ehu a modli se - Joyce Meyer Ministries - Czech\" \/>\n<meta property=\"og:description\" content=\"S Bo\u017e\u00ed pomoc\u00ed m\u016f\u017eeme sledovat sami sebe a okolnosti, kter\u00e9 n\u00e1s obklopuj\u00ed, a b\u00fdt ve st\u0159ehu p\u0159ed \u00fatoky, je\u017e nep\u0159\u00edtel podnik\u00e1 proti na\u0161\u00ed mysli a emoc\u00edm.\" \/>\n<meta property=\"og:url\" content=\"https:\/\/tv.joycemeyer.org\/czech\/devotional\/bud-ve-strehu-a-modli-se\/\" \/>\n<meta property=\"og:site_name\" content=\"Joyce Meyer Ministries - Czech\" \/>\n<meta property=\"article:publisher\" content=\"https:\/\/www.facebook.com\/joycemeyerministriescesko\/\" \/>\n<meta property=\"article:modified_time\" content=\"2023-12-12T12:28:29+00:00\" \/>\n<meta property=\"og:image\" content=\"https:\/\/tv.joycemeyer.org\/czech\/wp-content\/uploads\/sites\/67\/2023\/12\/3519L.jpg\" \/>\n\t<meta property=\"og:image:width\" content=\"960\" \/>\n\t<meta property=\"og:image:height\" content=\"1440\" \/>\n\t<meta property=\"og:image:type\" content=\"image\/jpeg\" \/>\n<meta name=\"twitter:card\" content=\"summary_large_image\" \/>\n<meta name=\"twitter:label1\" content=\"Odhadovan\u00e1 doba \u010dten\u00ed\" \/>\n\t<meta name=\"twitter:data1\" content=\"1 minuta\" \/>\n<script type=\"application\/ld+json\" class=\"yoast-schema-graph\">{\"@context\":\"https:\\\/\\\/schema.org\",\"@graph\":[{\"@type\":\"WebPage\",\"@id\":\"https:\\\/\\\/tv.joycemeyer.org\\\/czech\\\/devotional\\\/bud-ve-strehu-a-modli-se\\\/\",\"url\":\"https:\\\/\\\/tv.joycemeyer.org\\\/czech\\\/devotional\\\/bud-ve-strehu-a-modli-se\\\/\",\"name\":\"Bu\u010f ve st\u0159ehu a modli se - Joyce Meyer Ministries - Czech\",\"isPartOf\":{\"@id\":\"https:\\\/\\\/tv.joycemeyer.org\\\/czech\\\/#website\"},\"primaryImageOfPage\":{\"@id\":\"https:\\\/\\\/tv.joycemeyer.org\\\/czech\\\/devotional\\\/bud-ve-strehu-a-modli-se\\\/#primaryimage\"},\"image\":{\"@id\":\"https:\\\/\\\/tv.joycemeyer.org\\\/czech\\\/devotional\\\/bud-ve-strehu-a-modli-se\\\/#primaryimage\"},\"thumbnailUrl\":\"https:\\\/\\\/tv.joycemeyer.org\\\/czech\\\/wp-content\\\/uploads\\\/sites\\\/67\\\/2023\\\/12\\\/3519L.jpg\",\"datePublished\":\"2023-12-12T00:01:29+00:00\",\"dateModified\":\"2023-12-12T12:28:29+00:00\",\"breadcrumb\":{\"@id\":\"https:\\\/\\\/tv.joycemeyer.org\\\/czech\\\/devotional\\\/bud-ve-strehu-a-modli-se\\\/#breadcrumb\"},\"inLanguage\":\"cs\",\"potentialAction\":[{\"@type\":\"ReadAction\",\"target\":[\"https:\\\/\\\/tv.joycemeyer.org\\\/czech\\\/devotional\\\/bud-ve-strehu-a-modli-se\\\/\"]}]},{\"@type\":\"ImageObject\",\"inLanguage\":\"cs\",\"@id\":\"https:\\\/\\\/tv.joycemeyer.org\\\/czech\\\/devotional\\\/bud-ve-strehu-a-modli-se\\\/#primaryimage\",\"url\":\"https:\\\/\\\/tv.joycemeyer.org\\\/czech\\\/wp-content\\\/uploads\\\/sites\\\/67\\\/2023\\\/12\\\/3519L.jpg\",\"contentUrl\":\"https:\\\/\\\/tv.joycemeyer.org\\\/czech\\\/wp-content\\\/uploads\\\/sites\\\/67\\\/2023\\\/12\\\/3519L.jpg\",\"width\":960,\"height\":1440,\"caption\":\"Bu\u010f ve st\u0159ehu a modli se\"},{\"@type\":\"BreadcrumbList\",\"@id\":\"https:\\\/\\\/tv.joycemeyer.org\\\/czech\\\/devotional\\\/bud-ve-strehu-a-modli-se\\\/#breadcrumb\",\"itemListElement\":[{\"@type\":\"ListItem\",\"position\":1,\"name\":\"Home\",\"item\":\"https:\\\/\\\/tv.joycemeyer.org\\\/czech\\\/\"},{\"@type\":\"ListItem\",\"position\":2,\"name\":\"Devotional\",\"item\":\"https:\\\/\\\/tv.joycemeyer.org\\\/czech\\\/devotional\\\/\"},{\"@type\":\"ListItem\",\"position\":3,\"name\":\"Bu\u010f ve st\u0159ehu a modli se\"}]},{\"@type\":\"WebSite\",\"@id\":\"https:\\\/\\\/tv.joycemeyer.org\\\/czech\\\/#website\",\"url\":\"https:\\\/\\\/tv.joycemeyer.org\\\/czech\\\/\",\"name\":\"Joyce Meyer Ministries - Czech\",\"description\":\"Sd\u00edlet se o Krista - milovat lidi\",\"potentialAction\":[{\"@type\":\"SearchAction\",\"target\":{\"@type\":\"EntryPoint\",\"urlTemplate\":\"https:\\\/\\\/tv.joycemeyer.org\\\/czech\\\/?s={search_term_string}\"},\"query-input\":{\"@type\":\"PropertyValueSpecification\",\"valueRequired\":true,\"valueName\":\"search_term_string\"}}],\"inLanguage\":\"cs\"}]}<\/script>\n<!-- \/ Yoast SEO plugin. -->","yoast_head_json":{"title":"Bu\u010f ve st\u0159ehu a modli se - Joyce Meyer Ministries - Czech","robots":{"index":"index","follow":"follow","max-snippet":"max-snippet:-1","max-image-preview":"max-image-preview:large","max-video-preview":"max-video-preview:-1"},"canonical":"https:\/\/tv.joycemeyer.org\/czech\/devotional\/bud-ve-strehu-a-modli-se\/","og_locale":"cs_CZ","og_type":"article","og_title":"Bu\u010f ve st\u0159ehu a modli se - Joyce Meyer Ministries - Czech","og_description":"S Bo\u017e\u00ed pomoc\u00ed m\u016f\u017eeme sledovat sami sebe a okolnosti, kter\u00e9 n\u00e1s obklopuj\u00ed, a b\u00fdt ve st\u0159ehu p\u0159ed \u00fatoky, je\u017e nep\u0159\u00edtel podnik\u00e1 proti na\u0161\u00ed mysli a emoc\u00edm.","og_url":"https:\/\/tv.joycemeyer.org\/czech\/devotional\/bud-ve-strehu-a-modli-se\/","og_site_name":"Joyce Meyer Ministries - Czech","article_publisher":"https:\/\/www.facebook.com\/joycemeyerministriescesko\/","article_modified_time":"2023-12-12T12:28:29+00:00","og_image":[{"width":960,"height":1440,"url":"https:\/\/tv.joycemeyer.org\/czech\/wp-content\/uploads\/sites\/67\/2023\/12\/3519L.jpg","type":"image\/jpeg"}],"twitter_card":"summary_large_image","twitter_misc":{"Odhadovan\u00e1 doba \u010dten\u00ed":"1 minuta"},"schema":{"@context":"https:\/\/schema.org","@graph":[{"@type":"WebPage","@id":"https:\/\/tv.joycemeyer.org\/czech\/devotional\/bud-ve-strehu-a-modli-se\/","url":"https:\/\/tv.joycemeyer.org\/czech\/devotional\/bud-ve-strehu-a-modli-se\/","name":"Bu\u010f ve st\u0159ehu a modli se - Joyce Meyer Ministries - Czech","isPartOf":{"@id":"https:\/\/tv.joycemeyer.org\/czech\/#website"},"primaryImageOfPage":{"@id":"https:\/\/tv.joycemeyer.org\/czech\/devotional\/bud-ve-strehu-a-modli-se\/#primaryimage"},"image":{"@id":"https:\/\/tv.joycemeyer.org\/czech\/devotional\/bud-ve-strehu-a-modli-se\/#primaryimage"},"thumbnailUrl":"https:\/\/tv.joycemeyer.org\/czech\/wp-content\/uploads\/sites\/67\/2023\/12\/3519L.jpg","datePublished":"2023-12-12T00:01:29+00:00","dateModified":"2023-12-12T12:28:29+00:00","breadcrumb":{"@id":"https:\/\/tv.joycemeyer.org\/czech\/devotional\/bud-ve-strehu-a-modli-se\/#breadcrumb"},"inLanguage":"cs","potentialAction":[{"@type":"ReadAction","target":["https:\/\/tv.joycemeyer.org\/czech\/devotional\/bud-ve-strehu-a-modli-se\/"]}]},{"@type":"ImageObject","inLanguage":"cs","@id":"https:\/\/tv.joycemeyer.org\/czech\/devotional\/bud-ve-strehu-a-modli-se\/#primaryimage","url":"https:\/\/tv.joycemeyer.org\/czech\/wp-content\/uploads\/sites\/67\/2023\/12\/3519L.jpg","contentUrl":"https:\/\/tv.joycemeyer.org\/czech\/wp-content\/uploads\/sites\/67\/2023\/12\/3519L.jpg","width":960,"height":1440,"caption":"Bu\u010f ve st\u0159ehu a modli se"},{"@type":"BreadcrumbList","@id":"https:\/\/tv.joycemeyer.org\/czech\/devotional\/bud-ve-strehu-a-modli-se\/#breadcrumb","itemListElement":[{"@type":"ListItem","position":1,"name":"Home","item":"https:\/\/tv.joycemeyer.org\/czech\/"},{"@type":"ListItem","position":2,"name":"Devotional","item":"https:\/\/tv.joycemeyer.org\/czech\/devotional\/"},{"@type":"ListItem","position":3,"name":"Bu\u010f ve st\u0159ehu a modli se"}]},{"@type":"WebSite","@id":"https:\/\/tv.joycemeyer.org\/czech\/#website","url":"https:\/\/tv.joycemeyer.org\/czech\/","name":"Joyce Meyer Ministries - Czech","description":"Sd\u00edlet se o Krista - milovat lidi","potentialAction":[{"@type":"SearchAction","target":{"@type":"EntryPoint","urlTemplate":"https:\/\/tv.joycemeyer.org\/czech\/?s={search_term_string}"},"query-input":{"@type":"PropertyValueSpecification","valueRequired":true,"valueName":"search_term_string"}}],"inLanguage":"cs"}]}},"_links":{"self":[{"href":"https:\/\/tv.joycemeyer.org\/czech\/wp-json\/wp\/v2\/devotional\/2797","targetHints":{"allow":["GET"]}}],"collection":[{"href":"https:\/\/tv.joycemeyer.org\/czech\/wp-json\/wp\/v2\/devotional"}],"about":[{"href":"https:\/\/tv.joycemeyer.org\/czech\/wp-json\/wp\/v2\/types\/devotional"}],"author":[{"embeddable":true,"href":"https:\/\/tv.joycemeyer.org\/czech\/wp-json\/wp\/v2\/users\/20"}],"replies":[{"embeddable":true,"href":"https:\/\/tv.joycemeyer.org\/czech\/wp-json\/wp\/v2\/comments?post=2797"}],"wp:featuredmedia":[{"embeddable":true,"href":"https:\/\/tv.joycemeyer.org\/czech\/wp-json\/wp\/v2\/media\/2798"}],"wp:attachment":[{"href":"https:\/\/tv.joycemeyer.org\/czech\/wp-json\/wp\/v2\/media?parent=2797"}],"curies":[{"name":"wp","href":"https:\/\/api.w.org\/{rel}","templated":true}]}}

Buď ve střehu a modli se

<blockquote><p>Bděte a modlete se, abyste nevešli do pokušení. Duch je sice ochotný, ale tělo slabé. (Matouš 26,41)</p></blockquote>
<p>Strach je satanův způsob, jak nám zabránit jít vpřed a radovat se ze života, za nějž Ježíš zemřel. Čas od času zaútočí na každého z nás. Strach ale neodpovídá realitě. Je to falešný důkaz, který se tváří jako skutečný.</p>
<p>Strach je síla, která dokáže oslabit náš život, jestliže se mu poddáme. Bůh nás naopak chce posílit, pokud se s ním spojíme v modlitbě. Prostřednictvím modlitby se uvolňuje víra, která přináší do našeho života obrovskou sílu.</p>
<p>Bible nás učí, abychom „bděli a modlili se“. S Boží pomocí můžeme sledovat sami sebe a okolnosti, které nás obklopují, a být ve střehu před útoky, jež nepřítel podniká proti naší mysli a emocím. Jakmile si tyto útoky uvědomíme, můžeme se okamžitě v modlitbě obrátit k Bohu. On je náš pevný hrad, a když jsme v něm, nemusíme se ničeho bát.</p>
<p>Nejlepší způsob, jak odolat ďáblu, je modlit se. Upřímné a opravdové modlitby nás přibližují k Bohu. A čím blíž jsme Bohu, tím snazší je zbavit se strachu.</p>
<hr />
<h4>Za všechno se modli a ničeho se neboj. Když strach zaklepe na tvé dveře, ať mu otevře víra!</h4>

<p>S Boží pomocí můžeme sledovat sami sebe a okolnosti, které nás obklopují, a být ve střehu před útoky, jež nepřítel podniká proti naší mysli a emocím.</p>

<div class="post-featured-wrap"><img width="683" height="1024" src="https://tv.joycemeyer.org/czech/wp-content/uploads/sites/67/2023/12/3519L-683x1024.jpg" class="post-featured wp-post-image" alt="Buď ve střehu a modli se" decoding="async" srcset="https://tv.joycemeyer.org/czech/wp-content/uploads/sites/67/2023/12/3519L-683x1024.jpg 683w, https://tv.joycemeyer.org/czech/wp-content/uploads/sites/67/2023/12/3519L-200x300.jpg 200w, https://tv.joycemeyer.org/czech/wp-content/uploads/sites/67/2023/12/3519L-768x1152.jpg 768w, https://tv.joycemeyer.org/czech/wp-content/uploads/sites/67/2023/12/3519L.jpg 960w" sizes="(max-width: 683px) 100vw, 683px" /></div>

<!-- This site is optimized with the Yoast SEO plugin v27.4 - https://yoast.com/product/yoast-seo-wordpress/ -->
<title>Buď ve střehu a modli se - Joyce Meyer Ministries - Czech</title>
<meta name="robots" content="index, follow, max-snippet:-1, max-image-preview:large, max-video-preview:-1" />
<link rel="canonical" href="https://tv.joycemeyer.org/czech/devotional/bud-ve-strehu-a-modli-se/" />
<meta property="og:locale" content="cs_CZ" />
<meta property="og:type" content="article" />
<meta property="og:title" content="Buď ve střehu a modli se - Joyce Meyer Ministries - Czech" />
<meta property="og:description" content="S Boží pomocí můžeme sledovat sami sebe a okolnosti, které nás obklopují, a být ve střehu před útoky, jež nepřítel podniká proti naší mysli a emocím." />
<meta property="og:url" content="https://tv.joycemeyer.org/czech/devotional/bud-ve-strehu-a-modli-se/" />
<meta property="og:site_name" content="Joyce Meyer Ministries - Czech" />
<meta property="article:publisher" content="https://www.facebook.com/joycemeyerministriescesko/" />
<meta property="article:modified_time" content="2023-12-12T12:28:29+00:00" />
<meta property="og:image" content="https://tv.joycemeyer.org/czech/wp-content/uploads/sites/67/2023/12/3519L.jpg" />
	<meta property="og:image:width" content="960" />
	<meta property="og:image:height" content="1440" />
	<meta property="og:image:type" content="image/jpeg" />
<meta name="twitter:card" content="summary_large_image" />
<meta name="twitter:label1" content="Odhadovaná doba čtení" />
	<meta name="twitter:data1" content="1 minuta" />
<script type="application/ld+json" class="yoast-schema-graph">{"@context":"https:\/\/schema.org","@graph":[{"@type":"WebPage","@id":"https:\/\/tv.joycemeyer.org\/czech\/devotional\/bud-ve-strehu-a-modli-se\/","url":"https:\/\/tv.joycemeyer.org\/czech\/devotional\/bud-ve-strehu-a-modli-se\/","name":"Buď ve střehu a modli se - Joyce Meyer Ministries - Czech","isPartOf":{"@id":"https:\/\/tv.joycemeyer.org\/czech\/#website"},"primaryImageOfPage":{"@id":"https:\/\/tv.joycemeyer.org\/czech\/devotional\/bud-ve-strehu-a-modli-se\/#primaryimage"},"image":{"@id":"https:\/\/tv.joycemeyer.org\/czech\/devotional\/bud-ve-strehu-a-modli-se\/#primaryimage"},"thumbnailUrl":"https:\/\/tv.joycemeyer.org\/czech\/wp-content\/uploads\/sites\/67\/2023\/12\/3519L.jpg","datePublished":"2023-12-12T00:01:29+00:00","dateModified":"2023-12-12T12:28:29+00:00","breadcrumb":{"@id":"https:\/\/tv.joycemeyer.org\/czech\/devotional\/bud-ve-strehu-a-modli-se\/#breadcrumb"},"inLanguage":"cs","potentialAction":[{"@type":"ReadAction","target":["https:\/\/tv.joycemeyer.org\/czech\/devotional\/bud-ve-strehu-a-modli-se\/"]}]},{"@type":"ImageObject","inLanguage":"cs","@id":"https:\/\/tv.joycemeyer.org\/czech\/devotional\/bud-ve-strehu-a-modli-se\/#primaryimage","url":"https:\/\/tv.joycemeyer.org\/czech\/wp-content\/uploads\/sites\/67\/2023\/12\/3519L.jpg","contentUrl":"https:\/\/tv.joycemeyer.org\/czech\/wp-content\/uploads\/sites\/67\/2023\/12\/3519L.jpg","width":960,"height":1440,"caption":"Buď ve střehu a modli se"},{"@type":"BreadcrumbList","@id":"https:\/\/tv.joycemeyer.org\/czech\/devotional\/bud-ve-strehu-a-modli-se\/#breadcrumb","itemListElement":[{"@type":"ListItem","position":1,"name":"Home","item":"https:\/\/tv.joycemeyer.org\/czech\/"},{"@type":"ListItem","position":2,"name":"Devotional","item":"https:\/\/tv.joycemeyer.org\/czech\/devotional\/"},{"@type":"ListItem","position":3,"name":"Buď ve střehu a modli se"}]},{"@type":"WebSite","@id":"https:\/\/tv.joycemeyer.org\/czech\/#website","url":"https:\/\/tv.joycemeyer.org\/czech\/","name":"Joyce Meyer Ministries - Czech","description":"Sdílet se o Krista - milovat lidi","potentialAction":[{"@type":"SearchAction","target":{"@type":"EntryPoint","urlTemplate":"https:\/\/tv.joycemeyer.org\/czech\/?s={search_term_string}"},"query-input":{"@type":"PropertyValueSpecification","valueRequired":true,"valueName":"search_term_string"}}],"inLanguage":"cs"}]}</script>
<!-- / Yoast SEO plugin. -->

Buď ve střehu a modli se - Joyce Meyer Ministries - Czech

S Boží pomocí můžeme sledovat sami sebe a okolnosti, které nás obklopují, a být ve střehu před útoky, jež nepřítel podniká proti naší mysli a emocím.

Sdílet se o Krista - milovat lidi
