{"id":2884,"date":"2026-04-03T00:01:39","date_gmt":"2026-04-03T00:01:39","guid":{"rendered":"https:\/\/tv.joycemeyer.org\/czech\/?post_type=devotional&#038;p=2884"},"modified":"2025-11-19T15:14:24","modified_gmt":"2025-11-19T15:14:24","slug":"ocekavejme-na-boha-2","status":"publish","type":"devotional","link":"https:\/\/tv.joycemeyer.org\/czech\/devotional\/ocekavejme-na-boha-2\/","title":{"rendered":"O\u010dek\u00e1vejme na Boha"},"content":{"rendered":"<blockquote><p>Ale ti, kdo o\u010dek\u00e1vaj\u00ed na Hospodina, nab\u00fdvaj\u00ed nov\u00e9 s\u00edly, vzn\u00e1\u0161ej\u00ed se na k\u0159\u00eddlech jako orli; b\u011b\u017e\u00ed, a neunav\u00ed se, chod\u00ed, a neochabnou. Izaj\u00e1\u0161 40,31<\/p><\/blockquote>\n<p>Lid\u00e9 se mne \u010dasto ptaj\u00ed: \u201eJak rozpozn\u00e1m Bo\u017e\u00ed hlas od sv\u00fdch vlastn\u00edch my\u0161lenek?\u201c<\/p>\n<p>V\u011b\u0159\u00edm, \u017ee kl\u00ed\u010dem je o\u010dek\u00e1vat na Boha. \u010casto s d\u016fle\u017eit\u00fdmi rozhodnut\u00edmi velmi sp\u011bch\u00e1me. Chceme n\u011bco ud\u011blat a to co nejrychleji! Bo\u017e\u00ed moudrost n\u00e1s v\u0161ak u\u010d\u00ed, \u017ee m\u00e1me po\u010dkat, dokud si nebudeme jisti, jak m\u00e1me jednat, a \u010demu se vyhnout.<\/p>\n<p>V\u0161ichni se mus\u00edme nau\u010dit ud\u011blat krok zp\u011bt a pod\u00edvat se na danou situaci z Bo\u017e\u00ed perspektivy. Teprve tehdy se budeme moci rozhodovat v souladu s Bo\u017e\u00ed v\u016fl\u00ed.<\/p>\n<p>S\u00edla je v o\u010dek\u00e1v\u00e1n\u00ed. Kdy\u017e o\u010dek\u00e1v\u00e1me na Boha, c\u00edt\u00edme v hloubi sv\u00e9ho ducha, co od n\u00e1s B\u016fh skute\u010dn\u011b o\u010dek\u00e1v\u00e1. Tehdy budeme moci rozpoznat, co poch\u00e1z\u00ed pouze z na\u0161\u00ed mysli.<\/p>\n<p>Kdy\u017e m\u00e1me u\u010dinit obt\u00ed\u017en\u00e9 rozhodnut\u00ed, je moudr\u00e9 vy\u010dkat na jasnou odpov\u011b\u010f a teprve potom ud\u011blat krok, jinak bychom mohli sv\u00e9ho rozhodnut\u00ed pozd\u011bji litovat. Mo\u017en\u00e1 m\u00e1te nasp\u011bch a \u010dek\u00e1n\u00ed je nepohodln\u00e9. Nedovolte tlaku, aby byl siln\u011bj\u0161\u00ed ne\u017e moudrost a pozn\u00e1n\u00ed Boha.<\/p>\n<hr \/>\n<p>M\u016f\u017eete se za\u010d\u00edt modlit<\/p>\n<p>\u201eBo\u017ee, nechci usp\u011bchat rozhodnut\u00ed, kter\u00e9ho bych pozd\u011bji litoval, jen kv\u016fli moment\u00e1ln\u00edmu tlaku. P\u0159ipom\u00ednej mi ka\u017ed\u00fd den, \u017ee m\u00e1m o\u010dek\u00e1vat na Tebe. Z\u00edskat Tvou moudrost a pozn\u00e1n\u00ed stoj\u00ed za to, i kdy\u017e to nen\u00ed v\u017edy jednoduch\u00e9.\u201c<\/p>\n","protected":false},"excerpt":{"rendered":"<p>V\u0161ichni se mus\u00edme nau\u010dit ud\u011blat krok zp\u011bt a pod\u00edvat se na danou situaci z Bo\u017e\u00ed perspektivy.<\/p>\n","protected":false},"author":20,"featured_media":2885,"parent":0,"menu_order":0,"comment_status":"closed","ping_status":"closed","template":"","class_list":["post-2884","devotional","type-devotional","status-publish","has-post-thumbnail","hentry"],"acf":[],"appp":{"post_detail":{"above_title":"<div class=\"post-featured-wrap\"><img width=\"1024\" height=\"597\" src=\"https:\/\/tv.joycemeyer.org\/czech\/wp-content\/uploads\/sites\/67\/2019\/04\/2052-1024x597.jpg\" class=\"post-featured wp-post-image\" alt=\"O\u010dek\u00e1vejme na Boha\" decoding=\"async\" srcset=\"https:\/\/tv.joycemeyer.org\/czech\/wp-content\/uploads\/sites\/67\/2019\/04\/2052-1024x597.jpg 1024w, https:\/\/tv.joycemeyer.org\/czech\/wp-content\/uploads\/sites\/67\/2019\/04\/2052-300x175.jpg 300w, https:\/\/tv.joycemeyer.org\/czech\/wp-content\/uploads\/sites\/67\/2019\/04\/2052-768x448.jpg 768w, https:\/\/tv.joycemeyer.org\/czech\/wp-content\/uploads\/sites\/67\/2019\/04\/2052-1536x896.jpg 1536w, https:\/\/tv.joycemeyer.org\/czech\/wp-content\/uploads\/sites\/67\/2019\/04\/2052.jpg 1800w\" sizes=\"(max-width: 1024px) 100vw, 1024px\" \/><\/div>","below_content":"<div class=\"follow\"><h6 class=\"alt\">Spojte se s n\u00e1mi<\/h6><ul class=\"nav nav--social nav--flex\"><li class=\"menu-item facebook\"><a href=\"https:\/\/www.facebook.com\/joycemeyerministriescesko\/\" target=\"_blank\"><span class=\"visuallyhidden\">Facebook<\/span><\/a><\/li><\/ul><\/div>"}},"yoast_head":"<!-- This site is optimized with the Yoast SEO plugin v27.4 - https:\/\/yoast.com\/product\/yoast-seo-wordpress\/ -->\n<title>O\u010dek\u00e1vejme na Boha - Joyce Meyer Ministries - Czech<\/title>\n<meta name=\"robots\" content=\"index, follow, max-snippet:-1, max-image-preview:large, max-video-preview:-1\" \/>\n<link rel=\"canonical\" href=\"https:\/\/tv.joycemeyer.org\/czech\/devotional\/ocekavejme-na-boha-2\/\" \/>\n<meta property=\"og:locale\" content=\"cs_CZ\" \/>\n<meta property=\"og:type\" content=\"article\" \/>\n<meta property=\"og:title\" content=\"O\u010dek\u00e1vejme na Boha - Joyce Meyer Ministries - Czech\" \/>\n<meta property=\"og:description\" content=\"V\u0161ichni se mus\u00edme nau\u010dit ud\u011blat krok zp\u011bt a pod\u00edvat se na danou situaci z Bo\u017e\u00ed perspektivy.\" \/>\n<meta property=\"og:url\" content=\"https:\/\/tv.joycemeyer.org\/czech\/devotional\/ocekavejme-na-boha-2\/\" \/>\n<meta property=\"og:site_name\" content=\"Joyce Meyer Ministries - Czech\" \/>\n<meta property=\"article:publisher\" content=\"https:\/\/www.facebook.com\/joycemeyerministriescesko\/\" \/>\n<meta property=\"og:image\" content=\"https:\/\/tv.joycemeyer.org\/czech\/wp-content\/uploads\/sites\/67\/2019\/04\/2052.jpg\" \/>\n\t<meta property=\"og:image:width\" content=\"1800\" \/>\n\t<meta property=\"og:image:height\" content=\"1050\" \/>\n\t<meta property=\"og:image:type\" content=\"image\/jpeg\" \/>\n<meta name=\"twitter:card\" content=\"summary_large_image\" \/>\n<meta name=\"twitter:label1\" content=\"Odhadovan\u00e1 doba \u010dten\u00ed\" \/>\n\t<meta name=\"twitter:data1\" content=\"2 minuty\" \/>\n<script type=\"application\/ld+json\" class=\"yoast-schema-graph\">{\"@context\":\"https:\\\/\\\/schema.org\",\"@graph\":[{\"@type\":\"WebPage\",\"@id\":\"https:\\\/\\\/tv.joycemeyer.org\\\/czech\\\/devotional\\\/ocekavejme-na-boha-2\\\/\",\"url\":\"https:\\\/\\\/tv.joycemeyer.org\\\/czech\\\/devotional\\\/ocekavejme-na-boha-2\\\/\",\"name\":\"O\u010dek\u00e1vejme na Boha - Joyce Meyer Ministries - Czech\",\"isPartOf\":{\"@id\":\"https:\\\/\\\/tv.joycemeyer.org\\\/czech\\\/#website\"},\"primaryImageOfPage\":{\"@id\":\"https:\\\/\\\/tv.joycemeyer.org\\\/czech\\\/devotional\\\/ocekavejme-na-boha-2\\\/#primaryimage\"},\"image\":{\"@id\":\"https:\\\/\\\/tv.joycemeyer.org\\\/czech\\\/devotional\\\/ocekavejme-na-boha-2\\\/#primaryimage\"},\"thumbnailUrl\":\"https:\\\/\\\/tv.joycemeyer.org\\\/czech\\\/wp-content\\\/uploads\\\/sites\\\/67\\\/2019\\\/04\\\/2052.jpg\",\"datePublished\":\"2026-04-03T00:01:39+00:00\",\"breadcrumb\":{\"@id\":\"https:\\\/\\\/tv.joycemeyer.org\\\/czech\\\/devotional\\\/ocekavejme-na-boha-2\\\/#breadcrumb\"},\"inLanguage\":\"cs\",\"potentialAction\":[{\"@type\":\"ReadAction\",\"target\":[\"https:\\\/\\\/tv.joycemeyer.org\\\/czech\\\/devotional\\\/ocekavejme-na-boha-2\\\/\"]}]},{\"@type\":\"ImageObject\",\"inLanguage\":\"cs\",\"@id\":\"https:\\\/\\\/tv.joycemeyer.org\\\/czech\\\/devotional\\\/ocekavejme-na-boha-2\\\/#primaryimage\",\"url\":\"https:\\\/\\\/tv.joycemeyer.org\\\/czech\\\/wp-content\\\/uploads\\\/sites\\\/67\\\/2019\\\/04\\\/2052.jpg\",\"contentUrl\":\"https:\\\/\\\/tv.joycemeyer.org\\\/czech\\\/wp-content\\\/uploads\\\/sites\\\/67\\\/2019\\\/04\\\/2052.jpg\",\"width\":1800,\"height\":1050,\"caption\":\"O\u010dek\u00e1vejme na Boha\"},{\"@type\":\"BreadcrumbList\",\"@id\":\"https:\\\/\\\/tv.joycemeyer.org\\\/czech\\\/devotional\\\/ocekavejme-na-boha-2\\\/#breadcrumb\",\"itemListElement\":[{\"@type\":\"ListItem\",\"position\":1,\"name\":\"Home\",\"item\":\"https:\\\/\\\/tv.joycemeyer.org\\\/czech\\\/\"},{\"@type\":\"ListItem\",\"position\":2,\"name\":\"Devotional\",\"item\":\"https:\\\/\\\/tv.joycemeyer.org\\\/czech\\\/devotional\\\/\"},{\"@type\":\"ListItem\",\"position\":3,\"name\":\"O\u010dek\u00e1vejme na Boha\"}]},{\"@type\":\"WebSite\",\"@id\":\"https:\\\/\\\/tv.joycemeyer.org\\\/czech\\\/#website\",\"url\":\"https:\\\/\\\/tv.joycemeyer.org\\\/czech\\\/\",\"name\":\"Joyce Meyer Ministries - Czech\",\"description\":\"Sd\u00edlet se o Krista - milovat lidi\",\"potentialAction\":[{\"@type\":\"SearchAction\",\"target\":{\"@type\":\"EntryPoint\",\"urlTemplate\":\"https:\\\/\\\/tv.joycemeyer.org\\\/czech\\\/?s={search_term_string}\"},\"query-input\":{\"@type\":\"PropertyValueSpecification\",\"valueRequired\":true,\"valueName\":\"search_term_string\"}}],\"inLanguage\":\"cs\"}]}<\/script>\n<!-- \/ Yoast SEO plugin. -->","yoast_head_json":{"title":"O\u010dek\u00e1vejme na Boha - Joyce Meyer Ministries - Czech","robots":{"index":"index","follow":"follow","max-snippet":"max-snippet:-1","max-image-preview":"max-image-preview:large","max-video-preview":"max-video-preview:-1"},"canonical":"https:\/\/tv.joycemeyer.org\/czech\/devotional\/ocekavejme-na-boha-2\/","og_locale":"cs_CZ","og_type":"article","og_title":"O\u010dek\u00e1vejme na Boha - Joyce Meyer Ministries - Czech","og_description":"V\u0161ichni se mus\u00edme nau\u010dit ud\u011blat krok zp\u011bt a pod\u00edvat se na danou situaci z Bo\u017e\u00ed perspektivy.","og_url":"https:\/\/tv.joycemeyer.org\/czech\/devotional\/ocekavejme-na-boha-2\/","og_site_name":"Joyce Meyer Ministries - Czech","article_publisher":"https:\/\/www.facebook.com\/joycemeyerministriescesko\/","og_image":[{"width":1800,"height":1050,"url":"https:\/\/tv.joycemeyer.org\/czech\/wp-content\/uploads\/sites\/67\/2019\/04\/2052.jpg","type":"image\/jpeg"}],"twitter_card":"summary_large_image","twitter_misc":{"Odhadovan\u00e1 doba \u010dten\u00ed":"2 minuty"},"schema":{"@context":"https:\/\/schema.org","@graph":[{"@type":"WebPage","@id":"https:\/\/tv.joycemeyer.org\/czech\/devotional\/ocekavejme-na-boha-2\/","url":"https:\/\/tv.joycemeyer.org\/czech\/devotional\/ocekavejme-na-boha-2\/","name":"O\u010dek\u00e1vejme na Boha - Joyce Meyer Ministries - Czech","isPartOf":{"@id":"https:\/\/tv.joycemeyer.org\/czech\/#website"},"primaryImageOfPage":{"@id":"https:\/\/tv.joycemeyer.org\/czech\/devotional\/ocekavejme-na-boha-2\/#primaryimage"},"image":{"@id":"https:\/\/tv.joycemeyer.org\/czech\/devotional\/ocekavejme-na-boha-2\/#primaryimage"},"thumbnailUrl":"https:\/\/tv.joycemeyer.org\/czech\/wp-content\/uploads\/sites\/67\/2019\/04\/2052.jpg","datePublished":"2026-04-03T00:01:39+00:00","breadcrumb":{"@id":"https:\/\/tv.joycemeyer.org\/czech\/devotional\/ocekavejme-na-boha-2\/#breadcrumb"},"inLanguage":"cs","potentialAction":[{"@type":"ReadAction","target":["https:\/\/tv.joycemeyer.org\/czech\/devotional\/ocekavejme-na-boha-2\/"]}]},{"@type":"ImageObject","inLanguage":"cs","@id":"https:\/\/tv.joycemeyer.org\/czech\/devotional\/ocekavejme-na-boha-2\/#primaryimage","url":"https:\/\/tv.joycemeyer.org\/czech\/wp-content\/uploads\/sites\/67\/2019\/04\/2052.jpg","contentUrl":"https:\/\/tv.joycemeyer.org\/czech\/wp-content\/uploads\/sites\/67\/2019\/04\/2052.jpg","width":1800,"height":1050,"caption":"O\u010dek\u00e1vejme na Boha"},{"@type":"BreadcrumbList","@id":"https:\/\/tv.joycemeyer.org\/czech\/devotional\/ocekavejme-na-boha-2\/#breadcrumb","itemListElement":[{"@type":"ListItem","position":1,"name":"Home","item":"https:\/\/tv.joycemeyer.org\/czech\/"},{"@type":"ListItem","position":2,"name":"Devotional","item":"https:\/\/tv.joycemeyer.org\/czech\/devotional\/"},{"@type":"ListItem","position":3,"name":"O\u010dek\u00e1vejme na Boha"}]},{"@type":"WebSite","@id":"https:\/\/tv.joycemeyer.org\/czech\/#website","url":"https:\/\/tv.joycemeyer.org\/czech\/","name":"Joyce Meyer Ministries - Czech","description":"Sd\u00edlet se o Krista - milovat lidi","potentialAction":[{"@type":"SearchAction","target":{"@type":"EntryPoint","urlTemplate":"https:\/\/tv.joycemeyer.org\/czech\/?s={search_term_string}"},"query-input":{"@type":"PropertyValueSpecification","valueRequired":true,"valueName":"search_term_string"}}],"inLanguage":"cs"}]}},"_links":{"self":[{"href":"https:\/\/tv.joycemeyer.org\/czech\/wp-json\/wp\/v2\/devotional\/2884","targetHints":{"allow":["GET"]}}],"collection":[{"href":"https:\/\/tv.joycemeyer.org\/czech\/wp-json\/wp\/v2\/devotional"}],"about":[{"href":"https:\/\/tv.joycemeyer.org\/czech\/wp-json\/wp\/v2\/types\/devotional"}],"author":[{"embeddable":true,"href":"https:\/\/tv.joycemeyer.org\/czech\/wp-json\/wp\/v2\/users\/20"}],"replies":[{"embeddable":true,"href":"https:\/\/tv.joycemeyer.org\/czech\/wp-json\/wp\/v2\/comments?post=2884"}],"wp:featuredmedia":[{"embeddable":true,"href":"https:\/\/tv.joycemeyer.org\/czech\/wp-json\/wp\/v2\/media\/2885"}],"wp:attachment":[{"href":"https:\/\/tv.joycemeyer.org\/czech\/wp-json\/wp\/v2\/media?parent=2884"}],"curies":[{"name":"wp","href":"https:\/\/api.w.org\/{rel}","templated":true}]}}

Očekávejme na Boha

<blockquote><p>Ale ti, kdo očekávají na Hospodina, nabývají nové síly, vznášejí se na křídlech jako orli; běží, a neunaví se, chodí, a neochabnou. Izajáš 40,31</p></blockquote>
<p>Lidé se mne často ptají: „Jak rozpoznám Boží hlas od svých vlastních myšlenek?“</p>
<p>Věřím, že klíčem je očekávat na Boha. Často s důležitými rozhodnutími velmi spěcháme. Chceme něco udělat a to co nejrychleji! Boží moudrost nás však učí, že máme počkat, dokud si nebudeme jisti, jak máme jednat, a čemu se vyhnout.</p>
<p>Všichni se musíme naučit udělat krok zpět a podívat se na danou situaci z Boží perspektivy. Teprve tehdy se budeme moci rozhodovat v souladu s Boží vůlí.</p>
<p>Síla je v očekávání. Když očekáváme na Boha, cítíme v hloubi svého ducha, co od nás Bůh skutečně očekává. Tehdy budeme moci rozpoznat, co pochází pouze z naší mysli.</p>
<p>Když máme učinit obtížné rozhodnutí, je moudré vyčkat na jasnou odpověď a teprve potom udělat krok, jinak bychom mohli svého rozhodnutí později litovat. Možná máte naspěch a čekání je nepohodlné. Nedovolte tlaku, aby byl silnější než moudrost a poznání Boha.</p>
<hr />
<p>Můžete se začít modlit</p>
<p>„Bože, nechci uspěchat rozhodnutí, kterého bych později litoval, jen kvůli momentálnímu tlaku. Připomínej mi každý den, že mám očekávat na Tebe. Získat Tvou moudrost a poznání stojí za to, i když to není vždy jednoduché.“</p>

<p>Všichni se musíme naučit udělat krok zpět a podívat se na danou situaci z Boží perspektivy.</p>

<div class="post-featured-wrap"><img width="1024" height="597" src="https://tv.joycemeyer.org/czech/wp-content/uploads/sites/67/2019/04/2052-1024x597.jpg" class="post-featured wp-post-image" alt="Očekávejme na Boha" decoding="async" srcset="https://tv.joycemeyer.org/czech/wp-content/uploads/sites/67/2019/04/2052-1024x597.jpg 1024w, https://tv.joycemeyer.org/czech/wp-content/uploads/sites/67/2019/04/2052-300x175.jpg 300w, https://tv.joycemeyer.org/czech/wp-content/uploads/sites/67/2019/04/2052-768x448.jpg 768w, https://tv.joycemeyer.org/czech/wp-content/uploads/sites/67/2019/04/2052-1536x896.jpg 1536w, https://tv.joycemeyer.org/czech/wp-content/uploads/sites/67/2019/04/2052.jpg 1800w" sizes="(max-width: 1024px) 100vw, 1024px" /></div>

<div class="follow"><h6 class="alt">Spojte se s námi</h6><ul class="nav nav--social nav--flex"><li class="menu-item facebook"><a href="https://www.facebook.com/joycemeyerministriescesko/" target="_blank"><span class="visuallyhidden">Facebook</span></a></li></ul></div>

<!-- This site is optimized with the Yoast SEO plugin v27.4 - https://yoast.com/product/yoast-seo-wordpress/ -->
<title>Očekávejme na Boha - Joyce Meyer Ministries - Czech</title>
<meta name="robots" content="index, follow, max-snippet:-1, max-image-preview:large, max-video-preview:-1" />
<link rel="canonical" href="https://tv.joycemeyer.org/czech/devotional/ocekavejme-na-boha-2/" />
<meta property="og:locale" content="cs_CZ" />
<meta property="og:type" content="article" />
<meta property="og:title" content="Očekávejme na Boha - Joyce Meyer Ministries - Czech" />
<meta property="og:description" content="Všichni se musíme naučit udělat krok zpět a podívat se na danou situaci z Boží perspektivy." />
<meta property="og:url" content="https://tv.joycemeyer.org/czech/devotional/ocekavejme-na-boha-2/" />
<meta property="og:site_name" content="Joyce Meyer Ministries - Czech" />
<meta property="article:publisher" content="https://www.facebook.com/joycemeyerministriescesko/" />
<meta property="og:image" content="https://tv.joycemeyer.org/czech/wp-content/uploads/sites/67/2019/04/2052.jpg" />
	<meta property="og:image:width" content="1800" />
	<meta property="og:image:height" content="1050" />
	<meta property="og:image:type" content="image/jpeg" />
<meta name="twitter:card" content="summary_large_image" />
<meta name="twitter:label1" content="Odhadovaná doba čtení" />
	<meta name="twitter:data1" content="2 minuty" />
<script type="application/ld+json" class="yoast-schema-graph">{"@context":"https:\/\/schema.org","@graph":[{"@type":"WebPage","@id":"https:\/\/tv.joycemeyer.org\/czech\/devotional\/ocekavejme-na-boha-2\/","url":"https:\/\/tv.joycemeyer.org\/czech\/devotional\/ocekavejme-na-boha-2\/","name":"Očekávejme na Boha - Joyce Meyer Ministries - Czech","isPartOf":{"@id":"https:\/\/tv.joycemeyer.org\/czech\/#website"},"primaryImageOfPage":{"@id":"https:\/\/tv.joycemeyer.org\/czech\/devotional\/ocekavejme-na-boha-2\/#primaryimage"},"image":{"@id":"https:\/\/tv.joycemeyer.org\/czech\/devotional\/ocekavejme-na-boha-2\/#primaryimage"},"thumbnailUrl":"https:\/\/tv.joycemeyer.org\/czech\/wp-content\/uploads\/sites\/67\/2019\/04\/2052.jpg","datePublished":"2026-04-03T00:01:39+00:00","breadcrumb":{"@id":"https:\/\/tv.joycemeyer.org\/czech\/devotional\/ocekavejme-na-boha-2\/#breadcrumb"},"inLanguage":"cs","potentialAction":[{"@type":"ReadAction","target":["https:\/\/tv.joycemeyer.org\/czech\/devotional\/ocekavejme-na-boha-2\/"]}]},{"@type":"ImageObject","inLanguage":"cs","@id":"https:\/\/tv.joycemeyer.org\/czech\/devotional\/ocekavejme-na-boha-2\/#primaryimage","url":"https:\/\/tv.joycemeyer.org\/czech\/wp-content\/uploads\/sites\/67\/2019\/04\/2052.jpg","contentUrl":"https:\/\/tv.joycemeyer.org\/czech\/wp-content\/uploads\/sites\/67\/2019\/04\/2052.jpg","width":1800,"height":1050,"caption":"Očekávejme na Boha"},{"@type":"BreadcrumbList","@id":"https:\/\/tv.joycemeyer.org\/czech\/devotional\/ocekavejme-na-boha-2\/#breadcrumb","itemListElement":[{"@type":"ListItem","position":1,"name":"Home","item":"https:\/\/tv.joycemeyer.org\/czech\/"},{"@type":"ListItem","position":2,"name":"Devotional","item":"https:\/\/tv.joycemeyer.org\/czech\/devotional\/"},{"@type":"ListItem","position":3,"name":"Očekávejme na Boha"}]},{"@type":"WebSite","@id":"https:\/\/tv.joycemeyer.org\/czech\/#website","url":"https:\/\/tv.joycemeyer.org\/czech\/","name":"Joyce Meyer Ministries - Czech","description":"Sdílet se o Krista - milovat lidi","potentialAction":[{"@type":"SearchAction","target":{"@type":"EntryPoint","urlTemplate":"https:\/\/tv.joycemeyer.org\/czech\/?s={search_term_string}"},"query-input":{"@type":"PropertyValueSpecification","valueRequired":true,"valueName":"search_term_string"}}],"inLanguage":"cs"}]}</script>
<!-- / Yoast SEO plugin. -->

Očekávejme na Boha - Joyce Meyer Ministries - Czech

Všichni se musíme naučit udělat krok zpět a podívat se na danou situaci z Boží perspektivy.

Sdílet se o Krista - milovat lidi
