{"id":520,"date":"2026-04-28T00:01:53","date_gmt":"2026-04-28T00:01:53","guid":{"rendered":"https:\/\/tv.joycemeyer.org\/czech\/?post_type=devotional&#038;p=520"},"modified":"2025-11-19T16:02:22","modified_gmt":"2025-11-19T16:02:22","slug":"poznejte-osobne-bozi-slovo","status":"publish","type":"devotional","link":"https:\/\/tv.joycemeyer.org\/czech\/devotional\/poznejte-osobne-bozi-slovo\/","title":{"rendered":"Poznejte osobn\u011b Bo\u017e\u00ed slovo"},"content":{"rendered":"<blockquote><p>\u2026Napsal jsem v\u00e1m, ml\u00e1denci, \u017ee\u00a0jste siln\u00ed a slovo Bo\u017e\u00ed ve v\u00e1s z\u016fst\u00e1v\u00e1, a p\u0159emohli jste toho Zl\u00e9ho. 1. Jan\u016fv 2,14<\/p><\/blockquote>\n<p>Pokud jste n\u011bkdy p\u0159em\u00fd\u0161leli, pro\u010d se po\u0159\u00e1d c\u00edt\u00edte pod tlakem, nejd\u0159\u00edv bojujete s\u00a0jedn\u00edm probl\u00e9mem, a pak zase hned s\u00a0jin\u00fdm. Postr\u00e1d\u00e1te-li v\u00edt\u011bzn\u00fd \u017eivot, pot\u0159ebujete mo\u017en\u00e1 tr\u00e1vit v\u00edce \u010dasu v\u00a0Bo\u017e\u00edm slov\u011b.<\/p>\n<p>Mnoho v\u011b\u0159\u00edc\u00edch nav\u0161t\u011bvuje ka\u017ed\u00fd t\u00fdden c\u00edrkev a poslouch\u00e1 k\u00e1z\u00e1n\u00ed z\u00a0Bo\u017e\u00edho slova. Osobn\u011b ho v\u0161ak neznaj\u00ed. Chcete-li \u017e\u00edt v\u00edt\u011bzn\u011b, je nutn\u00e9, aby se Bo\u017e\u00ed slovo stalo va\u0161\u00ed ka\u017edodenn\u00ed prioritou. V\u00a0praxi to t\u0159eba znamen\u00e1, \u017ee b\u011bhem rann\u00edch povinnost\u00ed vyzn\u00e1v\u00e1te Bo\u017e\u00ed slovo a cestou do pr\u00e1ce poslouch\u00e1te k\u00e1z\u00e1n\u00ed nebo chv\u00e1ly. B\u011bhem poledn\u00ed p\u0159est\u00e1vky si m\u016f\u017eete \u010d\u00edst Bibli nebo j\u00edt na proch\u00e1zku a modlit se.<\/p>\n<p>To je jen n\u011bkolik tip\u016f, jak Bo\u017e\u00ed slovo zahrnout do osobn\u00edho \u017eivota. Vyberte si zp\u016fsob, kter\u00fd je vhodn\u00fd pro v\u00e1\u0161 \u017eivot. Postarejte se v\u0161ak o to, aby se Bo\u017e\u00ed slovo stalo pevnou sou\u010d\u00e1st\u00ed va\u0161eho ka\u017edodenn\u00edho \u017eivota. U\u010din\u00edte-li Bo\u017e\u00ed slovo jednou ze sv\u00fdch hlavn\u00edch priorit, prom\u011bn\u00ed se cel\u00fd v\u00e1\u0161 \u017eivot.<\/p>\n<hr \/>\n<p>M\u016f\u017eete se za\u010d\u00edt modlit<\/p>\n<p>\u201ePane, chci Tv\u00e9 slovo za\u010dlenit do sv\u00e9ho \u017eivota. Nechci jen jednou t\u00fddn\u011b poslouchat v\u00fdklad. Chci Tv\u00e9 slovo zn\u00e1t osobn\u011b. Ve\u010f m\u011b a ukazuj mi, jak se mohu d\u016fsledn\u011b v\u011bnovat Tv\u00e9mu slovu.\u201c<\/p>\n","protected":false},"excerpt":{"rendered":"<p>Chcete-li \u017e\u00edt v\u00edt\u011bzn\u011b, je nutn\u00e9, aby se Bo\u017e\u00ed slovo stalo va\u0161\u00ed ka\u017edodenn\u00ed prioritou.<\/p>\n","protected":false},"author":15,"featured_media":521,"parent":0,"menu_order":0,"comment_status":"closed","ping_status":"closed","template":"","class_list":["post-520","devotional","type-devotional","status-publish","has-post-thumbnail","hentry"],"acf":[],"appp":{"post_detail":{"above_title":"<div class=\"post-featured-wrap\"><img width=\"960\" height=\"540\" src=\"https:\/\/tv.joycemeyer.org\/czech\/wp-content\/uploads\/sites\/67\/2020\/06\/689.jpg\" class=\"post-featured wp-post-image\" alt=\"Poznejte osobn\u011b Bo\u017e\u00ed slovo\" decoding=\"async\" srcset=\"https:\/\/tv.joycemeyer.org\/czech\/wp-content\/uploads\/sites\/67\/2020\/06\/689.jpg 960w, https:\/\/tv.joycemeyer.org\/czech\/wp-content\/uploads\/sites\/67\/2020\/06\/689-300x169.jpg 300w, https:\/\/tv.joycemeyer.org\/czech\/wp-content\/uploads\/sites\/67\/2020\/06\/689-768x432.jpg 768w, https:\/\/tv.joycemeyer.org\/czech\/wp-content\/uploads\/sites\/67\/2020\/06\/689-640x360.jpg 640w\" sizes=\"(max-width: 960px) 100vw, 960px\" \/><\/div>","below_content":"<div class=\"follow\"><h6 class=\"alt\">Spojte se s n\u00e1mi<\/h6><ul class=\"nav nav--social nav--flex\"><li class=\"menu-item facebook\"><a href=\"https:\/\/www.facebook.com\/joycemeyerministriescesko\/\" target=\"_blank\"><span class=\"visuallyhidden\">Facebook<\/span><\/a><\/li><\/ul><\/div>"}},"yoast_head":"<!-- This site is optimized with the Yoast SEO plugin v27.4 - https:\/\/yoast.com\/product\/yoast-seo-wordpress\/ -->\n<title>Poznejte osobn\u011b Bo\u017e\u00ed slovo - Joyce Meyer Ministries - Czech<\/title>\n<meta name=\"robots\" content=\"index, follow, max-snippet:-1, max-image-preview:large, max-video-preview:-1\" \/>\n<link rel=\"canonical\" href=\"https:\/\/tv.joycemeyer.org\/czech\/devotional\/poznejte-osobne-bozi-slovo\/\" \/>\n<meta property=\"og:locale\" content=\"cs_CZ\" \/>\n<meta property=\"og:type\" content=\"article\" \/>\n<meta property=\"og:title\" content=\"Poznejte osobn\u011b Bo\u017e\u00ed slovo - Joyce Meyer Ministries - Czech\" \/>\n<meta property=\"og:description\" content=\"Chcete-li \u017e\u00edt v\u00edt\u011bzn\u011b, je nutn\u00e9, aby se Bo\u017e\u00ed slovo stalo va\u0161\u00ed ka\u017edodenn\u00ed prioritou.\" \/>\n<meta property=\"og:url\" content=\"https:\/\/tv.joycemeyer.org\/czech\/devotional\/poznejte-osobne-bozi-slovo\/\" \/>\n<meta property=\"og:site_name\" content=\"Joyce Meyer Ministries - Czech\" \/>\n<meta property=\"article:publisher\" content=\"https:\/\/www.facebook.com\/joycemeyerministriescesko\/\" \/>\n<meta property=\"og:image\" content=\"https:\/\/tv.joycemeyer.org\/czech\/wp-content\/uploads\/sites\/67\/2020\/06\/689.jpg\" \/>\n\t<meta property=\"og:image:width\" content=\"960\" \/>\n\t<meta property=\"og:image:height\" content=\"540\" \/>\n\t<meta property=\"og:image:type\" content=\"image\/jpeg\" \/>\n<meta name=\"twitter:card\" content=\"summary_large_image\" \/>\n<meta name=\"twitter:label1\" content=\"Odhadovan\u00e1 doba \u010dten\u00ed\" \/>\n\t<meta name=\"twitter:data1\" content=\"1 minuta\" \/>\n<script type=\"application\/ld+json\" class=\"yoast-schema-graph\">{\"@context\":\"https:\\\/\\\/schema.org\",\"@graph\":[{\"@type\":\"WebPage\",\"@id\":\"https:\\\/\\\/tv.joycemeyer.org\\\/czech\\\/devotional\\\/poznejte-osobne-bozi-slovo\\\/\",\"url\":\"https:\\\/\\\/tv.joycemeyer.org\\\/czech\\\/devotional\\\/poznejte-osobne-bozi-slovo\\\/\",\"name\":\"Poznejte osobn\u011b Bo\u017e\u00ed slovo - Joyce Meyer Ministries - Czech\",\"isPartOf\":{\"@id\":\"https:\\\/\\\/tv.joycemeyer.org\\\/czech\\\/#website\"},\"primaryImageOfPage\":{\"@id\":\"https:\\\/\\\/tv.joycemeyer.org\\\/czech\\\/devotional\\\/poznejte-osobne-bozi-slovo\\\/#primaryimage\"},\"image\":{\"@id\":\"https:\\\/\\\/tv.joycemeyer.org\\\/czech\\\/devotional\\\/poznejte-osobne-bozi-slovo\\\/#primaryimage\"},\"thumbnailUrl\":\"https:\\\/\\\/tv.joycemeyer.org\\\/czech\\\/wp-content\\\/uploads\\\/sites\\\/67\\\/2020\\\/06\\\/689.jpg\",\"datePublished\":\"2026-04-28T00:01:53+00:00\",\"breadcrumb\":{\"@id\":\"https:\\\/\\\/tv.joycemeyer.org\\\/czech\\\/devotional\\\/poznejte-osobne-bozi-slovo\\\/#breadcrumb\"},\"inLanguage\":\"cs\",\"potentialAction\":[{\"@type\":\"ReadAction\",\"target\":[\"https:\\\/\\\/tv.joycemeyer.org\\\/czech\\\/devotional\\\/poznejte-osobne-bozi-slovo\\\/\"]}]},{\"@type\":\"ImageObject\",\"inLanguage\":\"cs\",\"@id\":\"https:\\\/\\\/tv.joycemeyer.org\\\/czech\\\/devotional\\\/poznejte-osobne-bozi-slovo\\\/#primaryimage\",\"url\":\"https:\\\/\\\/tv.joycemeyer.org\\\/czech\\\/wp-content\\\/uploads\\\/sites\\\/67\\\/2020\\\/06\\\/689.jpg\",\"contentUrl\":\"https:\\\/\\\/tv.joycemeyer.org\\\/czech\\\/wp-content\\\/uploads\\\/sites\\\/67\\\/2020\\\/06\\\/689.jpg\",\"width\":960,\"height\":540,\"caption\":\"Poznejte osobn\u011b Bo\u017e\u00ed slovo\"},{\"@type\":\"BreadcrumbList\",\"@id\":\"https:\\\/\\\/tv.joycemeyer.org\\\/czech\\\/devotional\\\/poznejte-osobne-bozi-slovo\\\/#breadcrumb\",\"itemListElement\":[{\"@type\":\"ListItem\",\"position\":1,\"name\":\"Home\",\"item\":\"https:\\\/\\\/tv.joycemeyer.org\\\/czech\\\/\"},{\"@type\":\"ListItem\",\"position\":2,\"name\":\"Devotional\",\"item\":\"https:\\\/\\\/tv.joycemeyer.org\\\/czech\\\/devotional\\\/\"},{\"@type\":\"ListItem\",\"position\":3,\"name\":\"Poznejte osobn\u011b Bo\u017e\u00ed slovo\"}]},{\"@type\":\"WebSite\",\"@id\":\"https:\\\/\\\/tv.joycemeyer.org\\\/czech\\\/#website\",\"url\":\"https:\\\/\\\/tv.joycemeyer.org\\\/czech\\\/\",\"name\":\"Joyce Meyer Ministries - Czech\",\"description\":\"Sd\u00edlet se o Krista - milovat lidi\",\"potentialAction\":[{\"@type\":\"SearchAction\",\"target\":{\"@type\":\"EntryPoint\",\"urlTemplate\":\"https:\\\/\\\/tv.joycemeyer.org\\\/czech\\\/?s={search_term_string}\"},\"query-input\":{\"@type\":\"PropertyValueSpecification\",\"valueRequired\":true,\"valueName\":\"search_term_string\"}}],\"inLanguage\":\"cs\"}]}<\/script>\n<!-- \/ Yoast SEO plugin. -->","yoast_head_json":{"title":"Poznejte osobn\u011b Bo\u017e\u00ed slovo - Joyce Meyer Ministries - Czech","robots":{"index":"index","follow":"follow","max-snippet":"max-snippet:-1","max-image-preview":"max-image-preview:large","max-video-preview":"max-video-preview:-1"},"canonical":"https:\/\/tv.joycemeyer.org\/czech\/devotional\/poznejte-osobne-bozi-slovo\/","og_locale":"cs_CZ","og_type":"article","og_title":"Poznejte osobn\u011b Bo\u017e\u00ed slovo - Joyce Meyer Ministries - Czech","og_description":"Chcete-li \u017e\u00edt v\u00edt\u011bzn\u011b, je nutn\u00e9, aby se Bo\u017e\u00ed slovo stalo va\u0161\u00ed ka\u017edodenn\u00ed prioritou.","og_url":"https:\/\/tv.joycemeyer.org\/czech\/devotional\/poznejte-osobne-bozi-slovo\/","og_site_name":"Joyce Meyer Ministries - Czech","article_publisher":"https:\/\/www.facebook.com\/joycemeyerministriescesko\/","og_image":[{"width":960,"height":540,"url":"https:\/\/tv.joycemeyer.org\/czech\/wp-content\/uploads\/sites\/67\/2020\/06\/689.jpg","type":"image\/jpeg"}],"twitter_card":"summary_large_image","twitter_misc":{"Odhadovan\u00e1 doba \u010dten\u00ed":"1 minuta"},"schema":{"@context":"https:\/\/schema.org","@graph":[{"@type":"WebPage","@id":"https:\/\/tv.joycemeyer.org\/czech\/devotional\/poznejte-osobne-bozi-slovo\/","url":"https:\/\/tv.joycemeyer.org\/czech\/devotional\/poznejte-osobne-bozi-slovo\/","name":"Poznejte osobn\u011b Bo\u017e\u00ed slovo - Joyce Meyer Ministries - Czech","isPartOf":{"@id":"https:\/\/tv.joycemeyer.org\/czech\/#website"},"primaryImageOfPage":{"@id":"https:\/\/tv.joycemeyer.org\/czech\/devotional\/poznejte-osobne-bozi-slovo\/#primaryimage"},"image":{"@id":"https:\/\/tv.joycemeyer.org\/czech\/devotional\/poznejte-osobne-bozi-slovo\/#primaryimage"},"thumbnailUrl":"https:\/\/tv.joycemeyer.org\/czech\/wp-content\/uploads\/sites\/67\/2020\/06\/689.jpg","datePublished":"2026-04-28T00:01:53+00:00","breadcrumb":{"@id":"https:\/\/tv.joycemeyer.org\/czech\/devotional\/poznejte-osobne-bozi-slovo\/#breadcrumb"},"inLanguage":"cs","potentialAction":[{"@type":"ReadAction","target":["https:\/\/tv.joycemeyer.org\/czech\/devotional\/poznejte-osobne-bozi-slovo\/"]}]},{"@type":"ImageObject","inLanguage":"cs","@id":"https:\/\/tv.joycemeyer.org\/czech\/devotional\/poznejte-osobne-bozi-slovo\/#primaryimage","url":"https:\/\/tv.joycemeyer.org\/czech\/wp-content\/uploads\/sites\/67\/2020\/06\/689.jpg","contentUrl":"https:\/\/tv.joycemeyer.org\/czech\/wp-content\/uploads\/sites\/67\/2020\/06\/689.jpg","width":960,"height":540,"caption":"Poznejte osobn\u011b Bo\u017e\u00ed slovo"},{"@type":"BreadcrumbList","@id":"https:\/\/tv.joycemeyer.org\/czech\/devotional\/poznejte-osobne-bozi-slovo\/#breadcrumb","itemListElement":[{"@type":"ListItem","position":1,"name":"Home","item":"https:\/\/tv.joycemeyer.org\/czech\/"},{"@type":"ListItem","position":2,"name":"Devotional","item":"https:\/\/tv.joycemeyer.org\/czech\/devotional\/"},{"@type":"ListItem","position":3,"name":"Poznejte osobn\u011b Bo\u017e\u00ed slovo"}]},{"@type":"WebSite","@id":"https:\/\/tv.joycemeyer.org\/czech\/#website","url":"https:\/\/tv.joycemeyer.org\/czech\/","name":"Joyce Meyer Ministries - Czech","description":"Sd\u00edlet se o Krista - milovat lidi","potentialAction":[{"@type":"SearchAction","target":{"@type":"EntryPoint","urlTemplate":"https:\/\/tv.joycemeyer.org\/czech\/?s={search_term_string}"},"query-input":{"@type":"PropertyValueSpecification","valueRequired":true,"valueName":"search_term_string"}}],"inLanguage":"cs"}]}},"_links":{"self":[{"href":"https:\/\/tv.joycemeyer.org\/czech\/wp-json\/wp\/v2\/devotional\/520","targetHints":{"allow":["GET"]}}],"collection":[{"href":"https:\/\/tv.joycemeyer.org\/czech\/wp-json\/wp\/v2\/devotional"}],"about":[{"href":"https:\/\/tv.joycemeyer.org\/czech\/wp-json\/wp\/v2\/types\/devotional"}],"author":[{"embeddable":true,"href":"https:\/\/tv.joycemeyer.org\/czech\/wp-json\/wp\/v2\/users\/15"}],"replies":[{"embeddable":true,"href":"https:\/\/tv.joycemeyer.org\/czech\/wp-json\/wp\/v2\/comments?post=520"}],"wp:featuredmedia":[{"embeddable":true,"href":"https:\/\/tv.joycemeyer.org\/czech\/wp-json\/wp\/v2\/media\/521"}],"wp:attachment":[{"href":"https:\/\/tv.joycemeyer.org\/czech\/wp-json\/wp\/v2\/media?parent=520"}],"curies":[{"name":"wp","href":"https:\/\/api.w.org\/{rel}","templated":true}]}}

Poznejte osobně Boží slovo

<blockquote><p>…Napsal jsem vám, mládenci, že jste silní a slovo Boží ve vás zůstává, a přemohli jste toho Zlého. 1. Janův 2,14</p></blockquote>
<p>Pokud jste někdy přemýšleli, proč se pořád cítíte pod tlakem, nejdřív bojujete s jedním problémem, a pak zase hned s jiným. Postrádáte-li vítězný život, potřebujete možná trávit více času v Božím slově.</p>
<p>Mnoho věřících navštěvuje každý týden církev a poslouchá kázání z Božího slova. Osobně ho však neznají. Chcete-li žít vítězně, je nutné, aby se Boží slovo stalo vaší každodenní prioritou. V praxi to třeba znamená, že během ranních povinností vyznáváte Boží slovo a cestou do práce posloucháte kázání nebo chvály. Během polední přestávky si můžete číst Bibli nebo jít na procházku a modlit se.</p>
<p>To je jen několik tipů, jak Boží slovo zahrnout do osobního života. Vyberte si způsob, který je vhodný pro váš život. Postarejte se však o to, aby se Boží slovo stalo pevnou součástí vašeho každodenního života. Učiníte-li Boží slovo jednou ze svých hlavních priorit, promění se celý váš život.</p>
<hr />
<p>Můžete se začít modlit</p>
<p>„Pane, chci Tvé slovo začlenit do svého života. Nechci jen jednou týdně poslouchat výklad. Chci Tvé slovo znát osobně. Veď mě a ukazuj mi, jak se mohu důsledně věnovat Tvému slovu.“</p>

<p>Chcete-li žít vítězně, je nutné, aby se Boží slovo stalo vaší každodenní prioritou.</p>

<div class="post-featured-wrap"><img width="960" height="540" src="https://tv.joycemeyer.org/czech/wp-content/uploads/sites/67/2020/06/689.jpg" class="post-featured wp-post-image" alt="Poznejte osobně Boží slovo" decoding="async" srcset="https://tv.joycemeyer.org/czech/wp-content/uploads/sites/67/2020/06/689.jpg 960w, https://tv.joycemeyer.org/czech/wp-content/uploads/sites/67/2020/06/689-300x169.jpg 300w, https://tv.joycemeyer.org/czech/wp-content/uploads/sites/67/2020/06/689-768x432.jpg 768w, https://tv.joycemeyer.org/czech/wp-content/uploads/sites/67/2020/06/689-640x360.jpg 640w" sizes="(max-width: 960px) 100vw, 960px" /></div>

<div class="follow"><h6 class="alt">Spojte se s námi</h6><ul class="nav nav--social nav--flex"><li class="menu-item facebook"><a href="https://www.facebook.com/joycemeyerministriescesko/" target="_blank"><span class="visuallyhidden">Facebook</span></a></li></ul></div>

<!-- This site is optimized with the Yoast SEO plugin v27.4 - https://yoast.com/product/yoast-seo-wordpress/ -->
<title>Poznejte osobně Boží slovo - Joyce Meyer Ministries - Czech</title>
<meta name="robots" content="index, follow, max-snippet:-1, max-image-preview:large, max-video-preview:-1" />
<link rel="canonical" href="https://tv.joycemeyer.org/czech/devotional/poznejte-osobne-bozi-slovo/" />
<meta property="og:locale" content="cs_CZ" />
<meta property="og:type" content="article" />
<meta property="og:title" content="Poznejte osobně Boží slovo - Joyce Meyer Ministries - Czech" />
<meta property="og:description" content="Chcete-li žít vítězně, je nutné, aby se Boží slovo stalo vaší každodenní prioritou." />
<meta property="og:url" content="https://tv.joycemeyer.org/czech/devotional/poznejte-osobne-bozi-slovo/" />
<meta property="og:site_name" content="Joyce Meyer Ministries - Czech" />
<meta property="article:publisher" content="https://www.facebook.com/joycemeyerministriescesko/" />
<meta property="og:image" content="https://tv.joycemeyer.org/czech/wp-content/uploads/sites/67/2020/06/689.jpg" />
	<meta property="og:image:width" content="960" />
	<meta property="og:image:height" content="540" />
	<meta property="og:image:type" content="image/jpeg" />
<meta name="twitter:card" content="summary_large_image" />
<meta name="twitter:label1" content="Odhadovaná doba čtení" />
	<meta name="twitter:data1" content="1 minuta" />
<script type="application/ld+json" class="yoast-schema-graph">{"@context":"https:\/\/schema.org","@graph":[{"@type":"WebPage","@id":"https:\/\/tv.joycemeyer.org\/czech\/devotional\/poznejte-osobne-bozi-slovo\/","url":"https:\/\/tv.joycemeyer.org\/czech\/devotional\/poznejte-osobne-bozi-slovo\/","name":"Poznejte osobně Boží slovo - Joyce Meyer Ministries - Czech","isPartOf":{"@id":"https:\/\/tv.joycemeyer.org\/czech\/#website"},"primaryImageOfPage":{"@id":"https:\/\/tv.joycemeyer.org\/czech\/devotional\/poznejte-osobne-bozi-slovo\/#primaryimage"},"image":{"@id":"https:\/\/tv.joycemeyer.org\/czech\/devotional\/poznejte-osobne-bozi-slovo\/#primaryimage"},"thumbnailUrl":"https:\/\/tv.joycemeyer.org\/czech\/wp-content\/uploads\/sites\/67\/2020\/06\/689.jpg","datePublished":"2026-04-28T00:01:53+00:00","breadcrumb":{"@id":"https:\/\/tv.joycemeyer.org\/czech\/devotional\/poznejte-osobne-bozi-slovo\/#breadcrumb"},"inLanguage":"cs","potentialAction":[{"@type":"ReadAction","target":["https:\/\/tv.joycemeyer.org\/czech\/devotional\/poznejte-osobne-bozi-slovo\/"]}]},{"@type":"ImageObject","inLanguage":"cs","@id":"https:\/\/tv.joycemeyer.org\/czech\/devotional\/poznejte-osobne-bozi-slovo\/#primaryimage","url":"https:\/\/tv.joycemeyer.org\/czech\/wp-content\/uploads\/sites\/67\/2020\/06\/689.jpg","contentUrl":"https:\/\/tv.joycemeyer.org\/czech\/wp-content\/uploads\/sites\/67\/2020\/06\/689.jpg","width":960,"height":540,"caption":"Poznejte osobně Boží slovo"},{"@type":"BreadcrumbList","@id":"https:\/\/tv.joycemeyer.org\/czech\/devotional\/poznejte-osobne-bozi-slovo\/#breadcrumb","itemListElement":[{"@type":"ListItem","position":1,"name":"Home","item":"https:\/\/tv.joycemeyer.org\/czech\/"},{"@type":"ListItem","position":2,"name":"Devotional","item":"https:\/\/tv.joycemeyer.org\/czech\/devotional\/"},{"@type":"ListItem","position":3,"name":"Poznejte osobně Boží slovo"}]},{"@type":"WebSite","@id":"https:\/\/tv.joycemeyer.org\/czech\/#website","url":"https:\/\/tv.joycemeyer.org\/czech\/","name":"Joyce Meyer Ministries - Czech","description":"Sdílet se o Krista - milovat lidi","potentialAction":[{"@type":"SearchAction","target":{"@type":"EntryPoint","urlTemplate":"https:\/\/tv.joycemeyer.org\/czech\/?s={search_term_string}"},"query-input":{"@type":"PropertyValueSpecification","valueRequired":true,"valueName":"search_term_string"}}],"inLanguage":"cs"}]}</script>
<!-- / Yoast SEO plugin. -->

Poznejte osobně Boží slovo - Joyce Meyer Ministries - Czech

Chcete-li žít vítězně, je nutné, aby se Boží slovo stalo vaší každodenní prioritou.

Sdílet se o Krista - milovat lidi
