{"id":825,"date":"2026-08-31T00:01:38","date_gmt":"2026-08-31T00:01:38","guid":{"rendered":"https:\/\/tv.joycemeyer.org\/czech\/?post_type=devotional&#038;p=825"},"modified":"2026-02-25T14:14:22","modified_gmt":"2026-02-25T14:14:22","slug":"nejvetsi-dar","status":"publish","type":"devotional","link":"https:\/\/tv.joycemeyer.org\/czech\/devotional\/nejvetsi-dar\/","title":{"rendered":"Nejv\u011bt\u0161\u00ed dar"},"content":{"rendered":"<blockquote><p>Bu\u010fte milosrdn\u00ed, jako je milosrdn\u00fd v\u00e1\u0161 Otec. Luk\u00e1\u0161 6,36<\/p><\/blockquote>\n<p>Jedna v\u011bc na sv\u011bt\u011b je zcela mimo\u0159\u00e1dn\u00e1. \u010c\u00edm v\u00edce o n\u00ed p\u0159em\u00fd\u0161l\u00edm, t\u00edm v\u00edce m\u011b fascinuje. P\u0159in\u00e1\u0161\u00ed po\u017eehn\u00e1n\u00ed tam, kde si ho nezaslou\u017e\u00edme, a chr\u00e1n\u00ed n\u00e1s p\u0159ed trestem, kter\u00fd si zaslou\u017e\u00edme. Je to nejv\u011bt\u0161\u00ed dar, kter\u00fd m\u016f\u017eeme n\u011bkomu d\u00e1t.<\/p>\n<p>T\u00edmto darem je milosrdenstv\u00ed, kter\u00e9 Je\u017e\u00ed\u0161 p\u0159inesl k\u00a0n\u00e1m na zem, a uk\u00e1zal n\u00e1m, jak ho m\u016f\u017eeme p\u0159ed\u00e1vat lidem kolem n\u00e1s.<\/p>\n<p>Kristus n\u00e1s sv\u00fdm p\u0159\u00edkladem u\u010d\u00ed, abychom milovali na\u0161e nep\u0159\u00e1tele a modlili se za n\u011b, abychom neodpl\u00e1celi zl\u00fdm za zl\u00e9, starali se o pot\u0159ebn\u00e9 a d\u00e1vali chud\u00fdm, i kdy\u017e n\u00e1m to nikdy nebudou moci vr\u00e1tit.<\/p>\n<p>Samoz\u0159ejm\u011b m\u016f\u017eeme d\u00e1vat i lidem, kte\u0159\u00ed n\u00e1m daj\u00ed n\u011bco na opl\u00e1tku. Mnohem po\u017eehnan\u011bj\u0161\u00ed v\u0161ak budeme tehdy, kdy\u017e se rozhodneme d\u00e1vat t\u011bm, kte\u0159\u00ed n\u00e1m nemaj\u00ed \u010d\u00edm odplatit. Bu\u010fme k\u00a0druh\u00fdm milosrdn\u00ed.<\/p>\n<p>Nejv\u011bt\u0161\u00ed dar, kter\u00fd m\u016f\u017eeme d\u00e1t Bohu, je, \u017ee budeme podobni Je\u017e\u00ed\u0161i. To znamen\u00e1, \u017ee budeme jednat s\u00a0druh\u00fdmi tak, jak jedn\u00e1 On s n\u00e1mi. Bu\u010fme milosrdn\u00ed k\u00a0druh\u00fdm, to je nejv\u011bt\u0161\u00ed dar, kter\u00fd kdy m\u016f\u017eeme lidem d\u00e1t.<\/p>\n<hr \/>\n<p>Modlitba<\/p>\n<p>\u201eD\u011bkuji Ti, Bo\u017ee, \u017ee mi ka\u017ed\u00fd den \u0161t\u011bd\u0159e prokazuje\u0161 milosrdenstv\u00ed. Pomoz mi, abych ho v\u00a0ka\u017ed\u00e9 situaci d\u00e1val d\u00e1l i ostatn\u00edm lidem.\u201c<\/p>\n","protected":false},"excerpt":{"rendered":"<p>Nejv\u011bt\u0161\u00ed dar, kter\u00fd m\u016f\u017eeme d\u00e1t Bohu, je, \u017ee budeme podobni Je\u017e\u00ed\u0161i.<\/p>\n","protected":false},"author":15,"featured_media":826,"parent":0,"menu_order":0,"comment_status":"closed","ping_status":"closed","template":"","class_list":["post-825","devotional","type-devotional","status-publish","has-post-thumbnail","hentry"],"acf":[],"appp":{"post_detail":{"above_title":"<div class=\"post-featured-wrap\"><img width=\"960\" height=\"540\" src=\"https:\/\/tv.joycemeyer.org\/czech\/wp-content\/uploads\/sites\/67\/2020\/10\/976.jpg\" class=\"post-featured wp-post-image\" alt=\"\" decoding=\"async\" srcset=\"https:\/\/tv.joycemeyer.org\/czech\/wp-content\/uploads\/sites\/67\/2020\/10\/976.jpg 960w, https:\/\/tv.joycemeyer.org\/czech\/wp-content\/uploads\/sites\/67\/2020\/10\/976-300x169.jpg 300w, https:\/\/tv.joycemeyer.org\/czech\/wp-content\/uploads\/sites\/67\/2020\/10\/976-768x432.jpg 768w, https:\/\/tv.joycemeyer.org\/czech\/wp-content\/uploads\/sites\/67\/2020\/10\/976-640x360.jpg 640w\" sizes=\"(max-width: 960px) 100vw, 960px\" \/><\/div>","below_content":"<div class=\"follow\"><h6 class=\"alt\">Spojte se s n\u00e1mi<\/h6><ul class=\"nav nav--social nav--flex\"><li class=\"menu-item facebook\"><a href=\"https:\/\/www.facebook.com\/joycemeyerministriescesko\/\" target=\"_blank\"><span class=\"visuallyhidden\">Facebook<\/span><\/a><\/li><\/ul><\/div>"}},"yoast_head":"<!-- This site is optimized with the Yoast SEO plugin v28.2 - https:\/\/yoast.com\/product\/yoast-seo-wordpress\/ -->\n<title>Nejv\u011bt\u0161\u00ed dar - Joyce Meyer Ministries - Czech<\/title>\n<meta name=\"robots\" content=\"index, follow, max-snippet:-1, max-image-preview:large, max-video-preview:-1\" \/>\n<link rel=\"canonical\" href=\"https:\/\/tv.joycemeyer.org\/czech\/devotional\/nejvetsi-dar\/\" \/>\n<meta property=\"og:locale\" content=\"cs_CZ\" \/>\n<meta property=\"og:type\" content=\"article\" \/>\n<meta property=\"og:title\" content=\"Nejv\u011bt\u0161\u00ed dar - Joyce Meyer Ministries - Czech\" \/>\n<meta property=\"og:description\" content=\"Nejv\u011bt\u0161\u00ed dar, kter\u00fd m\u016f\u017eeme d\u00e1t Bohu, je, \u017ee budeme podobni Je\u017e\u00ed\u0161i.\" \/>\n<meta property=\"og:url\" content=\"https:\/\/tv.joycemeyer.org\/czech\/devotional\/nejvetsi-dar\/\" \/>\n<meta property=\"og:site_name\" content=\"Joyce Meyer Ministries - Czech\" \/>\n<meta property=\"article:publisher\" content=\"https:\/\/www.facebook.com\/joycemeyerministriescesko\/\" \/>\n<meta property=\"og:image\" content=\"https:\/\/tv.joycemeyer.org\/czech\/wp-content\/uploads\/sites\/67\/2020\/10\/976.jpg\" \/>\n\t<meta property=\"og:image:width\" content=\"960\" \/>\n\t<meta property=\"og:image:height\" content=\"540\" \/>\n\t<meta property=\"og:image:type\" content=\"image\/jpeg\" \/>\n<meta name=\"twitter:card\" content=\"summary_large_image\" \/>\n<meta name=\"twitter:label1\" content=\"Odhadovan\u00e1 doba \u010dten\u00ed\" \/>\n\t<meta name=\"twitter:data1\" content=\"2 minuty\" \/>\n<script type=\"application\/ld+json\" class=\"yoast-schema-graph\">{\"@context\":\"https:\\\/\\\/schema.org\",\"@graph\":[{\"@type\":\"WebPage\",\"@id\":\"https:\\\/\\\/tv.joycemeyer.org\\\/czech\\\/devotional\\\/nejvetsi-dar\\\/\",\"url\":\"https:\\\/\\\/tv.joycemeyer.org\\\/czech\\\/devotional\\\/nejvetsi-dar\\\/\",\"name\":\"Nejv\u011bt\u0161\u00ed dar - Joyce Meyer Ministries - Czech\",\"isPartOf\":{\"@id\":\"https:\\\/\\\/tv.joycemeyer.org\\\/czech\\\/#website\"},\"primaryImageOfPage\":{\"@id\":\"https:\\\/\\\/tv.joycemeyer.org\\\/czech\\\/devotional\\\/nejvetsi-dar\\\/#primaryimage\"},\"image\":{\"@id\":\"https:\\\/\\\/tv.joycemeyer.org\\\/czech\\\/devotional\\\/nejvetsi-dar\\\/#primaryimage\"},\"thumbnailUrl\":\"https:\\\/\\\/tv.joycemeyer.org\\\/czech\\\/wp-content\\\/uploads\\\/sites\\\/67\\\/2020\\\/10\\\/976.jpg\",\"datePublished\":\"2026-08-31T00:01:38+00:00\",\"breadcrumb\":{\"@id\":\"https:\\\/\\\/tv.joycemeyer.org\\\/czech\\\/devotional\\\/nejvetsi-dar\\\/#breadcrumb\"},\"inLanguage\":\"cs\",\"potentialAction\":[{\"@type\":\"ReadAction\",\"target\":[\"https:\\\/\\\/tv.joycemeyer.org\\\/czech\\\/devotional\\\/nejvetsi-dar\\\/\"]}]},{\"@type\":\"ImageObject\",\"inLanguage\":\"cs\",\"@id\":\"https:\\\/\\\/tv.joycemeyer.org\\\/czech\\\/devotional\\\/nejvetsi-dar\\\/#primaryimage\",\"url\":\"https:\\\/\\\/tv.joycemeyer.org\\\/czech\\\/wp-content\\\/uploads\\\/sites\\\/67\\\/2020\\\/10\\\/976.jpg\",\"contentUrl\":\"https:\\\/\\\/tv.joycemeyer.org\\\/czech\\\/wp-content\\\/uploads\\\/sites\\\/67\\\/2020\\\/10\\\/976.jpg\",\"width\":960,\"height\":540,\"caption\":\"Nejv\u011bt\u0161\u00ed dar\"},{\"@type\":\"BreadcrumbList\",\"@id\":\"https:\\\/\\\/tv.joycemeyer.org\\\/czech\\\/devotional\\\/nejvetsi-dar\\\/#breadcrumb\",\"itemListElement\":[{\"@type\":\"ListItem\",\"position\":1,\"name\":\"Home\",\"item\":\"https:\\\/\\\/tv.joycemeyer.org\\\/czech\\\/\"},{\"@type\":\"ListItem\",\"position\":2,\"name\":\"Devotional\",\"item\":\"https:\\\/\\\/tv.joycemeyer.org\\\/czech\\\/devotional\\\/\"},{\"@type\":\"ListItem\",\"position\":3,\"name\":\"Nejv\u011bt\u0161\u00ed dar\"}]},{\"@type\":\"WebSite\",\"@id\":\"https:\\\/\\\/tv.joycemeyer.org\\\/czech\\\/#website\",\"url\":\"https:\\\/\\\/tv.joycemeyer.org\\\/czech\\\/\",\"name\":\"Joyce Meyer Ministries - Czech\",\"description\":\"Sd\u00edlet se o Krista - milovat lidi\",\"potentialAction\":[{\"@type\":\"SearchAction\",\"target\":{\"@type\":\"EntryPoint\",\"urlTemplate\":\"https:\\\/\\\/tv.joycemeyer.org\\\/czech\\\/?s={search_term_string}\"},\"query-input\":{\"@type\":\"PropertyValueSpecification\",\"valueRequired\":true,\"valueName\":\"search_term_string\"}}],\"inLanguage\":\"cs\"}]}<\/script>\n<!-- \/ Yoast SEO plugin. -->","yoast_head_json":{"title":"Nejv\u011bt\u0161\u00ed dar - Joyce Meyer Ministries - Czech","robots":{"index":"index","follow":"follow","max-snippet":"max-snippet:-1","max-image-preview":"max-image-preview:large","max-video-preview":"max-video-preview:-1"},"canonical":"https:\/\/tv.joycemeyer.org\/czech\/devotional\/nejvetsi-dar\/","og_locale":"cs_CZ","og_type":"article","og_title":"Nejv\u011bt\u0161\u00ed dar - Joyce Meyer Ministries - Czech","og_description":"Nejv\u011bt\u0161\u00ed dar, kter\u00fd m\u016f\u017eeme d\u00e1t Bohu, je, \u017ee budeme podobni Je\u017e\u00ed\u0161i.","og_url":"https:\/\/tv.joycemeyer.org\/czech\/devotional\/nejvetsi-dar\/","og_site_name":"Joyce Meyer Ministries - Czech","article_publisher":"https:\/\/www.facebook.com\/joycemeyerministriescesko\/","og_image":[{"width":960,"height":540,"url":"https:\/\/tv.joycemeyer.org\/czech\/wp-content\/uploads\/sites\/67\/2020\/10\/976.jpg","type":"image\/jpeg"}],"twitter_card":"summary_large_image","twitter_misc":{"Odhadovan\u00e1 doba \u010dten\u00ed":"2 minuty"},"schema":{"@context":"https:\/\/schema.org","@graph":[{"@type":"WebPage","@id":"https:\/\/tv.joycemeyer.org\/czech\/devotional\/nejvetsi-dar\/","url":"https:\/\/tv.joycemeyer.org\/czech\/devotional\/nejvetsi-dar\/","name":"Nejv\u011bt\u0161\u00ed dar - Joyce Meyer Ministries - Czech","isPartOf":{"@id":"https:\/\/tv.joycemeyer.org\/czech\/#website"},"primaryImageOfPage":{"@id":"https:\/\/tv.joycemeyer.org\/czech\/devotional\/nejvetsi-dar\/#primaryimage"},"image":{"@id":"https:\/\/tv.joycemeyer.org\/czech\/devotional\/nejvetsi-dar\/#primaryimage"},"thumbnailUrl":"https:\/\/tv.joycemeyer.org\/czech\/wp-content\/uploads\/sites\/67\/2020\/10\/976.jpg","datePublished":"2026-08-31T00:01:38+00:00","breadcrumb":{"@id":"https:\/\/tv.joycemeyer.org\/czech\/devotional\/nejvetsi-dar\/#breadcrumb"},"inLanguage":"cs","potentialAction":[{"@type":"ReadAction","target":["https:\/\/tv.joycemeyer.org\/czech\/devotional\/nejvetsi-dar\/"]}]},{"@type":"ImageObject","inLanguage":"cs","@id":"https:\/\/tv.joycemeyer.org\/czech\/devotional\/nejvetsi-dar\/#primaryimage","url":"https:\/\/tv.joycemeyer.org\/czech\/wp-content\/uploads\/sites\/67\/2020\/10\/976.jpg","contentUrl":"https:\/\/tv.joycemeyer.org\/czech\/wp-content\/uploads\/sites\/67\/2020\/10\/976.jpg","width":960,"height":540,"caption":"Nejv\u011bt\u0161\u00ed dar"},{"@type":"BreadcrumbList","@id":"https:\/\/tv.joycemeyer.org\/czech\/devotional\/nejvetsi-dar\/#breadcrumb","itemListElement":[{"@type":"ListItem","position":1,"name":"Home","item":"https:\/\/tv.joycemeyer.org\/czech\/"},{"@type":"ListItem","position":2,"name":"Devotional","item":"https:\/\/tv.joycemeyer.org\/czech\/devotional\/"},{"@type":"ListItem","position":3,"name":"Nejv\u011bt\u0161\u00ed dar"}]},{"@type":"WebSite","@id":"https:\/\/tv.joycemeyer.org\/czech\/#website","url":"https:\/\/tv.joycemeyer.org\/czech\/","name":"Joyce Meyer Ministries - Czech","description":"Sd\u00edlet se o Krista - milovat lidi","potentialAction":[{"@type":"SearchAction","target":{"@type":"EntryPoint","urlTemplate":"https:\/\/tv.joycemeyer.org\/czech\/?s={search_term_string}"},"query-input":{"@type":"PropertyValueSpecification","valueRequired":true,"valueName":"search_term_string"}}],"inLanguage":"cs"}]}},"_links":{"self":[{"href":"https:\/\/tv.joycemeyer.org\/czech\/wp-json\/wp\/v2\/devotional\/825","targetHints":{"allow":["GET"]}}],"collection":[{"href":"https:\/\/tv.joycemeyer.org\/czech\/wp-json\/wp\/v2\/devotional"}],"about":[{"href":"https:\/\/tv.joycemeyer.org\/czech\/wp-json\/wp\/v2\/types\/devotional"}],"author":[{"embeddable":true,"href":"https:\/\/tv.joycemeyer.org\/czech\/wp-json\/wp\/v2\/users\/15"}],"replies":[{"embeddable":true,"href":"https:\/\/tv.joycemeyer.org\/czech\/wp-json\/wp\/v2\/comments?post=825"}],"wp:featuredmedia":[{"embeddable":true,"href":"https:\/\/tv.joycemeyer.org\/czech\/wp-json\/wp\/v2\/media\/826"}],"wp:attachment":[{"href":"https:\/\/tv.joycemeyer.org\/czech\/wp-json\/wp\/v2\/media?parent=825"}],"curies":[{"name":"wp","href":"https:\/\/api.w.org\/{rel}","templated":true}]}}

Největší dar

<blockquote><p>Buďte milosrdní, jako je milosrdný váš Otec. Lukáš 6,36</p></blockquote>
<p>Jedna věc na světě je zcela mimořádná. Čím více o ní přemýšlím, tím více mě fascinuje. Přináší požehnání tam, kde si ho nezasloužíme, a chrání nás před trestem, který si zasloužíme. Je to největší dar, který můžeme někomu dát.</p>
<p>Tímto darem je milosrdenství, které Ježíš přinesl k nám na zem, a ukázal nám, jak ho můžeme předávat lidem kolem nás.</p>
<p>Kristus nás svým příkladem učí, abychom milovali naše nepřátele a modlili se za ně, abychom neodpláceli zlým za zlé, starali se o potřebné a dávali chudým, i když nám to nikdy nebudou moci vrátit.</p>
<p>Samozřejmě můžeme dávat i lidem, kteří nám dají něco na oplátku. Mnohem požehnanější však budeme tehdy, když se rozhodneme dávat těm, kteří nám nemají čím odplatit. Buďme k druhým milosrdní.</p>
<p>Největší dar, který můžeme dát Bohu, je, že budeme podobni Ježíši. To znamená, že budeme jednat s druhými tak, jak jedná On s námi. Buďme milosrdní k druhým, to je největší dar, který kdy můžeme lidem dát.</p>
<hr />
<p>Modlitba</p>
<p>„Děkuji Ti, Bože, že mi každý den štědře prokazuješ milosrdenství. Pomoz mi, abych ho v každé situaci dával dál i ostatním lidem.“</p>

<p>Největší dar, který můžeme dát Bohu, je, že budeme podobni Ježíši.</p>

<div class="follow"><h6 class="alt">Spojte se s námi</h6><ul class="nav nav--social nav--flex"><li class="menu-item facebook"><a href="https://www.facebook.com/joycemeyerministriescesko/" target="_blank"><span class="visuallyhidden">Facebook</span></a></li></ul></div>

<!-- This site is optimized with the Yoast SEO plugin v28.2 - https://yoast.com/product/yoast-seo-wordpress/ -->
<title>Největší dar - Joyce Meyer Ministries - Czech</title>
<meta name="robots" content="index, follow, max-snippet:-1, max-image-preview:large, max-video-preview:-1" />
<link rel="canonical" href="https://tv.joycemeyer.org/czech/devotional/nejvetsi-dar/" />
<meta property="og:locale" content="cs_CZ" />
<meta property="og:type" content="article" />
<meta property="og:title" content="Největší dar - Joyce Meyer Ministries - Czech" />
<meta property="og:description" content="Největší dar, který můžeme dát Bohu, je, že budeme podobni Ježíši." />
<meta property="og:url" content="https://tv.joycemeyer.org/czech/devotional/nejvetsi-dar/" />
<meta property="og:site_name" content="Joyce Meyer Ministries - Czech" />
<meta property="article:publisher" content="https://www.facebook.com/joycemeyerministriescesko/" />
<meta property="og:image" content="https://tv.joycemeyer.org/czech/wp-content/uploads/sites/67/2020/10/976.jpg" />
	<meta property="og:image:width" content="960" />
	<meta property="og:image:height" content="540" />
	<meta property="og:image:type" content="image/jpeg" />
<meta name="twitter:card" content="summary_large_image" />
<meta name="twitter:label1" content="Odhadovaná doba čtení" />
	<meta name="twitter:data1" content="2 minuty" />
<script type="application/ld+json" class="yoast-schema-graph">{"@context":"https:\/\/schema.org","@graph":[{"@type":"WebPage","@id":"https:\/\/tv.joycemeyer.org\/czech\/devotional\/nejvetsi-dar\/","url":"https:\/\/tv.joycemeyer.org\/czech\/devotional\/nejvetsi-dar\/","name":"Největší dar - Joyce Meyer Ministries - Czech","isPartOf":{"@id":"https:\/\/tv.joycemeyer.org\/czech\/#website"},"primaryImageOfPage":{"@id":"https:\/\/tv.joycemeyer.org\/czech\/devotional\/nejvetsi-dar\/#primaryimage"},"image":{"@id":"https:\/\/tv.joycemeyer.org\/czech\/devotional\/nejvetsi-dar\/#primaryimage"},"thumbnailUrl":"https:\/\/tv.joycemeyer.org\/czech\/wp-content\/uploads\/sites\/67\/2020\/10\/976.jpg","datePublished":"2026-08-31T00:01:38+00:00","breadcrumb":{"@id":"https:\/\/tv.joycemeyer.org\/czech\/devotional\/nejvetsi-dar\/#breadcrumb"},"inLanguage":"cs","potentialAction":[{"@type":"ReadAction","target":["https:\/\/tv.joycemeyer.org\/czech\/devotional\/nejvetsi-dar\/"]}]},{"@type":"ImageObject","inLanguage":"cs","@id":"https:\/\/tv.joycemeyer.org\/czech\/devotional\/nejvetsi-dar\/#primaryimage","url":"https:\/\/tv.joycemeyer.org\/czech\/wp-content\/uploads\/sites\/67\/2020\/10\/976.jpg","contentUrl":"https:\/\/tv.joycemeyer.org\/czech\/wp-content\/uploads\/sites\/67\/2020\/10\/976.jpg","width":960,"height":540,"caption":"Největší dar"},{"@type":"BreadcrumbList","@id":"https:\/\/tv.joycemeyer.org\/czech\/devotional\/nejvetsi-dar\/#breadcrumb","itemListElement":[{"@type":"ListItem","position":1,"name":"Home","item":"https:\/\/tv.joycemeyer.org\/czech\/"},{"@type":"ListItem","position":2,"name":"Devotional","item":"https:\/\/tv.joycemeyer.org\/czech\/devotional\/"},{"@type":"ListItem","position":3,"name":"Největší dar"}]},{"@type":"WebSite","@id":"https:\/\/tv.joycemeyer.org\/czech\/#website","url":"https:\/\/tv.joycemeyer.org\/czech\/","name":"Joyce Meyer Ministries - Czech","description":"Sdílet se o Krista - milovat lidi","potentialAction":[{"@type":"SearchAction","target":{"@type":"EntryPoint","urlTemplate":"https:\/\/tv.joycemeyer.org\/czech\/?s={search_term_string}"},"query-input":{"@type":"PropertyValueSpecification","valueRequired":true,"valueName":"search_term_string"}}],"inLanguage":"cs"}]}</script>
<!-- / Yoast SEO plugin. -->

Největší dar - Joyce Meyer Ministries - Czech

Největší dar, který můžeme dát Bohu, je, že budeme podobni Ježíši.

Sdílet se o Krista - milovat lidi
