{"id":2451,"date":"2020-06-30T20:15:21","date_gmt":"2020-06-30T20:15:21","guid":{"rendered":"https:\/\/tv.joycemeyer.org\/espanol\/?page_id=2451"},"modified":"2024-05-09T16:31:14","modified_gmt":"2024-05-09T16:31:14","slug":"donar","status":"publish","type":"page","link":"https:\/\/tv.joycemeyer.org\/espanol\/donar\/","title":{"rendered":"Donaci\u00f3n General"},"content":{"rendered":"<p style=\"text-align: left;\">Nos estamos asociando con Donorbox.com para procesar tus donaciones recurrentes u ofrenda. Por favor, presta atenci\u00f3n a un correo electr\u00f3nico de Donorbox.com de nuestra parte. Inicia sesi\u00f3n en tu cuenta de Donorbox.com para editar tu informaci\u00f3n de donaci\u00f3n recurrente.<\/p>\n<p style=\"text-align: center;\"><script src=\"https:\/\/donorbox.org\/widget.js\" paypalexpress=\"false\"><\/script> <iframe style=\"max-width: 500px; min-width: 250px; max-height: none!important;\" src=\"https:\/\/donorbox.org\/embed\/joycemeyerministriesspanish-2\" name=\"donorbox\" width=\"100%\" height=\"900px\" frameborder=\"0\" scrolling=\"no\" seamless=\"seamless\"><\/iframe><\/p>\n<p style=\"text-align: left;\">Si tienes preguntas o necesitas ayuda con tu donaci\u00f3n, llama a nuestra oficina al <a href=\"1-800-727-9673\">1-800-727-9673<\/a> o <a href=\"mailto:spanish@joycemeyer.org\">env\u00edanos un correo electr\u00f3nico<\/a><\/p>\n<p style=\"text-align: center;\"><strong>Los Procedimientos<\/strong> Financieros de los Ministerios Joyce Meyer es voluntariamente auditado cada a\u00f1o por una firma de contadores p\u00fablicos independientes.<\/p>\n<p style=\"text-align: left;\">Cuando das un donativo financiero para apoyar la obra de los ministerios de Joyce Meyer, est\u00e1s ayudando a compartir a Cristo y amar a la gente de todo el mundo.<br \/>\n<strong>Estamos comprometidos con la Responsabilidad Financiera<\/strong><\/p>\n<p style=\"text-align: left;\"><strong>Responsabilidad<\/strong> De los Ministerios Joyce Meyer, queremos que est\u00e9s seguro de que tus donaciones se utilizar\u00e1n de la mejor manera posible. Por esta raz\u00f3n estamos acreditados por el Consejo Evang\u00e9lico para la Responsabilidad Financiera.<\/p>\n<p style=\"text-align: left;\">Todas las donaciones son deducibles de impuestos en toda su extensi\u00f3n.<\/p>\n","protected":false},"excerpt":{"rendered":"<p>Nos estamos asociando con Donorbox.com para procesar tus donaciones recurrentes u ofrenda. Por favor, presta atenci\u00f3n a un correo electr\u00f3nico de Donorbox.com de nuestra parte. Inicia sesi\u00f3n en tu cuenta de Donorbox.com para editar tu informaci\u00f3n de donaci\u00f3n recurrente. Si tienes preguntas o necesitas ayuda con tu donaci\u00f3n, llama a nuestra oficina al 1-800-727-9673 o&#8230;<\/p>\n","protected":false},"author":4,"featured_media":0,"parent":0,"menu_order":0,"comment_status":"closed","ping_status":"closed","template":"","meta":{"_acf_changed":false,"footnotes":""},"class_list":["post-2451","page","type-page","status-publish","hentry"],"acf":[],"yoast_head":"<!-- This site is optimized with the Yoast SEO plugin v27.4 - https:\/\/yoast.com\/product\/yoast-seo-wordpress\/ -->\n<title>Donaci\u00f3n General - Joyce Meyer Ministries - Espanol<\/title>\n<meta name=\"robots\" content=\"index, follow, max-snippet:-1, max-image-preview:large, max-video-preview:-1\" \/>\n<link rel=\"canonical\" href=\"https:\/\/tv.joycemeyer.org\/espanol\/donar\/\" \/>\n<meta property=\"og:locale\" content=\"es_ES\" \/>\n<meta property=\"og:type\" content=\"article\" \/>\n<meta property=\"og:title\" content=\"Donaci\u00f3n General - Joyce Meyer Ministries - Espanol\" \/>\n<meta property=\"og:description\" content=\"Nos estamos asociando con Donorbox.com para procesar tus donaciones recurrentes u ofrenda. Por favor, presta atenci\u00f3n a un correo electr\u00f3nico de Donorbox.com de nuestra parte. Inicia sesi\u00f3n en tu cuenta de Donorbox.com para editar tu informaci\u00f3n de donaci\u00f3n recurrente. Si tienes preguntas o necesitas ayuda con tu donaci\u00f3n, llama a nuestra oficina al 1-800-727-9673 o...\" \/>\n<meta property=\"og:url\" content=\"https:\/\/tv.joycemeyer.org\/espanol\/donar\/\" \/>\n<meta property=\"og:site_name\" content=\"Joyce Meyer Ministries - Espanol\" \/>\n<meta property=\"article:publisher\" content=\"https:\/\/www.facebook.com\/JoyceMeyerMinistriesEspanol\/\" \/>\n<meta property=\"article:modified_time\" content=\"2024-05-09T16:31:14+00:00\" \/>\n<meta name=\"twitter:card\" content=\"summary_large_image\" \/>\n<meta name=\"twitter:label1\" content=\"Tiempo de lectura\" \/>\n\t<meta name=\"twitter:data1\" content=\"1 minuto\" \/>\n<script type=\"application\/ld+json\" class=\"yoast-schema-graph\">{\"@context\":\"https:\\\/\\\/schema.org\",\"@graph\":[{\"@type\":\"WebPage\",\"@id\":\"https:\\\/\\\/tv.joycemeyer.org\\\/espanol\\\/donar\\\/\",\"url\":\"https:\\\/\\\/tv.joycemeyer.org\\\/espanol\\\/donar\\\/\",\"name\":\"Donaci\u00f3n General - Joyce Meyer Ministries - Espanol\",\"isPartOf\":{\"@id\":\"https:\\\/\\\/tv.joycemeyer.org\\\/espanol\\\/#website\"},\"datePublished\":\"2020-06-30T20:15:21+00:00\",\"dateModified\":\"2024-05-09T16:31:14+00:00\",\"breadcrumb\":{\"@id\":\"https:\\\/\\\/tv.joycemeyer.org\\\/espanol\\\/donar\\\/#breadcrumb\"},\"inLanguage\":\"es\",\"potentialAction\":[{\"@type\":\"ReadAction\",\"target\":[\"https:\\\/\\\/tv.joycemeyer.org\\\/espanol\\\/donar\\\/\"]}]},{\"@type\":\"BreadcrumbList\",\"@id\":\"https:\\\/\\\/tv.joycemeyer.org\\\/espanol\\\/donar\\\/#breadcrumb\",\"itemListElement\":[{\"@type\":\"ListItem\",\"position\":1,\"name\":\"Home\",\"item\":\"https:\\\/\\\/tv.joycemeyer.org\\\/espanol\\\/\"},{\"@type\":\"ListItem\",\"position\":2,\"name\":\"Donaci\u00f3n General\"}]},{\"@type\":\"WebSite\",\"@id\":\"https:\\\/\\\/tv.joycemeyer.org\\\/espanol\\\/#website\",\"url\":\"https:\\\/\\\/tv.joycemeyer.org\\\/espanol\\\/\",\"name\":\"Joyce Meyer Ministries - Espanol\",\"description\":\"Disfrutando la Vida Diaria\",\"potentialAction\":[{\"@type\":\"SearchAction\",\"target\":{\"@type\":\"EntryPoint\",\"urlTemplate\":\"https:\\\/\\\/tv.joycemeyer.org\\\/espanol\\\/?s={search_term_string}\"},\"query-input\":{\"@type\":\"PropertyValueSpecification\",\"valueRequired\":true,\"valueName\":\"search_term_string\"}}],\"inLanguage\":\"es\"}]}<\/script>\n<!-- \/ Yoast SEO plugin. -->","yoast_head_json":{"title":"Donaci\u00f3n General - Joyce Meyer Ministries - Espanol","robots":{"index":"index","follow":"follow","max-snippet":"max-snippet:-1","max-image-preview":"max-image-preview:large","max-video-preview":"max-video-preview:-1"},"canonical":"https:\/\/tv.joycemeyer.org\/espanol\/donar\/","og_locale":"es_ES","og_type":"article","og_title":"Donaci\u00f3n General - Joyce Meyer Ministries - Espanol","og_description":"Nos estamos asociando con Donorbox.com para procesar tus donaciones recurrentes u ofrenda. Por favor, presta atenci\u00f3n a un correo electr\u00f3nico de Donorbox.com de nuestra parte. Inicia sesi\u00f3n en tu cuenta de Donorbox.com para editar tu informaci\u00f3n de donaci\u00f3n recurrente. Si tienes preguntas o necesitas ayuda con tu donaci\u00f3n, llama a nuestra oficina al 1-800-727-9673 o...","og_url":"https:\/\/tv.joycemeyer.org\/espanol\/donar\/","og_site_name":"Joyce Meyer Ministries - Espanol","article_publisher":"https:\/\/www.facebook.com\/JoyceMeyerMinistriesEspanol\/","article_modified_time":"2024-05-09T16:31:14+00:00","twitter_card":"summary_large_image","twitter_misc":{"Tiempo de lectura":"1 minuto"},"schema":{"@context":"https:\/\/schema.org","@graph":[{"@type":"WebPage","@id":"https:\/\/tv.joycemeyer.org\/espanol\/donar\/","url":"https:\/\/tv.joycemeyer.org\/espanol\/donar\/","name":"Donaci\u00f3n General - Joyce Meyer Ministries - Espanol","isPartOf":{"@id":"https:\/\/tv.joycemeyer.org\/espanol\/#website"},"datePublished":"2020-06-30T20:15:21+00:00","dateModified":"2024-05-09T16:31:14+00:00","breadcrumb":{"@id":"https:\/\/tv.joycemeyer.org\/espanol\/donar\/#breadcrumb"},"inLanguage":"es","potentialAction":[{"@type":"ReadAction","target":["https:\/\/tv.joycemeyer.org\/espanol\/donar\/"]}]},{"@type":"BreadcrumbList","@id":"https:\/\/tv.joycemeyer.org\/espanol\/donar\/#breadcrumb","itemListElement":[{"@type":"ListItem","position":1,"name":"Home","item":"https:\/\/tv.joycemeyer.org\/espanol\/"},{"@type":"ListItem","position":2,"name":"Donaci\u00f3n General"}]},{"@type":"WebSite","@id":"https:\/\/tv.joycemeyer.org\/espanol\/#website","url":"https:\/\/tv.joycemeyer.org\/espanol\/","name":"Joyce Meyer Ministries - Espanol","description":"Disfrutando la Vida Diaria","potentialAction":[{"@type":"SearchAction","target":{"@type":"EntryPoint","urlTemplate":"https:\/\/tv.joycemeyer.org\/espanol\/?s={search_term_string}"},"query-input":{"@type":"PropertyValueSpecification","valueRequired":true,"valueName":"search_term_string"}}],"inLanguage":"es"}]}},"featured_image_urls":{},"appp_media":null,"_links":{"self":[{"href":"https:\/\/tv.joycemeyer.org\/espanol\/wp-json\/wp\/v2\/pages\/2451","targetHints":{"allow":["GET"]}}],"collection":[{"href":"https:\/\/tv.joycemeyer.org\/espanol\/wp-json\/wp\/v2\/pages"}],"about":[{"href":"https:\/\/tv.joycemeyer.org\/espanol\/wp-json\/wp\/v2\/types\/page"}],"author":[{"embeddable":true,"href":"https:\/\/tv.joycemeyer.org\/espanol\/wp-json\/wp\/v2\/users\/4"}],"replies":[{"embeddable":true,"href":"https:\/\/tv.joycemeyer.org\/espanol\/wp-json\/wp\/v2\/comments?post=2451"}],"version-history":[{"count":0,"href":"https:\/\/tv.joycemeyer.org\/espanol\/wp-json\/wp\/v2\/pages\/2451\/revisions"}],"wp:attachment":[{"href":"https:\/\/tv.joycemeyer.org\/espanol\/wp-json\/wp\/v2\/media?parent=2451"}],"curies":[{"name":"wp","href":"https:\/\/api.w.org\/{rel}","templated":true}]}}