{"id":1459,"date":"2021-11-29T00:01:57","date_gmt":"2021-11-29T00:01:57","guid":{"rendered":"https:\/\/tv.joycemeyer.org\/hrvatski\/?post_type=devotional&#038;p=1459"},"modified":"2021-11-29T13:10:23","modified_gmt":"2021-11-29T13:10:23","slug":"molitva-proizvodi-mir","status":"publish","type":"devotional","link":"https:\/\/tv.joycemeyer.org\/hrvatski\/devotional\/molitva-proizvodi-mir\/","title":{"rendered":"Molitva proizvodi mir"},"content":{"rendered":"<p><strong>\u201eNe budite zabrinuti ni za \u0161to, nego u svemu &#8211; molitvom i pro\u0161njom, sa zahvaljivanjem &#8211; o\u010ditujte svoje molbe Bogu. I mir Bo\u017eji koji je iznad svakog razuma \u010duvat \u0107e srca va\u0161a i va\u0161e misli u Kristu Isusu.\u201c \u2013 Filipljanima 4: 6-7<\/strong><\/p>\n<p>Apostol Pavao u ovim stihovima ne ka\u017ee: \u201eMolite i brinite.\u201c Umjesto toga, on ka\u017ee: \u201eMolite i ne brinite.\u201c Za\u0161to da molimo i ne brinemo? Molitva je va\u017ean na\u010din na koji bacamo na\u0161e brige na Gospodina. Molitva otvara vrata za Gospodina kako bi mogao djelovati u na\u0161em \u017eivotu i \u017eivotima ljudi koji nas okru\u017euju.<\/p>\n<p>Kad nam \u0111avo poku\u0161a dati razlog da se brinemo za ne\u0161to, mi to mo\u017eemo okrenuti i brige predati Bogu. Ako molimo za ne\u0161to, a zatim nastavimo brinuti, mije\u0161amo pozitivno i negativno. Ove dvije stvari me\u0111usobno poni\u0161tavaju jedna drugu, pa tako zavr\u0161imo tamo gdje smo zapo\u010deli \u2013 na nuli.<\/p>\n<p>Molitva je pozitivna sila; briga je negativna sila. Gospodin mi je pokazao razlog za\u0161to mnogi ljudi djeluju bez sile \u2013 zato \u0161to pozitivnu molitvenu silu poni\u0161te prepu\u0161taju\u0107i se negativnoj sili brige. Sve dok brinemo, ne vjerujemo Bogu. U Bo\u017eji po\u010dinak mo\u017eemo u\u0107i i u\u017eivati u miru koji nadilazi svaki razum samo ako vjerujemo i imamo pouzdanje u Gospodina.<\/p>\n<p><strong>Mo\u017eemo odlu\u010diti baciti svoje brige na Gospodina i pouzdati se u Njega da se brine za nas.<\/strong><\/p>\n","protected":false},"excerpt":{"rendered":"<p>Apostol Pavao u ovim stihovima ne ka\u017ee: \u201eMolite i brinite.\u201c Umjesto toga, on ka\u017ee: \u201eMolite i ne brinite.\u201c Za\u0161to da molimo i ne brinemo? Molitva je va\u017ean na\u010din na koji bacamo na\u0161e brige na Gospodina. Molitva otvara vrata za Gospodina kako bi mogao djelovati u na\u0161em \u017eivotu i \u017eivotima ljudi koji nas okru\u017euju.<\/p>\n","protected":false},"author":19,"featured_media":1460,"parent":0,"menu_order":0,"comment_status":"closed","ping_status":"closed","template":"","class_list":["post-1459","devotional","type-devotional","status-publish","has-post-thumbnail","hentry"],"acf":[],"appp":{"post_detail":{"above_title":"<div class=\"post-featured-wrap\"><img width=\"960\" height=\"560\" src=\"https:\/\/tv.joycemeyer.org\/hrvatski\/wp-content\/uploads\/sites\/66\/2021\/09\/1759.jpg\" class=\"post-featured wp-post-image\" alt=\"Molitva proizvodi mir\" decoding=\"async\" srcset=\"https:\/\/tv.joycemeyer.org\/hrvatski\/wp-content\/uploads\/sites\/66\/2021\/09\/1759.jpg 960w, https:\/\/tv.joycemeyer.org\/hrvatski\/wp-content\/uploads\/sites\/66\/2021\/09\/1759-300x175.jpg 300w, https:\/\/tv.joycemeyer.org\/hrvatski\/wp-content\/uploads\/sites\/66\/2021\/09\/1759-768x448.jpg 768w\" sizes=\"(max-width: 960px) 100vw, 960px\" \/><\/div>","below_content":"<div class=\"follow\"><h6 class=\"alt\">Pove\u017eite se s nama<\/h6><ul class=\"nav nav--social nav--flex\"><li class=\"menu-item facebook\"><a href=\"https:\/\/www.facebook.com\/joycemeyerministrieshrvatska\/\" target=\"_blank\"><span class=\"visuallyhidden\">Facebook<\/span><\/a><\/li><\/ul><\/div>"}},"yoast_head":"<!-- This site is optimized with the Yoast SEO plugin v27.4 - https:\/\/yoast.com\/product\/yoast-seo-wordpress\/ -->\n<title>Molitva proizvodi mir - Joyce Meyer Ministries - Hrvatski<\/title>\n<meta name=\"robots\" content=\"index, follow, max-snippet:-1, max-image-preview:large, max-video-preview:-1\" \/>\n<link rel=\"canonical\" href=\"https:\/\/tv.joycemeyer.org\/hrvatski\/devotional\/molitva-proizvodi-mir\/\" \/>\n<meta property=\"og:locale\" content=\"hr_HR\" \/>\n<meta property=\"og:type\" content=\"article\" \/>\n<meta property=\"og:title\" content=\"Molitva proizvodi mir - Joyce Meyer Ministries - Hrvatski\" \/>\n<meta property=\"og:description\" content=\"Apostol Pavao u ovim stihovima ne ka\u017ee: \u201eMolite i brinite.\u201c Umjesto toga, on ka\u017ee: \u201eMolite i ne brinite.\u201c Za\u0161to da molimo i ne brinemo? Molitva je va\u017ean na\u010din na koji bacamo na\u0161e brige na Gospodina. Molitva otvara vrata za Gospodina kako bi mogao djelovati u na\u0161em \u017eivotu i \u017eivotima ljudi koji nas okru\u017euju.\" \/>\n<meta property=\"og:url\" content=\"https:\/\/tv.joycemeyer.org\/hrvatski\/devotional\/molitva-proizvodi-mir\/\" \/>\n<meta property=\"og:site_name\" content=\"Joyce Meyer Ministries - Hrvatski\" \/>\n<meta property=\"article:publisher\" content=\"https:\/\/www.facebook.com\/joycemeyerministrieshrvatska\/\" \/>\n<meta property=\"article:modified_time\" content=\"2021-11-29T13:10:23+00:00\" \/>\n<meta property=\"og:image\" content=\"https:\/\/tv.joycemeyer.org\/hrvatski\/wp-content\/uploads\/sites\/66\/2021\/09\/1759.jpg\" \/>\n\t<meta property=\"og:image:width\" content=\"960\" \/>\n\t<meta property=\"og:image:height\" content=\"560\" \/>\n\t<meta property=\"og:image:type\" content=\"image\/jpeg\" \/>\n<meta name=\"twitter:card\" content=\"summary_large_image\" \/>\n<meta name=\"twitter:label1\" content=\"Procijenjeno vrijeme \u010ditanja\" \/>\n\t<meta name=\"twitter:data1\" content=\"1 minuta\" \/>\n<script type=\"application\/ld+json\" class=\"yoast-schema-graph\">{\"@context\":\"https:\\\/\\\/schema.org\",\"@graph\":[{\"@type\":\"WebPage\",\"@id\":\"https:\\\/\\\/tv.joycemeyer.org\\\/hrvatski\\\/devotional\\\/molitva-proizvodi-mir\\\/\",\"url\":\"https:\\\/\\\/tv.joycemeyer.org\\\/hrvatski\\\/devotional\\\/molitva-proizvodi-mir\\\/\",\"name\":\"Molitva proizvodi mir - Joyce Meyer Ministries - Hrvatski\",\"isPartOf\":{\"@id\":\"https:\\\/\\\/tv.joycemeyer.org\\\/hrvatski\\\/#website\"},\"primaryImageOfPage\":{\"@id\":\"https:\\\/\\\/tv.joycemeyer.org\\\/hrvatski\\\/devotional\\\/molitva-proizvodi-mir\\\/#primaryimage\"},\"image\":{\"@id\":\"https:\\\/\\\/tv.joycemeyer.org\\\/hrvatski\\\/devotional\\\/molitva-proizvodi-mir\\\/#primaryimage\"},\"thumbnailUrl\":\"https:\\\/\\\/tv.joycemeyer.org\\\/hrvatski\\\/wp-content\\\/uploads\\\/sites\\\/66\\\/2021\\\/09\\\/1759.jpg\",\"datePublished\":\"2021-11-29T00:01:57+00:00\",\"dateModified\":\"2021-11-29T13:10:23+00:00\",\"breadcrumb\":{\"@id\":\"https:\\\/\\\/tv.joycemeyer.org\\\/hrvatski\\\/devotional\\\/molitva-proizvodi-mir\\\/#breadcrumb\"},\"inLanguage\":\"hr\",\"potentialAction\":[{\"@type\":\"ReadAction\",\"target\":[\"https:\\\/\\\/tv.joycemeyer.org\\\/hrvatski\\\/devotional\\\/molitva-proizvodi-mir\\\/\"]}]},{\"@type\":\"ImageObject\",\"inLanguage\":\"hr\",\"@id\":\"https:\\\/\\\/tv.joycemeyer.org\\\/hrvatski\\\/devotional\\\/molitva-proizvodi-mir\\\/#primaryimage\",\"url\":\"https:\\\/\\\/tv.joycemeyer.org\\\/hrvatski\\\/wp-content\\\/uploads\\\/sites\\\/66\\\/2021\\\/09\\\/1759.jpg\",\"contentUrl\":\"https:\\\/\\\/tv.joycemeyer.org\\\/hrvatski\\\/wp-content\\\/uploads\\\/sites\\\/66\\\/2021\\\/09\\\/1759.jpg\",\"width\":960,\"height\":560,\"caption\":\"Molitva proizvodi mir\"},{\"@type\":\"BreadcrumbList\",\"@id\":\"https:\\\/\\\/tv.joycemeyer.org\\\/hrvatski\\\/devotional\\\/molitva-proizvodi-mir\\\/#breadcrumb\",\"itemListElement\":[{\"@type\":\"ListItem\",\"position\":1,\"name\":\"Home\",\"item\":\"https:\\\/\\\/tv.joycemeyer.org\\\/hrvatski\\\/\"},{\"@type\":\"ListItem\",\"position\":2,\"name\":\"Devotional\",\"item\":\"https:\\\/\\\/tv.joycemeyer.org\\\/hrvatski\\\/devotional\\\/\"},{\"@type\":\"ListItem\",\"position\":3,\"name\":\"Molitva proizvodi mir\"}]},{\"@type\":\"WebSite\",\"@id\":\"https:\\\/\\\/tv.joycemeyer.org\\\/hrvatski\\\/#website\",\"url\":\"https:\\\/\\\/tv.joycemeyer.org\\\/hrvatski\\\/\",\"name\":\"Joyce Meyer Ministries - Hrvatski\",\"description\":\"Dijeliti Krista - voljeti ljude\",\"potentialAction\":[{\"@type\":\"SearchAction\",\"target\":{\"@type\":\"EntryPoint\",\"urlTemplate\":\"https:\\\/\\\/tv.joycemeyer.org\\\/hrvatski\\\/?s={search_term_string}\"},\"query-input\":{\"@type\":\"PropertyValueSpecification\",\"valueRequired\":true,\"valueName\":\"search_term_string\"}}],\"inLanguage\":\"hr\"}]}<\/script>\n<!-- \/ Yoast SEO plugin. -->","yoast_head_json":{"title":"Molitva proizvodi mir - Joyce Meyer Ministries - Hrvatski","robots":{"index":"index","follow":"follow","max-snippet":"max-snippet:-1","max-image-preview":"max-image-preview:large","max-video-preview":"max-video-preview:-1"},"canonical":"https:\/\/tv.joycemeyer.org\/hrvatski\/devotional\/molitva-proizvodi-mir\/","og_locale":"hr_HR","og_type":"article","og_title":"Molitva proizvodi mir - Joyce Meyer Ministries - Hrvatski","og_description":"Apostol Pavao u ovim stihovima ne ka\u017ee: \u201eMolite i brinite.\u201c Umjesto toga, on ka\u017ee: \u201eMolite i ne brinite.\u201c Za\u0161to da molimo i ne brinemo? Molitva je va\u017ean na\u010din na koji bacamo na\u0161e brige na Gospodina. Molitva otvara vrata za Gospodina kako bi mogao djelovati u na\u0161em \u017eivotu i \u017eivotima ljudi koji nas okru\u017euju.","og_url":"https:\/\/tv.joycemeyer.org\/hrvatski\/devotional\/molitva-proizvodi-mir\/","og_site_name":"Joyce Meyer Ministries - Hrvatski","article_publisher":"https:\/\/www.facebook.com\/joycemeyerministrieshrvatska\/","article_modified_time":"2021-11-29T13:10:23+00:00","og_image":[{"width":960,"height":560,"url":"https:\/\/tv.joycemeyer.org\/hrvatski\/wp-content\/uploads\/sites\/66\/2021\/09\/1759.jpg","type":"image\/jpeg"}],"twitter_card":"summary_large_image","twitter_misc":{"Procijenjeno vrijeme \u010ditanja":"1 minuta"},"schema":{"@context":"https:\/\/schema.org","@graph":[{"@type":"WebPage","@id":"https:\/\/tv.joycemeyer.org\/hrvatski\/devotional\/molitva-proizvodi-mir\/","url":"https:\/\/tv.joycemeyer.org\/hrvatski\/devotional\/molitva-proizvodi-mir\/","name":"Molitva proizvodi mir - Joyce Meyer Ministries - Hrvatski","isPartOf":{"@id":"https:\/\/tv.joycemeyer.org\/hrvatski\/#website"},"primaryImageOfPage":{"@id":"https:\/\/tv.joycemeyer.org\/hrvatski\/devotional\/molitva-proizvodi-mir\/#primaryimage"},"image":{"@id":"https:\/\/tv.joycemeyer.org\/hrvatski\/devotional\/molitva-proizvodi-mir\/#primaryimage"},"thumbnailUrl":"https:\/\/tv.joycemeyer.org\/hrvatski\/wp-content\/uploads\/sites\/66\/2021\/09\/1759.jpg","datePublished":"2021-11-29T00:01:57+00:00","dateModified":"2021-11-29T13:10:23+00:00","breadcrumb":{"@id":"https:\/\/tv.joycemeyer.org\/hrvatski\/devotional\/molitva-proizvodi-mir\/#breadcrumb"},"inLanguage":"hr","potentialAction":[{"@type":"ReadAction","target":["https:\/\/tv.joycemeyer.org\/hrvatski\/devotional\/molitva-proizvodi-mir\/"]}]},{"@type":"ImageObject","inLanguage":"hr","@id":"https:\/\/tv.joycemeyer.org\/hrvatski\/devotional\/molitva-proizvodi-mir\/#primaryimage","url":"https:\/\/tv.joycemeyer.org\/hrvatski\/wp-content\/uploads\/sites\/66\/2021\/09\/1759.jpg","contentUrl":"https:\/\/tv.joycemeyer.org\/hrvatski\/wp-content\/uploads\/sites\/66\/2021\/09\/1759.jpg","width":960,"height":560,"caption":"Molitva proizvodi mir"},{"@type":"BreadcrumbList","@id":"https:\/\/tv.joycemeyer.org\/hrvatski\/devotional\/molitva-proizvodi-mir\/#breadcrumb","itemListElement":[{"@type":"ListItem","position":1,"name":"Home","item":"https:\/\/tv.joycemeyer.org\/hrvatski\/"},{"@type":"ListItem","position":2,"name":"Devotional","item":"https:\/\/tv.joycemeyer.org\/hrvatski\/devotional\/"},{"@type":"ListItem","position":3,"name":"Molitva proizvodi mir"}]},{"@type":"WebSite","@id":"https:\/\/tv.joycemeyer.org\/hrvatski\/#website","url":"https:\/\/tv.joycemeyer.org\/hrvatski\/","name":"Joyce Meyer Ministries - Hrvatski","description":"Dijeliti Krista - voljeti ljude","potentialAction":[{"@type":"SearchAction","target":{"@type":"EntryPoint","urlTemplate":"https:\/\/tv.joycemeyer.org\/hrvatski\/?s={search_term_string}"},"query-input":{"@type":"PropertyValueSpecification","valueRequired":true,"valueName":"search_term_string"}}],"inLanguage":"hr"}]}},"_links":{"self":[{"href":"https:\/\/tv.joycemeyer.org\/hrvatski\/wp-json\/wp\/v2\/devotional\/1459","targetHints":{"allow":["GET"]}}],"collection":[{"href":"https:\/\/tv.joycemeyer.org\/hrvatski\/wp-json\/wp\/v2\/devotional"}],"about":[{"href":"https:\/\/tv.joycemeyer.org\/hrvatski\/wp-json\/wp\/v2\/types\/devotional"}],"author":[{"embeddable":true,"href":"https:\/\/tv.joycemeyer.org\/hrvatski\/wp-json\/wp\/v2\/users\/19"}],"replies":[{"embeddable":true,"href":"https:\/\/tv.joycemeyer.org\/hrvatski\/wp-json\/wp\/v2\/comments?post=1459"}],"wp:featuredmedia":[{"embeddable":true,"href":"https:\/\/tv.joycemeyer.org\/hrvatski\/wp-json\/wp\/v2\/media\/1460"}],"wp:attachment":[{"href":"https:\/\/tv.joycemeyer.org\/hrvatski\/wp-json\/wp\/v2\/media?parent=1459"}],"curies":[{"name":"wp","href":"https:\/\/api.w.org\/{rel}","templated":true}]}}

<p><strong>„Ne budite zabrinuti ni za što, nego u svemu &#8211; molitvom i prošnjom, sa zahvaljivanjem &#8211; očitujte svoje molbe Bogu. I mir Božji koji je iznad svakog razuma čuvat će srca vaša i vaše misli u Kristu Isusu.“ – Filipljanima 4: 6-7</strong></p>
<p>Apostol Pavao u ovim stihovima ne kaže: „Molite i brinite.“ Umjesto toga, on kaže: „Molite i ne brinite.“ Zašto da molimo i ne brinemo? Molitva je važan način na koji bacamo naše brige na Gospodina. Molitva otvara vrata za Gospodina kako bi mogao djelovati u našem životu i životima ljudi koji nas okružuju.</p>
<p>Kad nam đavo pokuša dati razlog da se brinemo za nešto, mi to možemo okrenuti i brige predati Bogu. Ako molimo za nešto, a zatim nastavimo brinuti, miješamo pozitivno i negativno. Ove dvije stvari međusobno poništavaju jedna drugu, pa tako završimo tamo gdje smo započeli – na nuli.</p>
<p>Molitva je pozitivna sila; briga je negativna sila. Gospodin mi je pokazao razlog zašto mnogi ljudi djeluju bez sile – zato što pozitivnu molitvenu silu ponište prepuštajući se negativnoj sili brige. Sve dok brinemo, ne vjerujemo Bogu. U Božji počinak možemo ući i uživati u miru koji nadilazi svaki razum samo ako vjerujemo i imamo pouzdanje u Gospodina.</p>
<p><strong>Možemo odlučiti baciti svoje brige na Gospodina i pouzdati se u Njega da se brine za nas.</strong></p>

<p>Apostol Pavao u ovim stihovima ne kaže: „Molite i brinite.“ Umjesto toga, on kaže: „Molite i ne brinite.“ Zašto da molimo i ne brinemo? Molitva je važan način na koji bacamo naše brige na Gospodina. Molitva otvara vrata za Gospodina kako bi mogao djelovati u našem životu i životima ljudi koji nas okružuju.</p>

<div class="follow"><h6 class="alt">Povežite se s nama</h6><ul class="nav nav--social nav--flex"><li class="menu-item facebook"><a href="https://www.facebook.com/joycemeyerministrieshrvatska/" target="_blank"><span class="visuallyhidden">Facebook</span></a></li></ul></div>

<!-- This site is optimized with the Yoast SEO plugin v27.4 - https://yoast.com/product/yoast-seo-wordpress/ -->
<title>Molitva proizvodi mir - Joyce Meyer Ministries - Hrvatski</title>
<meta name="robots" content="index, follow, max-snippet:-1, max-image-preview:large, max-video-preview:-1" />
<link rel="canonical" href="https://tv.joycemeyer.org/hrvatski/devotional/molitva-proizvodi-mir/" />
<meta property="og:locale" content="hr_HR" />
<meta property="og:type" content="article" />
<meta property="og:title" content="Molitva proizvodi mir - Joyce Meyer Ministries - Hrvatski" />
<meta property="og:description" content="Apostol Pavao u ovim stihovima ne kaže: „Molite i brinite.“ Umjesto toga, on kaže: „Molite i ne brinite.“ Zašto da molimo i ne brinemo? Molitva je važan način na koji bacamo naše brige na Gospodina. Molitva otvara vrata za Gospodina kako bi mogao djelovati u našem životu i životima ljudi koji nas okružuju." />
<meta property="og:url" content="https://tv.joycemeyer.org/hrvatski/devotional/molitva-proizvodi-mir/" />
<meta property="og:site_name" content="Joyce Meyer Ministries - Hrvatski" />
<meta property="article:publisher" content="https://www.facebook.com/joycemeyerministrieshrvatska/" />
<meta property="article:modified_time" content="2021-11-29T13:10:23+00:00" />
<meta property="og:image" content="https://tv.joycemeyer.org/hrvatski/wp-content/uploads/sites/66/2021/09/1759.jpg" />
	<meta property="og:image:width" content="960" />
	<meta property="og:image:height" content="560" />
	<meta property="og:image:type" content="image/jpeg" />
<meta name="twitter:card" content="summary_large_image" />
<meta name="twitter:label1" content="Procijenjeno vrijeme čitanja" />
	<meta name="twitter:data1" content="1 minuta" />
<script type="application/ld+json" class="yoast-schema-graph">{"@context":"https:\/\/schema.org","@graph":[{"@type":"WebPage","@id":"https:\/\/tv.joycemeyer.org\/hrvatski\/devotional\/molitva-proizvodi-mir\/","url":"https:\/\/tv.joycemeyer.org\/hrvatski\/devotional\/molitva-proizvodi-mir\/","name":"Molitva proizvodi mir - Joyce Meyer Ministries - Hrvatski","isPartOf":{"@id":"https:\/\/tv.joycemeyer.org\/hrvatski\/#website"},"primaryImageOfPage":{"@id":"https:\/\/tv.joycemeyer.org\/hrvatski\/devotional\/molitva-proizvodi-mir\/#primaryimage"},"image":{"@id":"https:\/\/tv.joycemeyer.org\/hrvatski\/devotional\/molitva-proizvodi-mir\/#primaryimage"},"thumbnailUrl":"https:\/\/tv.joycemeyer.org\/hrvatski\/wp-content\/uploads\/sites\/66\/2021\/09\/1759.jpg","datePublished":"2021-11-29T00:01:57+00:00","dateModified":"2021-11-29T13:10:23+00:00","breadcrumb":{"@id":"https:\/\/tv.joycemeyer.org\/hrvatski\/devotional\/molitva-proizvodi-mir\/#breadcrumb"},"inLanguage":"hr","potentialAction":[{"@type":"ReadAction","target":["https:\/\/tv.joycemeyer.org\/hrvatski\/devotional\/molitva-proizvodi-mir\/"]}]},{"@type":"ImageObject","inLanguage":"hr","@id":"https:\/\/tv.joycemeyer.org\/hrvatski\/devotional\/molitva-proizvodi-mir\/#primaryimage","url":"https:\/\/tv.joycemeyer.org\/hrvatski\/wp-content\/uploads\/sites\/66\/2021\/09\/1759.jpg","contentUrl":"https:\/\/tv.joycemeyer.org\/hrvatski\/wp-content\/uploads\/sites\/66\/2021\/09\/1759.jpg","width":960,"height":560,"caption":"Molitva proizvodi mir"},{"@type":"BreadcrumbList","@id":"https:\/\/tv.joycemeyer.org\/hrvatski\/devotional\/molitva-proizvodi-mir\/#breadcrumb","itemListElement":[{"@type":"ListItem","position":1,"name":"Home","item":"https:\/\/tv.joycemeyer.org\/hrvatski\/"},{"@type":"ListItem","position":2,"name":"Devotional","item":"https:\/\/tv.joycemeyer.org\/hrvatski\/devotional\/"},{"@type":"ListItem","position":3,"name":"Molitva proizvodi mir"}]},{"@type":"WebSite","@id":"https:\/\/tv.joycemeyer.org\/hrvatski\/#website","url":"https:\/\/tv.joycemeyer.org\/hrvatski\/","name":"Joyce Meyer Ministries - Hrvatski","description":"Dijeliti Krista - voljeti ljude","potentialAction":[{"@type":"SearchAction","target":{"@type":"EntryPoint","urlTemplate":"https:\/\/tv.joycemeyer.org\/hrvatski\/?s={search_term_string}"},"query-input":{"@type":"PropertyValueSpecification","valueRequired":true,"valueName":"search_term_string"}}],"inLanguage":"hr"}]}</script>
<!-- / Yoast SEO plugin. -->

Apostol Pavao u ovim stihovima ne kaže: „Molite i brinite.“ Umjesto toga, on kaže: „Molite i ne brinite.“ Zašto da molimo i ne brinemo? Molitva je važan način na koji bacamo naše brige na Gospodina. Molitva otvara vrata za Gospodina kako bi mogao djelovati u našem životu i životima ljudi koji nas okružuju.
