{"id":1887,"date":"2025-08-07T00:01:44","date_gmt":"2025-08-07T00:01:44","guid":{"rendered":"https:\/\/tv.joycemeyer.org\/hrvatski\/?post_type=devotional&#038;p=1887"},"modified":"2025-06-06T19:08:31","modified_gmt":"2025-06-06T19:08:31","slug":"atmosfera-slavljenja","status":"publish","type":"devotional","link":"https:\/\/tv.joycemeyer.org\/hrvatski\/devotional\/atmosfera-slavljenja\/","title":{"rendered":"Atmosfera slavljenja"},"content":{"rendered":"<blockquote><p>\u201ePrinesite Jahvi slavu Njegova imena, poklonite se Jahvi u sveti\u0161tu Njegovu!\u201c \u2013 Psalam 29:2<\/p><\/blockquote>\n<p>Kad slavimo Boga, prepoznajemo Ga onakvim kakav jest, sve ono \u0161to je u\u010dinio u na\u0161em \u017eivotu i ono \u0161to tek treba u\u010dinit. Ali, iako se slavljenje ne odnosi na tebe, ono te preobra\u017eava. Slave\u0107i Boga zbog promjena koje je u\u010dinio u tebi, otkrit \u0107e\u0161 da se te promjene sve vi\u0161e po\u010dinju manifestirati u tebi i do\u017eivjet nove razine Bo\u017eje slave. Drugim rije\u010dima, Bog je blizak \u0161tovatelju i izlit \u0107e svoju dobrotu na one koji ga odlu\u010de uzvisivati.<\/p>\n<p>Postoji oslobo\u0111enje koje se doga\u0111a tijekom slavljenja. Ponekad nam je potrebno mentalno ili emocionalno oslobo\u0111enje. Slave\u0107i Gospodina, osloba\u0111amo se emocionalnog ili mentalnog tereta koji nas optere\u0107uje. Proguta ga veli\u010danstvenost i Bo\u017eja veli\u010dina.<\/p>\n<p>Poti\u010dem te da slavi\u0161 Boga ranom zorom. Slavi Ga dok se sprema\u0161 na posao ili dok obavlja\u0161 neke obaveze. Slavi Boga i na kraju dana za sve \u0161to je donio u tvoj \u017eivot. Dr\u017ei Boga na tronu svog \u017eivota i bit \u0107e\u0161 zadivljen kad se stvari po\u010dnu mijenjati i u tvom domu i na poslu.<\/p>\n<hr \/>\n<p>Slavljenje donosi atmosferu u kojoj Bog mo\u017ee djelovati.<\/p>\n","protected":false},"excerpt":{"rendered":"<p>Kad slavimo Boga, prepoznajemo Ga onakvim kakav jest, sve ono \u0161to je u\u010dinio u na\u0161em \u017eivotu i ono \u0161to tek treba u\u010dinit. Ali, iako se slavljenje ne odnosi na tebe, ono te preobra\u017eava&#8230;<\/p>\n","protected":false},"author":19,"featured_media":1888,"parent":0,"menu_order":0,"comment_status":"closed","ping_status":"closed","template":"","class_list":["post-1887","devotional","type-devotional","status-publish","has-post-thumbnail","hentry"],"acf":[],"appp":{"post_detail":{"above_title":"<div class=\"post-featured-wrap\"><img width=\"1024\" height=\"597\" src=\"https:\/\/tv.joycemeyer.org\/hrvatski\/wp-content\/uploads\/sites\/66\/2022\/04\/2478-1024x597.jpg\" class=\"post-featured wp-post-image\" alt=\"Atmosfera slavljenja\" decoding=\"async\" srcset=\"https:\/\/tv.joycemeyer.org\/hrvatski\/wp-content\/uploads\/sites\/66\/2022\/04\/2478-1024x597.jpg 1024w, https:\/\/tv.joycemeyer.org\/hrvatski\/wp-content\/uploads\/sites\/66\/2022\/04\/2478-300x175.jpg 300w, https:\/\/tv.joycemeyer.org\/hrvatski\/wp-content\/uploads\/sites\/66\/2022\/04\/2478-768x448.jpg 768w, https:\/\/tv.joycemeyer.org\/hrvatski\/wp-content\/uploads\/sites\/66\/2022\/04\/2478-1536x896.jpg 1536w, https:\/\/tv.joycemeyer.org\/hrvatski\/wp-content\/uploads\/sites\/66\/2022\/04\/2478.jpg 1800w\" sizes=\"(max-width: 1024px) 100vw, 1024px\" \/><\/div>","below_content":"<div class=\"follow\"><h6 class=\"alt\">Pove\u017eite se s nama<\/h6><ul class=\"nav nav--social nav--flex\"><li class=\"menu-item facebook\"><a href=\"https:\/\/www.facebook.com\/joycemeyerministrieshrvatska\/\" target=\"_blank\"><span class=\"visuallyhidden\">Facebook<\/span><\/a><\/li><\/ul><\/div>"}},"yoast_head":"<!-- This site is optimized with the Yoast SEO plugin v27.4 - https:\/\/yoast.com\/product\/yoast-seo-wordpress\/ -->\n<title>Atmosfera slavljenja - Joyce Meyer Ministries - Hrvatski<\/title>\n<meta name=\"robots\" content=\"index, follow, max-snippet:-1, max-image-preview:large, max-video-preview:-1\" \/>\n<link rel=\"canonical\" href=\"https:\/\/tv.joycemeyer.org\/hrvatski\/devotional\/atmosfera-slavljenja\/\" \/>\n<meta property=\"og:locale\" content=\"hr_HR\" \/>\n<meta property=\"og:type\" content=\"article\" \/>\n<meta property=\"og:title\" content=\"Atmosfera slavljenja - Joyce Meyer Ministries - Hrvatski\" \/>\n<meta property=\"og:description\" content=\"Kad slavimo Boga, prepoznajemo Ga onakvim kakav jest, sve ono \u0161to je u\u010dinio u na\u0161em \u017eivotu i ono \u0161to tek treba u\u010dinit. Ali, iako se slavljenje ne odnosi na tebe, ono te preobra\u017eava...\" \/>\n<meta property=\"og:url\" content=\"https:\/\/tv.joycemeyer.org\/hrvatski\/devotional\/atmosfera-slavljenja\/\" \/>\n<meta property=\"og:site_name\" content=\"Joyce Meyer Ministries - Hrvatski\" \/>\n<meta property=\"article:publisher\" content=\"https:\/\/www.facebook.com\/joycemeyerministrieshrvatska\/\" \/>\n<meta property=\"og:image\" content=\"https:\/\/tv.joycemeyer.org\/hrvatski\/wp-content\/uploads\/sites\/66\/2022\/04\/2478.jpg\" \/>\n\t<meta property=\"og:image:width\" content=\"1800\" \/>\n\t<meta property=\"og:image:height\" content=\"1050\" \/>\n\t<meta property=\"og:image:type\" content=\"image\/jpeg\" \/>\n<meta name=\"twitter:card\" content=\"summary_large_image\" \/>\n<meta name=\"twitter:label1\" content=\"Procijenjeno vrijeme \u010ditanja\" \/>\n\t<meta name=\"twitter:data1\" content=\"1 minuta\" \/>\n<script type=\"application\/ld+json\" class=\"yoast-schema-graph\">{\"@context\":\"https:\\\/\\\/schema.org\",\"@graph\":[{\"@type\":\"WebPage\",\"@id\":\"https:\\\/\\\/tv.joycemeyer.org\\\/hrvatski\\\/devotional\\\/atmosfera-slavljenja\\\/\",\"url\":\"https:\\\/\\\/tv.joycemeyer.org\\\/hrvatski\\\/devotional\\\/atmosfera-slavljenja\\\/\",\"name\":\"Atmosfera slavljenja - Joyce Meyer Ministries - Hrvatski\",\"isPartOf\":{\"@id\":\"https:\\\/\\\/tv.joycemeyer.org\\\/hrvatski\\\/#website\"},\"primaryImageOfPage\":{\"@id\":\"https:\\\/\\\/tv.joycemeyer.org\\\/hrvatski\\\/devotional\\\/atmosfera-slavljenja\\\/#primaryimage\"},\"image\":{\"@id\":\"https:\\\/\\\/tv.joycemeyer.org\\\/hrvatski\\\/devotional\\\/atmosfera-slavljenja\\\/#primaryimage\"},\"thumbnailUrl\":\"https:\\\/\\\/tv.joycemeyer.org\\\/hrvatski\\\/wp-content\\\/uploads\\\/sites\\\/66\\\/2022\\\/04\\\/2478.jpg\",\"datePublished\":\"2025-08-07T00:01:44+00:00\",\"breadcrumb\":{\"@id\":\"https:\\\/\\\/tv.joycemeyer.org\\\/hrvatski\\\/devotional\\\/atmosfera-slavljenja\\\/#breadcrumb\"},\"inLanguage\":\"hr\",\"potentialAction\":[{\"@type\":\"ReadAction\",\"target\":[\"https:\\\/\\\/tv.joycemeyer.org\\\/hrvatski\\\/devotional\\\/atmosfera-slavljenja\\\/\"]}]},{\"@type\":\"ImageObject\",\"inLanguage\":\"hr\",\"@id\":\"https:\\\/\\\/tv.joycemeyer.org\\\/hrvatski\\\/devotional\\\/atmosfera-slavljenja\\\/#primaryimage\",\"url\":\"https:\\\/\\\/tv.joycemeyer.org\\\/hrvatski\\\/wp-content\\\/uploads\\\/sites\\\/66\\\/2022\\\/04\\\/2478.jpg\",\"contentUrl\":\"https:\\\/\\\/tv.joycemeyer.org\\\/hrvatski\\\/wp-content\\\/uploads\\\/sites\\\/66\\\/2022\\\/04\\\/2478.jpg\",\"width\":1800,\"height\":1050,\"caption\":\"Atmosfera slavljenja\"},{\"@type\":\"BreadcrumbList\",\"@id\":\"https:\\\/\\\/tv.joycemeyer.org\\\/hrvatski\\\/devotional\\\/atmosfera-slavljenja\\\/#breadcrumb\",\"itemListElement\":[{\"@type\":\"ListItem\",\"position\":1,\"name\":\"Home\",\"item\":\"https:\\\/\\\/tv.joycemeyer.org\\\/hrvatski\\\/\"},{\"@type\":\"ListItem\",\"position\":2,\"name\":\"Devotional\",\"item\":\"https:\\\/\\\/tv.joycemeyer.org\\\/hrvatski\\\/devotional\\\/\"},{\"@type\":\"ListItem\",\"position\":3,\"name\":\"Atmosfera slavljenja\"}]},{\"@type\":\"WebSite\",\"@id\":\"https:\\\/\\\/tv.joycemeyer.org\\\/hrvatski\\\/#website\",\"url\":\"https:\\\/\\\/tv.joycemeyer.org\\\/hrvatski\\\/\",\"name\":\"Joyce Meyer Ministries - Hrvatski\",\"description\":\"Dijeliti Krista - voljeti ljude\",\"potentialAction\":[{\"@type\":\"SearchAction\",\"target\":{\"@type\":\"EntryPoint\",\"urlTemplate\":\"https:\\\/\\\/tv.joycemeyer.org\\\/hrvatski\\\/?s={search_term_string}\"},\"query-input\":{\"@type\":\"PropertyValueSpecification\",\"valueRequired\":true,\"valueName\":\"search_term_string\"}}],\"inLanguage\":\"hr\"}]}<\/script>\n<!-- \/ Yoast SEO plugin. -->","yoast_head_json":{"title":"Atmosfera slavljenja - Joyce Meyer Ministries - Hrvatski","robots":{"index":"index","follow":"follow","max-snippet":"max-snippet:-1","max-image-preview":"max-image-preview:large","max-video-preview":"max-video-preview:-1"},"canonical":"https:\/\/tv.joycemeyer.org\/hrvatski\/devotional\/atmosfera-slavljenja\/","og_locale":"hr_HR","og_type":"article","og_title":"Atmosfera slavljenja - Joyce Meyer Ministries - Hrvatski","og_description":"Kad slavimo Boga, prepoznajemo Ga onakvim kakav jest, sve ono \u0161to je u\u010dinio u na\u0161em \u017eivotu i ono \u0161to tek treba u\u010dinit. Ali, iako se slavljenje ne odnosi na tebe, ono te preobra\u017eava...","og_url":"https:\/\/tv.joycemeyer.org\/hrvatski\/devotional\/atmosfera-slavljenja\/","og_site_name":"Joyce Meyer Ministries - Hrvatski","article_publisher":"https:\/\/www.facebook.com\/joycemeyerministrieshrvatska\/","og_image":[{"width":1800,"height":1050,"url":"https:\/\/tv.joycemeyer.org\/hrvatski\/wp-content\/uploads\/sites\/66\/2022\/04\/2478.jpg","type":"image\/jpeg"}],"twitter_card":"summary_large_image","twitter_misc":{"Procijenjeno vrijeme \u010ditanja":"1 minuta"},"schema":{"@context":"https:\/\/schema.org","@graph":[{"@type":"WebPage","@id":"https:\/\/tv.joycemeyer.org\/hrvatski\/devotional\/atmosfera-slavljenja\/","url":"https:\/\/tv.joycemeyer.org\/hrvatski\/devotional\/atmosfera-slavljenja\/","name":"Atmosfera slavljenja - Joyce Meyer Ministries - Hrvatski","isPartOf":{"@id":"https:\/\/tv.joycemeyer.org\/hrvatski\/#website"},"primaryImageOfPage":{"@id":"https:\/\/tv.joycemeyer.org\/hrvatski\/devotional\/atmosfera-slavljenja\/#primaryimage"},"image":{"@id":"https:\/\/tv.joycemeyer.org\/hrvatski\/devotional\/atmosfera-slavljenja\/#primaryimage"},"thumbnailUrl":"https:\/\/tv.joycemeyer.org\/hrvatski\/wp-content\/uploads\/sites\/66\/2022\/04\/2478.jpg","datePublished":"2025-08-07T00:01:44+00:00","breadcrumb":{"@id":"https:\/\/tv.joycemeyer.org\/hrvatski\/devotional\/atmosfera-slavljenja\/#breadcrumb"},"inLanguage":"hr","potentialAction":[{"@type":"ReadAction","target":["https:\/\/tv.joycemeyer.org\/hrvatski\/devotional\/atmosfera-slavljenja\/"]}]},{"@type":"ImageObject","inLanguage":"hr","@id":"https:\/\/tv.joycemeyer.org\/hrvatski\/devotional\/atmosfera-slavljenja\/#primaryimage","url":"https:\/\/tv.joycemeyer.org\/hrvatski\/wp-content\/uploads\/sites\/66\/2022\/04\/2478.jpg","contentUrl":"https:\/\/tv.joycemeyer.org\/hrvatski\/wp-content\/uploads\/sites\/66\/2022\/04\/2478.jpg","width":1800,"height":1050,"caption":"Atmosfera slavljenja"},{"@type":"BreadcrumbList","@id":"https:\/\/tv.joycemeyer.org\/hrvatski\/devotional\/atmosfera-slavljenja\/#breadcrumb","itemListElement":[{"@type":"ListItem","position":1,"name":"Home","item":"https:\/\/tv.joycemeyer.org\/hrvatski\/"},{"@type":"ListItem","position":2,"name":"Devotional","item":"https:\/\/tv.joycemeyer.org\/hrvatski\/devotional\/"},{"@type":"ListItem","position":3,"name":"Atmosfera slavljenja"}]},{"@type":"WebSite","@id":"https:\/\/tv.joycemeyer.org\/hrvatski\/#website","url":"https:\/\/tv.joycemeyer.org\/hrvatski\/","name":"Joyce Meyer Ministries - Hrvatski","description":"Dijeliti Krista - voljeti ljude","potentialAction":[{"@type":"SearchAction","target":{"@type":"EntryPoint","urlTemplate":"https:\/\/tv.joycemeyer.org\/hrvatski\/?s={search_term_string}"},"query-input":{"@type":"PropertyValueSpecification","valueRequired":true,"valueName":"search_term_string"}}],"inLanguage":"hr"}]}},"_links":{"self":[{"href":"https:\/\/tv.joycemeyer.org\/hrvatski\/wp-json\/wp\/v2\/devotional\/1887","targetHints":{"allow":["GET"]}}],"collection":[{"href":"https:\/\/tv.joycemeyer.org\/hrvatski\/wp-json\/wp\/v2\/devotional"}],"about":[{"href":"https:\/\/tv.joycemeyer.org\/hrvatski\/wp-json\/wp\/v2\/types\/devotional"}],"author":[{"embeddable":true,"href":"https:\/\/tv.joycemeyer.org\/hrvatski\/wp-json\/wp\/v2\/users\/19"}],"replies":[{"embeddable":true,"href":"https:\/\/tv.joycemeyer.org\/hrvatski\/wp-json\/wp\/v2\/comments?post=1887"}],"wp:featuredmedia":[{"embeddable":true,"href":"https:\/\/tv.joycemeyer.org\/hrvatski\/wp-json\/wp\/v2\/media\/1888"}],"wp:attachment":[{"href":"https:\/\/tv.joycemeyer.org\/hrvatski\/wp-json\/wp\/v2\/media?parent=1887"}],"curies":[{"name":"wp","href":"https:\/\/api.w.org\/{rel}","templated":true}]}}

<blockquote><p>„Prinesite Jahvi slavu Njegova imena, poklonite se Jahvi u svetištu Njegovu!“ – Psalam 29:2</p></blockquote>
<p>Kad slavimo Boga, prepoznajemo Ga onakvim kakav jest, sve ono što je učinio u našem životu i ono što tek treba učinit. Ali, iako se slavljenje ne odnosi na tebe, ono te preobražava. Slaveći Boga zbog promjena koje je učinio u tebi, otkrit ćeš da se te promjene sve više počinju manifestirati u tebi i doživjet nove razine Božje slave. Drugim riječima, Bog je blizak štovatelju i izlit će svoju dobrotu na one koji ga odluče uzvisivati.</p>
<p>Postoji oslobođenje koje se događa tijekom slavljenja. Ponekad nam je potrebno mentalno ili emocionalno oslobođenje. Slaveći Gospodina, oslobađamo se emocionalnog ili mentalnog tereta koji nas opterećuje. Proguta ga veličanstvenost i Božja veličina.</p>
<p>Potičem te da slaviš Boga ranom zorom. Slavi Ga dok se spremaš na posao ili dok obavljaš neke obaveze. Slavi Boga i na kraju dana za sve što je donio u tvoj život. Drži Boga na tronu svog života i bit ćeš zadivljen kad se stvari počnu mijenjati i u tvom domu i na poslu.</p>
<hr />
<p>Slavljenje donosi atmosferu u kojoj Bog može djelovati.</p>

<p>Kad slavimo Boga, prepoznajemo Ga onakvim kakav jest, sve ono što je učinio u našem životu i ono što tek treba učinit. Ali, iako se slavljenje ne odnosi na tebe, ono te preobražava&#8230;</p>

<div class="follow"><h6 class="alt">Povežite se s nama</h6><ul class="nav nav--social nav--flex"><li class="menu-item facebook"><a href="https://www.facebook.com/joycemeyerministrieshrvatska/" target="_blank"><span class="visuallyhidden">Facebook</span></a></li></ul></div>

<!-- This site is optimized with the Yoast SEO plugin v27.4 - https://yoast.com/product/yoast-seo-wordpress/ -->
<title>Atmosfera slavljenja - Joyce Meyer Ministries - Hrvatski</title>
<meta name="robots" content="index, follow, max-snippet:-1, max-image-preview:large, max-video-preview:-1" />
<link rel="canonical" href="https://tv.joycemeyer.org/hrvatski/devotional/atmosfera-slavljenja/" />
<meta property="og:locale" content="hr_HR" />
<meta property="og:type" content="article" />
<meta property="og:title" content="Atmosfera slavljenja - Joyce Meyer Ministries - Hrvatski" />
<meta property="og:description" content="Kad slavimo Boga, prepoznajemo Ga onakvim kakav jest, sve ono što je učinio u našem životu i ono što tek treba učinit. Ali, iako se slavljenje ne odnosi na tebe, ono te preobražava..." />
<meta property="og:url" content="https://tv.joycemeyer.org/hrvatski/devotional/atmosfera-slavljenja/" />
<meta property="og:site_name" content="Joyce Meyer Ministries - Hrvatski" />
<meta property="article:publisher" content="https://www.facebook.com/joycemeyerministrieshrvatska/" />
<meta property="og:image" content="https://tv.joycemeyer.org/hrvatski/wp-content/uploads/sites/66/2022/04/2478.jpg" />
	<meta property="og:image:width" content="1800" />
	<meta property="og:image:height" content="1050" />
	<meta property="og:image:type" content="image/jpeg" />
<meta name="twitter:card" content="summary_large_image" />
<meta name="twitter:label1" content="Procijenjeno vrijeme čitanja" />
	<meta name="twitter:data1" content="1 minuta" />
<script type="application/ld+json" class="yoast-schema-graph">{"@context":"https:\/\/schema.org","@graph":[{"@type":"WebPage","@id":"https:\/\/tv.joycemeyer.org\/hrvatski\/devotional\/atmosfera-slavljenja\/","url":"https:\/\/tv.joycemeyer.org\/hrvatski\/devotional\/atmosfera-slavljenja\/","name":"Atmosfera slavljenja - Joyce Meyer Ministries - Hrvatski","isPartOf":{"@id":"https:\/\/tv.joycemeyer.org\/hrvatski\/#website"},"primaryImageOfPage":{"@id":"https:\/\/tv.joycemeyer.org\/hrvatski\/devotional\/atmosfera-slavljenja\/#primaryimage"},"image":{"@id":"https:\/\/tv.joycemeyer.org\/hrvatski\/devotional\/atmosfera-slavljenja\/#primaryimage"},"thumbnailUrl":"https:\/\/tv.joycemeyer.org\/hrvatski\/wp-content\/uploads\/sites\/66\/2022\/04\/2478.jpg","datePublished":"2025-08-07T00:01:44+00:00","breadcrumb":{"@id":"https:\/\/tv.joycemeyer.org\/hrvatski\/devotional\/atmosfera-slavljenja\/#breadcrumb"},"inLanguage":"hr","potentialAction":[{"@type":"ReadAction","target":["https:\/\/tv.joycemeyer.org\/hrvatski\/devotional\/atmosfera-slavljenja\/"]}]},{"@type":"ImageObject","inLanguage":"hr","@id":"https:\/\/tv.joycemeyer.org\/hrvatski\/devotional\/atmosfera-slavljenja\/#primaryimage","url":"https:\/\/tv.joycemeyer.org\/hrvatski\/wp-content\/uploads\/sites\/66\/2022\/04\/2478.jpg","contentUrl":"https:\/\/tv.joycemeyer.org\/hrvatski\/wp-content\/uploads\/sites\/66\/2022\/04\/2478.jpg","width":1800,"height":1050,"caption":"Atmosfera slavljenja"},{"@type":"BreadcrumbList","@id":"https:\/\/tv.joycemeyer.org\/hrvatski\/devotional\/atmosfera-slavljenja\/#breadcrumb","itemListElement":[{"@type":"ListItem","position":1,"name":"Home","item":"https:\/\/tv.joycemeyer.org\/hrvatski\/"},{"@type":"ListItem","position":2,"name":"Devotional","item":"https:\/\/tv.joycemeyer.org\/hrvatski\/devotional\/"},{"@type":"ListItem","position":3,"name":"Atmosfera slavljenja"}]},{"@type":"WebSite","@id":"https:\/\/tv.joycemeyer.org\/hrvatski\/#website","url":"https:\/\/tv.joycemeyer.org\/hrvatski\/","name":"Joyce Meyer Ministries - Hrvatski","description":"Dijeliti Krista - voljeti ljude","potentialAction":[{"@type":"SearchAction","target":{"@type":"EntryPoint","urlTemplate":"https:\/\/tv.joycemeyer.org\/hrvatski\/?s={search_term_string}"},"query-input":{"@type":"PropertyValueSpecification","valueRequired":true,"valueName":"search_term_string"}}],"inLanguage":"hr"}]}</script>
<!-- / Yoast SEO plugin. -->

Kad slavimo Boga, prepoznajemo Ga onakvim kakav jest, sve ono što je učinio u našem životu i ono što tek treba učinit. Ali, iako se slavljenje ne odnosi na tebe, ono te preobražava...
