{"id":1931,"date":"2025-08-29T00:01:08","date_gmt":"2025-08-29T00:01:08","guid":{"rendered":"https:\/\/tv.joycemeyer.org\/hrvatski\/?post_type=devotional&#038;p=1931"},"modified":"2025-06-06T19:19:51","modified_gmt":"2025-06-06T19:19:51","slug":"cekati-boga-u-iscekivanju","status":"publish","type":"devotional","link":"https:\/\/tv.joycemeyer.org\/hrvatski\/devotional\/cekati-boga-u-iscekivanju\/","title":{"rendered":"\u010cekati Boga u i\u0161\u010dekivanju"},"content":{"rendered":"<blockquote><p>\u201e\u0160to si mi, du\u0161o, klonula i \u0161to jeca\u0161 u meni? U Boga se uzdaj, jer opet \u0107u ga slaviti, spasenje svoje, Boga svog!\u201c \u2013 Psalam 42:5<\/p><\/blockquote>\n<p>Ako si se ikada osje\u0107ao obeshrabreno, nisi sam. I David se osje\u0107ao, ali on nije dopustio da ga obeshrabrenje obuzda. Kad bi se tako osje\u0107ao, David se nadao Bogu, \u010dekao na Njega slave\u0107i Ga kao svog Pomo\u0107nika i svog Boga. Tako i mi mo\u017eemo ako samo odlu\u010dimo.<\/p>\n<p>Da bi nadvladao svoje poni\u017eene osje\u0107aje i emocije, David se usredoto\u010dio na Boga, slavio Ga za Njegova divna djela i velike podvige. David je donio odluku svoj pogled dr\u017eati na Bogu, a ne na svojim problemima.<\/p>\n<p>Znao je da \u0107e, ako se usredoto\u010di na negativno, lako pasti u depresiju i izgubiti nadu. Zato se odlu\u010dio redovito ohrabrivati i ja\u010dati u Gospodinu (1. Samuelova 30: 6).<\/p>\n<p>Kad se na\u0111emo u obeshrabruju\u0107oj situaciji, mo\u017eemo slijediti Davidov primjer i s i\u0161\u010dekivanjem \u010dekati Gospodina, slaviti Ga bez obzira na okolnosti oko nas. \u0160to smo bli\u017ee Bogu, lak\u0161e je potra\u017eiti uto\u010diste u Njemu . Umjesto da se predamo frustracijama i obeshrabrenju, mo\u017eemo se pouzdati u Gospodina i vjerovati da \u0107e nas On izbaviti.<\/p>\n<hr \/>\n<p>Gospodin nas \u0161titi i brani. Dok Ga slavimo, On se bori za nas. (2. Ljetopisa 20:17, 20-21)<\/p>\n","protected":false},"excerpt":{"rendered":"<p>Ako si se ikada osje\u0107ao obeshrabreno, nisi sam. I David se osje\u0107ao, ali on nije dopustio da ga obeshrabrenje obuzda&#8230;<\/p>\n","protected":false},"author":19,"featured_media":1932,"parent":0,"menu_order":0,"comment_status":"closed","ping_status":"closed","template":"","class_list":["post-1931","devotional","type-devotional","status-publish","has-post-thumbnail","hentry"],"acf":[],"appp":{"post_detail":{"above_title":"<div class=\"post-featured-wrap\"><img width=\"1024\" height=\"597\" src=\"https:\/\/tv.joycemeyer.org\/hrvatski\/wp-content\/uploads\/sites\/66\/2022\/04\/2538-1024x597.jpg\" class=\"post-featured wp-post-image\" alt=\"\u010cekati Boga u i\u0161\u010dekivanju\" decoding=\"async\" srcset=\"https:\/\/tv.joycemeyer.org\/hrvatski\/wp-content\/uploads\/sites\/66\/2022\/04\/2538-1024x597.jpg 1024w, https:\/\/tv.joycemeyer.org\/hrvatski\/wp-content\/uploads\/sites\/66\/2022\/04\/2538-300x175.jpg 300w, https:\/\/tv.joycemeyer.org\/hrvatski\/wp-content\/uploads\/sites\/66\/2022\/04\/2538-768x448.jpg 768w, https:\/\/tv.joycemeyer.org\/hrvatski\/wp-content\/uploads\/sites\/66\/2022\/04\/2538-1536x896.jpg 1536w, https:\/\/tv.joycemeyer.org\/hrvatski\/wp-content\/uploads\/sites\/66\/2022\/04\/2538.jpg 1800w\" sizes=\"(max-width: 1024px) 100vw, 1024px\" \/><\/div>","below_content":"<div class=\"follow\"><h6 class=\"alt\">Pove\u017eite se s nama<\/h6><ul class=\"nav nav--social nav--flex\"><li class=\"menu-item facebook\"><a href=\"https:\/\/www.facebook.com\/joycemeyerministrieshrvatska\/\" target=\"_blank\"><span class=\"visuallyhidden\">Facebook<\/span><\/a><\/li><\/ul><\/div>"}},"yoast_head":"<!-- This site is optimized with the Yoast SEO plugin v27.4 - https:\/\/yoast.com\/product\/yoast-seo-wordpress\/ -->\n<title>\u010cekati Boga u i\u0161\u010dekivanju - Joyce Meyer Ministries - Hrvatski<\/title>\n<meta name=\"robots\" content=\"index, follow, max-snippet:-1, max-image-preview:large, max-video-preview:-1\" \/>\n<link rel=\"canonical\" href=\"https:\/\/tv.joycemeyer.org\/hrvatski\/devotional\/cekati-boga-u-iscekivanju\/\" \/>\n<meta property=\"og:locale\" content=\"hr_HR\" \/>\n<meta property=\"og:type\" content=\"article\" \/>\n<meta property=\"og:title\" content=\"\u010cekati Boga u i\u0161\u010dekivanju - Joyce Meyer Ministries - Hrvatski\" \/>\n<meta property=\"og:description\" content=\"Ako si se ikada osje\u0107ao obeshrabreno, nisi sam. I David se osje\u0107ao, ali on nije dopustio da ga obeshrabrenje obuzda...\" \/>\n<meta property=\"og:url\" content=\"https:\/\/tv.joycemeyer.org\/hrvatski\/devotional\/cekati-boga-u-iscekivanju\/\" \/>\n<meta property=\"og:site_name\" content=\"Joyce Meyer Ministries - Hrvatski\" \/>\n<meta property=\"article:publisher\" content=\"https:\/\/www.facebook.com\/joycemeyerministrieshrvatska\/\" \/>\n<meta property=\"og:image\" content=\"https:\/\/tv.joycemeyer.org\/hrvatski\/wp-content\/uploads\/sites\/66\/2022\/04\/2538.jpg\" \/>\n\t<meta property=\"og:image:width\" content=\"1800\" \/>\n\t<meta property=\"og:image:height\" content=\"1050\" \/>\n\t<meta property=\"og:image:type\" content=\"image\/jpeg\" \/>\n<meta name=\"twitter:card\" content=\"summary_large_image\" \/>\n<meta name=\"twitter:label1\" content=\"Procijenjeno vrijeme \u010ditanja\" \/>\n\t<meta name=\"twitter:data1\" content=\"1 minuta\" \/>\n<script type=\"application\/ld+json\" class=\"yoast-schema-graph\">{\"@context\":\"https:\\\/\\\/schema.org\",\"@graph\":[{\"@type\":\"WebPage\",\"@id\":\"https:\\\/\\\/tv.joycemeyer.org\\\/hrvatski\\\/devotional\\\/cekati-boga-u-iscekivanju\\\/\",\"url\":\"https:\\\/\\\/tv.joycemeyer.org\\\/hrvatski\\\/devotional\\\/cekati-boga-u-iscekivanju\\\/\",\"name\":\"\u010cekati Boga u i\u0161\u010dekivanju - Joyce Meyer Ministries - Hrvatski\",\"isPartOf\":{\"@id\":\"https:\\\/\\\/tv.joycemeyer.org\\\/hrvatski\\\/#website\"},\"primaryImageOfPage\":{\"@id\":\"https:\\\/\\\/tv.joycemeyer.org\\\/hrvatski\\\/devotional\\\/cekati-boga-u-iscekivanju\\\/#primaryimage\"},\"image\":{\"@id\":\"https:\\\/\\\/tv.joycemeyer.org\\\/hrvatski\\\/devotional\\\/cekati-boga-u-iscekivanju\\\/#primaryimage\"},\"thumbnailUrl\":\"https:\\\/\\\/tv.joycemeyer.org\\\/hrvatski\\\/wp-content\\\/uploads\\\/sites\\\/66\\\/2022\\\/04\\\/2538.jpg\",\"datePublished\":\"2025-08-29T00:01:08+00:00\",\"breadcrumb\":{\"@id\":\"https:\\\/\\\/tv.joycemeyer.org\\\/hrvatski\\\/devotional\\\/cekati-boga-u-iscekivanju\\\/#breadcrumb\"},\"inLanguage\":\"hr\",\"potentialAction\":[{\"@type\":\"ReadAction\",\"target\":[\"https:\\\/\\\/tv.joycemeyer.org\\\/hrvatski\\\/devotional\\\/cekati-boga-u-iscekivanju\\\/\"]}]},{\"@type\":\"ImageObject\",\"inLanguage\":\"hr\",\"@id\":\"https:\\\/\\\/tv.joycemeyer.org\\\/hrvatski\\\/devotional\\\/cekati-boga-u-iscekivanju\\\/#primaryimage\",\"url\":\"https:\\\/\\\/tv.joycemeyer.org\\\/hrvatski\\\/wp-content\\\/uploads\\\/sites\\\/66\\\/2022\\\/04\\\/2538.jpg\",\"contentUrl\":\"https:\\\/\\\/tv.joycemeyer.org\\\/hrvatski\\\/wp-content\\\/uploads\\\/sites\\\/66\\\/2022\\\/04\\\/2538.jpg\",\"width\":1800,\"height\":1050,\"caption\":\"\u010cekati Boga u i\u0161\u010dekivanju\"},{\"@type\":\"BreadcrumbList\",\"@id\":\"https:\\\/\\\/tv.joycemeyer.org\\\/hrvatski\\\/devotional\\\/cekati-boga-u-iscekivanju\\\/#breadcrumb\",\"itemListElement\":[{\"@type\":\"ListItem\",\"position\":1,\"name\":\"Home\",\"item\":\"https:\\\/\\\/tv.joycemeyer.org\\\/hrvatski\\\/\"},{\"@type\":\"ListItem\",\"position\":2,\"name\":\"Devotional\",\"item\":\"https:\\\/\\\/tv.joycemeyer.org\\\/hrvatski\\\/devotional\\\/\"},{\"@type\":\"ListItem\",\"position\":3,\"name\":\"\u010cekati Boga u i\u0161\u010dekivanju\"}]},{\"@type\":\"WebSite\",\"@id\":\"https:\\\/\\\/tv.joycemeyer.org\\\/hrvatski\\\/#website\",\"url\":\"https:\\\/\\\/tv.joycemeyer.org\\\/hrvatski\\\/\",\"name\":\"Joyce Meyer Ministries - Hrvatski\",\"description\":\"Dijeliti Krista - voljeti ljude\",\"potentialAction\":[{\"@type\":\"SearchAction\",\"target\":{\"@type\":\"EntryPoint\",\"urlTemplate\":\"https:\\\/\\\/tv.joycemeyer.org\\\/hrvatski\\\/?s={search_term_string}\"},\"query-input\":{\"@type\":\"PropertyValueSpecification\",\"valueRequired\":true,\"valueName\":\"search_term_string\"}}],\"inLanguage\":\"hr\"}]}<\/script>\n<!-- \/ Yoast SEO plugin. -->","yoast_head_json":{"title":"\u010cekati Boga u i\u0161\u010dekivanju - Joyce Meyer Ministries - Hrvatski","robots":{"index":"index","follow":"follow","max-snippet":"max-snippet:-1","max-image-preview":"max-image-preview:large","max-video-preview":"max-video-preview:-1"},"canonical":"https:\/\/tv.joycemeyer.org\/hrvatski\/devotional\/cekati-boga-u-iscekivanju\/","og_locale":"hr_HR","og_type":"article","og_title":"\u010cekati Boga u i\u0161\u010dekivanju - Joyce Meyer Ministries - Hrvatski","og_description":"Ako si se ikada osje\u0107ao obeshrabreno, nisi sam. I David se osje\u0107ao, ali on nije dopustio da ga obeshrabrenje obuzda...","og_url":"https:\/\/tv.joycemeyer.org\/hrvatski\/devotional\/cekati-boga-u-iscekivanju\/","og_site_name":"Joyce Meyer Ministries - Hrvatski","article_publisher":"https:\/\/www.facebook.com\/joycemeyerministrieshrvatska\/","og_image":[{"width":1800,"height":1050,"url":"https:\/\/tv.joycemeyer.org\/hrvatski\/wp-content\/uploads\/sites\/66\/2022\/04\/2538.jpg","type":"image\/jpeg"}],"twitter_card":"summary_large_image","twitter_misc":{"Procijenjeno vrijeme \u010ditanja":"1 minuta"},"schema":{"@context":"https:\/\/schema.org","@graph":[{"@type":"WebPage","@id":"https:\/\/tv.joycemeyer.org\/hrvatski\/devotional\/cekati-boga-u-iscekivanju\/","url":"https:\/\/tv.joycemeyer.org\/hrvatski\/devotional\/cekati-boga-u-iscekivanju\/","name":"\u010cekati Boga u i\u0161\u010dekivanju - Joyce Meyer Ministries - Hrvatski","isPartOf":{"@id":"https:\/\/tv.joycemeyer.org\/hrvatski\/#website"},"primaryImageOfPage":{"@id":"https:\/\/tv.joycemeyer.org\/hrvatski\/devotional\/cekati-boga-u-iscekivanju\/#primaryimage"},"image":{"@id":"https:\/\/tv.joycemeyer.org\/hrvatski\/devotional\/cekati-boga-u-iscekivanju\/#primaryimage"},"thumbnailUrl":"https:\/\/tv.joycemeyer.org\/hrvatski\/wp-content\/uploads\/sites\/66\/2022\/04\/2538.jpg","datePublished":"2025-08-29T00:01:08+00:00","breadcrumb":{"@id":"https:\/\/tv.joycemeyer.org\/hrvatski\/devotional\/cekati-boga-u-iscekivanju\/#breadcrumb"},"inLanguage":"hr","potentialAction":[{"@type":"ReadAction","target":["https:\/\/tv.joycemeyer.org\/hrvatski\/devotional\/cekati-boga-u-iscekivanju\/"]}]},{"@type":"ImageObject","inLanguage":"hr","@id":"https:\/\/tv.joycemeyer.org\/hrvatski\/devotional\/cekati-boga-u-iscekivanju\/#primaryimage","url":"https:\/\/tv.joycemeyer.org\/hrvatski\/wp-content\/uploads\/sites\/66\/2022\/04\/2538.jpg","contentUrl":"https:\/\/tv.joycemeyer.org\/hrvatski\/wp-content\/uploads\/sites\/66\/2022\/04\/2538.jpg","width":1800,"height":1050,"caption":"\u010cekati Boga u i\u0161\u010dekivanju"},{"@type":"BreadcrumbList","@id":"https:\/\/tv.joycemeyer.org\/hrvatski\/devotional\/cekati-boga-u-iscekivanju\/#breadcrumb","itemListElement":[{"@type":"ListItem","position":1,"name":"Home","item":"https:\/\/tv.joycemeyer.org\/hrvatski\/"},{"@type":"ListItem","position":2,"name":"Devotional","item":"https:\/\/tv.joycemeyer.org\/hrvatski\/devotional\/"},{"@type":"ListItem","position":3,"name":"\u010cekati Boga u i\u0161\u010dekivanju"}]},{"@type":"WebSite","@id":"https:\/\/tv.joycemeyer.org\/hrvatski\/#website","url":"https:\/\/tv.joycemeyer.org\/hrvatski\/","name":"Joyce Meyer Ministries - Hrvatski","description":"Dijeliti Krista - voljeti ljude","potentialAction":[{"@type":"SearchAction","target":{"@type":"EntryPoint","urlTemplate":"https:\/\/tv.joycemeyer.org\/hrvatski\/?s={search_term_string}"},"query-input":{"@type":"PropertyValueSpecification","valueRequired":true,"valueName":"search_term_string"}}],"inLanguage":"hr"}]}},"_links":{"self":[{"href":"https:\/\/tv.joycemeyer.org\/hrvatski\/wp-json\/wp\/v2\/devotional\/1931","targetHints":{"allow":["GET"]}}],"collection":[{"href":"https:\/\/tv.joycemeyer.org\/hrvatski\/wp-json\/wp\/v2\/devotional"}],"about":[{"href":"https:\/\/tv.joycemeyer.org\/hrvatski\/wp-json\/wp\/v2\/types\/devotional"}],"author":[{"embeddable":true,"href":"https:\/\/tv.joycemeyer.org\/hrvatski\/wp-json\/wp\/v2\/users\/19"}],"replies":[{"embeddable":true,"href":"https:\/\/tv.joycemeyer.org\/hrvatski\/wp-json\/wp\/v2\/comments?post=1931"}],"wp:featuredmedia":[{"embeddable":true,"href":"https:\/\/tv.joycemeyer.org\/hrvatski\/wp-json\/wp\/v2\/media\/1932"}],"wp:attachment":[{"href":"https:\/\/tv.joycemeyer.org\/hrvatski\/wp-json\/wp\/v2\/media?parent=1931"}],"curies":[{"name":"wp","href":"https:\/\/api.w.org\/{rel}","templated":true}]}}

Čekati Boga u iščekivanju

<blockquote><p>„Što si mi, dušo, klonula i što jecaš u meni? U Boga se uzdaj, jer opet ću ga slaviti, spasenje svoje, Boga svog!“ – Psalam 42:5</p></blockquote>
<p>Ako si se ikada osjećao obeshrabreno, nisi sam. I David se osjećao, ali on nije dopustio da ga obeshrabrenje obuzda. Kad bi se tako osjećao, David se nadao Bogu, čekao na Njega slaveći Ga kao svog Pomoćnika i svog Boga. Tako i mi možemo ako samo odlučimo.</p>
<p>Da bi nadvladao svoje ponižene osjećaje i emocije, David se usredotočio na Boga, slavio Ga za Njegova divna djela i velike podvige. David je donio odluku svoj pogled držati na Bogu, a ne na svojim problemima.</p>
<p>Znao je da će, ako se usredotoči na negativno, lako pasti u depresiju i izgubiti nadu. Zato se odlučio redovito ohrabrivati i jačati u Gospodinu (1. Samuelova 30: 6).</p>
<p>Kad se nađemo u obeshrabrujućoj situaciji, možemo slijediti Davidov primjer i s iščekivanjem čekati Gospodina, slaviti Ga bez obzira na okolnosti oko nas. Što smo bliže Bogu, lakše je potražiti utočiste u Njemu . Umjesto da se predamo frustracijama i obeshrabrenju, možemo se pouzdati u Gospodina i vjerovati da će nas On izbaviti.</p>
<hr />
<p>Gospodin nas štiti i brani. Dok Ga slavimo, On se bori za nas. (2. Ljetopisa 20:17, 20-21)</p>

<p>Ako si se ikada osjećao obeshrabreno, nisi sam. I David se osjećao, ali on nije dopustio da ga obeshrabrenje obuzda&#8230;</p>

<div class="post-featured-wrap"><img width="1024" height="597" src="https://tv.joycemeyer.org/hrvatski/wp-content/uploads/sites/66/2022/04/2538-1024x597.jpg" class="post-featured wp-post-image" alt="Čekati Boga u iščekivanju" decoding="async" srcset="https://tv.joycemeyer.org/hrvatski/wp-content/uploads/sites/66/2022/04/2538-1024x597.jpg 1024w, https://tv.joycemeyer.org/hrvatski/wp-content/uploads/sites/66/2022/04/2538-300x175.jpg 300w, https://tv.joycemeyer.org/hrvatski/wp-content/uploads/sites/66/2022/04/2538-768x448.jpg 768w, https://tv.joycemeyer.org/hrvatski/wp-content/uploads/sites/66/2022/04/2538-1536x896.jpg 1536w, https://tv.joycemeyer.org/hrvatski/wp-content/uploads/sites/66/2022/04/2538.jpg 1800w" sizes="(max-width: 1024px) 100vw, 1024px" /></div>

<div class="follow"><h6 class="alt">Povežite se s nama</h6><ul class="nav nav--social nav--flex"><li class="menu-item facebook"><a href="https://www.facebook.com/joycemeyerministrieshrvatska/" target="_blank"><span class="visuallyhidden">Facebook</span></a></li></ul></div>

<!-- This site is optimized with the Yoast SEO plugin v27.4 - https://yoast.com/product/yoast-seo-wordpress/ -->
<title>Čekati Boga u iščekivanju - Joyce Meyer Ministries - Hrvatski</title>
<meta name="robots" content="index, follow, max-snippet:-1, max-image-preview:large, max-video-preview:-1" />
<link rel="canonical" href="https://tv.joycemeyer.org/hrvatski/devotional/cekati-boga-u-iscekivanju/" />
<meta property="og:locale" content="hr_HR" />
<meta property="og:type" content="article" />
<meta property="og:title" content="Čekati Boga u iščekivanju - Joyce Meyer Ministries - Hrvatski" />
<meta property="og:description" content="Ako si se ikada osjećao obeshrabreno, nisi sam. I David se osjećao, ali on nije dopustio da ga obeshrabrenje obuzda..." />
<meta property="og:url" content="https://tv.joycemeyer.org/hrvatski/devotional/cekati-boga-u-iscekivanju/" />
<meta property="og:site_name" content="Joyce Meyer Ministries - Hrvatski" />
<meta property="article:publisher" content="https://www.facebook.com/joycemeyerministrieshrvatska/" />
<meta property="og:image" content="https://tv.joycemeyer.org/hrvatski/wp-content/uploads/sites/66/2022/04/2538.jpg" />
	<meta property="og:image:width" content="1800" />
	<meta property="og:image:height" content="1050" />
	<meta property="og:image:type" content="image/jpeg" />
<meta name="twitter:card" content="summary_large_image" />
<meta name="twitter:label1" content="Procijenjeno vrijeme čitanja" />
	<meta name="twitter:data1" content="1 minuta" />
<script type="application/ld+json" class="yoast-schema-graph">{"@context":"https:\/\/schema.org","@graph":[{"@type":"WebPage","@id":"https:\/\/tv.joycemeyer.org\/hrvatski\/devotional\/cekati-boga-u-iscekivanju\/","url":"https:\/\/tv.joycemeyer.org\/hrvatski\/devotional\/cekati-boga-u-iscekivanju\/","name":"Čekati Boga u iščekivanju - Joyce Meyer Ministries - Hrvatski","isPartOf":{"@id":"https:\/\/tv.joycemeyer.org\/hrvatski\/#website"},"primaryImageOfPage":{"@id":"https:\/\/tv.joycemeyer.org\/hrvatski\/devotional\/cekati-boga-u-iscekivanju\/#primaryimage"},"image":{"@id":"https:\/\/tv.joycemeyer.org\/hrvatski\/devotional\/cekati-boga-u-iscekivanju\/#primaryimage"},"thumbnailUrl":"https:\/\/tv.joycemeyer.org\/hrvatski\/wp-content\/uploads\/sites\/66\/2022\/04\/2538.jpg","datePublished":"2025-08-29T00:01:08+00:00","breadcrumb":{"@id":"https:\/\/tv.joycemeyer.org\/hrvatski\/devotional\/cekati-boga-u-iscekivanju\/#breadcrumb"},"inLanguage":"hr","potentialAction":[{"@type":"ReadAction","target":["https:\/\/tv.joycemeyer.org\/hrvatski\/devotional\/cekati-boga-u-iscekivanju\/"]}]},{"@type":"ImageObject","inLanguage":"hr","@id":"https:\/\/tv.joycemeyer.org\/hrvatski\/devotional\/cekati-boga-u-iscekivanju\/#primaryimage","url":"https:\/\/tv.joycemeyer.org\/hrvatski\/wp-content\/uploads\/sites\/66\/2022\/04\/2538.jpg","contentUrl":"https:\/\/tv.joycemeyer.org\/hrvatski\/wp-content\/uploads\/sites\/66\/2022\/04\/2538.jpg","width":1800,"height":1050,"caption":"Čekati Boga u iščekivanju"},{"@type":"BreadcrumbList","@id":"https:\/\/tv.joycemeyer.org\/hrvatski\/devotional\/cekati-boga-u-iscekivanju\/#breadcrumb","itemListElement":[{"@type":"ListItem","position":1,"name":"Home","item":"https:\/\/tv.joycemeyer.org\/hrvatski\/"},{"@type":"ListItem","position":2,"name":"Devotional","item":"https:\/\/tv.joycemeyer.org\/hrvatski\/devotional\/"},{"@type":"ListItem","position":3,"name":"Čekati Boga u iščekivanju"}]},{"@type":"WebSite","@id":"https:\/\/tv.joycemeyer.org\/hrvatski\/#website","url":"https:\/\/tv.joycemeyer.org\/hrvatski\/","name":"Joyce Meyer Ministries - Hrvatski","description":"Dijeliti Krista - voljeti ljude","potentialAction":[{"@type":"SearchAction","target":{"@type":"EntryPoint","urlTemplate":"https:\/\/tv.joycemeyer.org\/hrvatski\/?s={search_term_string}"},"query-input":{"@type":"PropertyValueSpecification","valueRequired":true,"valueName":"search_term_string"}}],"inLanguage":"hr"}]}</script>
<!-- / Yoast SEO plugin. -->

Čekati Boga u iščekivanju - Joyce Meyer Ministries - Hrvatski

Ako si se ikada osjećao obeshrabreno, nisi sam. I David se osjećao, ali on nije dopustio da ga obeshrabrenje obuzda...
