{"id":2673,"date":"2023-05-17T00:01:45","date_gmt":"2023-05-17T00:01:45","guid":{"rendered":"https:\/\/tv.joycemeyer.org\/hrvatski\/?post_type=devotional&#038;p=2673"},"modified":"2023-05-17T11:18:44","modified_gmt":"2023-05-17T11:18:44","slug":"rijesiti-neslaganje-2","status":"publish","type":"devotional","link":"https:\/\/tv.joycemeyer.org\/hrvatski\/devotional\/rijesiti-neslaganje-2\/","title":{"rendered":"Rije\u0161iti neslaganje"},"content":{"rendered":"<blockquote><p>\u201eJer tijelo \u017eudi protiv Duha, a Duh protiv tijela; i to se jedno drugom protivi, tako da ne \u010dinite ono \u0161to ho\u0107ete.\u201c \u2013 Gala\u0107anima 5:17<\/p><\/blockquote>\n<p>Da bismo uspjeli u ostvarenju Bo\u017eje volje za na\u0161e \u017eivote, moramo imaju odlu\u010dnost. Jedna od definicija odlu\u010dnosti je &#8216;rije\u0161iti neslaganje autoritativnom odlukom ili izjavom&#8217;.<\/p>\n<p>Ova definicija me ohrabruje jer \u010desto &#8216;izgovaram&#8217; ne\u0161to na na\u010din koji izgra\u0111uje moju odlu\u010dnost u odre\u0111enim podru\u010djima.<\/p>\n<p>Na primjer, kad sam umorna i u isku\u0161enju sa\u017ealijevati se iz nekog razloga, ka\u017eem sama sebi: \u201eO, ne, ne\u0107e\u0161! Prestani cviliti i ispravi se! Bog te voli i ti sve mo\u017ee\u0161 u Onome koji ti daje snagu!\u201c<\/p>\n<p>Gala\u0107anima 5:17 nam govori da se tijelo i duh ne sla\u017eu. Zapamti, definicija odlu\u010dnosti nosi ideju rje\u0161avanja neslaganja. Ovo je va\u017eno jer ako se namjerava\u0161 obavezati bilo \u010demu, morat \u0107e\u0161 rije\u0161iti neprestani spor izme\u0111u tvoga tijela i duha.<\/p>\n<p>Mo\u017eda se ne \u017eeli\u0161 uvijek potruditi biti odlu\u010dan, ali nemoj odustati ili biti izvan Bo\u017eje volje. Kada si u ku\u0161nji odustati, izgovaraj rije\u010di temeljene na Bo\u017ejoj Rije\u010di ohrabruju\u0107i sebe da ostane\u0161 odlu\u010dan i rije\u0161i\u0161 neslaganje izme\u0111u duha i tijela dok slijedi\u0161 Bo\u017eji plan.<\/p>\n<hr \/>\n<h4><strong>Molitva<\/strong><\/h4>\n<p>Du\u0161e Sveti, \u017eelim rije\u0161iti neslaganje izme\u0111u tijela i duha, ali ne mogu to u\u010diniti bez odlu\u010dnosti. Oja\u010daj me i daj mi prave rije\u010di koje mogu &#8216;izgovarati&#8217; u svoj \u017eivot tako da nikad ne odustanem.<\/p>\n","protected":false},"excerpt":{"rendered":"<p>Ovo je va\u017eno jer ako se namjerava\u0161 obavezati bilo \u010demu, morat \u0107e\u0161 rije\u0161iti neprestani spor izme\u0111u tvoga tijela i duha.<\/p>\n","protected":false},"author":20,"featured_media":2674,"parent":0,"menu_order":0,"comment_status":"closed","ping_status":"closed","template":"","class_list":["post-2673","devotional","type-devotional","status-publish","has-post-thumbnail","hentry"],"acf":[],"appp":{"post_detail":{"above_title":"<div class=\"post-featured-wrap\"><img width=\"1024\" height=\"597\" src=\"https:\/\/tv.joycemeyer.org\/hrvatski\/wp-content\/uploads\/sites\/66\/2023\/04\/2009-1024x597.jpg\" class=\"post-featured wp-post-image\" alt=\"Rije\u0161iti neslaganje\" decoding=\"async\" srcset=\"https:\/\/tv.joycemeyer.org\/hrvatski\/wp-content\/uploads\/sites\/66\/2023\/04\/2009-1024x597.jpg 1024w, https:\/\/tv.joycemeyer.org\/hrvatski\/wp-content\/uploads\/sites\/66\/2023\/04\/2009-300x175.jpg 300w, https:\/\/tv.joycemeyer.org\/hrvatski\/wp-content\/uploads\/sites\/66\/2023\/04\/2009-768x448.jpg 768w, https:\/\/tv.joycemeyer.org\/hrvatski\/wp-content\/uploads\/sites\/66\/2023\/04\/2009-1536x896.jpg 1536w, https:\/\/tv.joycemeyer.org\/hrvatski\/wp-content\/uploads\/sites\/66\/2023\/04\/2009.jpg 1755w\" sizes=\"(max-width: 1024px) 100vw, 1024px\" \/><\/div>","below_content":"<div class=\"follow\"><h6 class=\"alt\">Pove\u017eite se s nama<\/h6><ul class=\"nav nav--social nav--flex\"><li class=\"menu-item facebook\"><a href=\"https:\/\/www.facebook.com\/joycemeyerministrieshrvatska\/\" target=\"_blank\"><span class=\"visuallyhidden\">Facebook<\/span><\/a><\/li><\/ul><\/div>"}},"yoast_head":"<!-- This site is optimized with the Yoast SEO plugin v27.4 - https:\/\/yoast.com\/product\/yoast-seo-wordpress\/ -->\n<title>Rije\u0161iti neslaganje - Joyce Meyer Ministries - Hrvatski<\/title>\n<meta name=\"robots\" content=\"index, follow, max-snippet:-1, max-image-preview:large, max-video-preview:-1\" \/>\n<link rel=\"canonical\" href=\"https:\/\/tv.joycemeyer.org\/hrvatski\/devotional\/rijesiti-neslaganje-2\/\" \/>\n<meta property=\"og:locale\" content=\"hr_HR\" \/>\n<meta property=\"og:type\" content=\"article\" \/>\n<meta property=\"og:title\" content=\"Rije\u0161iti neslaganje - Joyce Meyer Ministries - Hrvatski\" \/>\n<meta property=\"og:description\" content=\"Ovo je va\u017eno jer ako se namjerava\u0161 obavezati bilo \u010demu, morat \u0107e\u0161 rije\u0161iti neprestani spor izme\u0111u tvoga tijela i duha.\" \/>\n<meta property=\"og:url\" content=\"https:\/\/tv.joycemeyer.org\/hrvatski\/devotional\/rijesiti-neslaganje-2\/\" \/>\n<meta property=\"og:site_name\" content=\"Joyce Meyer Ministries - Hrvatski\" \/>\n<meta property=\"article:publisher\" content=\"https:\/\/www.facebook.com\/joycemeyerministrieshrvatska\/\" \/>\n<meta property=\"article:modified_time\" content=\"2023-05-17T11:18:44+00:00\" \/>\n<meta property=\"og:image\" content=\"https:\/\/tv.joycemeyer.org\/hrvatski\/wp-content\/uploads\/sites\/66\/2023\/04\/2009.jpg\" \/>\n\t<meta property=\"og:image:width\" content=\"1755\" \/>\n\t<meta property=\"og:image:height\" content=\"1024\" \/>\n\t<meta property=\"og:image:type\" content=\"image\/jpeg\" \/>\n<meta name=\"twitter:card\" content=\"summary_large_image\" \/>\n<meta name=\"twitter:label1\" content=\"Procijenjeno vrijeme \u010ditanja\" \/>\n\t<meta name=\"twitter:data1\" content=\"1 minuta\" \/>\n<script type=\"application\/ld+json\" class=\"yoast-schema-graph\">{\"@context\":\"https:\\\/\\\/schema.org\",\"@graph\":[{\"@type\":\"WebPage\",\"@id\":\"https:\\\/\\\/tv.joycemeyer.org\\\/hrvatski\\\/devotional\\\/rijesiti-neslaganje-2\\\/\",\"url\":\"https:\\\/\\\/tv.joycemeyer.org\\\/hrvatski\\\/devotional\\\/rijesiti-neslaganje-2\\\/\",\"name\":\"Rije\u0161iti neslaganje - Joyce Meyer Ministries - Hrvatski\",\"isPartOf\":{\"@id\":\"https:\\\/\\\/tv.joycemeyer.org\\\/hrvatski\\\/#website\"},\"primaryImageOfPage\":{\"@id\":\"https:\\\/\\\/tv.joycemeyer.org\\\/hrvatski\\\/devotional\\\/rijesiti-neslaganje-2\\\/#primaryimage\"},\"image\":{\"@id\":\"https:\\\/\\\/tv.joycemeyer.org\\\/hrvatski\\\/devotional\\\/rijesiti-neslaganje-2\\\/#primaryimage\"},\"thumbnailUrl\":\"https:\\\/\\\/tv.joycemeyer.org\\\/hrvatski\\\/wp-content\\\/uploads\\\/sites\\\/66\\\/2023\\\/04\\\/2009.jpg\",\"datePublished\":\"2023-05-17T00:01:45+00:00\",\"dateModified\":\"2023-05-17T11:18:44+00:00\",\"breadcrumb\":{\"@id\":\"https:\\\/\\\/tv.joycemeyer.org\\\/hrvatski\\\/devotional\\\/rijesiti-neslaganje-2\\\/#breadcrumb\"},\"inLanguage\":\"hr\",\"potentialAction\":[{\"@type\":\"ReadAction\",\"target\":[\"https:\\\/\\\/tv.joycemeyer.org\\\/hrvatski\\\/devotional\\\/rijesiti-neslaganje-2\\\/\"]}]},{\"@type\":\"ImageObject\",\"inLanguage\":\"hr\",\"@id\":\"https:\\\/\\\/tv.joycemeyer.org\\\/hrvatski\\\/devotional\\\/rijesiti-neslaganje-2\\\/#primaryimage\",\"url\":\"https:\\\/\\\/tv.joycemeyer.org\\\/hrvatski\\\/wp-content\\\/uploads\\\/sites\\\/66\\\/2023\\\/04\\\/2009.jpg\",\"contentUrl\":\"https:\\\/\\\/tv.joycemeyer.org\\\/hrvatski\\\/wp-content\\\/uploads\\\/sites\\\/66\\\/2023\\\/04\\\/2009.jpg\",\"width\":1755,\"height\":1024,\"caption\":\"Rije\u0161iti neslaganje\"},{\"@type\":\"BreadcrumbList\",\"@id\":\"https:\\\/\\\/tv.joycemeyer.org\\\/hrvatski\\\/devotional\\\/rijesiti-neslaganje-2\\\/#breadcrumb\",\"itemListElement\":[{\"@type\":\"ListItem\",\"position\":1,\"name\":\"Home\",\"item\":\"https:\\\/\\\/tv.joycemeyer.org\\\/hrvatski\\\/\"},{\"@type\":\"ListItem\",\"position\":2,\"name\":\"Devotional\",\"item\":\"https:\\\/\\\/tv.joycemeyer.org\\\/hrvatski\\\/devotional\\\/\"},{\"@type\":\"ListItem\",\"position\":3,\"name\":\"Rije\u0161iti neslaganje\"}]},{\"@type\":\"WebSite\",\"@id\":\"https:\\\/\\\/tv.joycemeyer.org\\\/hrvatski\\\/#website\",\"url\":\"https:\\\/\\\/tv.joycemeyer.org\\\/hrvatski\\\/\",\"name\":\"Joyce Meyer Ministries - Hrvatski\",\"description\":\"Dijeliti Krista - voljeti ljude\",\"potentialAction\":[{\"@type\":\"SearchAction\",\"target\":{\"@type\":\"EntryPoint\",\"urlTemplate\":\"https:\\\/\\\/tv.joycemeyer.org\\\/hrvatski\\\/?s={search_term_string}\"},\"query-input\":{\"@type\":\"PropertyValueSpecification\",\"valueRequired\":true,\"valueName\":\"search_term_string\"}}],\"inLanguage\":\"hr\"}]}<\/script>\n<!-- \/ Yoast SEO plugin. -->","yoast_head_json":{"title":"Rije\u0161iti neslaganje - Joyce Meyer Ministries - Hrvatski","robots":{"index":"index","follow":"follow","max-snippet":"max-snippet:-1","max-image-preview":"max-image-preview:large","max-video-preview":"max-video-preview:-1"},"canonical":"https:\/\/tv.joycemeyer.org\/hrvatski\/devotional\/rijesiti-neslaganje-2\/","og_locale":"hr_HR","og_type":"article","og_title":"Rije\u0161iti neslaganje - Joyce Meyer Ministries - Hrvatski","og_description":"Ovo je va\u017eno jer ako se namjerava\u0161 obavezati bilo \u010demu, morat \u0107e\u0161 rije\u0161iti neprestani spor izme\u0111u tvoga tijela i duha.","og_url":"https:\/\/tv.joycemeyer.org\/hrvatski\/devotional\/rijesiti-neslaganje-2\/","og_site_name":"Joyce Meyer Ministries - Hrvatski","article_publisher":"https:\/\/www.facebook.com\/joycemeyerministrieshrvatska\/","article_modified_time":"2023-05-17T11:18:44+00:00","og_image":[{"width":1755,"height":1024,"url":"https:\/\/tv.joycemeyer.org\/hrvatski\/wp-content\/uploads\/sites\/66\/2023\/04\/2009.jpg","type":"image\/jpeg"}],"twitter_card":"summary_large_image","twitter_misc":{"Procijenjeno vrijeme \u010ditanja":"1 minuta"},"schema":{"@context":"https:\/\/schema.org","@graph":[{"@type":"WebPage","@id":"https:\/\/tv.joycemeyer.org\/hrvatski\/devotional\/rijesiti-neslaganje-2\/","url":"https:\/\/tv.joycemeyer.org\/hrvatski\/devotional\/rijesiti-neslaganje-2\/","name":"Rije\u0161iti neslaganje - Joyce Meyer Ministries - Hrvatski","isPartOf":{"@id":"https:\/\/tv.joycemeyer.org\/hrvatski\/#website"},"primaryImageOfPage":{"@id":"https:\/\/tv.joycemeyer.org\/hrvatski\/devotional\/rijesiti-neslaganje-2\/#primaryimage"},"image":{"@id":"https:\/\/tv.joycemeyer.org\/hrvatski\/devotional\/rijesiti-neslaganje-2\/#primaryimage"},"thumbnailUrl":"https:\/\/tv.joycemeyer.org\/hrvatski\/wp-content\/uploads\/sites\/66\/2023\/04\/2009.jpg","datePublished":"2023-05-17T00:01:45+00:00","dateModified":"2023-05-17T11:18:44+00:00","breadcrumb":{"@id":"https:\/\/tv.joycemeyer.org\/hrvatski\/devotional\/rijesiti-neslaganje-2\/#breadcrumb"},"inLanguage":"hr","potentialAction":[{"@type":"ReadAction","target":["https:\/\/tv.joycemeyer.org\/hrvatski\/devotional\/rijesiti-neslaganje-2\/"]}]},{"@type":"ImageObject","inLanguage":"hr","@id":"https:\/\/tv.joycemeyer.org\/hrvatski\/devotional\/rijesiti-neslaganje-2\/#primaryimage","url":"https:\/\/tv.joycemeyer.org\/hrvatski\/wp-content\/uploads\/sites\/66\/2023\/04\/2009.jpg","contentUrl":"https:\/\/tv.joycemeyer.org\/hrvatski\/wp-content\/uploads\/sites\/66\/2023\/04\/2009.jpg","width":1755,"height":1024,"caption":"Rije\u0161iti neslaganje"},{"@type":"BreadcrumbList","@id":"https:\/\/tv.joycemeyer.org\/hrvatski\/devotional\/rijesiti-neslaganje-2\/#breadcrumb","itemListElement":[{"@type":"ListItem","position":1,"name":"Home","item":"https:\/\/tv.joycemeyer.org\/hrvatski\/"},{"@type":"ListItem","position":2,"name":"Devotional","item":"https:\/\/tv.joycemeyer.org\/hrvatski\/devotional\/"},{"@type":"ListItem","position":3,"name":"Rije\u0161iti neslaganje"}]},{"@type":"WebSite","@id":"https:\/\/tv.joycemeyer.org\/hrvatski\/#website","url":"https:\/\/tv.joycemeyer.org\/hrvatski\/","name":"Joyce Meyer Ministries - Hrvatski","description":"Dijeliti Krista - voljeti ljude","potentialAction":[{"@type":"SearchAction","target":{"@type":"EntryPoint","urlTemplate":"https:\/\/tv.joycemeyer.org\/hrvatski\/?s={search_term_string}"},"query-input":{"@type":"PropertyValueSpecification","valueRequired":true,"valueName":"search_term_string"}}],"inLanguage":"hr"}]}},"_links":{"self":[{"href":"https:\/\/tv.joycemeyer.org\/hrvatski\/wp-json\/wp\/v2\/devotional\/2673","targetHints":{"allow":["GET"]}}],"collection":[{"href":"https:\/\/tv.joycemeyer.org\/hrvatski\/wp-json\/wp\/v2\/devotional"}],"about":[{"href":"https:\/\/tv.joycemeyer.org\/hrvatski\/wp-json\/wp\/v2\/types\/devotional"}],"author":[{"embeddable":true,"href":"https:\/\/tv.joycemeyer.org\/hrvatski\/wp-json\/wp\/v2\/users\/20"}],"replies":[{"embeddable":true,"href":"https:\/\/tv.joycemeyer.org\/hrvatski\/wp-json\/wp\/v2\/comments?post=2673"}],"wp:featuredmedia":[{"embeddable":true,"href":"https:\/\/tv.joycemeyer.org\/hrvatski\/wp-json\/wp\/v2\/media\/2674"}],"wp:attachment":[{"href":"https:\/\/tv.joycemeyer.org\/hrvatski\/wp-json\/wp\/v2\/media?parent=2673"}],"curies":[{"name":"wp","href":"https:\/\/api.w.org\/{rel}","templated":true}]}}

Riješiti neslaganje

<blockquote><p>„Jer tijelo žudi protiv Duha, a Duh protiv tijela; i to se jedno drugom protivi, tako da ne činite ono što hoćete.“ – Galaćanima 5:17</p></blockquote>
<p>Da bismo uspjeli u ostvarenju Božje volje za naše živote, moramo imaju odlučnost. Jedna od definicija odlučnosti je &#8216;riješiti neslaganje autoritativnom odlukom ili izjavom&#8217;.</p>
<p>Ova definicija me ohrabruje jer često &#8216;izgovaram&#8217; nešto na način koji izgrađuje moju odlučnost u određenim područjima.</p>
<p>Na primjer, kad sam umorna i u iskušenju sažalijevati se iz nekog razloga, kažem sama sebi: „O, ne, nećeš! Prestani cviliti i ispravi se! Bog te voli i ti sve možeš u Onome koji ti daje snagu!“</p>
<p>Galaćanima 5:17 nam govori da se tijelo i duh ne slažu. Zapamti, definicija odlučnosti nosi ideju rješavanja neslaganja. Ovo je važno jer ako se namjeravaš obavezati bilo čemu, morat ćeš riješiti neprestani spor između tvoga tijela i duha.</p>
<p>Možda se ne želiš uvijek potruditi biti odlučan, ali nemoj odustati ili biti izvan Božje volje. Kada si u kušnji odustati, izgovaraj riječi temeljene na Božjoj Riječi ohrabrujući sebe da ostaneš odlučan i riješiš neslaganje između duha i tijela dok slijediš Božji plan.</p>
<hr />
<h4><strong>Molitva</strong></h4>
<p>Duše Sveti, želim riješiti neslaganje između tijela i duha, ali ne mogu to učiniti bez odlučnosti. Ojačaj me i daj mi prave riječi koje mogu &#8216;izgovarati&#8217; u svoj život tako da nikad ne odustanem.</p>

<p>Ovo je važno jer ako se namjeravaš obavezati bilo čemu, morat ćeš riješiti neprestani spor između tvoga tijela i duha.</p>

<div class="post-featured-wrap"><img width="1024" height="597" src="https://tv.joycemeyer.org/hrvatski/wp-content/uploads/sites/66/2023/04/2009-1024x597.jpg" class="post-featured wp-post-image" alt="Riješiti neslaganje" decoding="async" srcset="https://tv.joycemeyer.org/hrvatski/wp-content/uploads/sites/66/2023/04/2009-1024x597.jpg 1024w, https://tv.joycemeyer.org/hrvatski/wp-content/uploads/sites/66/2023/04/2009-300x175.jpg 300w, https://tv.joycemeyer.org/hrvatski/wp-content/uploads/sites/66/2023/04/2009-768x448.jpg 768w, https://tv.joycemeyer.org/hrvatski/wp-content/uploads/sites/66/2023/04/2009-1536x896.jpg 1536w, https://tv.joycemeyer.org/hrvatski/wp-content/uploads/sites/66/2023/04/2009.jpg 1755w" sizes="(max-width: 1024px) 100vw, 1024px" /></div>

<div class="follow"><h6 class="alt">Povežite se s nama</h6><ul class="nav nav--social nav--flex"><li class="menu-item facebook"><a href="https://www.facebook.com/joycemeyerministrieshrvatska/" target="_blank"><span class="visuallyhidden">Facebook</span></a></li></ul></div>

<!-- This site is optimized with the Yoast SEO plugin v27.4 - https://yoast.com/product/yoast-seo-wordpress/ -->
<title>Riješiti neslaganje - Joyce Meyer Ministries - Hrvatski</title>
<meta name="robots" content="index, follow, max-snippet:-1, max-image-preview:large, max-video-preview:-1" />
<link rel="canonical" href="https://tv.joycemeyer.org/hrvatski/devotional/rijesiti-neslaganje-2/" />
<meta property="og:locale" content="hr_HR" />
<meta property="og:type" content="article" />
<meta property="og:title" content="Riješiti neslaganje - Joyce Meyer Ministries - Hrvatski" />
<meta property="og:description" content="Ovo je važno jer ako se namjeravaš obavezati bilo čemu, morat ćeš riješiti neprestani spor između tvoga tijela i duha." />
<meta property="og:url" content="https://tv.joycemeyer.org/hrvatski/devotional/rijesiti-neslaganje-2/" />
<meta property="og:site_name" content="Joyce Meyer Ministries - Hrvatski" />
<meta property="article:publisher" content="https://www.facebook.com/joycemeyerministrieshrvatska/" />
<meta property="article:modified_time" content="2023-05-17T11:18:44+00:00" />
<meta property="og:image" content="https://tv.joycemeyer.org/hrvatski/wp-content/uploads/sites/66/2023/04/2009.jpg" />
	<meta property="og:image:width" content="1755" />
	<meta property="og:image:height" content="1024" />
	<meta property="og:image:type" content="image/jpeg" />
<meta name="twitter:card" content="summary_large_image" />
<meta name="twitter:label1" content="Procijenjeno vrijeme čitanja" />
	<meta name="twitter:data1" content="1 minuta" />
<script type="application/ld+json" class="yoast-schema-graph">{"@context":"https:\/\/schema.org","@graph":[{"@type":"WebPage","@id":"https:\/\/tv.joycemeyer.org\/hrvatski\/devotional\/rijesiti-neslaganje-2\/","url":"https:\/\/tv.joycemeyer.org\/hrvatski\/devotional\/rijesiti-neslaganje-2\/","name":"Riješiti neslaganje - Joyce Meyer Ministries - Hrvatski","isPartOf":{"@id":"https:\/\/tv.joycemeyer.org\/hrvatski\/#website"},"primaryImageOfPage":{"@id":"https:\/\/tv.joycemeyer.org\/hrvatski\/devotional\/rijesiti-neslaganje-2\/#primaryimage"},"image":{"@id":"https:\/\/tv.joycemeyer.org\/hrvatski\/devotional\/rijesiti-neslaganje-2\/#primaryimage"},"thumbnailUrl":"https:\/\/tv.joycemeyer.org\/hrvatski\/wp-content\/uploads\/sites\/66\/2023\/04\/2009.jpg","datePublished":"2023-05-17T00:01:45+00:00","dateModified":"2023-05-17T11:18:44+00:00","breadcrumb":{"@id":"https:\/\/tv.joycemeyer.org\/hrvatski\/devotional\/rijesiti-neslaganje-2\/#breadcrumb"},"inLanguage":"hr","potentialAction":[{"@type":"ReadAction","target":["https:\/\/tv.joycemeyer.org\/hrvatski\/devotional\/rijesiti-neslaganje-2\/"]}]},{"@type":"ImageObject","inLanguage":"hr","@id":"https:\/\/tv.joycemeyer.org\/hrvatski\/devotional\/rijesiti-neslaganje-2\/#primaryimage","url":"https:\/\/tv.joycemeyer.org\/hrvatski\/wp-content\/uploads\/sites\/66\/2023\/04\/2009.jpg","contentUrl":"https:\/\/tv.joycemeyer.org\/hrvatski\/wp-content\/uploads\/sites\/66\/2023\/04\/2009.jpg","width":1755,"height":1024,"caption":"Riješiti neslaganje"},{"@type":"BreadcrumbList","@id":"https:\/\/tv.joycemeyer.org\/hrvatski\/devotional\/rijesiti-neslaganje-2\/#breadcrumb","itemListElement":[{"@type":"ListItem","position":1,"name":"Home","item":"https:\/\/tv.joycemeyer.org\/hrvatski\/"},{"@type":"ListItem","position":2,"name":"Devotional","item":"https:\/\/tv.joycemeyer.org\/hrvatski\/devotional\/"},{"@type":"ListItem","position":3,"name":"Riješiti neslaganje"}]},{"@type":"WebSite","@id":"https:\/\/tv.joycemeyer.org\/hrvatski\/#website","url":"https:\/\/tv.joycemeyer.org\/hrvatski\/","name":"Joyce Meyer Ministries - Hrvatski","description":"Dijeliti Krista - voljeti ljude","potentialAction":[{"@type":"SearchAction","target":{"@type":"EntryPoint","urlTemplate":"https:\/\/tv.joycemeyer.org\/hrvatski\/?s={search_term_string}"},"query-input":{"@type":"PropertyValueSpecification","valueRequired":true,"valueName":"search_term_string"}}],"inLanguage":"hr"}]}</script>
<!-- / Yoast SEO plugin. -->

Riješiti neslaganje - Joyce Meyer Ministries - Hrvatski

Ovo je važno jer ako se namjeravaš obavezati bilo čemu, morat ćeš riješiti neprestani spor između tvoga tijela i duha.
