{"id":387,"date":"2021-06-13T15:43:14","date_gmt":"2021-06-13T15:43:14","guid":{"rendered":"https:\/\/tv.joycemeyer.org\/hrvatski\/?post_type=devotional&#038;p=387"},"modified":"2021-06-14T12:59:45","modified_gmt":"2021-06-14T12:59:45","slug":"nemoj-brinutislavi","status":"publish","type":"devotional","link":"https:\/\/tv.joycemeyer.org\/hrvatski\/devotional\/nemoj-brinutislavi\/","title":{"rendered":"Nemoj brinuti\u2026slavi!"},"content":{"rendered":"<p><strong>\u201eBojte se <\/strong><strong>Jahve <\/strong><strong>vi sveti Njegovi <\/strong><strong>[po\u0161tujte i obo\u017eavajte Ga]<\/strong><strong>: ne trpe oskudice koji Ga se boje.\u201c \u2013 Psalam 34:10<\/strong><\/p>\n<p>Sje\u0107am se jednog jutra kad sam se krenula moliti, i umjesto da molim, po\u010dela sam se brinuti oko svoje trenutne situacije i \u0161to \u0107u u\u010diniti povodom toga. Odjednom sam \u010dula tihi glas u svom duhu koji mi ka\u017ee:<em>\u201c<\/em><em>Joyce<\/em><em>, ho\u0107e\u0161 li obo\u017eavati svoj problem ili Mene<\/em>?\u201c<\/p>\n<p>Bog je bio vi\u0161e nego spreman rije\u0161iti moj problem da sam ja bila spremna ostaviti se svojih misli i provesti vrijeme obo\u017eavaju\u0107i Njega.<\/p>\n<p>Kada obo\u017eavamo Gospodina, osloba\u0111amo se emocionalnog ili mentalnog tereta koji nas optere\u0107uje, on bude progutan Bo\u017ejom veli\u010dinom.<\/p>\n<p>Kada gledamo u Njega i obo\u017eavamo\u00a0 Ga, uvijek \u0107emo vidjeti Njegov plan \u2013 kako izvodi sve na dobro onima koji Ga ljube.<\/p>\n<p>Biblija ka\u017ee da <em>ne trpe oskudice koji Ga se boje<\/em>. \u017deli\u0161 li biti siguran da \u0107e sve tvoje potrebe biti ispunjene? Onda se sjeti slaviti Ga, a ne brinuti se.<\/p>\n<p>Bez obzira na pote\u0161ko\u0107e s kojima se suo\u010dava\u0161, nastavi slaviti Boga i davati Mu slavu. Vjera \u0107e se podi\u0107i u tvom srcu i nadvladat \u0107e\u0161.<\/p>\n<p><strong>Molitva:<\/strong><\/p>\n<p><em>Bo\u017ee, ne\u0107u se brinuti. Umjesto toga, odlu\u010dujem Tebe obo\u017eavati. Ti si velik i mo\u0107an, i ja znam da su moje potrebe ispunjene zbog Tvoje dobrote i ljubavi prema meni.<\/em><\/p>\n","protected":false},"excerpt":{"rendered":"<p>Sje\u0107am se jednog jutra kad sam se krenula moliti &#8230;<\/p>\n","protected":false},"author":15,"featured_media":388,"parent":0,"menu_order":0,"comment_status":"closed","ping_status":"closed","template":"","class_list":["post-387","devotional","type-devotional","status-publish","has-post-thumbnail","hentry"],"acf":[],"appp":{"post_detail":{"above_title":"<div class=\"post-featured-wrap\"><img width=\"960\" height=\"639\" src=\"https:\/\/tv.joycemeyer.org\/hrvatski\/wp-content\/uploads\/sites\/66\/2019\/05\/622.jpg\" class=\"post-featured wp-post-image\" alt=\"Nemoj brinuti\u2026slavi!\" decoding=\"async\" srcset=\"https:\/\/tv.joycemeyer.org\/hrvatski\/wp-content\/uploads\/sites\/66\/2019\/05\/622.jpg 960w, https:\/\/tv.joycemeyer.org\/hrvatski\/wp-content\/uploads\/sites\/66\/2019\/05\/622-300x200.jpg 300w, https:\/\/tv.joycemeyer.org\/hrvatski\/wp-content\/uploads\/sites\/66\/2019\/05\/622-768x511.jpg 768w\" sizes=\"(max-width: 960px) 100vw, 960px\" \/><\/div>","below_content":""}},"yoast_head":"<!-- This site is optimized with the Yoast SEO plugin v27.4 - https:\/\/yoast.com\/product\/yoast-seo-wordpress\/ -->\n<title>Nemoj brinuti\u2026slavi! - Joyce Meyer Ministries - Hrvatski<\/title>\n<meta name=\"robots\" content=\"index, follow, max-snippet:-1, max-image-preview:large, max-video-preview:-1\" \/>\n<link rel=\"canonical\" href=\"https:\/\/tv.joycemeyer.org\/hrvatski\/devotional\/nemoj-brinutislavi\/\" \/>\n<meta property=\"og:locale\" content=\"hr_HR\" \/>\n<meta property=\"og:type\" content=\"article\" \/>\n<meta property=\"og:title\" content=\"Nemoj brinuti\u2026slavi! - Joyce Meyer Ministries - Hrvatski\" \/>\n<meta property=\"og:description\" content=\"Sje\u0107am se jednog jutra kad sam se krenula moliti ...\" \/>\n<meta property=\"og:url\" content=\"https:\/\/tv.joycemeyer.org\/hrvatski\/devotional\/nemoj-brinutislavi\/\" \/>\n<meta property=\"og:site_name\" content=\"Joyce Meyer Ministries - Hrvatski\" \/>\n<meta property=\"article:publisher\" content=\"https:\/\/www.facebook.com\/joycemeyerministrieshrvatska\/\" \/>\n<meta property=\"article:modified_time\" content=\"2021-06-14T12:59:45+00:00\" \/>\n<meta property=\"og:image\" content=\"https:\/\/tv.joycemeyer.org\/hrvatski\/wp-content\/uploads\/sites\/66\/2019\/05\/622.jpg\" \/>\n\t<meta property=\"og:image:width\" content=\"960\" \/>\n\t<meta property=\"og:image:height\" content=\"639\" \/>\n\t<meta property=\"og:image:type\" content=\"image\/jpeg\" \/>\n<meta name=\"twitter:card\" content=\"summary_large_image\" \/>\n<meta name=\"twitter:label1\" content=\"Procijenjeno vrijeme \u010ditanja\" \/>\n\t<meta name=\"twitter:data1\" content=\"1 minuta\" \/>\n<script type=\"application\/ld+json\" class=\"yoast-schema-graph\">{\"@context\":\"https:\\\/\\\/schema.org\",\"@graph\":[{\"@type\":\"WebPage\",\"@id\":\"https:\\\/\\\/tv.joycemeyer.org\\\/hrvatski\\\/devotional\\\/nemoj-brinutislavi\\\/\",\"url\":\"https:\\\/\\\/tv.joycemeyer.org\\\/hrvatski\\\/devotional\\\/nemoj-brinutislavi\\\/\",\"name\":\"Nemoj brinuti\u2026slavi! - Joyce Meyer Ministries - Hrvatski\",\"isPartOf\":{\"@id\":\"https:\\\/\\\/tv.joycemeyer.org\\\/hrvatski\\\/#website\"},\"primaryImageOfPage\":{\"@id\":\"https:\\\/\\\/tv.joycemeyer.org\\\/hrvatski\\\/devotional\\\/nemoj-brinutislavi\\\/#primaryimage\"},\"image\":{\"@id\":\"https:\\\/\\\/tv.joycemeyer.org\\\/hrvatski\\\/devotional\\\/nemoj-brinutislavi\\\/#primaryimage\"},\"thumbnailUrl\":\"https:\\\/\\\/tv.joycemeyer.org\\\/hrvatski\\\/wp-content\\\/uploads\\\/sites\\\/66\\\/2019\\\/05\\\/622.jpg\",\"datePublished\":\"2021-06-13T15:43:14+00:00\",\"dateModified\":\"2021-06-14T12:59:45+00:00\",\"breadcrumb\":{\"@id\":\"https:\\\/\\\/tv.joycemeyer.org\\\/hrvatski\\\/devotional\\\/nemoj-brinutislavi\\\/#breadcrumb\"},\"inLanguage\":\"hr\",\"potentialAction\":[{\"@type\":\"ReadAction\",\"target\":[\"https:\\\/\\\/tv.joycemeyer.org\\\/hrvatski\\\/devotional\\\/nemoj-brinutislavi\\\/\"]}]},{\"@type\":\"ImageObject\",\"inLanguage\":\"hr\",\"@id\":\"https:\\\/\\\/tv.joycemeyer.org\\\/hrvatski\\\/devotional\\\/nemoj-brinutislavi\\\/#primaryimage\",\"url\":\"https:\\\/\\\/tv.joycemeyer.org\\\/hrvatski\\\/wp-content\\\/uploads\\\/sites\\\/66\\\/2019\\\/05\\\/622.jpg\",\"contentUrl\":\"https:\\\/\\\/tv.joycemeyer.org\\\/hrvatski\\\/wp-content\\\/uploads\\\/sites\\\/66\\\/2019\\\/05\\\/622.jpg\",\"width\":960,\"height\":639,\"caption\":\"Nemoj brinuti\u2026slavi!\"},{\"@type\":\"BreadcrumbList\",\"@id\":\"https:\\\/\\\/tv.joycemeyer.org\\\/hrvatski\\\/devotional\\\/nemoj-brinutislavi\\\/#breadcrumb\",\"itemListElement\":[{\"@type\":\"ListItem\",\"position\":1,\"name\":\"Home\",\"item\":\"https:\\\/\\\/tv.joycemeyer.org\\\/hrvatski\\\/\"},{\"@type\":\"ListItem\",\"position\":2,\"name\":\"Devotional\",\"item\":\"https:\\\/\\\/tv.joycemeyer.org\\\/hrvatski\\\/devotional\\\/\"},{\"@type\":\"ListItem\",\"position\":3,\"name\":\"Nemoj brinuti\u2026slavi!\"}]},{\"@type\":\"WebSite\",\"@id\":\"https:\\\/\\\/tv.joycemeyer.org\\\/hrvatski\\\/#website\",\"url\":\"https:\\\/\\\/tv.joycemeyer.org\\\/hrvatski\\\/\",\"name\":\"Joyce Meyer Ministries - Hrvatski\",\"description\":\"Dijeliti Krista - voljeti ljude\",\"potentialAction\":[{\"@type\":\"SearchAction\",\"target\":{\"@type\":\"EntryPoint\",\"urlTemplate\":\"https:\\\/\\\/tv.joycemeyer.org\\\/hrvatski\\\/?s={search_term_string}\"},\"query-input\":{\"@type\":\"PropertyValueSpecification\",\"valueRequired\":true,\"valueName\":\"search_term_string\"}}],\"inLanguage\":\"hr\"}]}<\/script>\n<!-- \/ Yoast SEO plugin. -->","yoast_head_json":{"title":"Nemoj brinuti\u2026slavi! - Joyce Meyer Ministries - Hrvatski","robots":{"index":"index","follow":"follow","max-snippet":"max-snippet:-1","max-image-preview":"max-image-preview:large","max-video-preview":"max-video-preview:-1"},"canonical":"https:\/\/tv.joycemeyer.org\/hrvatski\/devotional\/nemoj-brinutislavi\/","og_locale":"hr_HR","og_type":"article","og_title":"Nemoj brinuti\u2026slavi! - Joyce Meyer Ministries - Hrvatski","og_description":"Sje\u0107am se jednog jutra kad sam se krenula moliti ...","og_url":"https:\/\/tv.joycemeyer.org\/hrvatski\/devotional\/nemoj-brinutislavi\/","og_site_name":"Joyce Meyer Ministries - Hrvatski","article_publisher":"https:\/\/www.facebook.com\/joycemeyerministrieshrvatska\/","article_modified_time":"2021-06-14T12:59:45+00:00","og_image":[{"width":960,"height":639,"url":"https:\/\/tv.joycemeyer.org\/hrvatski\/wp-content\/uploads\/sites\/66\/2019\/05\/622.jpg","type":"image\/jpeg"}],"twitter_card":"summary_large_image","twitter_misc":{"Procijenjeno vrijeme \u010ditanja":"1 minuta"},"schema":{"@context":"https:\/\/schema.org","@graph":[{"@type":"WebPage","@id":"https:\/\/tv.joycemeyer.org\/hrvatski\/devotional\/nemoj-brinutislavi\/","url":"https:\/\/tv.joycemeyer.org\/hrvatski\/devotional\/nemoj-brinutislavi\/","name":"Nemoj brinuti\u2026slavi! - Joyce Meyer Ministries - Hrvatski","isPartOf":{"@id":"https:\/\/tv.joycemeyer.org\/hrvatski\/#website"},"primaryImageOfPage":{"@id":"https:\/\/tv.joycemeyer.org\/hrvatski\/devotional\/nemoj-brinutislavi\/#primaryimage"},"image":{"@id":"https:\/\/tv.joycemeyer.org\/hrvatski\/devotional\/nemoj-brinutislavi\/#primaryimage"},"thumbnailUrl":"https:\/\/tv.joycemeyer.org\/hrvatski\/wp-content\/uploads\/sites\/66\/2019\/05\/622.jpg","datePublished":"2021-06-13T15:43:14+00:00","dateModified":"2021-06-14T12:59:45+00:00","breadcrumb":{"@id":"https:\/\/tv.joycemeyer.org\/hrvatski\/devotional\/nemoj-brinutislavi\/#breadcrumb"},"inLanguage":"hr","potentialAction":[{"@type":"ReadAction","target":["https:\/\/tv.joycemeyer.org\/hrvatski\/devotional\/nemoj-brinutislavi\/"]}]},{"@type":"ImageObject","inLanguage":"hr","@id":"https:\/\/tv.joycemeyer.org\/hrvatski\/devotional\/nemoj-brinutislavi\/#primaryimage","url":"https:\/\/tv.joycemeyer.org\/hrvatski\/wp-content\/uploads\/sites\/66\/2019\/05\/622.jpg","contentUrl":"https:\/\/tv.joycemeyer.org\/hrvatski\/wp-content\/uploads\/sites\/66\/2019\/05\/622.jpg","width":960,"height":639,"caption":"Nemoj brinuti\u2026slavi!"},{"@type":"BreadcrumbList","@id":"https:\/\/tv.joycemeyer.org\/hrvatski\/devotional\/nemoj-brinutislavi\/#breadcrumb","itemListElement":[{"@type":"ListItem","position":1,"name":"Home","item":"https:\/\/tv.joycemeyer.org\/hrvatski\/"},{"@type":"ListItem","position":2,"name":"Devotional","item":"https:\/\/tv.joycemeyer.org\/hrvatski\/devotional\/"},{"@type":"ListItem","position":3,"name":"Nemoj brinuti\u2026slavi!"}]},{"@type":"WebSite","@id":"https:\/\/tv.joycemeyer.org\/hrvatski\/#website","url":"https:\/\/tv.joycemeyer.org\/hrvatski\/","name":"Joyce Meyer Ministries - Hrvatski","description":"Dijeliti Krista - voljeti ljude","potentialAction":[{"@type":"SearchAction","target":{"@type":"EntryPoint","urlTemplate":"https:\/\/tv.joycemeyer.org\/hrvatski\/?s={search_term_string}"},"query-input":{"@type":"PropertyValueSpecification","valueRequired":true,"valueName":"search_term_string"}}],"inLanguage":"hr"}]}},"_links":{"self":[{"href":"https:\/\/tv.joycemeyer.org\/hrvatski\/wp-json\/wp\/v2\/devotional\/387","targetHints":{"allow":["GET"]}}],"collection":[{"href":"https:\/\/tv.joycemeyer.org\/hrvatski\/wp-json\/wp\/v2\/devotional"}],"about":[{"href":"https:\/\/tv.joycemeyer.org\/hrvatski\/wp-json\/wp\/v2\/types\/devotional"}],"author":[{"embeddable":true,"href":"https:\/\/tv.joycemeyer.org\/hrvatski\/wp-json\/wp\/v2\/users\/15"}],"replies":[{"embeddable":true,"href":"https:\/\/tv.joycemeyer.org\/hrvatski\/wp-json\/wp\/v2\/comments?post=387"}],"wp:featuredmedia":[{"embeddable":true,"href":"https:\/\/tv.joycemeyer.org\/hrvatski\/wp-json\/wp\/v2\/media\/388"}],"wp:attachment":[{"href":"https:\/\/tv.joycemeyer.org\/hrvatski\/wp-json\/wp\/v2\/media?parent=387"}],"curies":[{"name":"wp","href":"https:\/\/api.w.org\/{rel}","templated":true}]}}

<p><strong>„Bojte se </strong><strong>Jahve </strong><strong>vi sveti Njegovi </strong><strong>[poštujte i obožavajte Ga]</strong><strong>: ne trpe oskudice koji Ga se boje.“ – Psalam 34:10</strong></p>
<p>Sjećam se jednog jutra kad sam se krenula moliti, i umjesto da molim, počela sam se brinuti oko svoje trenutne situacije i što ću učiniti povodom toga. Odjednom sam čula tihi glas u svom duhu koji mi kaže:<em>“</em><em>Joyce</em><em>, hoćeš li obožavati svoj problem ili Mene</em>?“</p>
<p>Bog je bio više nego spreman riješiti moj problem da sam ja bila spremna ostaviti se svojih misli i provesti vrijeme obožavajući Njega.</p>
<p>Kada obožavamo Gospodina, oslobađamo se emocionalnog ili mentalnog tereta koji nas opterećuje, on bude progutan Božjom veličinom.</p>
<p>Kada gledamo u Njega i obožavamo  Ga, uvijek ćemo vidjeti Njegov plan – kako izvodi sve na dobro onima koji Ga ljube.</p>
<p>Biblija kaže da <em>ne trpe oskudice koji Ga se boje</em>. Želiš li biti siguran da će sve tvoje potrebe biti ispunjene? Onda se sjeti slaviti Ga, a ne brinuti se.</p>
<p>Bez obzira na poteškoće s kojima se suočavaš, nastavi slaviti Boga i davati Mu slavu. Vjera će se podići u tvom srcu i nadvladat ćeš.</p>
<p><strong>Molitva:</strong></p>
<p><em>Bože, neću se brinuti. Umjesto toga, odlučujem Tebe obožavati. Ti si velik i moćan, i ja znam da su moje potrebe ispunjene zbog Tvoje dobrote i ljubavi prema meni.</em></p>

<p>Sjećam se jednog jutra kad sam se krenula moliti &#8230;</p>

<!-- This site is optimized with the Yoast SEO plugin v27.4 - https://yoast.com/product/yoast-seo-wordpress/ -->
<title>Nemoj brinuti…slavi! - Joyce Meyer Ministries - Hrvatski</title>
<meta name="robots" content="index, follow, max-snippet:-1, max-image-preview:large, max-video-preview:-1" />
<link rel="canonical" href="https://tv.joycemeyer.org/hrvatski/devotional/nemoj-brinutislavi/" />
<meta property="og:locale" content="hr_HR" />
<meta property="og:type" content="article" />
<meta property="og:title" content="Nemoj brinuti…slavi! - Joyce Meyer Ministries - Hrvatski" />
<meta property="og:description" content="Sjećam se jednog jutra kad sam se krenula moliti ..." />
<meta property="og:url" content="https://tv.joycemeyer.org/hrvatski/devotional/nemoj-brinutislavi/" />
<meta property="og:site_name" content="Joyce Meyer Ministries - Hrvatski" />
<meta property="article:publisher" content="https://www.facebook.com/joycemeyerministrieshrvatska/" />
<meta property="article:modified_time" content="2021-06-14T12:59:45+00:00" />
<meta property="og:image" content="https://tv.joycemeyer.org/hrvatski/wp-content/uploads/sites/66/2019/05/622.jpg" />
	<meta property="og:image:width" content="960" />
	<meta property="og:image:height" content="639" />
	<meta property="og:image:type" content="image/jpeg" />
<meta name="twitter:card" content="summary_large_image" />
<meta name="twitter:label1" content="Procijenjeno vrijeme čitanja" />
	<meta name="twitter:data1" content="1 minuta" />
<script type="application/ld+json" class="yoast-schema-graph">{"@context":"https:\/\/schema.org","@graph":[{"@type":"WebPage","@id":"https:\/\/tv.joycemeyer.org\/hrvatski\/devotional\/nemoj-brinutislavi\/","url":"https:\/\/tv.joycemeyer.org\/hrvatski\/devotional\/nemoj-brinutislavi\/","name":"Nemoj brinuti…slavi! - Joyce Meyer Ministries - Hrvatski","isPartOf":{"@id":"https:\/\/tv.joycemeyer.org\/hrvatski\/#website"},"primaryImageOfPage":{"@id":"https:\/\/tv.joycemeyer.org\/hrvatski\/devotional\/nemoj-brinutislavi\/#primaryimage"},"image":{"@id":"https:\/\/tv.joycemeyer.org\/hrvatski\/devotional\/nemoj-brinutislavi\/#primaryimage"},"thumbnailUrl":"https:\/\/tv.joycemeyer.org\/hrvatski\/wp-content\/uploads\/sites\/66\/2019\/05\/622.jpg","datePublished":"2021-06-13T15:43:14+00:00","dateModified":"2021-06-14T12:59:45+00:00","breadcrumb":{"@id":"https:\/\/tv.joycemeyer.org\/hrvatski\/devotional\/nemoj-brinutislavi\/#breadcrumb"},"inLanguage":"hr","potentialAction":[{"@type":"ReadAction","target":["https:\/\/tv.joycemeyer.org\/hrvatski\/devotional\/nemoj-brinutislavi\/"]}]},{"@type":"ImageObject","inLanguage":"hr","@id":"https:\/\/tv.joycemeyer.org\/hrvatski\/devotional\/nemoj-brinutislavi\/#primaryimage","url":"https:\/\/tv.joycemeyer.org\/hrvatski\/wp-content\/uploads\/sites\/66\/2019\/05\/622.jpg","contentUrl":"https:\/\/tv.joycemeyer.org\/hrvatski\/wp-content\/uploads\/sites\/66\/2019\/05\/622.jpg","width":960,"height":639,"caption":"Nemoj brinuti…slavi!"},{"@type":"BreadcrumbList","@id":"https:\/\/tv.joycemeyer.org\/hrvatski\/devotional\/nemoj-brinutislavi\/#breadcrumb","itemListElement":[{"@type":"ListItem","position":1,"name":"Home","item":"https:\/\/tv.joycemeyer.org\/hrvatski\/"},{"@type":"ListItem","position":2,"name":"Devotional","item":"https:\/\/tv.joycemeyer.org\/hrvatski\/devotional\/"},{"@type":"ListItem","position":3,"name":"Nemoj brinuti…slavi!"}]},{"@type":"WebSite","@id":"https:\/\/tv.joycemeyer.org\/hrvatski\/#website","url":"https:\/\/tv.joycemeyer.org\/hrvatski\/","name":"Joyce Meyer Ministries - Hrvatski","description":"Dijeliti Krista - voljeti ljude","potentialAction":[{"@type":"SearchAction","target":{"@type":"EntryPoint","urlTemplate":"https:\/\/tv.joycemeyer.org\/hrvatski\/?s={search_term_string}"},"query-input":{"@type":"PropertyValueSpecification","valueRequired":true,"valueName":"search_term_string"}}],"inLanguage":"hr"}]}</script>
<!-- / Yoast SEO plugin. -->

Sjećam se jednog jutra kad sam se krenula moliti ...
