{"id":785,"date":"2026-09-01T00:01:06","date_gmt":"2026-09-01T00:01:06","guid":{"rendered":"https:\/\/tv.joycemeyer.org\/hrvatski\/?post_type=devotional&#038;p=785"},"modified":"2026-02-23T17:03:20","modified_gmt":"2026-02-23T17:03:20","slug":"govori-kao-sto-bog-govori","status":"publish","type":"devotional","link":"https:\/\/tv.joycemeyer.org\/hrvatski\/devotional\/govori-kao-sto-bog-govori\/","title":{"rendered":"Govori kao \u0161to Bog govori"},"content":{"rendered":"<blockquote><p>\u201eNeka se ova Knjiga Zakona ne mi\u010de s usta tvojih, nego razmi\u0161ljaj o njoj danju i no\u0107u, kako bi pazio da izvr\u0161i\u0161 sve \u0161to je u njoj napisano; jer tada \u0107e\u0161 put svoj okruniti uspjehom i tada \u0107e\u0161 napredovati.\u201c \u2013 Jo\u0161ua 1:8<\/p><\/blockquote>\n<p>Bog nam govori da \u0161to vi\u0161e vremena provedemo meditiraju\u0107i nad Bo\u017ejom Rije\u010di, to \u0107emo vi\u0161e blagodati vidjeti u svakodnevnom \u017eivotu, pa \u010dak i imati bli\u017ei odnos s Njim. On je \u010dak obe\u0107ao da \u0107emo tada svoj put okruniti uspjehom i napredovati! (vidi Jo\u0161ua 1:8)<\/p>\n<p>O ovome mogu posvjedo\u010diti jer sam uspjela pro\u0107i kroz mnoge ku\u0161nje i te\u0161ka vremena vjeruju\u0107i i ispovijedaju\u0107i Bo\u017eju Rije\u010d nad svojim \u017eivotom.<\/p>\n<p>Ne\u0161to sna\u017eno se doga\u0111a kad govorimo glasno Bo\u017eju Rije\u010d. To je na\u010din na koji u\u010dimo namjerno ispravno misliti, posebno kad nam Rije\u010d postane osobna ispovijest vjere.<\/p>\n<p>Lijepo je \u010ditati Rije\u010d i primiti je u srce po vjeri, ali kad je ispovijeda\u0161 naglas, aktivno sudjeluje\u0161 u onome \u0161to je Bog rekao i osloba\u0111a\u0161 tu silu u svoj \u017eivot.<\/p>\n<p>Ohrabrujem te da provede\u0161 vrijeme \u010ditaju\u0107i i meditiraju\u0107i nad Bo\u017ejim obe\u0107anjima i uskladi\u0161 svoje misli s tim. Tako\u0111er, poti\u010dem te da izgovara\u0161 Rije\u010d. Mo\u017ee\u0161 promijeniti svoj \u017eivot izgovaraju\u0107i Rije\u010d. \u010citaj ju i izgovaraj je danas nad tvojim okolnostima.<\/p>\n<hr \/>\n<p>Molitva<\/p>\n<p>Bo\u017ee, \u017eelim osloboditi punu snagu Tvoje Rije\u010di u svoj \u017eivot. Zajedno s \u010ditanjem i razmi\u0161ljanjem o Tvojim obe\u0107anjima, danas biram da \u0107u je izgovarati nad svojim \u017eivotom.<\/p>\n","protected":false},"excerpt":{"rendered":"<p>Bog nam govori da \u0161to vi\u0161e vremena provedemo meditiraju\u0107i nad Bo\u017ejom Rije\u010di &#8230;<\/p>\n","protected":false},"author":15,"featured_media":3264,"parent":0,"menu_order":0,"comment_status":"closed","ping_status":"closed","template":"","class_list":["post-785","devotional","type-devotional","status-publish","has-post-thumbnail","hentry"],"acf":[],"appp":{"post_detail":{"above_title":"<div class=\"post-featured-wrap\"><img width=\"544\" height=\"345\" src=\"https:\/\/tv.joycemeyer.org\/hrvatski\/wp-content\/uploads\/sites\/66\/2026\/09\/832-Adj.jpg\" class=\"post-featured wp-post-image\" alt=\"\" decoding=\"async\" srcset=\"https:\/\/tv.joycemeyer.org\/hrvatski\/wp-content\/uploads\/sites\/66\/2026\/09\/832-Adj.jpg 544w, https:\/\/tv.joycemeyer.org\/hrvatski\/wp-content\/uploads\/sites\/66\/2026\/09\/832-Adj-300x190.jpg 300w\" sizes=\"(max-width: 544px) 100vw, 544px\" \/><\/div>","below_content":"<div class=\"follow\"><h6 class=\"alt\">Pove\u017eite se s nama<\/h6><ul class=\"nav nav--social nav--flex\"><li class=\"menu-item facebook\"><a href=\"https:\/\/www.facebook.com\/joycemeyerministrieshrvatska\/\" target=\"_blank\"><span class=\"visuallyhidden\">Facebook<\/span><\/a><\/li><\/ul><\/div>"}},"yoast_head":"<!-- This site is optimized with the Yoast SEO plugin v28.2 - https:\/\/yoast.com\/product\/yoast-seo-wordpress\/ -->\n<title>Govori kao \u0161to Bog govori - Joyce Meyer Ministries - Hrvatski<\/title>\n<meta name=\"robots\" content=\"index, follow, max-snippet:-1, max-image-preview:large, max-video-preview:-1\" \/>\n<link rel=\"canonical\" href=\"https:\/\/tv.joycemeyer.org\/hrvatski\/devotional\/govori-kao-sto-bog-govori\/\" \/>\n<meta property=\"og:locale\" content=\"hr_HR\" \/>\n<meta property=\"og:type\" content=\"article\" \/>\n<meta property=\"og:title\" content=\"Govori kao \u0161to Bog govori - Joyce Meyer Ministries - Hrvatski\" \/>\n<meta property=\"og:description\" content=\"Bog nam govori da \u0161to vi\u0161e vremena provedemo meditiraju\u0107i nad Bo\u017ejom Rije\u010di ...\" \/>\n<meta property=\"og:url\" content=\"https:\/\/tv.joycemeyer.org\/hrvatski\/devotional\/govori-kao-sto-bog-govori\/\" \/>\n<meta property=\"og:site_name\" content=\"Joyce Meyer Ministries - Hrvatski\" \/>\n<meta property=\"article:publisher\" content=\"https:\/\/www.facebook.com\/joycemeyerministrieshrvatska\/\" \/>\n<meta property=\"og:image\" content=\"https:\/\/tv.joycemeyer.org\/hrvatski\/wp-content\/uploads\/sites\/66\/2026\/09\/832-Adj.jpg\" \/>\n\t<meta property=\"og:image:width\" content=\"544\" \/>\n\t<meta property=\"og:image:height\" content=\"345\" \/>\n\t<meta property=\"og:image:type\" content=\"image\/jpeg\" \/>\n<meta name=\"twitter:card\" content=\"summary_large_image\" \/>\n<meta name=\"twitter:label1\" content=\"Procijenjeno vrijeme \u010ditanja\" \/>\n\t<meta name=\"twitter:data1\" content=\"2 minute\" \/>\n<script type=\"application\/ld+json\" class=\"yoast-schema-graph\">{\"@context\":\"https:\\\/\\\/schema.org\",\"@graph\":[{\"@type\":\"WebPage\",\"@id\":\"https:\\\/\\\/tv.joycemeyer.org\\\/hrvatski\\\/devotional\\\/govori-kao-sto-bog-govori\\\/\",\"url\":\"https:\\\/\\\/tv.joycemeyer.org\\\/hrvatski\\\/devotional\\\/govori-kao-sto-bog-govori\\\/\",\"name\":\"Govori kao \u0161to Bog govori - Joyce Meyer Ministries - Hrvatski\",\"isPartOf\":{\"@id\":\"https:\\\/\\\/tv.joycemeyer.org\\\/hrvatski\\\/#website\"},\"primaryImageOfPage\":{\"@id\":\"https:\\\/\\\/tv.joycemeyer.org\\\/hrvatski\\\/devotional\\\/govori-kao-sto-bog-govori\\\/#primaryimage\"},\"image\":{\"@id\":\"https:\\\/\\\/tv.joycemeyer.org\\\/hrvatski\\\/devotional\\\/govori-kao-sto-bog-govori\\\/#primaryimage\"},\"thumbnailUrl\":\"https:\\\/\\\/tv.joycemeyer.org\\\/hrvatski\\\/wp-content\\\/uploads\\\/sites\\\/66\\\/2026\\\/09\\\/832-Adj.jpg\",\"datePublished\":\"2026-09-01T00:01:06+00:00\",\"breadcrumb\":{\"@id\":\"https:\\\/\\\/tv.joycemeyer.org\\\/hrvatski\\\/devotional\\\/govori-kao-sto-bog-govori\\\/#breadcrumb\"},\"inLanguage\":\"hr\",\"potentialAction\":[{\"@type\":\"ReadAction\",\"target\":[\"https:\\\/\\\/tv.joycemeyer.org\\\/hrvatski\\\/devotional\\\/govori-kao-sto-bog-govori\\\/\"]}]},{\"@type\":\"ImageObject\",\"inLanguage\":\"hr\",\"@id\":\"https:\\\/\\\/tv.joycemeyer.org\\\/hrvatski\\\/devotional\\\/govori-kao-sto-bog-govori\\\/#primaryimage\",\"url\":\"https:\\\/\\\/tv.joycemeyer.org\\\/hrvatski\\\/wp-content\\\/uploads\\\/sites\\\/66\\\/2026\\\/09\\\/832-Adj.jpg\",\"contentUrl\":\"https:\\\/\\\/tv.joycemeyer.org\\\/hrvatski\\\/wp-content\\\/uploads\\\/sites\\\/66\\\/2026\\\/09\\\/832-Adj.jpg\",\"width\":544,\"height\":345},{\"@type\":\"BreadcrumbList\",\"@id\":\"https:\\\/\\\/tv.joycemeyer.org\\\/hrvatski\\\/devotional\\\/govori-kao-sto-bog-govori\\\/#breadcrumb\",\"itemListElement\":[{\"@type\":\"ListItem\",\"position\":1,\"name\":\"Home\",\"item\":\"https:\\\/\\\/tv.joycemeyer.org\\\/hrvatski\\\/\"},{\"@type\":\"ListItem\",\"position\":2,\"name\":\"Devotional\",\"item\":\"https:\\\/\\\/tv.joycemeyer.org\\\/hrvatski\\\/devotional\\\/\"},{\"@type\":\"ListItem\",\"position\":3,\"name\":\"Govori kao \u0161to Bog govori\"}]},{\"@type\":\"WebSite\",\"@id\":\"https:\\\/\\\/tv.joycemeyer.org\\\/hrvatski\\\/#website\",\"url\":\"https:\\\/\\\/tv.joycemeyer.org\\\/hrvatski\\\/\",\"name\":\"Joyce Meyer Ministries - Hrvatski\",\"description\":\"Dijeliti Krista - voljeti ljude\",\"potentialAction\":[{\"@type\":\"SearchAction\",\"target\":{\"@type\":\"EntryPoint\",\"urlTemplate\":\"https:\\\/\\\/tv.joycemeyer.org\\\/hrvatski\\\/?s={search_term_string}\"},\"query-input\":{\"@type\":\"PropertyValueSpecification\",\"valueRequired\":true,\"valueName\":\"search_term_string\"}}],\"inLanguage\":\"hr\"}]}<\/script>\n<!-- \/ Yoast SEO plugin. -->","yoast_head_json":{"title":"Govori kao \u0161to Bog govori - Joyce Meyer Ministries - Hrvatski","robots":{"index":"index","follow":"follow","max-snippet":"max-snippet:-1","max-image-preview":"max-image-preview:large","max-video-preview":"max-video-preview:-1"},"canonical":"https:\/\/tv.joycemeyer.org\/hrvatski\/devotional\/govori-kao-sto-bog-govori\/","og_locale":"hr_HR","og_type":"article","og_title":"Govori kao \u0161to Bog govori - Joyce Meyer Ministries - Hrvatski","og_description":"Bog nam govori da \u0161to vi\u0161e vremena provedemo meditiraju\u0107i nad Bo\u017ejom Rije\u010di ...","og_url":"https:\/\/tv.joycemeyer.org\/hrvatski\/devotional\/govori-kao-sto-bog-govori\/","og_site_name":"Joyce Meyer Ministries - Hrvatski","article_publisher":"https:\/\/www.facebook.com\/joycemeyerministrieshrvatska\/","og_image":[{"width":544,"height":345,"url":"https:\/\/tv.joycemeyer.org\/hrvatski\/wp-content\/uploads\/sites\/66\/2026\/09\/832-Adj.jpg","type":"image\/jpeg"}],"twitter_card":"summary_large_image","twitter_misc":{"Procijenjeno vrijeme \u010ditanja":"2 minute"},"schema":{"@context":"https:\/\/schema.org","@graph":[{"@type":"WebPage","@id":"https:\/\/tv.joycemeyer.org\/hrvatski\/devotional\/govori-kao-sto-bog-govori\/","url":"https:\/\/tv.joycemeyer.org\/hrvatski\/devotional\/govori-kao-sto-bog-govori\/","name":"Govori kao \u0161to Bog govori - Joyce Meyer Ministries - Hrvatski","isPartOf":{"@id":"https:\/\/tv.joycemeyer.org\/hrvatski\/#website"},"primaryImageOfPage":{"@id":"https:\/\/tv.joycemeyer.org\/hrvatski\/devotional\/govori-kao-sto-bog-govori\/#primaryimage"},"image":{"@id":"https:\/\/tv.joycemeyer.org\/hrvatski\/devotional\/govori-kao-sto-bog-govori\/#primaryimage"},"thumbnailUrl":"https:\/\/tv.joycemeyer.org\/hrvatski\/wp-content\/uploads\/sites\/66\/2026\/09\/832-Adj.jpg","datePublished":"2026-09-01T00:01:06+00:00","breadcrumb":{"@id":"https:\/\/tv.joycemeyer.org\/hrvatski\/devotional\/govori-kao-sto-bog-govori\/#breadcrumb"},"inLanguage":"hr","potentialAction":[{"@type":"ReadAction","target":["https:\/\/tv.joycemeyer.org\/hrvatski\/devotional\/govori-kao-sto-bog-govori\/"]}]},{"@type":"ImageObject","inLanguage":"hr","@id":"https:\/\/tv.joycemeyer.org\/hrvatski\/devotional\/govori-kao-sto-bog-govori\/#primaryimage","url":"https:\/\/tv.joycemeyer.org\/hrvatski\/wp-content\/uploads\/sites\/66\/2026\/09\/832-Adj.jpg","contentUrl":"https:\/\/tv.joycemeyer.org\/hrvatski\/wp-content\/uploads\/sites\/66\/2026\/09\/832-Adj.jpg","width":544,"height":345},{"@type":"BreadcrumbList","@id":"https:\/\/tv.joycemeyer.org\/hrvatski\/devotional\/govori-kao-sto-bog-govori\/#breadcrumb","itemListElement":[{"@type":"ListItem","position":1,"name":"Home","item":"https:\/\/tv.joycemeyer.org\/hrvatski\/"},{"@type":"ListItem","position":2,"name":"Devotional","item":"https:\/\/tv.joycemeyer.org\/hrvatski\/devotional\/"},{"@type":"ListItem","position":3,"name":"Govori kao \u0161to Bog govori"}]},{"@type":"WebSite","@id":"https:\/\/tv.joycemeyer.org\/hrvatski\/#website","url":"https:\/\/tv.joycemeyer.org\/hrvatski\/","name":"Joyce Meyer Ministries - Hrvatski","description":"Dijeliti Krista - voljeti ljude","potentialAction":[{"@type":"SearchAction","target":{"@type":"EntryPoint","urlTemplate":"https:\/\/tv.joycemeyer.org\/hrvatski\/?s={search_term_string}"},"query-input":{"@type":"PropertyValueSpecification","valueRequired":true,"valueName":"search_term_string"}}],"inLanguage":"hr"}]}},"_links":{"self":[{"href":"https:\/\/tv.joycemeyer.org\/hrvatski\/wp-json\/wp\/v2\/devotional\/785","targetHints":{"allow":["GET"]}}],"collection":[{"href":"https:\/\/tv.joycemeyer.org\/hrvatski\/wp-json\/wp\/v2\/devotional"}],"about":[{"href":"https:\/\/tv.joycemeyer.org\/hrvatski\/wp-json\/wp\/v2\/types\/devotional"}],"author":[{"embeddable":true,"href":"https:\/\/tv.joycemeyer.org\/hrvatski\/wp-json\/wp\/v2\/users\/15"}],"replies":[{"embeddable":true,"href":"https:\/\/tv.joycemeyer.org\/hrvatski\/wp-json\/wp\/v2\/comments?post=785"}],"wp:featuredmedia":[{"embeddable":true,"href":"https:\/\/tv.joycemeyer.org\/hrvatski\/wp-json\/wp\/v2\/media\/3264"}],"wp:attachment":[{"href":"https:\/\/tv.joycemeyer.org\/hrvatski\/wp-json\/wp\/v2\/media?parent=785"}],"curies":[{"name":"wp","href":"https:\/\/api.w.org\/{rel}","templated":true}]}}

Govori kao što Bog govori

<blockquote><p>„Neka se ova Knjiga Zakona ne miče s usta tvojih, nego razmišljaj o njoj danju i noću, kako bi pazio da izvršiš sve što je u njoj napisano; jer tada ćeš put svoj okruniti uspjehom i tada ćeš napredovati.“ – Jošua 1:8</p></blockquote>
<p>Bog nam govori da što više vremena provedemo meditirajući nad Božjom Riječi, to ćemo više blagodati vidjeti u svakodnevnom životu, pa čak i imati bliži odnos s Njim. On je čak obećao da ćemo tada svoj put okruniti uspjehom i napredovati! (vidi Jošua 1:8)</p>
<p>O ovome mogu posvjedočiti jer sam uspjela proći kroz mnoge kušnje i teška vremena vjerujući i ispovijedajući Božju Riječ nad svojim životom.</p>
<p>Nešto snažno se događa kad govorimo glasno Božju Riječ. To je način na koji učimo namjerno ispravno misliti, posebno kad nam Riječ postane osobna ispovijest vjere.</p>
<p>Lijepo je čitati Riječ i primiti je u srce po vjeri, ali kad je ispovijedaš naglas, aktivno sudjeluješ u onome što je Bog rekao i oslobađaš tu silu u svoj život.</p>
<p>Ohrabrujem te da provedeš vrijeme čitajući i meditirajući nad Božjim obećanjima i uskladiš svoje misli s tim. Također, potičem te da izgovaraš Riječ. Možeš promijeniti svoj život izgovarajući Riječ. Čitaj ju i izgovaraj je danas nad tvojim okolnostima.</p>
<hr />
<p>Molitva</p>
<p>Bože, želim osloboditi punu snagu Tvoje Riječi u svoj život. Zajedno s čitanjem i razmišljanjem o Tvojim obećanjima, danas biram da ću je izgovarati nad svojim životom.</p>

<p>Bog nam govori da što više vremena provedemo meditirajući nad Božjom Riječi &#8230;</p>

<div class="follow"><h6 class="alt">Povežite se s nama</h6><ul class="nav nav--social nav--flex"><li class="menu-item facebook"><a href="https://www.facebook.com/joycemeyerministrieshrvatska/" target="_blank"><span class="visuallyhidden">Facebook</span></a></li></ul></div>

<!-- This site is optimized with the Yoast SEO plugin v28.2 - https://yoast.com/product/yoast-seo-wordpress/ -->
<title>Govori kao što Bog govori - Joyce Meyer Ministries - Hrvatski</title>
<meta name="robots" content="index, follow, max-snippet:-1, max-image-preview:large, max-video-preview:-1" />
<link rel="canonical" href="https://tv.joycemeyer.org/hrvatski/devotional/govori-kao-sto-bog-govori/" />
<meta property="og:locale" content="hr_HR" />
<meta property="og:type" content="article" />
<meta property="og:title" content="Govori kao što Bog govori - Joyce Meyer Ministries - Hrvatski" />
<meta property="og:description" content="Bog nam govori da što više vremena provedemo meditirajući nad Božjom Riječi ..." />
<meta property="og:url" content="https://tv.joycemeyer.org/hrvatski/devotional/govori-kao-sto-bog-govori/" />
<meta property="og:site_name" content="Joyce Meyer Ministries - Hrvatski" />
<meta property="article:publisher" content="https://www.facebook.com/joycemeyerministrieshrvatska/" />
<meta property="og:image" content="https://tv.joycemeyer.org/hrvatski/wp-content/uploads/sites/66/2026/09/832-Adj.jpg" />
	<meta property="og:image:width" content="544" />
	<meta property="og:image:height" content="345" />
	<meta property="og:image:type" content="image/jpeg" />
<meta name="twitter:card" content="summary_large_image" />
<meta name="twitter:label1" content="Procijenjeno vrijeme čitanja" />
	<meta name="twitter:data1" content="2 minute" />
<script type="application/ld+json" class="yoast-schema-graph">{"@context":"https:\/\/schema.org","@graph":[{"@type":"WebPage","@id":"https:\/\/tv.joycemeyer.org\/hrvatski\/devotional\/govori-kao-sto-bog-govori\/","url":"https:\/\/tv.joycemeyer.org\/hrvatski\/devotional\/govori-kao-sto-bog-govori\/","name":"Govori kao što Bog govori - Joyce Meyer Ministries - Hrvatski","isPartOf":{"@id":"https:\/\/tv.joycemeyer.org\/hrvatski\/#website"},"primaryImageOfPage":{"@id":"https:\/\/tv.joycemeyer.org\/hrvatski\/devotional\/govori-kao-sto-bog-govori\/#primaryimage"},"image":{"@id":"https:\/\/tv.joycemeyer.org\/hrvatski\/devotional\/govori-kao-sto-bog-govori\/#primaryimage"},"thumbnailUrl":"https:\/\/tv.joycemeyer.org\/hrvatski\/wp-content\/uploads\/sites\/66\/2026\/09\/832-Adj.jpg","datePublished":"2026-09-01T00:01:06+00:00","breadcrumb":{"@id":"https:\/\/tv.joycemeyer.org\/hrvatski\/devotional\/govori-kao-sto-bog-govori\/#breadcrumb"},"inLanguage":"hr","potentialAction":[{"@type":"ReadAction","target":["https:\/\/tv.joycemeyer.org\/hrvatski\/devotional\/govori-kao-sto-bog-govori\/"]}]},{"@type":"ImageObject","inLanguage":"hr","@id":"https:\/\/tv.joycemeyer.org\/hrvatski\/devotional\/govori-kao-sto-bog-govori\/#primaryimage","url":"https:\/\/tv.joycemeyer.org\/hrvatski\/wp-content\/uploads\/sites\/66\/2026\/09\/832-Adj.jpg","contentUrl":"https:\/\/tv.joycemeyer.org\/hrvatski\/wp-content\/uploads\/sites\/66\/2026\/09\/832-Adj.jpg","width":544,"height":345},{"@type":"BreadcrumbList","@id":"https:\/\/tv.joycemeyer.org\/hrvatski\/devotional\/govori-kao-sto-bog-govori\/#breadcrumb","itemListElement":[{"@type":"ListItem","position":1,"name":"Home","item":"https:\/\/tv.joycemeyer.org\/hrvatski\/"},{"@type":"ListItem","position":2,"name":"Devotional","item":"https:\/\/tv.joycemeyer.org\/hrvatski\/devotional\/"},{"@type":"ListItem","position":3,"name":"Govori kao što Bog govori"}]},{"@type":"WebSite","@id":"https:\/\/tv.joycemeyer.org\/hrvatski\/#website","url":"https:\/\/tv.joycemeyer.org\/hrvatski\/","name":"Joyce Meyer Ministries - Hrvatski","description":"Dijeliti Krista - voljeti ljude","potentialAction":[{"@type":"SearchAction","target":{"@type":"EntryPoint","urlTemplate":"https:\/\/tv.joycemeyer.org\/hrvatski\/?s={search_term_string}"},"query-input":{"@type":"PropertyValueSpecification","valueRequired":true,"valueName":"search_term_string"}}],"inLanguage":"hr"}]}</script>
<!-- / Yoast SEO plugin. -->

Govori kao što Bog govori - Joyce Meyer Ministries - Hrvatski

Bog nam govori da što više vremena provedemo meditirajući nad Božjom Riječi ...
