{"id":791,"date":"2026-09-04T00:01:33","date_gmt":"2026-09-04T00:01:33","guid":{"rendered":"https:\/\/tv.joycemeyer.org\/hrvatski\/?post_type=devotional&#038;p=791"},"modified":"2026-02-23T17:04:38","modified_gmt":"2026-02-23T17:04:38","slug":"pronadi-odgovore-potrebnu","status":"publish","type":"devotional","link":"https:\/\/tv.joycemeyer.org\/hrvatski\/devotional\/pronadi-odgovore-potrebnu\/","title":{"rendered":"Prona\u0111i odgovore i potrebnu snagu u Rije\u010di Bo\u017ejoj"},"content":{"rendered":"<blockquote><p>\u201eJer \u017eiva je rije\u010d Bo\u017eja, i djelotvorna, i o\u0161trija od svakoga dvosjekloga ma\u010da; i prodire do razdiobe i du\u0161e i duha, i zglobova i mo\u017edine, te prosu\u0111uje misli i nakane srca.\u201c \u2013 Hebrejima 4:12<\/p><\/blockquote>\n<p>Kad me ljudi pitaju odakle po\u010deti \u010ditati Bibliju, ka\u017eem im da stvarno nema pogre\u0161nog mjesta za po\u010detak. Mo\u017ee\u0161 po\u010deti prou\u010davati sve \u0161to \u0107e ti pomo\u0107i.<\/p>\n<p>Kad sam prvi put zapo\u010dela s prou\u010davanjem Biblije, nisam bila dobra u odnosima s ljudima jer nisam doista shva\u0107ala \u0161to je ljubav. Zato sam po\u010dela prou\u010davati temu \u2013 ljubav i saznala sam da je to vi\u0161e od toplog osje\u0107aja oko srca. To je odluka koju donosi\u0161 kako \u0107e\u0161 tretirati ljude oko sebe.<\/p>\n<p>Prou\u010davanjem \u0161to Biblija ka\u017ee o ljubavi, nau\u010dila sam kako voljeti. Zatim se moj \u017eivot po\u010deo mijenjati. S \u010dim god da se bori\u0161, mo\u017ee\u0161 prona\u0107i stihove koji govore o tome tako \u0161to \u0107e\u0161 koristiti konkordancu. Na primjer, ako se bori\u0161 s bijesom ili strahom, pogledaj na pole\u0111ini Biblije ili potra\u017ei te rije\u010di i vidi koji stihovi govore o toj temi. Tra\u017ei od Duha Svetog da te vodi i otkriva ti istinu. Bez obzira gdje po\u010dne\u0161, zapamti da je Rije\u010d \u017eiva i Bog \u017eeli danas govoriti tvom srcu!<\/p>\n<hr \/>\n<p>Molitva<\/p>\n<p>Gospodine, znam da \u017eeli\u0161 razgovarati sa mnom. Pomozi mi prona\u0107i mudrost i snagu koja mi je danas potrebna u Tvojoj Rije\u010di.<\/p>\n","protected":false},"excerpt":{"rendered":"<p>Kad me ljudi pitaju odakle po\u010deti \u010ditati Bibliju, ka\u017eem im da stvarno nema pogre\u0161nog mjesta za po\u010detak &#8230;<\/p>\n","protected":false},"author":15,"featured_media":792,"parent":0,"menu_order":0,"comment_status":"closed","ping_status":"closed","template":"","class_list":["post-791","devotional","type-devotional","status-publish","has-post-thumbnail","hentry"],"acf":[],"appp":{"post_detail":{"above_title":"<div class=\"post-featured-wrap\"><img width=\"960\" height=\"540\" src=\"https:\/\/tv.joycemeyer.org\/hrvatski\/wp-content\/uploads\/sites\/66\/2019\/11\/1052.jpg\" class=\"post-featured wp-post-image\" alt=\"Prona\u0111i odgovore i potrebnu snagu u Rije\u010di Bo\u017ejoj\" decoding=\"async\" srcset=\"https:\/\/tv.joycemeyer.org\/hrvatski\/wp-content\/uploads\/sites\/66\/2019\/11\/1052.jpg 960w, https:\/\/tv.joycemeyer.org\/hrvatski\/wp-content\/uploads\/sites\/66\/2019\/11\/1052-300x169.jpg 300w, https:\/\/tv.joycemeyer.org\/hrvatski\/wp-content\/uploads\/sites\/66\/2019\/11\/1052-768x432.jpg 768w, https:\/\/tv.joycemeyer.org\/hrvatski\/wp-content\/uploads\/sites\/66\/2019\/11\/1052-640x360.jpg 640w\" sizes=\"(max-width: 960px) 100vw, 960px\" \/><\/div>","below_content":"<div class=\"follow\"><h6 class=\"alt\">Pove\u017eite se s nama<\/h6><ul class=\"nav nav--social nav--flex\"><li class=\"menu-item facebook\"><a href=\"https:\/\/www.facebook.com\/joycemeyerministrieshrvatska\/\" target=\"_blank\"><span class=\"visuallyhidden\">Facebook<\/span><\/a><\/li><\/ul><\/div>"}},"yoast_head":"<!-- This site is optimized with the Yoast SEO plugin v28.2 - https:\/\/yoast.com\/product\/yoast-seo-wordpress\/ -->\n<title>Prona\u0111i odgovore i potrebnu snagu u Rije\u010di Bo\u017ejoj - Joyce Meyer Ministries - Hrvatski<\/title>\n<meta name=\"robots\" content=\"index, follow, max-snippet:-1, max-image-preview:large, max-video-preview:-1\" \/>\n<link rel=\"canonical\" href=\"https:\/\/tv.joycemeyer.org\/hrvatski\/devotional\/pronadi-odgovore-potrebnu\/\" \/>\n<meta property=\"og:locale\" content=\"hr_HR\" \/>\n<meta property=\"og:type\" content=\"article\" \/>\n<meta property=\"og:title\" content=\"Prona\u0111i odgovore i potrebnu snagu u Rije\u010di Bo\u017ejoj - Joyce Meyer Ministries - Hrvatski\" \/>\n<meta property=\"og:description\" content=\"Kad me ljudi pitaju odakle po\u010deti \u010ditati Bibliju, ka\u017eem im da stvarno nema pogre\u0161nog mjesta za po\u010detak ...\" \/>\n<meta property=\"og:url\" content=\"https:\/\/tv.joycemeyer.org\/hrvatski\/devotional\/pronadi-odgovore-potrebnu\/\" \/>\n<meta property=\"og:site_name\" content=\"Joyce Meyer Ministries - Hrvatski\" \/>\n<meta property=\"article:publisher\" content=\"https:\/\/www.facebook.com\/joycemeyerministrieshrvatska\/\" \/>\n<meta property=\"og:image\" content=\"https:\/\/tv.joycemeyer.org\/hrvatski\/wp-content\/uploads\/sites\/66\/2019\/11\/1052.jpg\" \/>\n\t<meta property=\"og:image:width\" content=\"960\" \/>\n\t<meta property=\"og:image:height\" content=\"540\" \/>\n\t<meta property=\"og:image:type\" content=\"image\/jpeg\" \/>\n<meta name=\"twitter:card\" content=\"summary_large_image\" \/>\n<meta name=\"twitter:label1\" content=\"Procijenjeno vrijeme \u010ditanja\" \/>\n\t<meta name=\"twitter:data1\" content=\"2 minute\" \/>\n<script type=\"application\/ld+json\" class=\"yoast-schema-graph\">{\"@context\":\"https:\\\/\\\/schema.org\",\"@graph\":[{\"@type\":\"WebPage\",\"@id\":\"https:\\\/\\\/tv.joycemeyer.org\\\/hrvatski\\\/devotional\\\/pronadi-odgovore-potrebnu\\\/\",\"url\":\"https:\\\/\\\/tv.joycemeyer.org\\\/hrvatski\\\/devotional\\\/pronadi-odgovore-potrebnu\\\/\",\"name\":\"Prona\u0111i odgovore i potrebnu snagu u Rije\u010di Bo\u017ejoj - Joyce Meyer Ministries - Hrvatski\",\"isPartOf\":{\"@id\":\"https:\\\/\\\/tv.joycemeyer.org\\\/hrvatski\\\/#website\"},\"primaryImageOfPage\":{\"@id\":\"https:\\\/\\\/tv.joycemeyer.org\\\/hrvatski\\\/devotional\\\/pronadi-odgovore-potrebnu\\\/#primaryimage\"},\"image\":{\"@id\":\"https:\\\/\\\/tv.joycemeyer.org\\\/hrvatski\\\/devotional\\\/pronadi-odgovore-potrebnu\\\/#primaryimage\"},\"thumbnailUrl\":\"https:\\\/\\\/tv.joycemeyer.org\\\/hrvatski\\\/wp-content\\\/uploads\\\/sites\\\/66\\\/2019\\\/11\\\/1052.jpg\",\"datePublished\":\"2026-09-04T00:01:33+00:00\",\"breadcrumb\":{\"@id\":\"https:\\\/\\\/tv.joycemeyer.org\\\/hrvatski\\\/devotional\\\/pronadi-odgovore-potrebnu\\\/#breadcrumb\"},\"inLanguage\":\"hr\",\"potentialAction\":[{\"@type\":\"ReadAction\",\"target\":[\"https:\\\/\\\/tv.joycemeyer.org\\\/hrvatski\\\/devotional\\\/pronadi-odgovore-potrebnu\\\/\"]}]},{\"@type\":\"ImageObject\",\"inLanguage\":\"hr\",\"@id\":\"https:\\\/\\\/tv.joycemeyer.org\\\/hrvatski\\\/devotional\\\/pronadi-odgovore-potrebnu\\\/#primaryimage\",\"url\":\"https:\\\/\\\/tv.joycemeyer.org\\\/hrvatski\\\/wp-content\\\/uploads\\\/sites\\\/66\\\/2019\\\/11\\\/1052.jpg\",\"contentUrl\":\"https:\\\/\\\/tv.joycemeyer.org\\\/hrvatski\\\/wp-content\\\/uploads\\\/sites\\\/66\\\/2019\\\/11\\\/1052.jpg\",\"width\":960,\"height\":540,\"caption\":\"Prona\u0111i odgovore i potrebnu snagu u Rije\u010di Bo\u017ejoj\"},{\"@type\":\"BreadcrumbList\",\"@id\":\"https:\\\/\\\/tv.joycemeyer.org\\\/hrvatski\\\/devotional\\\/pronadi-odgovore-potrebnu\\\/#breadcrumb\",\"itemListElement\":[{\"@type\":\"ListItem\",\"position\":1,\"name\":\"Home\",\"item\":\"https:\\\/\\\/tv.joycemeyer.org\\\/hrvatski\\\/\"},{\"@type\":\"ListItem\",\"position\":2,\"name\":\"Devotional\",\"item\":\"https:\\\/\\\/tv.joycemeyer.org\\\/hrvatski\\\/devotional\\\/\"},{\"@type\":\"ListItem\",\"position\":3,\"name\":\"Prona\u0111i odgovore i potrebnu snagu u Rije\u010di Bo\u017ejoj\"}]},{\"@type\":\"WebSite\",\"@id\":\"https:\\\/\\\/tv.joycemeyer.org\\\/hrvatski\\\/#website\",\"url\":\"https:\\\/\\\/tv.joycemeyer.org\\\/hrvatski\\\/\",\"name\":\"Joyce Meyer Ministries - Hrvatski\",\"description\":\"Dijeliti Krista - voljeti ljude\",\"potentialAction\":[{\"@type\":\"SearchAction\",\"target\":{\"@type\":\"EntryPoint\",\"urlTemplate\":\"https:\\\/\\\/tv.joycemeyer.org\\\/hrvatski\\\/?s={search_term_string}\"},\"query-input\":{\"@type\":\"PropertyValueSpecification\",\"valueRequired\":true,\"valueName\":\"search_term_string\"}}],\"inLanguage\":\"hr\"}]}<\/script>\n<!-- \/ Yoast SEO plugin. -->","yoast_head_json":{"title":"Prona\u0111i odgovore i potrebnu snagu u Rije\u010di Bo\u017ejoj - Joyce Meyer Ministries - Hrvatski","robots":{"index":"index","follow":"follow","max-snippet":"max-snippet:-1","max-image-preview":"max-image-preview:large","max-video-preview":"max-video-preview:-1"},"canonical":"https:\/\/tv.joycemeyer.org\/hrvatski\/devotional\/pronadi-odgovore-potrebnu\/","og_locale":"hr_HR","og_type":"article","og_title":"Prona\u0111i odgovore i potrebnu snagu u Rije\u010di Bo\u017ejoj - Joyce Meyer Ministries - Hrvatski","og_description":"Kad me ljudi pitaju odakle po\u010deti \u010ditati Bibliju, ka\u017eem im da stvarno nema pogre\u0161nog mjesta za po\u010detak ...","og_url":"https:\/\/tv.joycemeyer.org\/hrvatski\/devotional\/pronadi-odgovore-potrebnu\/","og_site_name":"Joyce Meyer Ministries - Hrvatski","article_publisher":"https:\/\/www.facebook.com\/joycemeyerministrieshrvatska\/","og_image":[{"width":960,"height":540,"url":"https:\/\/tv.joycemeyer.org\/hrvatski\/wp-content\/uploads\/sites\/66\/2019\/11\/1052.jpg","type":"image\/jpeg"}],"twitter_card":"summary_large_image","twitter_misc":{"Procijenjeno vrijeme \u010ditanja":"2 minute"},"schema":{"@context":"https:\/\/schema.org","@graph":[{"@type":"WebPage","@id":"https:\/\/tv.joycemeyer.org\/hrvatski\/devotional\/pronadi-odgovore-potrebnu\/","url":"https:\/\/tv.joycemeyer.org\/hrvatski\/devotional\/pronadi-odgovore-potrebnu\/","name":"Prona\u0111i odgovore i potrebnu snagu u Rije\u010di Bo\u017ejoj - Joyce Meyer Ministries - Hrvatski","isPartOf":{"@id":"https:\/\/tv.joycemeyer.org\/hrvatski\/#website"},"primaryImageOfPage":{"@id":"https:\/\/tv.joycemeyer.org\/hrvatski\/devotional\/pronadi-odgovore-potrebnu\/#primaryimage"},"image":{"@id":"https:\/\/tv.joycemeyer.org\/hrvatski\/devotional\/pronadi-odgovore-potrebnu\/#primaryimage"},"thumbnailUrl":"https:\/\/tv.joycemeyer.org\/hrvatski\/wp-content\/uploads\/sites\/66\/2019\/11\/1052.jpg","datePublished":"2026-09-04T00:01:33+00:00","breadcrumb":{"@id":"https:\/\/tv.joycemeyer.org\/hrvatski\/devotional\/pronadi-odgovore-potrebnu\/#breadcrumb"},"inLanguage":"hr","potentialAction":[{"@type":"ReadAction","target":["https:\/\/tv.joycemeyer.org\/hrvatski\/devotional\/pronadi-odgovore-potrebnu\/"]}]},{"@type":"ImageObject","inLanguage":"hr","@id":"https:\/\/tv.joycemeyer.org\/hrvatski\/devotional\/pronadi-odgovore-potrebnu\/#primaryimage","url":"https:\/\/tv.joycemeyer.org\/hrvatski\/wp-content\/uploads\/sites\/66\/2019\/11\/1052.jpg","contentUrl":"https:\/\/tv.joycemeyer.org\/hrvatski\/wp-content\/uploads\/sites\/66\/2019\/11\/1052.jpg","width":960,"height":540,"caption":"Prona\u0111i odgovore i potrebnu snagu u Rije\u010di Bo\u017ejoj"},{"@type":"BreadcrumbList","@id":"https:\/\/tv.joycemeyer.org\/hrvatski\/devotional\/pronadi-odgovore-potrebnu\/#breadcrumb","itemListElement":[{"@type":"ListItem","position":1,"name":"Home","item":"https:\/\/tv.joycemeyer.org\/hrvatski\/"},{"@type":"ListItem","position":2,"name":"Devotional","item":"https:\/\/tv.joycemeyer.org\/hrvatski\/devotional\/"},{"@type":"ListItem","position":3,"name":"Prona\u0111i odgovore i potrebnu snagu u Rije\u010di Bo\u017ejoj"}]},{"@type":"WebSite","@id":"https:\/\/tv.joycemeyer.org\/hrvatski\/#website","url":"https:\/\/tv.joycemeyer.org\/hrvatski\/","name":"Joyce Meyer Ministries - Hrvatski","description":"Dijeliti Krista - voljeti ljude","potentialAction":[{"@type":"SearchAction","target":{"@type":"EntryPoint","urlTemplate":"https:\/\/tv.joycemeyer.org\/hrvatski\/?s={search_term_string}"},"query-input":{"@type":"PropertyValueSpecification","valueRequired":true,"valueName":"search_term_string"}}],"inLanguage":"hr"}]}},"_links":{"self":[{"href":"https:\/\/tv.joycemeyer.org\/hrvatski\/wp-json\/wp\/v2\/devotional\/791","targetHints":{"allow":["GET"]}}],"collection":[{"href":"https:\/\/tv.joycemeyer.org\/hrvatski\/wp-json\/wp\/v2\/devotional"}],"about":[{"href":"https:\/\/tv.joycemeyer.org\/hrvatski\/wp-json\/wp\/v2\/types\/devotional"}],"author":[{"embeddable":true,"href":"https:\/\/tv.joycemeyer.org\/hrvatski\/wp-json\/wp\/v2\/users\/15"}],"replies":[{"embeddable":true,"href":"https:\/\/tv.joycemeyer.org\/hrvatski\/wp-json\/wp\/v2\/comments?post=791"}],"wp:featuredmedia":[{"embeddable":true,"href":"https:\/\/tv.joycemeyer.org\/hrvatski\/wp-json\/wp\/v2\/media\/792"}],"wp:attachment":[{"href":"https:\/\/tv.joycemeyer.org\/hrvatski\/wp-json\/wp\/v2\/media?parent=791"}],"curies":[{"name":"wp","href":"https:\/\/api.w.org\/{rel}","templated":true}]}}

Pronađi odgovore i potrebnu snagu u Riječi Božjoj

<blockquote><p>„Jer živa je riječ Božja, i djelotvorna, i oštrija od svakoga dvosjekloga mača; i prodire do razdiobe i duše i duha, i zglobova i moždine, te prosuđuje misli i nakane srca.“ – Hebrejima 4:12</p></blockquote>
<p>Kad me ljudi pitaju odakle početi čitati Bibliju, kažem im da stvarno nema pogrešnog mjesta za početak. Možeš početi proučavati sve što će ti pomoći.</p>
<p>Kad sam prvi put započela s proučavanjem Biblije, nisam bila dobra u odnosima s ljudima jer nisam doista shvaćala što je ljubav. Zato sam počela proučavati temu – ljubav i saznala sam da je to više od toplog osjećaja oko srca. To je odluka koju donosiš kako ćeš tretirati ljude oko sebe.</p>
<p>Proučavanjem što Biblija kaže o ljubavi, naučila sam kako voljeti. Zatim se moj život počeo mijenjati. S čim god da se boriš, možeš pronaći stihove koji govore o tome tako što ćeš koristiti konkordancu. Na primjer, ako se boriš s bijesom ili strahom, pogledaj na poleđini Biblije ili potraži te riječi i vidi koji stihovi govore o toj temi. Traži od Duha Svetog da te vodi i otkriva ti istinu. Bez obzira gdje počneš, zapamti da je Riječ živa i Bog želi danas govoriti tvom srcu!</p>
<hr />
<p>Molitva</p>
<p>Gospodine, znam da želiš razgovarati sa mnom. Pomozi mi pronaći mudrost i snagu koja mi je danas potrebna u Tvojoj Riječi.</p>

<p>Kad me ljudi pitaju odakle početi čitati Bibliju, kažem im da stvarno nema pogrešnog mjesta za početak &#8230;</p>

<div class="post-featured-wrap"><img width="960" height="540" src="https://tv.joycemeyer.org/hrvatski/wp-content/uploads/sites/66/2019/11/1052.jpg" class="post-featured wp-post-image" alt="Pronađi odgovore i potrebnu snagu u Riječi Božjoj" decoding="async" srcset="https://tv.joycemeyer.org/hrvatski/wp-content/uploads/sites/66/2019/11/1052.jpg 960w, https://tv.joycemeyer.org/hrvatski/wp-content/uploads/sites/66/2019/11/1052-300x169.jpg 300w, https://tv.joycemeyer.org/hrvatski/wp-content/uploads/sites/66/2019/11/1052-768x432.jpg 768w, https://tv.joycemeyer.org/hrvatski/wp-content/uploads/sites/66/2019/11/1052-640x360.jpg 640w" sizes="(max-width: 960px) 100vw, 960px" /></div>

<div class="follow"><h6 class="alt">Povežite se s nama</h6><ul class="nav nav--social nav--flex"><li class="menu-item facebook"><a href="https://www.facebook.com/joycemeyerministrieshrvatska/" target="_blank"><span class="visuallyhidden">Facebook</span></a></li></ul></div>

<!-- This site is optimized with the Yoast SEO plugin v28.2 - https://yoast.com/product/yoast-seo-wordpress/ -->
<title>Pronađi odgovore i potrebnu snagu u Riječi Božjoj - Joyce Meyer Ministries - Hrvatski</title>
<meta name="robots" content="index, follow, max-snippet:-1, max-image-preview:large, max-video-preview:-1" />
<link rel="canonical" href="https://tv.joycemeyer.org/hrvatski/devotional/pronadi-odgovore-potrebnu/" />
<meta property="og:locale" content="hr_HR" />
<meta property="og:type" content="article" />
<meta property="og:title" content="Pronađi odgovore i potrebnu snagu u Riječi Božjoj - Joyce Meyer Ministries - Hrvatski" />
<meta property="og:description" content="Kad me ljudi pitaju odakle početi čitati Bibliju, kažem im da stvarno nema pogrešnog mjesta za početak ..." />
<meta property="og:url" content="https://tv.joycemeyer.org/hrvatski/devotional/pronadi-odgovore-potrebnu/" />
<meta property="og:site_name" content="Joyce Meyer Ministries - Hrvatski" />
<meta property="article:publisher" content="https://www.facebook.com/joycemeyerministrieshrvatska/" />
<meta property="og:image" content="https://tv.joycemeyer.org/hrvatski/wp-content/uploads/sites/66/2019/11/1052.jpg" />
	<meta property="og:image:width" content="960" />
	<meta property="og:image:height" content="540" />
	<meta property="og:image:type" content="image/jpeg" />
<meta name="twitter:card" content="summary_large_image" />
<meta name="twitter:label1" content="Procijenjeno vrijeme čitanja" />
	<meta name="twitter:data1" content="2 minute" />
<script type="application/ld+json" class="yoast-schema-graph">{"@context":"https:\/\/schema.org","@graph":[{"@type":"WebPage","@id":"https:\/\/tv.joycemeyer.org\/hrvatski\/devotional\/pronadi-odgovore-potrebnu\/","url":"https:\/\/tv.joycemeyer.org\/hrvatski\/devotional\/pronadi-odgovore-potrebnu\/","name":"Pronađi odgovore i potrebnu snagu u Riječi Božjoj - Joyce Meyer Ministries - Hrvatski","isPartOf":{"@id":"https:\/\/tv.joycemeyer.org\/hrvatski\/#website"},"primaryImageOfPage":{"@id":"https:\/\/tv.joycemeyer.org\/hrvatski\/devotional\/pronadi-odgovore-potrebnu\/#primaryimage"},"image":{"@id":"https:\/\/tv.joycemeyer.org\/hrvatski\/devotional\/pronadi-odgovore-potrebnu\/#primaryimage"},"thumbnailUrl":"https:\/\/tv.joycemeyer.org\/hrvatski\/wp-content\/uploads\/sites\/66\/2019\/11\/1052.jpg","datePublished":"2026-09-04T00:01:33+00:00","breadcrumb":{"@id":"https:\/\/tv.joycemeyer.org\/hrvatski\/devotional\/pronadi-odgovore-potrebnu\/#breadcrumb"},"inLanguage":"hr","potentialAction":[{"@type":"ReadAction","target":["https:\/\/tv.joycemeyer.org\/hrvatski\/devotional\/pronadi-odgovore-potrebnu\/"]}]},{"@type":"ImageObject","inLanguage":"hr","@id":"https:\/\/tv.joycemeyer.org\/hrvatski\/devotional\/pronadi-odgovore-potrebnu\/#primaryimage","url":"https:\/\/tv.joycemeyer.org\/hrvatski\/wp-content\/uploads\/sites\/66\/2019\/11\/1052.jpg","contentUrl":"https:\/\/tv.joycemeyer.org\/hrvatski\/wp-content\/uploads\/sites\/66\/2019\/11\/1052.jpg","width":960,"height":540,"caption":"Pronađi odgovore i potrebnu snagu u Riječi Božjoj"},{"@type":"BreadcrumbList","@id":"https:\/\/tv.joycemeyer.org\/hrvatski\/devotional\/pronadi-odgovore-potrebnu\/#breadcrumb","itemListElement":[{"@type":"ListItem","position":1,"name":"Home","item":"https:\/\/tv.joycemeyer.org\/hrvatski\/"},{"@type":"ListItem","position":2,"name":"Devotional","item":"https:\/\/tv.joycemeyer.org\/hrvatski\/devotional\/"},{"@type":"ListItem","position":3,"name":"Pronađi odgovore i potrebnu snagu u Riječi Božjoj"}]},{"@type":"WebSite","@id":"https:\/\/tv.joycemeyer.org\/hrvatski\/#website","url":"https:\/\/tv.joycemeyer.org\/hrvatski\/","name":"Joyce Meyer Ministries - Hrvatski","description":"Dijeliti Krista - voljeti ljude","potentialAction":[{"@type":"SearchAction","target":{"@type":"EntryPoint","urlTemplate":"https:\/\/tv.joycemeyer.org\/hrvatski\/?s={search_term_string}"},"query-input":{"@type":"PropertyValueSpecification","valueRequired":true,"valueName":"search_term_string"}}],"inLanguage":"hr"}]}</script>
<!-- / Yoast SEO plugin. -->

Pronađi odgovore i potrebnu snagu u Riječi Božjoj - Joyce Meyer Ministries - Hrvatski

Kad me ljudi pitaju odakle početi čitati Bibliju, kažem im da stvarno nema pogrešnog mjesta za početak ...
