{"id":463,"date":"2025-11-17T07:00:00","date_gmt":"2025-11-17T07:00:00","guid":{"rendered":"https:\/\/tv.joycemeyer.org\/islenska\/videos\/hvers-vegna-er-eg-i-vondu-skapi-2\/"},"modified":"2026-04-26T03:16:00","modified_gmt":"2026-04-26T03:16:00","slug":"hvers-vegna-er-eg-i-vondu-skapi-2","status":"publish","type":"videos","link":"https:\/\/tv.joycemeyer.org\/islenska\/videos\/hvers-vegna-er-eg-i-vondu-skapi-2\/","title":{"rendered":"Hvers vegna er \u00e9g \u00ed vondu skapi? -2"},"content":{"rendered":"","protected":false},"excerpt":{"rendered":"","protected":false},"author":4,"featured_media":462,"parent":0,"menu_order":0,"comment_status":"closed","ping_status":"closed","template":"","class_list":["post-463","videos","type-videos","status-publish","has-post-thumbnail","hentry"],"acf":[],"appp":{"post_detail":{"below_title":"<a class=\"video-link\" href=\"#\" data-appmedia=\"https:\/\/storage.sardius.media\/-KrXWhrxRAYPfu44QPJ0\/archives\/-KrXWhrxRAYPfu44QPJ0_1025307761\/files\/download.mp4?feedId=101078EF4F\"><div class=\"post-featured-wrap\"><img width=\"457\" height=\"257\" src=\"https:\/\/tv.joycemeyer.org\/islenska\/wp-content\/uploads\/sites\/55\/2025\/11\/Hvers20vegna20er20g2020vondu20skapi202_919-4.jpg\" class=\"post-featured wp-post-image\" alt=\"\" decoding=\"async\" srcset=\"https:\/\/tv.joycemeyer.org\/islenska\/wp-content\/uploads\/sites\/55\/2025\/11\/Hvers20vegna20er20g2020vondu20skapi202_919-4.jpg 457w, https:\/\/tv.joycemeyer.org\/islenska\/wp-content\/uploads\/sites\/55\/2025\/11\/Hvers20vegna20er20g2020vondu20skapi202_919-4-300x169.jpg 300w\" sizes=\"(max-width: 457px) 100vw, 457px\" \/><\/div><\/a>"}},"yoast_head":"<!-- This site is optimized with the Yoast SEO plugin v27.4 - https:\/\/yoast.com\/product\/yoast-seo-wordpress\/ -->\n<title>Hvers vegna er \u00e9g \u00ed vondu skapi? -2 - Joyce Meyer Ministries - Islenska<\/title>\n<meta name=\"robots\" content=\"index, follow, max-snippet:-1, max-image-preview:large, max-video-preview:-1\" \/>\n<link rel=\"canonical\" href=\"https:\/\/tv.joycemeyer.org\/islenska\/videos\/hvers-vegna-er-eg-i-vondu-skapi-2\/\" \/>\n<meta property=\"og:locale\" content=\"is_IS\" \/>\n<meta property=\"og:type\" content=\"article\" \/>\n<meta property=\"og:title\" content=\"Hvers vegna er \u00e9g \u00ed vondu skapi? -2 - Joyce Meyer Ministries - Islenska\" \/>\n<meta property=\"og:url\" content=\"https:\/\/tv.joycemeyer.org\/islenska\/videos\/hvers-vegna-er-eg-i-vondu-skapi-2\/\" \/>\n<meta property=\"og:site_name\" content=\"Joyce Meyer Ministries - Islenska\" \/>\n<meta property=\"article:modified_time\" content=\"2026-04-26T03:16:00+00:00\" \/>\n<meta property=\"og:image\" content=\"https:\/\/tv.joycemeyer.org\/islenska\/wp-content\/uploads\/sites\/55\/2025\/11\/Hvers20vegna20er20g2020vondu20skapi202_919-4.jpg\" \/>\n\t<meta property=\"og:image:width\" content=\"457\" \/>\n\t<meta property=\"og:image:height\" content=\"257\" \/>\n\t<meta property=\"og:image:type\" content=\"image\/jpeg\" \/>\n<meta name=\"twitter:card\" content=\"summary_large_image\" \/>\n<script type=\"application\/ld+json\" class=\"yoast-schema-graph\">{\"@context\":\"https:\\\/\\\/schema.org\",\"@graph\":[{\"@type\":\"WebPage\",\"@id\":\"https:\\\/\\\/tv.joycemeyer.org\\\/islenska\\\/videos\\\/hvers-vegna-er-eg-i-vondu-skapi-2\\\/\",\"url\":\"https:\\\/\\\/tv.joycemeyer.org\\\/islenska\\\/videos\\\/hvers-vegna-er-eg-i-vondu-skapi-2\\\/\",\"name\":\"Hvers vegna er \u00e9g \u00ed vondu skapi? -2 - Joyce Meyer Ministries - Islenska\",\"isPartOf\":{\"@id\":\"https:\\\/\\\/tv.joycemeyer.org\\\/islenska\\\/#website\"},\"primaryImageOfPage\":{\"@id\":\"https:\\\/\\\/tv.joycemeyer.org\\\/islenska\\\/videos\\\/hvers-vegna-er-eg-i-vondu-skapi-2\\\/#primaryimage\"},\"image\":{\"@id\":\"https:\\\/\\\/tv.joycemeyer.org\\\/islenska\\\/videos\\\/hvers-vegna-er-eg-i-vondu-skapi-2\\\/#primaryimage\"},\"thumbnailUrl\":\"https:\\\/\\\/tv.joycemeyer.org\\\/islenska\\\/wp-content\\\/uploads\\\/sites\\\/55\\\/2025\\\/11\\\/Hvers20vegna20er20g2020vondu20skapi202_919-4.jpg\",\"datePublished\":\"2025-11-17T07:00:00+00:00\",\"dateModified\":\"2026-04-26T03:16:00+00:00\",\"breadcrumb\":{\"@id\":\"https:\\\/\\\/tv.joycemeyer.org\\\/islenska\\\/videos\\\/hvers-vegna-er-eg-i-vondu-skapi-2\\\/#breadcrumb\"},\"inLanguage\":\"is\",\"potentialAction\":[{\"@type\":\"ReadAction\",\"target\":[\"https:\\\/\\\/tv.joycemeyer.org\\\/islenska\\\/videos\\\/hvers-vegna-er-eg-i-vondu-skapi-2\\\/\"]}]},{\"@type\":\"ImageObject\",\"inLanguage\":\"is\",\"@id\":\"https:\\\/\\\/tv.joycemeyer.org\\\/islenska\\\/videos\\\/hvers-vegna-er-eg-i-vondu-skapi-2\\\/#primaryimage\",\"url\":\"https:\\\/\\\/tv.joycemeyer.org\\\/islenska\\\/wp-content\\\/uploads\\\/sites\\\/55\\\/2025\\\/11\\\/Hvers20vegna20er20g2020vondu20skapi202_919-4.jpg\",\"contentUrl\":\"https:\\\/\\\/tv.joycemeyer.org\\\/islenska\\\/wp-content\\\/uploads\\\/sites\\\/55\\\/2025\\\/11\\\/Hvers20vegna20er20g2020vondu20skapi202_919-4.jpg\",\"width\":457,\"height\":257},{\"@type\":\"BreadcrumbList\",\"@id\":\"https:\\\/\\\/tv.joycemeyer.org\\\/islenska\\\/videos\\\/hvers-vegna-er-eg-i-vondu-skapi-2\\\/#breadcrumb\",\"itemListElement\":[{\"@type\":\"ListItem\",\"position\":1,\"name\":\"Home\",\"item\":\"https:\\\/\\\/tv.joycemeyer.org\\\/islenska\\\/\"},{\"@type\":\"ListItem\",\"position\":2,\"name\":\"Videos\",\"item\":\"https:\\\/\\\/tv.joycemeyer.org\\\/islenska\\\/videos\\\/\"},{\"@type\":\"ListItem\",\"position\":3,\"name\":\"Hvers vegna er \u00e9g \u00ed vondu skapi? -2\"}]},{\"@type\":\"WebSite\",\"@id\":\"https:\\\/\\\/tv.joycemeyer.org\\\/islenska\\\/#website\",\"url\":\"https:\\\/\\\/tv.joycemeyer.org\\\/islenska\\\/\",\"name\":\"Joyce Meyer Ministries - Islenska\",\"description\":\"A\u00f0 segja fr\u00e1 Kristi - S\u00fdna f\u00f3lki k\u00e6rleika\",\"potentialAction\":[{\"@type\":\"SearchAction\",\"target\":{\"@type\":\"EntryPoint\",\"urlTemplate\":\"https:\\\/\\\/tv.joycemeyer.org\\\/islenska\\\/?s={search_term_string}\"},\"query-input\":{\"@type\":\"PropertyValueSpecification\",\"valueRequired\":true,\"valueName\":\"search_term_string\"}}],\"inLanguage\":\"is\"}]}<\/script>\n<!-- \/ Yoast SEO plugin. -->","yoast_head_json":{"title":"Hvers vegna er \u00e9g \u00ed vondu skapi? -2 - Joyce Meyer Ministries - Islenska","robots":{"index":"index","follow":"follow","max-snippet":"max-snippet:-1","max-image-preview":"max-image-preview:large","max-video-preview":"max-video-preview:-1"},"canonical":"https:\/\/tv.joycemeyer.org\/islenska\/videos\/hvers-vegna-er-eg-i-vondu-skapi-2\/","og_locale":"is_IS","og_type":"article","og_title":"Hvers vegna er \u00e9g \u00ed vondu skapi? -2 - Joyce Meyer Ministries - Islenska","og_url":"https:\/\/tv.joycemeyer.org\/islenska\/videos\/hvers-vegna-er-eg-i-vondu-skapi-2\/","og_site_name":"Joyce Meyer Ministries - Islenska","article_modified_time":"2026-04-26T03:16:00+00:00","og_image":[{"width":457,"height":257,"url":"https:\/\/tv.joycemeyer.org\/islenska\/wp-content\/uploads\/sites\/55\/2025\/11\/Hvers20vegna20er20g2020vondu20skapi202_919-4.jpg","type":"image\/jpeg"}],"twitter_card":"summary_large_image","schema":{"@context":"https:\/\/schema.org","@graph":[{"@type":"WebPage","@id":"https:\/\/tv.joycemeyer.org\/islenska\/videos\/hvers-vegna-er-eg-i-vondu-skapi-2\/","url":"https:\/\/tv.joycemeyer.org\/islenska\/videos\/hvers-vegna-er-eg-i-vondu-skapi-2\/","name":"Hvers vegna er \u00e9g \u00ed vondu skapi? -2 - Joyce Meyer Ministries - Islenska","isPartOf":{"@id":"https:\/\/tv.joycemeyer.org\/islenska\/#website"},"primaryImageOfPage":{"@id":"https:\/\/tv.joycemeyer.org\/islenska\/videos\/hvers-vegna-er-eg-i-vondu-skapi-2\/#primaryimage"},"image":{"@id":"https:\/\/tv.joycemeyer.org\/islenska\/videos\/hvers-vegna-er-eg-i-vondu-skapi-2\/#primaryimage"},"thumbnailUrl":"https:\/\/tv.joycemeyer.org\/islenska\/wp-content\/uploads\/sites\/55\/2025\/11\/Hvers20vegna20er20g2020vondu20skapi202_919-4.jpg","datePublished":"2025-11-17T07:00:00+00:00","dateModified":"2026-04-26T03:16:00+00:00","breadcrumb":{"@id":"https:\/\/tv.joycemeyer.org\/islenska\/videos\/hvers-vegna-er-eg-i-vondu-skapi-2\/#breadcrumb"},"inLanguage":"is","potentialAction":[{"@type":"ReadAction","target":["https:\/\/tv.joycemeyer.org\/islenska\/videos\/hvers-vegna-er-eg-i-vondu-skapi-2\/"]}]},{"@type":"ImageObject","inLanguage":"is","@id":"https:\/\/tv.joycemeyer.org\/islenska\/videos\/hvers-vegna-er-eg-i-vondu-skapi-2\/#primaryimage","url":"https:\/\/tv.joycemeyer.org\/islenska\/wp-content\/uploads\/sites\/55\/2025\/11\/Hvers20vegna20er20g2020vondu20skapi202_919-4.jpg","contentUrl":"https:\/\/tv.joycemeyer.org\/islenska\/wp-content\/uploads\/sites\/55\/2025\/11\/Hvers20vegna20er20g2020vondu20skapi202_919-4.jpg","width":457,"height":257},{"@type":"BreadcrumbList","@id":"https:\/\/tv.joycemeyer.org\/islenska\/videos\/hvers-vegna-er-eg-i-vondu-skapi-2\/#breadcrumb","itemListElement":[{"@type":"ListItem","position":1,"name":"Home","item":"https:\/\/tv.joycemeyer.org\/islenska\/"},{"@type":"ListItem","position":2,"name":"Videos","item":"https:\/\/tv.joycemeyer.org\/islenska\/videos\/"},{"@type":"ListItem","position":3,"name":"Hvers vegna er \u00e9g \u00ed vondu skapi? -2"}]},{"@type":"WebSite","@id":"https:\/\/tv.joycemeyer.org\/islenska\/#website","url":"https:\/\/tv.joycemeyer.org\/islenska\/","name":"Joyce Meyer Ministries - Islenska","description":"A\u00f0 segja fr\u00e1 Kristi - S\u00fdna f\u00f3lki k\u00e6rleika","potentialAction":[{"@type":"SearchAction","target":{"@type":"EntryPoint","urlTemplate":"https:\/\/tv.joycemeyer.org\/islenska\/?s={search_term_string}"},"query-input":{"@type":"PropertyValueSpecification","valueRequired":true,"valueName":"search_term_string"}}],"inLanguage":"is"}]}},"_links":{"self":[{"href":"https:\/\/tv.joycemeyer.org\/islenska\/wp-json\/wp\/v2\/videos\/463","targetHints":{"allow":["GET"]}}],"collection":[{"href":"https:\/\/tv.joycemeyer.org\/islenska\/wp-json\/wp\/v2\/videos"}],"about":[{"href":"https:\/\/tv.joycemeyer.org\/islenska\/wp-json\/wp\/v2\/types\/videos"}],"author":[{"embeddable":true,"href":"https:\/\/tv.joycemeyer.org\/islenska\/wp-json\/wp\/v2\/users\/4"}],"replies":[{"embeddable":true,"href":"https:\/\/tv.joycemeyer.org\/islenska\/wp-json\/wp\/v2\/comments?post=463"}],"wp:featuredmedia":[{"embeddable":true,"href":"https:\/\/tv.joycemeyer.org\/islenska\/wp-json\/wp\/v2\/media\/462"}],"wp:attachment":[{"href":"https:\/\/tv.joycemeyer.org\/islenska\/wp-json\/wp\/v2\/media?parent=463"}],"curies":[{"name":"wp","href":"https:\/\/api.w.org\/{rel}","templated":true}]}}

Hvers vegna er ég í vondu skapi? -2

<!-- This site is optimized with the Yoast SEO plugin v27.4 - https://yoast.com/product/yoast-seo-wordpress/ -->
<title>Hvers vegna er ég í vondu skapi? -2 - Joyce Meyer Ministries - Islenska</title>
<meta name="robots" content="index, follow, max-snippet:-1, max-image-preview:large, max-video-preview:-1" />
<link rel="canonical" href="https://tv.joycemeyer.org/islenska/videos/hvers-vegna-er-eg-i-vondu-skapi-2/" />
<meta property="og:locale" content="is_IS" />
<meta property="og:type" content="article" />
<meta property="og:title" content="Hvers vegna er ég í vondu skapi? -2 - Joyce Meyer Ministries - Islenska" />
<meta property="og:url" content="https://tv.joycemeyer.org/islenska/videos/hvers-vegna-er-eg-i-vondu-skapi-2/" />
<meta property="og:site_name" content="Joyce Meyer Ministries - Islenska" />
<meta property="article:modified_time" content="2026-04-26T03:16:00+00:00" />
<meta property="og:image" content="https://tv.joycemeyer.org/islenska/wp-content/uploads/sites/55/2025/11/Hvers20vegna20er20g2020vondu20skapi202_919-4.jpg" />
	<meta property="og:image:width" content="457" />
	<meta property="og:image:height" content="257" />
	<meta property="og:image:type" content="image/jpeg" />
<meta name="twitter:card" content="summary_large_image" />
<script type="application/ld+json" class="yoast-schema-graph">{"@context":"https:\/\/schema.org","@graph":[{"@type":"WebPage","@id":"https:\/\/tv.joycemeyer.org\/islenska\/videos\/hvers-vegna-er-eg-i-vondu-skapi-2\/","url":"https:\/\/tv.joycemeyer.org\/islenska\/videos\/hvers-vegna-er-eg-i-vondu-skapi-2\/","name":"Hvers vegna er ég í vondu skapi? -2 - Joyce Meyer Ministries - Islenska","isPartOf":{"@id":"https:\/\/tv.joycemeyer.org\/islenska\/#website"},"primaryImageOfPage":{"@id":"https:\/\/tv.joycemeyer.org\/islenska\/videos\/hvers-vegna-er-eg-i-vondu-skapi-2\/#primaryimage"},"image":{"@id":"https:\/\/tv.joycemeyer.org\/islenska\/videos\/hvers-vegna-er-eg-i-vondu-skapi-2\/#primaryimage"},"thumbnailUrl":"https:\/\/tv.joycemeyer.org\/islenska\/wp-content\/uploads\/sites\/55\/2025\/11\/Hvers20vegna20er20g2020vondu20skapi202_919-4.jpg","datePublished":"2025-11-17T07:00:00+00:00","dateModified":"2026-04-26T03:16:00+00:00","breadcrumb":{"@id":"https:\/\/tv.joycemeyer.org\/islenska\/videos\/hvers-vegna-er-eg-i-vondu-skapi-2\/#breadcrumb"},"inLanguage":"is","potentialAction":[{"@type":"ReadAction","target":["https:\/\/tv.joycemeyer.org\/islenska\/videos\/hvers-vegna-er-eg-i-vondu-skapi-2\/"]}]},{"@type":"ImageObject","inLanguage":"is","@id":"https:\/\/tv.joycemeyer.org\/islenska\/videos\/hvers-vegna-er-eg-i-vondu-skapi-2\/#primaryimage","url":"https:\/\/tv.joycemeyer.org\/islenska\/wp-content\/uploads\/sites\/55\/2025\/11\/Hvers20vegna20er20g2020vondu20skapi202_919-4.jpg","contentUrl":"https:\/\/tv.joycemeyer.org\/islenska\/wp-content\/uploads\/sites\/55\/2025\/11\/Hvers20vegna20er20g2020vondu20skapi202_919-4.jpg","width":457,"height":257},{"@type":"BreadcrumbList","@id":"https:\/\/tv.joycemeyer.org\/islenska\/videos\/hvers-vegna-er-eg-i-vondu-skapi-2\/#breadcrumb","itemListElement":[{"@type":"ListItem","position":1,"name":"Home","item":"https:\/\/tv.joycemeyer.org\/islenska\/"},{"@type":"ListItem","position":2,"name":"Videos","item":"https:\/\/tv.joycemeyer.org\/islenska\/videos\/"},{"@type":"ListItem","position":3,"name":"Hvers vegna er ég í vondu skapi? -2"}]},{"@type":"WebSite","@id":"https:\/\/tv.joycemeyer.org\/islenska\/#website","url":"https:\/\/tv.joycemeyer.org\/islenska\/","name":"Joyce Meyer Ministries - Islenska","description":"Að segja frá Kristi - Sýna fólki kærleika","potentialAction":[{"@type":"SearchAction","target":{"@type":"EntryPoint","urlTemplate":"https:\/\/tv.joycemeyer.org\/islenska\/?s={search_term_string}"},"query-input":{"@type":"PropertyValueSpecification","valueRequired":true,"valueName":"search_term_string"}}],"inLanguage":"is"}]}</script>
<!-- / Yoast SEO plugin. -->

Hvers vegna er ég í vondu skapi? -2 - Joyce Meyer Ministries - Islenska

Að segja frá Kristi - Sýna fólki kærleika
