{"id":1413,"date":"2018-11-11T15:59:39","date_gmt":"2018-11-11T13:59:39","guid":{"rendered":"https:\/\/tv.joycemeyer.org\/italiano\/?post_type=devotional&#038;p=1413"},"modified":"2019-01-18T17:11:39","modified_gmt":"2019-01-18T15:11:39","slug":"dal-di-dentro","status":"publish","type":"devotional","link":"https:\/\/tv.joycemeyer.org\/italiano\/devotional\/dal-di-dentro\/","title":{"rendered":"Dal di dentro"},"content":{"rendered":"<p><strong>Infatti, legano dei fardelli pesanti e li mettono sulle spalle della gente; ma loro non li vogliono muovere neppure con un dito (Matteo 23:4)<\/strong><\/p>\n<p>Quando abbiamo aspettative irrealistiche, voi ed io tendiamo a mettere noi stessi e gli altri sotto pressione. Spesso ci aspettiamo dalle persone pi\u00f9 di quanto siano in grado di darci. La continua pressione sulle persone che fanno parte della nostra cerchia di relazioni finir\u00e0 per far crollare quella relazione. Dio non vuole che noi o altri vivano sotto questo tipo di pressione.<\/p>\n<p>Ricordo gli anni in cui cercavo tenacemente di cambiare mio marito, Dave, e ciascuno dei nostri figli in modi diversi. Sono stati anni molto frustranti, perch\u00e9 qualsiasi cosa facessi, non funzionava! Noi non possiamo cambiare le persone mettendole sotto pressione o trovando sempre da ridire su di loro. Solo la preghiera e l&#8217;amore di Dio funzioneranno.<\/p>\n<p>Come esseri umani, tutti noi abbiamo bisogno di spazio, o libert\u00e0, di essere chi siamo. Vogliamo essere accettati e amati per chi siamo. Non ci piace ricevere messaggi, anche subdoli, del fatto che se vogliamo \u201cfar parte del gruppo\u201d dobbiamo cambiare. Con ci\u00f2 non sto dicendo che dobbiamo accettare e tollerare il peccato e i comportamenti sbagliati nelle persone, ma dico che il modo per cambiarle \u00e8 la preghiera, non la pressione. E perch\u00e9 un cambiamento sia duraturo, deve venire dal di dentro. Solo Dio pu\u00f2 attuare quel tipo di cambiamento nel cuore.<\/p>\n","protected":false},"excerpt":{"rendered":"<p>Quando abbiamo aspettative irrealistiche, voi ed io tendiamo a mettere noi stessi e gli altri sotto pressione.<\/p>\n","protected":false},"author":15,"featured_media":1415,"parent":0,"menu_order":0,"comment_status":"closed","ping_status":"closed","template":"","class_list":["post-1413","devotional","type-devotional","status-publish","has-post-thumbnail","hentry"],"acf":[],"appp":{"post_detail":{"above_title":"<div class=\"post-featured-wrap\"><img width=\"960\" height=\"607\" src=\"https:\/\/tv.joycemeyer.org\/italiano\/wp-content\/uploads\/sites\/6\/2018\/10\/29.jpg\" class=\"post-featured wp-post-image\" alt=\"Dal di dentro\" decoding=\"async\" srcset=\"https:\/\/tv.joycemeyer.org\/italiano\/wp-content\/uploads\/sites\/6\/2018\/10\/29.jpg 960w, https:\/\/tv.joycemeyer.org\/italiano\/wp-content\/uploads\/sites\/6\/2018\/10\/29-300x190.jpg 300w, https:\/\/tv.joycemeyer.org\/italiano\/wp-content\/uploads\/sites\/6\/2018\/10\/29-768x486.jpg 768w\" sizes=\"(max-width: 960px) 100vw, 960px\" \/><\/div>","below_content":""}},"yoast_head":"<!-- This site is optimized with the Yoast SEO plugin v27.4 - https:\/\/yoast.com\/product\/yoast-seo-wordpress\/ -->\n<title>Dal di dentro - Joyce Meyer Ministries - Italiano<\/title>\n<meta name=\"description\" content=\"Joyce Meyer Ministries - Italiano - Meditazione quotidiana\" \/>\n<meta name=\"robots\" content=\"index, follow, max-snippet:-1, max-image-preview:large, max-video-preview:-1\" \/>\n<link rel=\"canonical\" href=\"https:\/\/tv.joycemeyer.org\/italiano\/devotional\/dal-di-dentro\/\" \/>\n<meta property=\"og:locale\" content=\"it_IT\" \/>\n<meta property=\"og:type\" content=\"article\" \/>\n<meta property=\"og:title\" content=\"Dal di dentro - Joyce Meyer Ministries - Italiano\" \/>\n<meta property=\"og:description\" content=\"Joyce Meyer Ministries - Italiano - Meditazione quotidiana\" \/>\n<meta property=\"og:url\" content=\"https:\/\/tv.joycemeyer.org\/italiano\/devotional\/dal-di-dentro\/\" \/>\n<meta property=\"og:site_name\" content=\"Joyce Meyer Ministries - Italiano\" \/>\n<meta property=\"article:publisher\" content=\"https:\/\/www.facebook.com\/joycemeyerministriesitaliano\/\" \/>\n<meta property=\"article:modified_time\" content=\"2019-01-18T15:11:39+00:00\" \/>\n<meta property=\"og:image\" content=\"https:\/\/tv.joycemeyer.org\/italiano\/wp-content\/uploads\/sites\/6\/2018\/10\/29.jpg\" \/>\n\t<meta property=\"og:image:width\" content=\"960\" \/>\n\t<meta property=\"og:image:height\" content=\"607\" \/>\n\t<meta property=\"og:image:type\" content=\"image\/jpeg\" \/>\n<meta name=\"twitter:card\" content=\"summary_large_image\" \/>\n<meta name=\"twitter:label1\" content=\"Tempo di lettura stimato\" \/>\n\t<meta name=\"twitter:data1\" content=\"1 minuto\" \/>\n<script type=\"application\/ld+json\" class=\"yoast-schema-graph\">{\"@context\":\"https:\\\/\\\/schema.org\",\"@graph\":[{\"@type\":\"WebPage\",\"@id\":\"https:\\\/\\\/tv.joycemeyer.org\\\/italiano\\\/devotional\\\/dal-di-dentro\\\/\",\"url\":\"https:\\\/\\\/tv.joycemeyer.org\\\/italiano\\\/devotional\\\/dal-di-dentro\\\/\",\"name\":\"Dal di dentro - Joyce Meyer Ministries - Italiano\",\"isPartOf\":{\"@id\":\"https:\\\/\\\/tv.joycemeyer.org\\\/italiano\\\/#website\"},\"primaryImageOfPage\":{\"@id\":\"https:\\\/\\\/tv.joycemeyer.org\\\/italiano\\\/devotional\\\/dal-di-dentro\\\/#primaryimage\"},\"image\":{\"@id\":\"https:\\\/\\\/tv.joycemeyer.org\\\/italiano\\\/devotional\\\/dal-di-dentro\\\/#primaryimage\"},\"thumbnailUrl\":\"https:\\\/\\\/tv.joycemeyer.org\\\/italiano\\\/wp-content\\\/uploads\\\/sites\\\/6\\\/2018\\\/10\\\/29.jpg\",\"datePublished\":\"2018-11-11T13:59:39+00:00\",\"dateModified\":\"2019-01-18T15:11:39+00:00\",\"description\":\"Joyce Meyer Ministries - Italiano - Meditazione quotidiana\",\"breadcrumb\":{\"@id\":\"https:\\\/\\\/tv.joycemeyer.org\\\/italiano\\\/devotional\\\/dal-di-dentro\\\/#breadcrumb\"},\"inLanguage\":\"it-IT\",\"potentialAction\":[{\"@type\":\"ReadAction\",\"target\":[\"https:\\\/\\\/tv.joycemeyer.org\\\/italiano\\\/devotional\\\/dal-di-dentro\\\/\"]}]},{\"@type\":\"ImageObject\",\"inLanguage\":\"it-IT\",\"@id\":\"https:\\\/\\\/tv.joycemeyer.org\\\/italiano\\\/devotional\\\/dal-di-dentro\\\/#primaryimage\",\"url\":\"https:\\\/\\\/tv.joycemeyer.org\\\/italiano\\\/wp-content\\\/uploads\\\/sites\\\/6\\\/2018\\\/10\\\/29.jpg\",\"contentUrl\":\"https:\\\/\\\/tv.joycemeyer.org\\\/italiano\\\/wp-content\\\/uploads\\\/sites\\\/6\\\/2018\\\/10\\\/29.jpg\",\"width\":960,\"height\":607,\"caption\":\"Dal di dentro\"},{\"@type\":\"BreadcrumbList\",\"@id\":\"https:\\\/\\\/tv.joycemeyer.org\\\/italiano\\\/devotional\\\/dal-di-dentro\\\/#breadcrumb\",\"itemListElement\":[{\"@type\":\"ListItem\",\"position\":1,\"name\":\"Home\",\"item\":\"https:\\\/\\\/tv.joycemeyer.org\\\/italiano\\\/\"},{\"@type\":\"ListItem\",\"position\":2,\"name\":\"Devotional\",\"item\":\"https:\\\/\\\/tv.joycemeyer.org\\\/italiano\\\/devotional\\\/\"},{\"@type\":\"ListItem\",\"position\":3,\"name\":\"Dal di dentro\"}]},{\"@type\":\"WebSite\",\"@id\":\"https:\\\/\\\/tv.joycemeyer.org\\\/italiano\\\/#website\",\"url\":\"https:\\\/\\\/tv.joycemeyer.org\\\/italiano\\\/\",\"name\":\"Joyce Meyer Ministries - Italiano\",\"description\":\"Condividiamo Cristo - Amiamo le persone\",\"potentialAction\":[{\"@type\":\"SearchAction\",\"target\":{\"@type\":\"EntryPoint\",\"urlTemplate\":\"https:\\\/\\\/tv.joycemeyer.org\\\/italiano\\\/?s={search_term_string}\"},\"query-input\":{\"@type\":\"PropertyValueSpecification\",\"valueRequired\":true,\"valueName\":\"search_term_string\"}}],\"inLanguage\":\"it-IT\"}]}<\/script>\n<!-- \/ Yoast SEO plugin. -->","yoast_head_json":{"title":"Dal di dentro - Joyce Meyer Ministries - Italiano","description":"Joyce Meyer Ministries - Italiano - Meditazione quotidiana","robots":{"index":"index","follow":"follow","max-snippet":"max-snippet:-1","max-image-preview":"max-image-preview:large","max-video-preview":"max-video-preview:-1"},"canonical":"https:\/\/tv.joycemeyer.org\/italiano\/devotional\/dal-di-dentro\/","og_locale":"it_IT","og_type":"article","og_title":"Dal di dentro - Joyce Meyer Ministries - Italiano","og_description":"Joyce Meyer Ministries - Italiano - Meditazione quotidiana","og_url":"https:\/\/tv.joycemeyer.org\/italiano\/devotional\/dal-di-dentro\/","og_site_name":"Joyce Meyer Ministries - Italiano","article_publisher":"https:\/\/www.facebook.com\/joycemeyerministriesitaliano\/","article_modified_time":"2019-01-18T15:11:39+00:00","og_image":[{"width":960,"height":607,"url":"https:\/\/tv.joycemeyer.org\/italiano\/wp-content\/uploads\/sites\/6\/2018\/10\/29.jpg","type":"image\/jpeg"}],"twitter_card":"summary_large_image","twitter_misc":{"Tempo di lettura stimato":"1 minuto"},"schema":{"@context":"https:\/\/schema.org","@graph":[{"@type":"WebPage","@id":"https:\/\/tv.joycemeyer.org\/italiano\/devotional\/dal-di-dentro\/","url":"https:\/\/tv.joycemeyer.org\/italiano\/devotional\/dal-di-dentro\/","name":"Dal di dentro - Joyce Meyer Ministries - Italiano","isPartOf":{"@id":"https:\/\/tv.joycemeyer.org\/italiano\/#website"},"primaryImageOfPage":{"@id":"https:\/\/tv.joycemeyer.org\/italiano\/devotional\/dal-di-dentro\/#primaryimage"},"image":{"@id":"https:\/\/tv.joycemeyer.org\/italiano\/devotional\/dal-di-dentro\/#primaryimage"},"thumbnailUrl":"https:\/\/tv.joycemeyer.org\/italiano\/wp-content\/uploads\/sites\/6\/2018\/10\/29.jpg","datePublished":"2018-11-11T13:59:39+00:00","dateModified":"2019-01-18T15:11:39+00:00","description":"Joyce Meyer Ministries - Italiano - Meditazione quotidiana","breadcrumb":{"@id":"https:\/\/tv.joycemeyer.org\/italiano\/devotional\/dal-di-dentro\/#breadcrumb"},"inLanguage":"it-IT","potentialAction":[{"@type":"ReadAction","target":["https:\/\/tv.joycemeyer.org\/italiano\/devotional\/dal-di-dentro\/"]}]},{"@type":"ImageObject","inLanguage":"it-IT","@id":"https:\/\/tv.joycemeyer.org\/italiano\/devotional\/dal-di-dentro\/#primaryimage","url":"https:\/\/tv.joycemeyer.org\/italiano\/wp-content\/uploads\/sites\/6\/2018\/10\/29.jpg","contentUrl":"https:\/\/tv.joycemeyer.org\/italiano\/wp-content\/uploads\/sites\/6\/2018\/10\/29.jpg","width":960,"height":607,"caption":"Dal di dentro"},{"@type":"BreadcrumbList","@id":"https:\/\/tv.joycemeyer.org\/italiano\/devotional\/dal-di-dentro\/#breadcrumb","itemListElement":[{"@type":"ListItem","position":1,"name":"Home","item":"https:\/\/tv.joycemeyer.org\/italiano\/"},{"@type":"ListItem","position":2,"name":"Devotional","item":"https:\/\/tv.joycemeyer.org\/italiano\/devotional\/"},{"@type":"ListItem","position":3,"name":"Dal di dentro"}]},{"@type":"WebSite","@id":"https:\/\/tv.joycemeyer.org\/italiano\/#website","url":"https:\/\/tv.joycemeyer.org\/italiano\/","name":"Joyce Meyer Ministries - Italiano","description":"Condividiamo Cristo - Amiamo le persone","potentialAction":[{"@type":"SearchAction","target":{"@type":"EntryPoint","urlTemplate":"https:\/\/tv.joycemeyer.org\/italiano\/?s={search_term_string}"},"query-input":{"@type":"PropertyValueSpecification","valueRequired":true,"valueName":"search_term_string"}}],"inLanguage":"it-IT"}]}},"_links":{"self":[{"href":"https:\/\/tv.joycemeyer.org\/italiano\/wp-json\/wp\/v2\/devotional\/1413","targetHints":{"allow":["GET"]}}],"collection":[{"href":"https:\/\/tv.joycemeyer.org\/italiano\/wp-json\/wp\/v2\/devotional"}],"about":[{"href":"https:\/\/tv.joycemeyer.org\/italiano\/wp-json\/wp\/v2\/types\/devotional"}],"author":[{"embeddable":true,"href":"https:\/\/tv.joycemeyer.org\/italiano\/wp-json\/wp\/v2\/users\/15"}],"replies":[{"embeddable":true,"href":"https:\/\/tv.joycemeyer.org\/italiano\/wp-json\/wp\/v2\/comments?post=1413"}],"wp:featuredmedia":[{"embeddable":true,"href":"https:\/\/tv.joycemeyer.org\/italiano\/wp-json\/wp\/v2\/media\/1415"}],"wp:attachment":[{"href":"https:\/\/tv.joycemeyer.org\/italiano\/wp-json\/wp\/v2\/media?parent=1413"}],"curies":[{"name":"wp","href":"https:\/\/api.w.org\/{rel}","templated":true}]}}

<p><strong>Infatti, legano dei fardelli pesanti e li mettono sulle spalle della gente; ma loro non li vogliono muovere neppure con un dito (Matteo 23:4)</strong></p>
<p>Quando abbiamo aspettative irrealistiche, voi ed io tendiamo a mettere noi stessi e gli altri sotto pressione. Spesso ci aspettiamo dalle persone più di quanto siano in grado di darci. La continua pressione sulle persone che fanno parte della nostra cerchia di relazioni finirà per far crollare quella relazione. Dio non vuole che noi o altri vivano sotto questo tipo di pressione.</p>
<p>Ricordo gli anni in cui cercavo tenacemente di cambiare mio marito, Dave, e ciascuno dei nostri figli in modi diversi. Sono stati anni molto frustranti, perché qualsiasi cosa facessi, non funzionava! Noi non possiamo cambiare le persone mettendole sotto pressione o trovando sempre da ridire su di loro. Solo la preghiera e l&#8217;amore di Dio funzioneranno.</p>
<p>Come esseri umani, tutti noi abbiamo bisogno di spazio, o libertà, di essere chi siamo. Vogliamo essere accettati e amati per chi siamo. Non ci piace ricevere messaggi, anche subdoli, del fatto che se vogliamo “far parte del gruppo” dobbiamo cambiare. Con ciò non sto dicendo che dobbiamo accettare e tollerare il peccato e i comportamenti sbagliati nelle persone, ma dico che il modo per cambiarle è la preghiera, non la pressione. E perché un cambiamento sia duraturo, deve venire dal di dentro. Solo Dio può attuare quel tipo di cambiamento nel cuore.</p>
