{"id":1522,"date":"2026-01-29T00:01:27","date_gmt":"2026-01-28T23:01:27","guid":{"rendered":"https:\/\/tv.joycemeyer.org\/italiano\/?post_type=devotional&#038;p=1522"},"modified":"2026-01-27T14:34:51","modified_gmt":"2026-01-27T13:34:51","slug":"guarda-dal-luogo-dove-sei","status":"publish","type":"devotional","link":"https:\/\/tv.joycemeyer.org\/italiano\/devotional\/guarda-dal-luogo-dove-sei\/","title":{"rendered":"Guarda dal luogo dove sei"},"content":{"rendered":"<blockquote><p>Il Signore disse ad Abramo, dopo che Lot si fu separato da lui: \u201cAlza ora gli occhi e guarda, dal luogo dove sei\u2026\u201d (Genesi 13:14)<\/p><\/blockquote>\n<p>Sembra che la vita abbia sempre i suoi modi per portarci a un punto in cui abbiamo bisogno di ricominciare da capo.<\/p>\n<p>Nella Bibbia, Abramo si ritrov\u00f2 a un punto del genere quando suo nipote Lot scelse la terra migliore della zona e lasci\u00f2 a lui quella meno appetibile. Dio, per\u00f2, non abbandon\u00f2 Abramo. Anzi, si manifest\u00f2 a lui e gli diede una nuova, audace visione.<\/p>\n<p>Mi piace quello che il Signore disse ad Abramo dopo che lui e Lot presero strade diverse. Gli disse: \u201cAlza ora gli occhi e guarda, dal luogo dove sei\u201d.<\/p>\n<p>\u00c8 l&#8217;espressione \u201cguarda dal luogo dove sei\u201d che mi entusiasma. \u00c8 questo il punto da cui ricominciare&#8230; un nuovo inizio. Dio stesso ci porter\u00e0 a questo punto, di tanto in tanto.<\/p>\n<p>Magari tu ti ci trovi proprio adesso. Forse vuoi toglierti una brutta abitudine o far rivivere un sogno perduto. Forse vuoi imparare a gestire le tue finanze, avviare un&#8217;attivit\u00e0 in proprio, scrivere un libro\u2026 di qualsiasi cosa si tratti, \u00e8 possibile che Dio ti stia dicendo di cominciare in questo momento. Questo potrebbe essere il tuo nuovo inizio!<\/p>\n<p>Dopo aver detto ad Abramo di guardare dal luogo in cui era, la cosa che Dio gli disse subito dopo fu: \u201c\u00c0lzati, percorri il paese quant\u2019\u00e8 lungo e quant\u2019\u00e8 largo, perch\u00e9 io lo dar\u00f2 a te\u201d (Genesi 13:17).<\/p>\n<p>\u00c8 possibile che Dio ti stia dicendo in questo momento di alzarti e andare avanti con il tuo sogno o la tua visione, il tuo compito, la tua vita, perch\u00e9 Lui te li sta dando. La tua parte consiste nel muoverti.<\/p>\n<p>Fai quello che devi fare. Potrebbe non essere facile. Potrebbe richiedere del tempo. Fidati di Dio e vai, qualsiasi sia la destinazione. Guarda dal luogo in cui sei adesso e vai!<\/p>\n<hr \/>\n<p>Spunto di preghiera<\/p>\n<p>Signore, indipendentemente da quello che \u00e8 successo in passato, aiutami a guardare dal luogo in cui sono adesso. Ti ringrazio per il nuovo inizio che mi stai dando. Muover\u00f2 i miei passi con audacia e percorrer\u00f2 la strada verso cui mi stai chiamando.<\/p>\n","protected":false},"excerpt":{"rendered":"<p>Sembra che la vita abbia sempre i suoi modi per portarci a un punto in cui abbiamo bisogno di ricominciare da capo. \u00a0<\/p>\n","protected":false},"author":15,"featured_media":4743,"parent":0,"menu_order":0,"comment_status":"closed","ping_status":"closed","template":"","class_list":["post-1522","devotional","type-devotional","status-publish","has-post-thumbnail","hentry"],"acf":[],"appp":{"post_detail":{"above_title":"<div class=\"post-featured-wrap\"><img width=\"1024\" height=\"597\" src=\"https:\/\/tv.joycemeyer.org\/italiano\/wp-content\/uploads\/sites\/6\/2020\/01\/2205-1024x597.jpg\" class=\"post-featured wp-post-image\" alt=\"Guarda dal luogo dove sei\" decoding=\"async\" srcset=\"https:\/\/tv.joycemeyer.org\/italiano\/wp-content\/uploads\/sites\/6\/2020\/01\/2205-1024x597.jpg 1024w, https:\/\/tv.joycemeyer.org\/italiano\/wp-content\/uploads\/sites\/6\/2020\/01\/2205-300x175.jpg 300w, https:\/\/tv.joycemeyer.org\/italiano\/wp-content\/uploads\/sites\/6\/2020\/01\/2205-768x448.jpg 768w, https:\/\/tv.joycemeyer.org\/italiano\/wp-content\/uploads\/sites\/6\/2020\/01\/2205-1536x896.jpg 1536w, https:\/\/tv.joycemeyer.org\/italiano\/wp-content\/uploads\/sites\/6\/2020\/01\/2205.jpg 1800w\" sizes=\"(max-width: 1024px) 100vw, 1024px\" \/><\/div>","below_content":"<div class=\"follow\"><h6 class=\"alt\">Connettiti con noi!<\/h6><ul class=\"nav nav--social nav--flex\"><li class=\"menu-item facebook\"><a href=\"https:\/\/www.facebook.com\/joycemeyerministriesitaliano\/\" target=\"_blank\"><span class=\"visuallyhidden\">Facebook<\/span><\/a><\/li><li class=\"menu-item instagram\"><a href=\"https:\/\/www.instagram.com\/joycemeyeritalia\/\" target=\"_blank\"><span class=\"visuallyhidden\">Instagram<\/span><\/a><\/li><li class=\"menu-item youtube\"><a href=\"https:\/\/www.youtube.com\/channel\/UC3epdg4chaeIdxqlQhOE7FA\" target=\"_blank\"><span class=\"visuallyhidden\">YouTube<\/span><\/a><\/li><\/ul><\/div>"}},"yoast_head":"<!-- This site is optimized with the Yoast SEO plugin v27.4 - https:\/\/yoast.com\/product\/yoast-seo-wordpress\/ -->\n<title>Guarda dal luogo dove sei - Joyce Meyer Ministries - Italiano<\/title>\n<meta name=\"description\" content=\"Joyce Meyer Ministries - Italiano - Meditazione quotidiana\" \/>\n<meta name=\"robots\" content=\"index, follow, max-snippet:-1, max-image-preview:large, max-video-preview:-1\" \/>\n<link rel=\"canonical\" href=\"https:\/\/tv.joycemeyer.org\/italiano\/devotional\/guarda-dal-luogo-dove-sei\/\" \/>\n<meta property=\"og:locale\" content=\"it_IT\" \/>\n<meta property=\"og:type\" content=\"article\" \/>\n<meta property=\"og:title\" content=\"Guarda dal luogo dove sei - Joyce Meyer Ministries - Italiano\" \/>\n<meta property=\"og:description\" content=\"Joyce Meyer Ministries - Italiano - Meditazione quotidiana\" \/>\n<meta property=\"og:url\" content=\"https:\/\/tv.joycemeyer.org\/italiano\/devotional\/guarda-dal-luogo-dove-sei\/\" \/>\n<meta property=\"og:site_name\" content=\"Joyce Meyer Ministries - Italiano\" \/>\n<meta property=\"article:publisher\" content=\"https:\/\/www.facebook.com\/joycemeyerministriesitaliano\/\" \/>\n<meta property=\"og:image\" content=\"https:\/\/tv.joycemeyer.org\/italiano\/wp-content\/uploads\/sites\/6\/2020\/01\/2205.jpg\" \/>\n\t<meta property=\"og:image:width\" content=\"1800\" \/>\n\t<meta property=\"og:image:height\" content=\"1050\" \/>\n\t<meta property=\"og:image:type\" content=\"image\/jpeg\" \/>\n<meta name=\"twitter:card\" content=\"summary_large_image\" \/>\n<meta name=\"twitter:label1\" content=\"Tempo di lettura stimato\" \/>\n\t<meta name=\"twitter:data1\" content=\"2 minuti\" \/>\n<script type=\"application\/ld+json\" class=\"yoast-schema-graph\">{\"@context\":\"https:\\\/\\\/schema.org\",\"@graph\":[{\"@type\":\"WebPage\",\"@id\":\"https:\\\/\\\/tv.joycemeyer.org\\\/italiano\\\/devotional\\\/guarda-dal-luogo-dove-sei\\\/\",\"url\":\"https:\\\/\\\/tv.joycemeyer.org\\\/italiano\\\/devotional\\\/guarda-dal-luogo-dove-sei\\\/\",\"name\":\"Guarda dal luogo dove sei - Joyce Meyer Ministries - Italiano\",\"isPartOf\":{\"@id\":\"https:\\\/\\\/tv.joycemeyer.org\\\/italiano\\\/#website\"},\"primaryImageOfPage\":{\"@id\":\"https:\\\/\\\/tv.joycemeyer.org\\\/italiano\\\/devotional\\\/guarda-dal-luogo-dove-sei\\\/#primaryimage\"},\"image\":{\"@id\":\"https:\\\/\\\/tv.joycemeyer.org\\\/italiano\\\/devotional\\\/guarda-dal-luogo-dove-sei\\\/#primaryimage\"},\"thumbnailUrl\":\"https:\\\/\\\/tv.joycemeyer.org\\\/italiano\\\/wp-content\\\/uploads\\\/sites\\\/6\\\/2020\\\/01\\\/2205.jpg\",\"datePublished\":\"2026-01-28T23:01:27+00:00\",\"description\":\"Joyce Meyer Ministries - Italiano - Meditazione quotidiana\",\"breadcrumb\":{\"@id\":\"https:\\\/\\\/tv.joycemeyer.org\\\/italiano\\\/devotional\\\/guarda-dal-luogo-dove-sei\\\/#breadcrumb\"},\"inLanguage\":\"it-IT\",\"potentialAction\":[{\"@type\":\"ReadAction\",\"target\":[\"https:\\\/\\\/tv.joycemeyer.org\\\/italiano\\\/devotional\\\/guarda-dal-luogo-dove-sei\\\/\"]}]},{\"@type\":\"ImageObject\",\"inLanguage\":\"it-IT\",\"@id\":\"https:\\\/\\\/tv.joycemeyer.org\\\/italiano\\\/devotional\\\/guarda-dal-luogo-dove-sei\\\/#primaryimage\",\"url\":\"https:\\\/\\\/tv.joycemeyer.org\\\/italiano\\\/wp-content\\\/uploads\\\/sites\\\/6\\\/2020\\\/01\\\/2205.jpg\",\"contentUrl\":\"https:\\\/\\\/tv.joycemeyer.org\\\/italiano\\\/wp-content\\\/uploads\\\/sites\\\/6\\\/2020\\\/01\\\/2205.jpg\",\"width\":1800,\"height\":1050,\"caption\":\"Guarda dal luogo dove sei\"},{\"@type\":\"BreadcrumbList\",\"@id\":\"https:\\\/\\\/tv.joycemeyer.org\\\/italiano\\\/devotional\\\/guarda-dal-luogo-dove-sei\\\/#breadcrumb\",\"itemListElement\":[{\"@type\":\"ListItem\",\"position\":1,\"name\":\"Home\",\"item\":\"https:\\\/\\\/tv.joycemeyer.org\\\/italiano\\\/\"},{\"@type\":\"ListItem\",\"position\":2,\"name\":\"Devotional\",\"item\":\"https:\\\/\\\/tv.joycemeyer.org\\\/italiano\\\/devotional\\\/\"},{\"@type\":\"ListItem\",\"position\":3,\"name\":\"Guarda dal luogo dove sei\"}]},{\"@type\":\"WebSite\",\"@id\":\"https:\\\/\\\/tv.joycemeyer.org\\\/italiano\\\/#website\",\"url\":\"https:\\\/\\\/tv.joycemeyer.org\\\/italiano\\\/\",\"name\":\"Joyce Meyer Ministries - Italiano\",\"description\":\"Condividiamo Cristo - Amiamo le persone\",\"potentialAction\":[{\"@type\":\"SearchAction\",\"target\":{\"@type\":\"EntryPoint\",\"urlTemplate\":\"https:\\\/\\\/tv.joycemeyer.org\\\/italiano\\\/?s={search_term_string}\"},\"query-input\":{\"@type\":\"PropertyValueSpecification\",\"valueRequired\":true,\"valueName\":\"search_term_string\"}}],\"inLanguage\":\"it-IT\"}]}<\/script>\n<!-- \/ Yoast SEO plugin. -->","yoast_head_json":{"title":"Guarda dal luogo dove sei - Joyce Meyer Ministries - Italiano","description":"Joyce Meyer Ministries - Italiano - Meditazione quotidiana","robots":{"index":"index","follow":"follow","max-snippet":"max-snippet:-1","max-image-preview":"max-image-preview:large","max-video-preview":"max-video-preview:-1"},"canonical":"https:\/\/tv.joycemeyer.org\/italiano\/devotional\/guarda-dal-luogo-dove-sei\/","og_locale":"it_IT","og_type":"article","og_title":"Guarda dal luogo dove sei - Joyce Meyer Ministries - Italiano","og_description":"Joyce Meyer Ministries - Italiano - Meditazione quotidiana","og_url":"https:\/\/tv.joycemeyer.org\/italiano\/devotional\/guarda-dal-luogo-dove-sei\/","og_site_name":"Joyce Meyer Ministries - Italiano","article_publisher":"https:\/\/www.facebook.com\/joycemeyerministriesitaliano\/","og_image":[{"width":1800,"height":1050,"url":"https:\/\/tv.joycemeyer.org\/italiano\/wp-content\/uploads\/sites\/6\/2020\/01\/2205.jpg","type":"image\/jpeg"}],"twitter_card":"summary_large_image","twitter_misc":{"Tempo di lettura stimato":"2 minuti"},"schema":{"@context":"https:\/\/schema.org","@graph":[{"@type":"WebPage","@id":"https:\/\/tv.joycemeyer.org\/italiano\/devotional\/guarda-dal-luogo-dove-sei\/","url":"https:\/\/tv.joycemeyer.org\/italiano\/devotional\/guarda-dal-luogo-dove-sei\/","name":"Guarda dal luogo dove sei - Joyce Meyer Ministries - Italiano","isPartOf":{"@id":"https:\/\/tv.joycemeyer.org\/italiano\/#website"},"primaryImageOfPage":{"@id":"https:\/\/tv.joycemeyer.org\/italiano\/devotional\/guarda-dal-luogo-dove-sei\/#primaryimage"},"image":{"@id":"https:\/\/tv.joycemeyer.org\/italiano\/devotional\/guarda-dal-luogo-dove-sei\/#primaryimage"},"thumbnailUrl":"https:\/\/tv.joycemeyer.org\/italiano\/wp-content\/uploads\/sites\/6\/2020\/01\/2205.jpg","datePublished":"2026-01-28T23:01:27+00:00","description":"Joyce Meyer Ministries - Italiano - Meditazione quotidiana","breadcrumb":{"@id":"https:\/\/tv.joycemeyer.org\/italiano\/devotional\/guarda-dal-luogo-dove-sei\/#breadcrumb"},"inLanguage":"it-IT","potentialAction":[{"@type":"ReadAction","target":["https:\/\/tv.joycemeyer.org\/italiano\/devotional\/guarda-dal-luogo-dove-sei\/"]}]},{"@type":"ImageObject","inLanguage":"it-IT","@id":"https:\/\/tv.joycemeyer.org\/italiano\/devotional\/guarda-dal-luogo-dove-sei\/#primaryimage","url":"https:\/\/tv.joycemeyer.org\/italiano\/wp-content\/uploads\/sites\/6\/2020\/01\/2205.jpg","contentUrl":"https:\/\/tv.joycemeyer.org\/italiano\/wp-content\/uploads\/sites\/6\/2020\/01\/2205.jpg","width":1800,"height":1050,"caption":"Guarda dal luogo dove sei"},{"@type":"BreadcrumbList","@id":"https:\/\/tv.joycemeyer.org\/italiano\/devotional\/guarda-dal-luogo-dove-sei\/#breadcrumb","itemListElement":[{"@type":"ListItem","position":1,"name":"Home","item":"https:\/\/tv.joycemeyer.org\/italiano\/"},{"@type":"ListItem","position":2,"name":"Devotional","item":"https:\/\/tv.joycemeyer.org\/italiano\/devotional\/"},{"@type":"ListItem","position":3,"name":"Guarda dal luogo dove sei"}]},{"@type":"WebSite","@id":"https:\/\/tv.joycemeyer.org\/italiano\/#website","url":"https:\/\/tv.joycemeyer.org\/italiano\/","name":"Joyce Meyer Ministries - Italiano","description":"Condividiamo Cristo - Amiamo le persone","potentialAction":[{"@type":"SearchAction","target":{"@type":"EntryPoint","urlTemplate":"https:\/\/tv.joycemeyer.org\/italiano\/?s={search_term_string}"},"query-input":{"@type":"PropertyValueSpecification","valueRequired":true,"valueName":"search_term_string"}}],"inLanguage":"it-IT"}]}},"_links":{"self":[{"href":"https:\/\/tv.joycemeyer.org\/italiano\/wp-json\/wp\/v2\/devotional\/1522","targetHints":{"allow":["GET"]}}],"collection":[{"href":"https:\/\/tv.joycemeyer.org\/italiano\/wp-json\/wp\/v2\/devotional"}],"about":[{"href":"https:\/\/tv.joycemeyer.org\/italiano\/wp-json\/wp\/v2\/types\/devotional"}],"author":[{"embeddable":true,"href":"https:\/\/tv.joycemeyer.org\/italiano\/wp-json\/wp\/v2\/users\/15"}],"replies":[{"embeddable":true,"href":"https:\/\/tv.joycemeyer.org\/italiano\/wp-json\/wp\/v2\/comments?post=1522"}],"wp:featuredmedia":[{"embeddable":true,"href":"https:\/\/tv.joycemeyer.org\/italiano\/wp-json\/wp\/v2\/media\/4743"}],"wp:attachment":[{"href":"https:\/\/tv.joycemeyer.org\/italiano\/wp-json\/wp\/v2\/media?parent=1522"}],"curies":[{"name":"wp","href":"https:\/\/api.w.org\/{rel}","templated":true}]}}

<blockquote><p>Il Signore disse ad Abramo, dopo che Lot si fu separato da lui: “Alza ora gli occhi e guarda, dal luogo dove sei…” (Genesi 13:14)</p></blockquote>
<p>Sembra che la vita abbia sempre i suoi modi per portarci a un punto in cui abbiamo bisogno di ricominciare da capo.</p>
<p>Nella Bibbia, Abramo si ritrovò a un punto del genere quando suo nipote Lot scelse la terra migliore della zona e lasciò a lui quella meno appetibile. Dio, però, non abbandonò Abramo. Anzi, si manifestò a lui e gli diede una nuova, audace visione.</p>
<p>Mi piace quello che il Signore disse ad Abramo dopo che lui e Lot presero strade diverse. Gli disse: “Alza ora gli occhi e guarda, dal luogo dove sei”.</p>
<p>È l&#8217;espressione “guarda dal luogo dove sei” che mi entusiasma. È questo il punto da cui ricominciare&#8230; un nuovo inizio. Dio stesso ci porterà a questo punto, di tanto in tanto.</p>
<p>Magari tu ti ci trovi proprio adesso. Forse vuoi toglierti una brutta abitudine o far rivivere un sogno perduto. Forse vuoi imparare a gestire le tue finanze, avviare un&#8217;attività in proprio, scrivere un libro… di qualsiasi cosa si tratti, è possibile che Dio ti stia dicendo di cominciare in questo momento. Questo potrebbe essere il tuo nuovo inizio!</p>
<p>Dopo aver detto ad Abramo di guardare dal luogo in cui era, la cosa che Dio gli disse subito dopo fu: “Àlzati, percorri il paese quant’è lungo e quant’è largo, perché io lo darò a te” (Genesi 13:17).</p>
<p>È possibile che Dio ti stia dicendo in questo momento di alzarti e andare avanti con il tuo sogno o la tua visione, il tuo compito, la tua vita, perché Lui te li sta dando. La tua parte consiste nel muoverti.</p>
<p>Fai quello che devi fare. Potrebbe non essere facile. Potrebbe richiedere del tempo. Fidati di Dio e vai, qualsiasi sia la destinazione. Guarda dal luogo in cui sei adesso e vai!</p>
<hr />
<p>Spunto di preghiera</p>
<p>Signore, indipendentemente da quello che è successo in passato, aiutami a guardare dal luogo in cui sono adesso. Ti ringrazio per il nuovo inizio che mi stai dando. Muoverò i miei passi con audacia e percorrerò la strada verso cui mi stai chiamando.</p>
