{"id":1980,"date":"2019-06-10T00:01:47","date_gmt":"2019-06-09T22:01:47","guid":{"rendered":"https:\/\/tv.joycemeyer.org\/italiano\/?post_type=devotional&#038;p=1980"},"modified":"2025-08-20T20:08:13","modified_gmt":"2025-08-20T18:08:13","slug":"che-cose-la-fede","status":"publish","type":"devotional","link":"https:\/\/tv.joycemeyer.org\/italiano\/devotional\/che-cose-la-fede\/","title":{"rendered":"Che cos&#8217;\u00e8 la fede?"},"content":{"rendered":"<blockquote><p>\u2026ma l&#8217;uomo [rigorosamente] giusto e retto [che non scende a compromessi] vivr\u00e0 per la sua fede e nella sua fedelt\u00e0 (Abacuc 2:4, AMP)<\/p><\/blockquote>\n<p>Fede \u00e8 una parola che usiamo moltissimo, ma a volte possiamo renderla troppo complicata. Fede significa semplicemente \u201cconvinzione o assoluta fiducia\u201d; il termine implica anche lealt\u00e0 e dedizione.<\/p>\n<p>La fede non \u00e8 un concetto smisurato e complicato su cui dobbiamo arrovellarci. La fede sincera in Dio semplicemente riconosce che il messaggio della morte e risurrezione di Ges\u00f9 \u00e8 assolutamente vero. Ci\u00f2 si realizza quando diciamo: &#8220;Non solo per me ha senso, ma sono disposto a dare la mia vita per questo&#8221;.<\/p>\n<p>La Bibbia dichiara che l&#8217;uomo giusto che non scende a compromessi vivr\u00e0 per la sua fede e fedelt\u00e0. Un modo per pensare ai giusti che non scendono a compromessi \u00e8 pensare a quelli che sono resi giusti dalla morte di Ges\u00f9 Cristo sulla croce.<\/p>\n<p>Mediante la fede noi siamo resi giusti e Dio ci tratta come Suoi amati figli.<\/p>\n<p>Oggi, ti incoraggio a ritornare alle basi della fede. Sappi che quando riponi la tua fede in Lui, sei reso giusto. Vivi basandoti sulla fiducia nel Dio che ti viene incontro tendendoti le Sue braccia aperte e amorevoli, pronto a riceverti e ad amarti cos\u00ec come sei.<\/p>\n<hr \/>\n<p>Spunto di preghiera<\/p>\n<p>Signore, Ti sono davvero grato di poter riporre la mia fede in Te e diventare un \u201cgiusto che non scende a compromessi\u201d. Oggi, vivo per la mia fede in Te.<\/p>\n","protected":false},"excerpt":{"rendered":"<p>Fede \u00e8 una parola che usiamo moltissimo, ma a volte possiamo renderla troppo complicata &#8230;<\/p>\n","protected":false},"author":15,"featured_media":5066,"parent":0,"menu_order":0,"comment_status":"closed","ping_status":"closed","template":"","class_list":["post-1980","devotional","type-devotional","status-publish","has-post-thumbnail","hentry"],"acf":[],"appp":{"post_detail":{"above_title":"<div class=\"post-featured-wrap\"><img width=\"1024\" height=\"597\" src=\"https:\/\/tv.joycemeyer.org\/italiano\/wp-content\/uploads\/sites\/6\/2019\/06\/2431-1024x597.jpg\" class=\"post-featured wp-post-image\" alt=\"Che cos&#039;\u00e8 la fede?\" decoding=\"async\" srcset=\"https:\/\/tv.joycemeyer.org\/italiano\/wp-content\/uploads\/sites\/6\/2019\/06\/2431-1024x597.jpg 1024w, https:\/\/tv.joycemeyer.org\/italiano\/wp-content\/uploads\/sites\/6\/2019\/06\/2431-300x175.jpg 300w, https:\/\/tv.joycemeyer.org\/italiano\/wp-content\/uploads\/sites\/6\/2019\/06\/2431-768x448.jpg 768w, https:\/\/tv.joycemeyer.org\/italiano\/wp-content\/uploads\/sites\/6\/2019\/06\/2431-1536x896.jpg 1536w, https:\/\/tv.joycemeyer.org\/italiano\/wp-content\/uploads\/sites\/6\/2019\/06\/2431.jpg 1800w\" sizes=\"(max-width: 1024px) 100vw, 1024px\" \/><\/div>","below_content":"<div class=\"follow\"><h6 class=\"alt\">Connettiti con noi!<\/h6><ul class=\"nav nav--social nav--flex\"><li class=\"menu-item facebook\"><a href=\"https:\/\/www.facebook.com\/joycemeyerministriesitaliano\/\" target=\"_blank\"><span class=\"visuallyhidden\">Facebook<\/span><\/a><\/li><li class=\"menu-item instagram\"><a href=\"https:\/\/www.instagram.com\/joycemeyeritalia\/\" target=\"_blank\"><span class=\"visuallyhidden\">Instagram<\/span><\/a><\/li><li class=\"menu-item youtube\"><a href=\"https:\/\/www.youtube.com\/channel\/UC3epdg4chaeIdxqlQhOE7FA\" target=\"_blank\"><span class=\"visuallyhidden\">YouTube<\/span><\/a><\/li><\/ul><\/div>"}},"yoast_head":"<!-- This site is optimized with the Yoast SEO plugin v27.4 - https:\/\/yoast.com\/product\/yoast-seo-wordpress\/ -->\n<title>Che cos&#039;\u00e8 la fede? - Joyce Meyer Ministries - Italiano<\/title>\n<meta name=\"description\" content=\"Joyce Meyer Ministries - Italiano - Meditazione quotidiana\" \/>\n<meta name=\"robots\" content=\"index, follow, max-snippet:-1, max-image-preview:large, max-video-preview:-1\" \/>\n<link rel=\"canonical\" href=\"https:\/\/tv.joycemeyer.org\/italiano\/devotional\/che-cose-la-fede\/\" \/>\n<meta property=\"og:locale\" content=\"it_IT\" \/>\n<meta property=\"og:type\" content=\"article\" \/>\n<meta property=\"og:title\" content=\"Che cos&#039;\u00e8 la fede? - Joyce Meyer Ministries - Italiano\" \/>\n<meta property=\"og:description\" content=\"Joyce Meyer Ministries - Italiano - Meditazione quotidiana\" \/>\n<meta property=\"og:url\" content=\"https:\/\/tv.joycemeyer.org\/italiano\/devotional\/che-cose-la-fede\/\" \/>\n<meta property=\"og:site_name\" content=\"Joyce Meyer Ministries - Italiano\" \/>\n<meta property=\"article:publisher\" content=\"https:\/\/www.facebook.com\/joycemeyerministriesitaliano\/\" \/>\n<meta property=\"article:modified_time\" content=\"2025-08-20T18:08:13+00:00\" \/>\n<meta property=\"og:image\" content=\"https:\/\/tv.joycemeyer.org\/italiano\/wp-content\/uploads\/sites\/6\/2019\/06\/2431.jpg\" \/>\n\t<meta property=\"og:image:width\" content=\"1800\" \/>\n\t<meta property=\"og:image:height\" content=\"1050\" \/>\n\t<meta property=\"og:image:type\" content=\"image\/jpeg\" \/>\n<meta name=\"twitter:card\" content=\"summary_large_image\" \/>\n<meta name=\"twitter:label1\" content=\"Tempo di lettura stimato\" \/>\n\t<meta name=\"twitter:data1\" content=\"2 minuti\" \/>\n<script type=\"application\/ld+json\" class=\"yoast-schema-graph\">{\"@context\":\"https:\\\/\\\/schema.org\",\"@graph\":[{\"@type\":\"WebPage\",\"@id\":\"https:\\\/\\\/tv.joycemeyer.org\\\/italiano\\\/devotional\\\/che-cose-la-fede\\\/\",\"url\":\"https:\\\/\\\/tv.joycemeyer.org\\\/italiano\\\/devotional\\\/che-cose-la-fede\\\/\",\"name\":\"Che cos'\u00e8 la fede? - Joyce Meyer Ministries - Italiano\",\"isPartOf\":{\"@id\":\"https:\\\/\\\/tv.joycemeyer.org\\\/italiano\\\/#website\"},\"primaryImageOfPage\":{\"@id\":\"https:\\\/\\\/tv.joycemeyer.org\\\/italiano\\\/devotional\\\/che-cose-la-fede\\\/#primaryimage\"},\"image\":{\"@id\":\"https:\\\/\\\/tv.joycemeyer.org\\\/italiano\\\/devotional\\\/che-cose-la-fede\\\/#primaryimage\"},\"thumbnailUrl\":\"https:\\\/\\\/tv.joycemeyer.org\\\/italiano\\\/wp-content\\\/uploads\\\/sites\\\/6\\\/2019\\\/06\\\/2431.jpg\",\"datePublished\":\"2019-06-09T22:01:47+00:00\",\"dateModified\":\"2025-08-20T18:08:13+00:00\",\"description\":\"Joyce Meyer Ministries - Italiano - Meditazione quotidiana\",\"breadcrumb\":{\"@id\":\"https:\\\/\\\/tv.joycemeyer.org\\\/italiano\\\/devotional\\\/che-cose-la-fede\\\/#breadcrumb\"},\"inLanguage\":\"it-IT\",\"potentialAction\":[{\"@type\":\"ReadAction\",\"target\":[\"https:\\\/\\\/tv.joycemeyer.org\\\/italiano\\\/devotional\\\/che-cose-la-fede\\\/\"]}]},{\"@type\":\"ImageObject\",\"inLanguage\":\"it-IT\",\"@id\":\"https:\\\/\\\/tv.joycemeyer.org\\\/italiano\\\/devotional\\\/che-cose-la-fede\\\/#primaryimage\",\"url\":\"https:\\\/\\\/tv.joycemeyer.org\\\/italiano\\\/wp-content\\\/uploads\\\/sites\\\/6\\\/2019\\\/06\\\/2431.jpg\",\"contentUrl\":\"https:\\\/\\\/tv.joycemeyer.org\\\/italiano\\\/wp-content\\\/uploads\\\/sites\\\/6\\\/2019\\\/06\\\/2431.jpg\",\"width\":1800,\"height\":1050,\"caption\":\"Che cos'\u00e8 la fede?\"},{\"@type\":\"BreadcrumbList\",\"@id\":\"https:\\\/\\\/tv.joycemeyer.org\\\/italiano\\\/devotional\\\/che-cose-la-fede\\\/#breadcrumb\",\"itemListElement\":[{\"@type\":\"ListItem\",\"position\":1,\"name\":\"Home\",\"item\":\"https:\\\/\\\/tv.joycemeyer.org\\\/italiano\\\/\"},{\"@type\":\"ListItem\",\"position\":2,\"name\":\"Devotional\",\"item\":\"https:\\\/\\\/tv.joycemeyer.org\\\/italiano\\\/devotional\\\/\"},{\"@type\":\"ListItem\",\"position\":3,\"name\":\"Che cos&#8217;\u00e8 la fede?\"}]},{\"@type\":\"WebSite\",\"@id\":\"https:\\\/\\\/tv.joycemeyer.org\\\/italiano\\\/#website\",\"url\":\"https:\\\/\\\/tv.joycemeyer.org\\\/italiano\\\/\",\"name\":\"Joyce Meyer Ministries - Italiano\",\"description\":\"Condividiamo Cristo - Amiamo le persone\",\"potentialAction\":[{\"@type\":\"SearchAction\",\"target\":{\"@type\":\"EntryPoint\",\"urlTemplate\":\"https:\\\/\\\/tv.joycemeyer.org\\\/italiano\\\/?s={search_term_string}\"},\"query-input\":{\"@type\":\"PropertyValueSpecification\",\"valueRequired\":true,\"valueName\":\"search_term_string\"}}],\"inLanguage\":\"it-IT\"}]}<\/script>\n<!-- \/ Yoast SEO plugin. -->","yoast_head_json":{"title":"Che cos'\u00e8 la fede? - Joyce Meyer Ministries - Italiano","description":"Joyce Meyer Ministries - Italiano - Meditazione quotidiana","robots":{"index":"index","follow":"follow","max-snippet":"max-snippet:-1","max-image-preview":"max-image-preview:large","max-video-preview":"max-video-preview:-1"},"canonical":"https:\/\/tv.joycemeyer.org\/italiano\/devotional\/che-cose-la-fede\/","og_locale":"it_IT","og_type":"article","og_title":"Che cos'\u00e8 la fede? - Joyce Meyer Ministries - Italiano","og_description":"Joyce Meyer Ministries - Italiano - Meditazione quotidiana","og_url":"https:\/\/tv.joycemeyer.org\/italiano\/devotional\/che-cose-la-fede\/","og_site_name":"Joyce Meyer Ministries - Italiano","article_publisher":"https:\/\/www.facebook.com\/joycemeyerministriesitaliano\/","article_modified_time":"2025-08-20T18:08:13+00:00","og_image":[{"width":1800,"height":1050,"url":"https:\/\/tv.joycemeyer.org\/italiano\/wp-content\/uploads\/sites\/6\/2019\/06\/2431.jpg","type":"image\/jpeg"}],"twitter_card":"summary_large_image","twitter_misc":{"Tempo di lettura stimato":"2 minuti"},"schema":{"@context":"https:\/\/schema.org","@graph":[{"@type":"WebPage","@id":"https:\/\/tv.joycemeyer.org\/italiano\/devotional\/che-cose-la-fede\/","url":"https:\/\/tv.joycemeyer.org\/italiano\/devotional\/che-cose-la-fede\/","name":"Che cos'\u00e8 la fede? - Joyce Meyer Ministries - Italiano","isPartOf":{"@id":"https:\/\/tv.joycemeyer.org\/italiano\/#website"},"primaryImageOfPage":{"@id":"https:\/\/tv.joycemeyer.org\/italiano\/devotional\/che-cose-la-fede\/#primaryimage"},"image":{"@id":"https:\/\/tv.joycemeyer.org\/italiano\/devotional\/che-cose-la-fede\/#primaryimage"},"thumbnailUrl":"https:\/\/tv.joycemeyer.org\/italiano\/wp-content\/uploads\/sites\/6\/2019\/06\/2431.jpg","datePublished":"2019-06-09T22:01:47+00:00","dateModified":"2025-08-20T18:08:13+00:00","description":"Joyce Meyer Ministries - Italiano - Meditazione quotidiana","breadcrumb":{"@id":"https:\/\/tv.joycemeyer.org\/italiano\/devotional\/che-cose-la-fede\/#breadcrumb"},"inLanguage":"it-IT","potentialAction":[{"@type":"ReadAction","target":["https:\/\/tv.joycemeyer.org\/italiano\/devotional\/che-cose-la-fede\/"]}]},{"@type":"ImageObject","inLanguage":"it-IT","@id":"https:\/\/tv.joycemeyer.org\/italiano\/devotional\/che-cose-la-fede\/#primaryimage","url":"https:\/\/tv.joycemeyer.org\/italiano\/wp-content\/uploads\/sites\/6\/2019\/06\/2431.jpg","contentUrl":"https:\/\/tv.joycemeyer.org\/italiano\/wp-content\/uploads\/sites\/6\/2019\/06\/2431.jpg","width":1800,"height":1050,"caption":"Che cos'\u00e8 la fede?"},{"@type":"BreadcrumbList","@id":"https:\/\/tv.joycemeyer.org\/italiano\/devotional\/che-cose-la-fede\/#breadcrumb","itemListElement":[{"@type":"ListItem","position":1,"name":"Home","item":"https:\/\/tv.joycemeyer.org\/italiano\/"},{"@type":"ListItem","position":2,"name":"Devotional","item":"https:\/\/tv.joycemeyer.org\/italiano\/devotional\/"},{"@type":"ListItem","position":3,"name":"Che cos&#8217;\u00e8 la fede?"}]},{"@type":"WebSite","@id":"https:\/\/tv.joycemeyer.org\/italiano\/#website","url":"https:\/\/tv.joycemeyer.org\/italiano\/","name":"Joyce Meyer Ministries - Italiano","description":"Condividiamo Cristo - Amiamo le persone","potentialAction":[{"@type":"SearchAction","target":{"@type":"EntryPoint","urlTemplate":"https:\/\/tv.joycemeyer.org\/italiano\/?s={search_term_string}"},"query-input":{"@type":"PropertyValueSpecification","valueRequired":true,"valueName":"search_term_string"}}],"inLanguage":"it-IT"}]}},"_links":{"self":[{"href":"https:\/\/tv.joycemeyer.org\/italiano\/wp-json\/wp\/v2\/devotional\/1980","targetHints":{"allow":["GET"]}}],"collection":[{"href":"https:\/\/tv.joycemeyer.org\/italiano\/wp-json\/wp\/v2\/devotional"}],"about":[{"href":"https:\/\/tv.joycemeyer.org\/italiano\/wp-json\/wp\/v2\/types\/devotional"}],"author":[{"embeddable":true,"href":"https:\/\/tv.joycemeyer.org\/italiano\/wp-json\/wp\/v2\/users\/15"}],"replies":[{"embeddable":true,"href":"https:\/\/tv.joycemeyer.org\/italiano\/wp-json\/wp\/v2\/comments?post=1980"}],"wp:featuredmedia":[{"embeddable":true,"href":"https:\/\/tv.joycemeyer.org\/italiano\/wp-json\/wp\/v2\/media\/5066"}],"wp:attachment":[{"href":"https:\/\/tv.joycemeyer.org\/italiano\/wp-json\/wp\/v2\/media?parent=1980"}],"curies":[{"name":"wp","href":"https:\/\/api.w.org\/{rel}","templated":true}]}}

Che cos&#8217;è la fede?

<blockquote><p>…ma l&#8217;uomo [rigorosamente] giusto e retto [che non scende a compromessi] vivrà per la sua fede e nella sua fedeltà (Abacuc 2:4, AMP)</p></blockquote>
<p>Fede è una parola che usiamo moltissimo, ma a volte possiamo renderla troppo complicata. Fede significa semplicemente “convinzione o assoluta fiducia”; il termine implica anche lealtà e dedizione.</p>
<p>La fede non è un concetto smisurato e complicato su cui dobbiamo arrovellarci. La fede sincera in Dio semplicemente riconosce che il messaggio della morte e risurrezione di Gesù è assolutamente vero. Ciò si realizza quando diciamo: &#8220;Non solo per me ha senso, ma sono disposto a dare la mia vita per questo&#8221;.</p>
<p>La Bibbia dichiara che l&#8217;uomo giusto che non scende a compromessi vivrà per la sua fede e fedeltà. Un modo per pensare ai giusti che non scendono a compromessi è pensare a quelli che sono resi giusti dalla morte di Gesù Cristo sulla croce.</p>
<p>Mediante la fede noi siamo resi giusti e Dio ci tratta come Suoi amati figli.</p>
<p>Oggi, ti incoraggio a ritornare alle basi della fede. Sappi che quando riponi la tua fede in Lui, sei reso giusto. Vivi basandoti sulla fiducia nel Dio che ti viene incontro tendendoti le Sue braccia aperte e amorevoli, pronto a riceverti e ad amarti così come sei.</p>
<hr />
<p>Spunto di preghiera</p>
<p>Signore, Ti sono davvero grato di poter riporre la mia fede in Te e diventare un “giusto che non scende a compromessi”. Oggi, vivo per la mia fede in Te.</p>

<p>Fede è una parola che usiamo moltissimo, ma a volte possiamo renderla troppo complicata &#8230;</p>

<div class="post-featured-wrap"><img width="1024" height="597" src="https://tv.joycemeyer.org/italiano/wp-content/uploads/sites/6/2019/06/2431-1024x597.jpg" class="post-featured wp-post-image" alt="Che cos&#039;è la fede?" decoding="async" srcset="https://tv.joycemeyer.org/italiano/wp-content/uploads/sites/6/2019/06/2431-1024x597.jpg 1024w, https://tv.joycemeyer.org/italiano/wp-content/uploads/sites/6/2019/06/2431-300x175.jpg 300w, https://tv.joycemeyer.org/italiano/wp-content/uploads/sites/6/2019/06/2431-768x448.jpg 768w, https://tv.joycemeyer.org/italiano/wp-content/uploads/sites/6/2019/06/2431-1536x896.jpg 1536w, https://tv.joycemeyer.org/italiano/wp-content/uploads/sites/6/2019/06/2431.jpg 1800w" sizes="(max-width: 1024px) 100vw, 1024px" /></div>

<!-- This site is optimized with the Yoast SEO plugin v27.4 - https://yoast.com/product/yoast-seo-wordpress/ -->
<title>Che cos&#039;è la fede? - Joyce Meyer Ministries - Italiano</title>
<meta name="description" content="Joyce Meyer Ministries - Italiano - Meditazione quotidiana" />
<meta name="robots" content="index, follow, max-snippet:-1, max-image-preview:large, max-video-preview:-1" />
<link rel="canonical" href="https://tv.joycemeyer.org/italiano/devotional/che-cose-la-fede/" />
<meta property="og:locale" content="it_IT" />
<meta property="og:type" content="article" />
<meta property="og:title" content="Che cos&#039;è la fede? - Joyce Meyer Ministries - Italiano" />
<meta property="og:description" content="Joyce Meyer Ministries - Italiano - Meditazione quotidiana" />
<meta property="og:url" content="https://tv.joycemeyer.org/italiano/devotional/che-cose-la-fede/" />
<meta property="og:site_name" content="Joyce Meyer Ministries - Italiano" />
<meta property="article:publisher" content="https://www.facebook.com/joycemeyerministriesitaliano/" />
<meta property="article:modified_time" content="2025-08-20T18:08:13+00:00" />
<meta property="og:image" content="https://tv.joycemeyer.org/italiano/wp-content/uploads/sites/6/2019/06/2431.jpg" />
	<meta property="og:image:width" content="1800" />
	<meta property="og:image:height" content="1050" />
	<meta property="og:image:type" content="image/jpeg" />
<meta name="twitter:card" content="summary_large_image" />
<meta name="twitter:label1" content="Tempo di lettura stimato" />
	<meta name="twitter:data1" content="2 minuti" />
<script type="application/ld+json" class="yoast-schema-graph">{"@context":"https:\/\/schema.org","@graph":[{"@type":"WebPage","@id":"https:\/\/tv.joycemeyer.org\/italiano\/devotional\/che-cose-la-fede\/","url":"https:\/\/tv.joycemeyer.org\/italiano\/devotional\/che-cose-la-fede\/","name":"Che cos'è la fede? - Joyce Meyer Ministries - Italiano","isPartOf":{"@id":"https:\/\/tv.joycemeyer.org\/italiano\/#website"},"primaryImageOfPage":{"@id":"https:\/\/tv.joycemeyer.org\/italiano\/devotional\/che-cose-la-fede\/#primaryimage"},"image":{"@id":"https:\/\/tv.joycemeyer.org\/italiano\/devotional\/che-cose-la-fede\/#primaryimage"},"thumbnailUrl":"https:\/\/tv.joycemeyer.org\/italiano\/wp-content\/uploads\/sites\/6\/2019\/06\/2431.jpg","datePublished":"2019-06-09T22:01:47+00:00","dateModified":"2025-08-20T18:08:13+00:00","description":"Joyce Meyer Ministries - Italiano - Meditazione quotidiana","breadcrumb":{"@id":"https:\/\/tv.joycemeyer.org\/italiano\/devotional\/che-cose-la-fede\/#breadcrumb"},"inLanguage":"it-IT","potentialAction":[{"@type":"ReadAction","target":["https:\/\/tv.joycemeyer.org\/italiano\/devotional\/che-cose-la-fede\/"]}]},{"@type":"ImageObject","inLanguage":"it-IT","@id":"https:\/\/tv.joycemeyer.org\/italiano\/devotional\/che-cose-la-fede\/#primaryimage","url":"https:\/\/tv.joycemeyer.org\/italiano\/wp-content\/uploads\/sites\/6\/2019\/06\/2431.jpg","contentUrl":"https:\/\/tv.joycemeyer.org\/italiano\/wp-content\/uploads\/sites\/6\/2019\/06\/2431.jpg","width":1800,"height":1050,"caption":"Che cos'è la fede?"},{"@type":"BreadcrumbList","@id":"https:\/\/tv.joycemeyer.org\/italiano\/devotional\/che-cose-la-fede\/#breadcrumb","itemListElement":[{"@type":"ListItem","position":1,"name":"Home","item":"https:\/\/tv.joycemeyer.org\/italiano\/"},{"@type":"ListItem","position":2,"name":"Devotional","item":"https:\/\/tv.joycemeyer.org\/italiano\/devotional\/"},{"@type":"ListItem","position":3,"name":"Che cos&#8217;è la fede?"}]},{"@type":"WebSite","@id":"https:\/\/tv.joycemeyer.org\/italiano\/#website","url":"https:\/\/tv.joycemeyer.org\/italiano\/","name":"Joyce Meyer Ministries - Italiano","description":"Condividiamo Cristo - Amiamo le persone","potentialAction":[{"@type":"SearchAction","target":{"@type":"EntryPoint","urlTemplate":"https:\/\/tv.joycemeyer.org\/italiano\/?s={search_term_string}"},"query-input":{"@type":"PropertyValueSpecification","valueRequired":true,"valueName":"search_term_string"}}],"inLanguage":"it-IT"}]}</script>
<!-- / Yoast SEO plugin. -->

Che cos'è la fede? - Joyce Meyer Ministries - Italiano

Che cos'è la fede?
