{"id":2024,"date":"2019-06-20T00:01:56","date_gmt":"2019-06-19T22:01:56","guid":{"rendered":"https:\/\/tv.joycemeyer.org\/italiano\/?post_type=devotional&#038;p=2024"},"modified":"2025-08-20T20:14:34","modified_gmt":"2025-08-20T18:14:34","slug":"dai-la-tua-cenere","status":"publish","type":"devotional","link":"https:\/\/tv.joycemeyer.org\/italiano\/devotional\/dai-la-tua-cenere\/","title":{"rendered":"Dai a Lui la tua cenere"},"content":{"rendered":"<blockquote><p>Come \u00e8 lontano l\u2019oriente dall\u2019occidente, cos\u00ec ha egli allontanato da noi le nostre colpe (Salmo 103:12)<\/p><\/blockquote>\n<p>Quando permettiamo a Dio di prendere i nostri disastri e trasformarli in miracoli, Egli ha la capacit\u00e0 di usare i nostri errori per il nostro bene, se solo confidiamo in Lui.<\/p>\n<p>In Isaia 61:3 \u00e8 scritto che Lui ci dar\u00e0 \u201cun diadema invece di cenere\u201d, ma noto che molte persone vogliono continuare a tenersi la cenere del passato come promemoria delle proprie mancanze e pecche. Io ti incoraggio invece a lasciar andare la tua cenere e ad aspirare a qualcosa di nuovo.<\/p>\n<p>Troppe persone vivono nel passato, con la sensazione che non avranno mai pi\u00f9 un&#8217;altra possibilit\u00e0. Hai bisogno di una seconda chance? Chiedi a Dio una seconda chance, o anche una terza, o una quarta o una quinta chance, o quella che ti serve. Dio \u00e8 pieno di misericordia e pazienza. La sua bont\u00e0 non viene mai meno e non si esaurisce. La Bibbia dice che Lui ha allontanato da te le tue colpe, quindi non devi pi\u00f9 restare aggrappato ad esse.<\/p>\n<p>Ges\u00f9 \u00e8 venuto per alleggerire i pesi, ma devi essere disposto a lasciarli andare e credere che Lui \u00e8 pi\u00f9 grande dei tuoi errori. Dagli la tua cenere oggi.<\/p>\n<hr \/>\n<p>Spunto di preghiera<\/p>\n<p>Signore, so che non mi fa affatto bene restare ancorato al passato quando Tu mi stai amorevolmente davanti per offrirmi una nuova possibilit\u00e0, perci\u00f2 lascio andare la mia cenere. La do a Te, impaziente di vedere quale diadema ne tirerai fuori.<\/p>\n","protected":false},"excerpt":{"rendered":"<p>Quando permettiamo a Dio di prendere i nostri disastri e trasformarli in miracoli &#8230;<\/p>\n","protected":false},"author":15,"featured_media":5110,"parent":0,"menu_order":0,"comment_status":"closed","ping_status":"closed","template":"","class_list":["post-2024","devotional","type-devotional","status-publish","has-post-thumbnail","hentry"],"acf":[],"appp":{"post_detail":{"above_title":"<div class=\"post-featured-wrap\"><img width=\"1024\" height=\"597\" src=\"https:\/\/tv.joycemeyer.org\/italiano\/wp-content\/uploads\/sites\/6\/2019\/06\/2396-1024x597.jpg\" class=\"post-featured wp-post-image\" alt=\"Dai a Lui la tua cenere\" decoding=\"async\" srcset=\"https:\/\/tv.joycemeyer.org\/italiano\/wp-content\/uploads\/sites\/6\/2019\/06\/2396-1024x597.jpg 1024w, https:\/\/tv.joycemeyer.org\/italiano\/wp-content\/uploads\/sites\/6\/2019\/06\/2396-300x175.jpg 300w, https:\/\/tv.joycemeyer.org\/italiano\/wp-content\/uploads\/sites\/6\/2019\/06\/2396-768x448.jpg 768w, https:\/\/tv.joycemeyer.org\/italiano\/wp-content\/uploads\/sites\/6\/2019\/06\/2396-1536x896.jpg 1536w, https:\/\/tv.joycemeyer.org\/italiano\/wp-content\/uploads\/sites\/6\/2019\/06\/2396.jpg 1800w\" sizes=\"(max-width: 1024px) 100vw, 1024px\" \/><\/div>","below_content":"<div class=\"follow\"><h6 class=\"alt\">Connettiti con noi!<\/h6><ul class=\"nav nav--social nav--flex\"><li class=\"menu-item facebook\"><a href=\"https:\/\/www.facebook.com\/joycemeyerministriesitaliano\/\" target=\"_blank\"><span class=\"visuallyhidden\">Facebook<\/span><\/a><\/li><li class=\"menu-item instagram\"><a href=\"https:\/\/www.instagram.com\/joycemeyeritalia\/\" target=\"_blank\"><span class=\"visuallyhidden\">Instagram<\/span><\/a><\/li><li class=\"menu-item youtube\"><a href=\"https:\/\/www.youtube.com\/channel\/UC3epdg4chaeIdxqlQhOE7FA\" target=\"_blank\"><span class=\"visuallyhidden\">YouTube<\/span><\/a><\/li><\/ul><\/div>"}},"yoast_head":"<!-- This site is optimized with the Yoast SEO plugin v27.4 - https:\/\/yoast.com\/product\/yoast-seo-wordpress\/ -->\n<title>Dai a Lui la tua cenere - Joyce Meyer Ministries - Italiano<\/title>\n<meta name=\"description\" content=\"Joyce Meyer Ministries - Italiano - Meditazione quotidiana\" \/>\n<meta name=\"robots\" content=\"index, follow, max-snippet:-1, max-image-preview:large, max-video-preview:-1\" \/>\n<link rel=\"canonical\" href=\"https:\/\/tv.joycemeyer.org\/italiano\/devotional\/dai-la-tua-cenere\/\" \/>\n<meta property=\"og:locale\" content=\"it_IT\" \/>\n<meta property=\"og:type\" content=\"article\" \/>\n<meta property=\"og:title\" content=\"Dai a Lui la tua cenere - Joyce Meyer Ministries - Italiano\" \/>\n<meta property=\"og:description\" content=\"Joyce Meyer Ministries - Italiano - Meditazione quotidiana\" \/>\n<meta property=\"og:url\" content=\"https:\/\/tv.joycemeyer.org\/italiano\/devotional\/dai-la-tua-cenere\/\" \/>\n<meta property=\"og:site_name\" content=\"Joyce Meyer Ministries - Italiano\" \/>\n<meta property=\"article:publisher\" content=\"https:\/\/www.facebook.com\/joycemeyerministriesitaliano\/\" \/>\n<meta property=\"article:modified_time\" content=\"2025-08-20T18:14:34+00:00\" \/>\n<meta property=\"og:image\" content=\"https:\/\/tv.joycemeyer.org\/italiano\/wp-content\/uploads\/sites\/6\/2019\/06\/2396.jpg\" \/>\n\t<meta property=\"og:image:width\" content=\"1800\" \/>\n\t<meta property=\"og:image:height\" content=\"1050\" \/>\n\t<meta property=\"og:image:type\" content=\"image\/jpeg\" \/>\n<meta name=\"twitter:card\" content=\"summary_large_image\" \/>\n<meta name=\"twitter:label1\" content=\"Tempo di lettura stimato\" \/>\n\t<meta name=\"twitter:data1\" content=\"2 minuti\" \/>\n<script type=\"application\/ld+json\" class=\"yoast-schema-graph\">{\"@context\":\"https:\\\/\\\/schema.org\",\"@graph\":[{\"@type\":\"WebPage\",\"@id\":\"https:\\\/\\\/tv.joycemeyer.org\\\/italiano\\\/devotional\\\/dai-la-tua-cenere\\\/\",\"url\":\"https:\\\/\\\/tv.joycemeyer.org\\\/italiano\\\/devotional\\\/dai-la-tua-cenere\\\/\",\"name\":\"Dai a Lui la tua cenere - Joyce Meyer Ministries - Italiano\",\"isPartOf\":{\"@id\":\"https:\\\/\\\/tv.joycemeyer.org\\\/italiano\\\/#website\"},\"primaryImageOfPage\":{\"@id\":\"https:\\\/\\\/tv.joycemeyer.org\\\/italiano\\\/devotional\\\/dai-la-tua-cenere\\\/#primaryimage\"},\"image\":{\"@id\":\"https:\\\/\\\/tv.joycemeyer.org\\\/italiano\\\/devotional\\\/dai-la-tua-cenere\\\/#primaryimage\"},\"thumbnailUrl\":\"https:\\\/\\\/tv.joycemeyer.org\\\/italiano\\\/wp-content\\\/uploads\\\/sites\\\/6\\\/2019\\\/06\\\/2396.jpg\",\"datePublished\":\"2019-06-19T22:01:56+00:00\",\"dateModified\":\"2025-08-20T18:14:34+00:00\",\"description\":\"Joyce Meyer Ministries - Italiano - Meditazione quotidiana\",\"breadcrumb\":{\"@id\":\"https:\\\/\\\/tv.joycemeyer.org\\\/italiano\\\/devotional\\\/dai-la-tua-cenere\\\/#breadcrumb\"},\"inLanguage\":\"it-IT\",\"potentialAction\":[{\"@type\":\"ReadAction\",\"target\":[\"https:\\\/\\\/tv.joycemeyer.org\\\/italiano\\\/devotional\\\/dai-la-tua-cenere\\\/\"]}]},{\"@type\":\"ImageObject\",\"inLanguage\":\"it-IT\",\"@id\":\"https:\\\/\\\/tv.joycemeyer.org\\\/italiano\\\/devotional\\\/dai-la-tua-cenere\\\/#primaryimage\",\"url\":\"https:\\\/\\\/tv.joycemeyer.org\\\/italiano\\\/wp-content\\\/uploads\\\/sites\\\/6\\\/2019\\\/06\\\/2396.jpg\",\"contentUrl\":\"https:\\\/\\\/tv.joycemeyer.org\\\/italiano\\\/wp-content\\\/uploads\\\/sites\\\/6\\\/2019\\\/06\\\/2396.jpg\",\"width\":\"1800\",\"height\":\"1050\",\"caption\":\"Dai a Lui la tua cenere\"},{\"@type\":\"BreadcrumbList\",\"@id\":\"https:\\\/\\\/tv.joycemeyer.org\\\/italiano\\\/devotional\\\/dai-la-tua-cenere\\\/#breadcrumb\",\"itemListElement\":[{\"@type\":\"ListItem\",\"position\":1,\"name\":\"Home\",\"item\":\"https:\\\/\\\/tv.joycemeyer.org\\\/italiano\\\/\"},{\"@type\":\"ListItem\",\"position\":2,\"name\":\"Devotional\",\"item\":\"https:\\\/\\\/tv.joycemeyer.org\\\/italiano\\\/devotional\\\/\"},{\"@type\":\"ListItem\",\"position\":3,\"name\":\"Dai a Lui la tua cenere\"}]},{\"@type\":\"WebSite\",\"@id\":\"https:\\\/\\\/tv.joycemeyer.org\\\/italiano\\\/#website\",\"url\":\"https:\\\/\\\/tv.joycemeyer.org\\\/italiano\\\/\",\"name\":\"Joyce Meyer Ministries - Italiano\",\"description\":\"Condividiamo Cristo - Amiamo le persone\",\"potentialAction\":[{\"@type\":\"SearchAction\",\"target\":{\"@type\":\"EntryPoint\",\"urlTemplate\":\"https:\\\/\\\/tv.joycemeyer.org\\\/italiano\\\/?s={search_term_string}\"},\"query-input\":{\"@type\":\"PropertyValueSpecification\",\"valueRequired\":true,\"valueName\":\"search_term_string\"}}],\"inLanguage\":\"it-IT\"}]}<\/script>\n<!-- \/ Yoast SEO plugin. -->","yoast_head_json":{"title":"Dai a Lui la tua cenere - Joyce Meyer Ministries - Italiano","description":"Joyce Meyer Ministries - Italiano - Meditazione quotidiana","robots":{"index":"index","follow":"follow","max-snippet":"max-snippet:-1","max-image-preview":"max-image-preview:large","max-video-preview":"max-video-preview:-1"},"canonical":"https:\/\/tv.joycemeyer.org\/italiano\/devotional\/dai-la-tua-cenere\/","og_locale":"it_IT","og_type":"article","og_title":"Dai a Lui la tua cenere - Joyce Meyer Ministries - Italiano","og_description":"Joyce Meyer Ministries - Italiano - Meditazione quotidiana","og_url":"https:\/\/tv.joycemeyer.org\/italiano\/devotional\/dai-la-tua-cenere\/","og_site_name":"Joyce Meyer Ministries - Italiano","article_publisher":"https:\/\/www.facebook.com\/joycemeyerministriesitaliano\/","article_modified_time":"2025-08-20T18:14:34+00:00","og_image":[{"width":1800,"height":1050,"url":"https:\/\/tv.joycemeyer.org\/italiano\/wp-content\/uploads\/sites\/6\/2019\/06\/2396.jpg","type":"image\/jpeg"}],"twitter_card":"summary_large_image","twitter_misc":{"Tempo di lettura stimato":"2 minuti"},"schema":{"@context":"https:\/\/schema.org","@graph":[{"@type":"WebPage","@id":"https:\/\/tv.joycemeyer.org\/italiano\/devotional\/dai-la-tua-cenere\/","url":"https:\/\/tv.joycemeyer.org\/italiano\/devotional\/dai-la-tua-cenere\/","name":"Dai a Lui la tua cenere - Joyce Meyer Ministries - Italiano","isPartOf":{"@id":"https:\/\/tv.joycemeyer.org\/italiano\/#website"},"primaryImageOfPage":{"@id":"https:\/\/tv.joycemeyer.org\/italiano\/devotional\/dai-la-tua-cenere\/#primaryimage"},"image":{"@id":"https:\/\/tv.joycemeyer.org\/italiano\/devotional\/dai-la-tua-cenere\/#primaryimage"},"thumbnailUrl":"https:\/\/tv.joycemeyer.org\/italiano\/wp-content\/uploads\/sites\/6\/2019\/06\/2396.jpg","datePublished":"2019-06-19T22:01:56+00:00","dateModified":"2025-08-20T18:14:34+00:00","description":"Joyce Meyer Ministries - Italiano - Meditazione quotidiana","breadcrumb":{"@id":"https:\/\/tv.joycemeyer.org\/italiano\/devotional\/dai-la-tua-cenere\/#breadcrumb"},"inLanguage":"it-IT","potentialAction":[{"@type":"ReadAction","target":["https:\/\/tv.joycemeyer.org\/italiano\/devotional\/dai-la-tua-cenere\/"]}]},{"@type":"ImageObject","inLanguage":"it-IT","@id":"https:\/\/tv.joycemeyer.org\/italiano\/devotional\/dai-la-tua-cenere\/#primaryimage","url":"https:\/\/tv.joycemeyer.org\/italiano\/wp-content\/uploads\/sites\/6\/2019\/06\/2396.jpg","contentUrl":"https:\/\/tv.joycemeyer.org\/italiano\/wp-content\/uploads\/sites\/6\/2019\/06\/2396.jpg","width":"1800","height":"1050","caption":"Dai a Lui la tua cenere"},{"@type":"BreadcrumbList","@id":"https:\/\/tv.joycemeyer.org\/italiano\/devotional\/dai-la-tua-cenere\/#breadcrumb","itemListElement":[{"@type":"ListItem","position":1,"name":"Home","item":"https:\/\/tv.joycemeyer.org\/italiano\/"},{"@type":"ListItem","position":2,"name":"Devotional","item":"https:\/\/tv.joycemeyer.org\/italiano\/devotional\/"},{"@type":"ListItem","position":3,"name":"Dai a Lui la tua cenere"}]},{"@type":"WebSite","@id":"https:\/\/tv.joycemeyer.org\/italiano\/#website","url":"https:\/\/tv.joycemeyer.org\/italiano\/","name":"Joyce Meyer Ministries - Italiano","description":"Condividiamo Cristo - Amiamo le persone","potentialAction":[{"@type":"SearchAction","target":{"@type":"EntryPoint","urlTemplate":"https:\/\/tv.joycemeyer.org\/italiano\/?s={search_term_string}"},"query-input":{"@type":"PropertyValueSpecification","valueRequired":true,"valueName":"search_term_string"}}],"inLanguage":"it-IT"}]}},"_links":{"self":[{"href":"https:\/\/tv.joycemeyer.org\/italiano\/wp-json\/wp\/v2\/devotional\/2024","targetHints":{"allow":["GET"]}}],"collection":[{"href":"https:\/\/tv.joycemeyer.org\/italiano\/wp-json\/wp\/v2\/devotional"}],"about":[{"href":"https:\/\/tv.joycemeyer.org\/italiano\/wp-json\/wp\/v2\/types\/devotional"}],"author":[{"embeddable":true,"href":"https:\/\/tv.joycemeyer.org\/italiano\/wp-json\/wp\/v2\/users\/15"}],"replies":[{"embeddable":true,"href":"https:\/\/tv.joycemeyer.org\/italiano\/wp-json\/wp\/v2\/comments?post=2024"}],"wp:featuredmedia":[{"embeddable":true,"href":"https:\/\/tv.joycemeyer.org\/italiano\/wp-json\/wp\/v2\/media\/5110"}],"wp:attachment":[{"href":"https:\/\/tv.joycemeyer.org\/italiano\/wp-json\/wp\/v2\/media?parent=2024"}],"curies":[{"name":"wp","href":"https:\/\/api.w.org\/{rel}","templated":true}]}}

<blockquote><p>Come è lontano l’oriente dall’occidente, così ha egli allontanato da noi le nostre colpe (Salmo 103:12)</p></blockquote>
<p>Quando permettiamo a Dio di prendere i nostri disastri e trasformarli in miracoli, Egli ha la capacità di usare i nostri errori per il nostro bene, se solo confidiamo in Lui.</p>
<p>In Isaia 61:3 è scritto che Lui ci darà “un diadema invece di cenere”, ma noto che molte persone vogliono continuare a tenersi la cenere del passato come promemoria delle proprie mancanze e pecche. Io ti incoraggio invece a lasciar andare la tua cenere e ad aspirare a qualcosa di nuovo.</p>
<p>Troppe persone vivono nel passato, con la sensazione che non avranno mai più un&#8217;altra possibilità. Hai bisogno di una seconda chance? Chiedi a Dio una seconda chance, o anche una terza, o una quarta o una quinta chance, o quella che ti serve. Dio è pieno di misericordia e pazienza. La sua bontà non viene mai meno e non si esaurisce. La Bibbia dice che Lui ha allontanato da te le tue colpe, quindi non devi più restare aggrappato ad esse.</p>
<p>Gesù è venuto per alleggerire i pesi, ma devi essere disposto a lasciarli andare e credere che Lui è più grande dei tuoi errori. Dagli la tua cenere oggi.</p>
<hr />
<p>Spunto di preghiera</p>
<p>Signore, so che non mi fa affatto bene restare ancorato al passato quando Tu mi stai amorevolmente davanti per offrirmi una nuova possibilità, perciò lascio andare la mia cenere. La do a Te, impaziente di vedere quale diadema ne tirerai fuori.</p>
