{"id":2383,"date":"2019-10-25T00:01:52","date_gmt":"2019-10-24T22:01:52","guid":{"rendered":"https:\/\/tv.joycemeyer.org\/italiano\/?post_type=devotional&#038;p=2383"},"modified":"2025-08-20T21:23:41","modified_gmt":"2025-08-20T19:23:41","slug":"sii-nel-mondo-non-del-mondo","status":"publish","type":"devotional","link":"https:\/\/tv.joycemeyer.org\/italiano\/devotional\/sii-nel-mondo-non-del-mondo\/","title":{"rendered":"Sii nel mondo, non del mondo!"},"content":{"rendered":"<blockquote><p>Io non chiedo che tu li tolga dal mondo,\u00a0ma che tu li preservi e li protegga dal maligno. Essi non sono del mondo (mondani,\u00a0appartenenti al mondo), [proprio] come io non sono del mondo (Giovanni 17:15-16, AMP)<\/p><\/blockquote>\n<p>Tante persone oggi vivono in un perenne stato di sovraccarico, spingendosi fin quasi ai propri limiti. Di conseguenza, sono sul punto di crollare. Persino l&#8217;atmosfera sembra carica di ogni sorta di stress, pressione, scoraggiamento e negativit\u00e0. La buona notizia per\u00f2 \u00e8 che noi cristiani, sebbene siamo nel mondo, secondo Giovanni 17 non siamo &#8220;del&#8221; mondo.\u00a0 Vale a dire che non siamo tenuti a conformarci al sistema del mondo e a reagire come chiunque altro. Il nostro atteggiamento e il nostro approccio dovrebbero essere completamente diversi.<\/p>\n<p>Il mondo risponde alle difficolt\u00e0 irritandosi e scoraggiandosi, ma Ges\u00f9 ha detto in Giovanni 14:27 (AMP) che dovremmo smettere di agitarci, turbarci o angosciarci. Questo versetto indica che il nostro atteggiamento pu\u00f2 essere diverso da quello del mondo.<\/p>\n<p>Ho notato che un atteggiamento e un approccio corretti possono ribaltare completamente una situazione. Il giusto atteggiamento consente a Dio di intervenire in maniera soprannaturale e di aiutarti. Il giusto atteggiamento \u00e8 ci\u00f2 che ti permette di essere nel mondo ma non del mondo, anche se sei circondato da esso.<\/p>\n<p>Ricorda che Ges\u00f9 ha spogliato il mondo del potere di farci del male, e poich\u00e9 siamo in Cristo, abbiamo la capacit\u00e0 di affrontare le sfide che ci si presentano in modo sereno e fiducioso.<\/p>\n<hr \/>\n<p>Spunto di preghiera<\/p>\n<p>Signore, Tu hai detto che anche se io sono nel mondo, non sono tenuto a essere del mondo. Oggi scelgo i Tuoi atteggiamenti e i Tuoi modi di pensare. Seppur circondato dal mondo, scelgo di reagire con la Tua pace e con la mente di Cristo.<\/p>\n","protected":false},"excerpt":{"rendered":"<p>Tante persone oggi vivono in un perenne stato di sovraccarico &#8230;<\/p>\n","protected":false},"author":15,"featured_media":5389,"parent":0,"menu_order":0,"comment_status":"closed","ping_status":"closed","template":"","class_list":["post-2383","devotional","type-devotional","status-publish","has-post-thumbnail","hentry"],"acf":[],"appp":{"post_detail":{"above_title":"<div class=\"post-featured-wrap\"><img width=\"960\" height=\"560\" src=\"https:\/\/tv.joycemeyer.org\/italiano\/wp-content\/uploads\/sites\/6\/2019\/01\/1862.png\" class=\"post-featured wp-post-image\" alt=\"Sii nel mondo, non del mondo!\" decoding=\"async\" srcset=\"https:\/\/tv.joycemeyer.org\/italiano\/wp-content\/uploads\/sites\/6\/2019\/01\/1862.png 960w, https:\/\/tv.joycemeyer.org\/italiano\/wp-content\/uploads\/sites\/6\/2019\/01\/1862-300x175.png 300w, https:\/\/tv.joycemeyer.org\/italiano\/wp-content\/uploads\/sites\/6\/2019\/01\/1862-768x448.png 768w\" sizes=\"(max-width: 960px) 100vw, 960px\" \/><\/div>","below_content":"<div class=\"follow\"><h6 class=\"alt\">Connettiti con noi!<\/h6><ul class=\"nav nav--social nav--flex\"><li class=\"menu-item facebook\"><a href=\"https:\/\/www.facebook.com\/joycemeyerministriesitaliano\/\" target=\"_blank\"><span class=\"visuallyhidden\">Facebook<\/span><\/a><\/li><li class=\"menu-item instagram\"><a href=\"https:\/\/www.instagram.com\/joycemeyeritalia\/\" target=\"_blank\"><span class=\"visuallyhidden\">Instagram<\/span><\/a><\/li><li class=\"menu-item youtube\"><a href=\"https:\/\/www.youtube.com\/channel\/UC3epdg4chaeIdxqlQhOE7FA\" target=\"_blank\"><span class=\"visuallyhidden\">YouTube<\/span><\/a><\/li><\/ul><\/div>"}},"yoast_head":"<!-- This site is optimized with the Yoast SEO plugin v27.4 - https:\/\/yoast.com\/product\/yoast-seo-wordpress\/ -->\n<title>Sii nel mondo, non del mondo! - Joyce Meyer Ministries - Italiano<\/title>\n<meta name=\"description\" content=\"Joyce Meyer Ministries - Italiano - Meditazione quotidiana\" \/>\n<meta name=\"robots\" content=\"index, follow, max-snippet:-1, max-image-preview:large, max-video-preview:-1\" \/>\n<link rel=\"canonical\" href=\"https:\/\/tv.joycemeyer.org\/italiano\/devotional\/sii-nel-mondo-non-del-mondo\/\" \/>\n<meta property=\"og:locale\" content=\"it_IT\" \/>\n<meta property=\"og:type\" content=\"article\" \/>\n<meta property=\"og:title\" content=\"Sii nel mondo, non del mondo! - Joyce Meyer Ministries - Italiano\" \/>\n<meta property=\"og:description\" content=\"Joyce Meyer Ministries - Italiano - Meditazione quotidiana\" \/>\n<meta property=\"og:url\" content=\"https:\/\/tv.joycemeyer.org\/italiano\/devotional\/sii-nel-mondo-non-del-mondo\/\" \/>\n<meta property=\"og:site_name\" content=\"Joyce Meyer Ministries - Italiano\" \/>\n<meta property=\"article:publisher\" content=\"https:\/\/www.facebook.com\/joycemeyerministriesitaliano\/\" \/>\n<meta property=\"article:modified_time\" content=\"2025-08-20T19:23:41+00:00\" \/>\n<meta property=\"og:image\" content=\"https:\/\/tv.joycemeyer.org\/italiano\/wp-content\/uploads\/sites\/6\/2019\/01\/1862.png\" \/>\n\t<meta property=\"og:image:width\" content=\"960\" \/>\n\t<meta property=\"og:image:height\" content=\"560\" \/>\n\t<meta property=\"og:image:type\" content=\"image\/png\" \/>\n<meta name=\"twitter:card\" content=\"summary_large_image\" \/>\n<meta name=\"twitter:label1\" content=\"Tempo di lettura stimato\" \/>\n\t<meta name=\"twitter:data1\" content=\"2 minuti\" \/>\n<script type=\"application\/ld+json\" class=\"yoast-schema-graph\">{\"@context\":\"https:\\\/\\\/schema.org\",\"@graph\":[{\"@type\":\"WebPage\",\"@id\":\"https:\\\/\\\/tv.joycemeyer.org\\\/italiano\\\/devotional\\\/sii-nel-mondo-non-del-mondo\\\/\",\"url\":\"https:\\\/\\\/tv.joycemeyer.org\\\/italiano\\\/devotional\\\/sii-nel-mondo-non-del-mondo\\\/\",\"name\":\"Sii nel mondo, non del mondo! - Joyce Meyer Ministries - Italiano\",\"isPartOf\":{\"@id\":\"https:\\\/\\\/tv.joycemeyer.org\\\/italiano\\\/#website\"},\"primaryImageOfPage\":{\"@id\":\"https:\\\/\\\/tv.joycemeyer.org\\\/italiano\\\/devotional\\\/sii-nel-mondo-non-del-mondo\\\/#primaryimage\"},\"image\":{\"@id\":\"https:\\\/\\\/tv.joycemeyer.org\\\/italiano\\\/devotional\\\/sii-nel-mondo-non-del-mondo\\\/#primaryimage\"},\"thumbnailUrl\":\"https:\\\/\\\/tv.joycemeyer.org\\\/italiano\\\/wp-content\\\/uploads\\\/sites\\\/6\\\/2019\\\/01\\\/1862.png\",\"datePublished\":\"2019-10-24T22:01:52+00:00\",\"dateModified\":\"2025-08-20T19:23:41+00:00\",\"description\":\"Joyce Meyer Ministries - Italiano - Meditazione quotidiana\",\"breadcrumb\":{\"@id\":\"https:\\\/\\\/tv.joycemeyer.org\\\/italiano\\\/devotional\\\/sii-nel-mondo-non-del-mondo\\\/#breadcrumb\"},\"inLanguage\":\"it-IT\",\"potentialAction\":[{\"@type\":\"ReadAction\",\"target\":[\"https:\\\/\\\/tv.joycemeyer.org\\\/italiano\\\/devotional\\\/sii-nel-mondo-non-del-mondo\\\/\"]}]},{\"@type\":\"ImageObject\",\"inLanguage\":\"it-IT\",\"@id\":\"https:\\\/\\\/tv.joycemeyer.org\\\/italiano\\\/devotional\\\/sii-nel-mondo-non-del-mondo\\\/#primaryimage\",\"url\":\"https:\\\/\\\/tv.joycemeyer.org\\\/italiano\\\/wp-content\\\/uploads\\\/sites\\\/6\\\/2019\\\/01\\\/1862.png\",\"contentUrl\":\"https:\\\/\\\/tv.joycemeyer.org\\\/italiano\\\/wp-content\\\/uploads\\\/sites\\\/6\\\/2019\\\/01\\\/1862.png\",\"width\":960,\"height\":560,\"caption\":\"Sii nel mondo, non del mondo!\"},{\"@type\":\"BreadcrumbList\",\"@id\":\"https:\\\/\\\/tv.joycemeyer.org\\\/italiano\\\/devotional\\\/sii-nel-mondo-non-del-mondo\\\/#breadcrumb\",\"itemListElement\":[{\"@type\":\"ListItem\",\"position\":1,\"name\":\"Home\",\"item\":\"https:\\\/\\\/tv.joycemeyer.org\\\/italiano\\\/\"},{\"@type\":\"ListItem\",\"position\":2,\"name\":\"Devotional\",\"item\":\"https:\\\/\\\/tv.joycemeyer.org\\\/italiano\\\/devotional\\\/\"},{\"@type\":\"ListItem\",\"position\":3,\"name\":\"Sii nel mondo, non del mondo!\"}]},{\"@type\":\"WebSite\",\"@id\":\"https:\\\/\\\/tv.joycemeyer.org\\\/italiano\\\/#website\",\"url\":\"https:\\\/\\\/tv.joycemeyer.org\\\/italiano\\\/\",\"name\":\"Joyce Meyer Ministries - Italiano\",\"description\":\"Condividiamo Cristo - Amiamo le persone\",\"potentialAction\":[{\"@type\":\"SearchAction\",\"target\":{\"@type\":\"EntryPoint\",\"urlTemplate\":\"https:\\\/\\\/tv.joycemeyer.org\\\/italiano\\\/?s={search_term_string}\"},\"query-input\":{\"@type\":\"PropertyValueSpecification\",\"valueRequired\":true,\"valueName\":\"search_term_string\"}}],\"inLanguage\":\"it-IT\"}]}<\/script>\n<!-- \/ Yoast SEO plugin. -->","yoast_head_json":{"title":"Sii nel mondo, non del mondo! - Joyce Meyer Ministries - Italiano","description":"Joyce Meyer Ministries - Italiano - Meditazione quotidiana","robots":{"index":"index","follow":"follow","max-snippet":"max-snippet:-1","max-image-preview":"max-image-preview:large","max-video-preview":"max-video-preview:-1"},"canonical":"https:\/\/tv.joycemeyer.org\/italiano\/devotional\/sii-nel-mondo-non-del-mondo\/","og_locale":"it_IT","og_type":"article","og_title":"Sii nel mondo, non del mondo! - Joyce Meyer Ministries - Italiano","og_description":"Joyce Meyer Ministries - Italiano - Meditazione quotidiana","og_url":"https:\/\/tv.joycemeyer.org\/italiano\/devotional\/sii-nel-mondo-non-del-mondo\/","og_site_name":"Joyce Meyer Ministries - Italiano","article_publisher":"https:\/\/www.facebook.com\/joycemeyerministriesitaliano\/","article_modified_time":"2025-08-20T19:23:41+00:00","og_image":[{"width":960,"height":560,"url":"https:\/\/tv.joycemeyer.org\/italiano\/wp-content\/uploads\/sites\/6\/2019\/01\/1862.png","type":"image\/png"}],"twitter_card":"summary_large_image","twitter_misc":{"Tempo di lettura stimato":"2 minuti"},"schema":{"@context":"https:\/\/schema.org","@graph":[{"@type":"WebPage","@id":"https:\/\/tv.joycemeyer.org\/italiano\/devotional\/sii-nel-mondo-non-del-mondo\/","url":"https:\/\/tv.joycemeyer.org\/italiano\/devotional\/sii-nel-mondo-non-del-mondo\/","name":"Sii nel mondo, non del mondo! - Joyce Meyer Ministries - Italiano","isPartOf":{"@id":"https:\/\/tv.joycemeyer.org\/italiano\/#website"},"primaryImageOfPage":{"@id":"https:\/\/tv.joycemeyer.org\/italiano\/devotional\/sii-nel-mondo-non-del-mondo\/#primaryimage"},"image":{"@id":"https:\/\/tv.joycemeyer.org\/italiano\/devotional\/sii-nel-mondo-non-del-mondo\/#primaryimage"},"thumbnailUrl":"https:\/\/tv.joycemeyer.org\/italiano\/wp-content\/uploads\/sites\/6\/2019\/01\/1862.png","datePublished":"2019-10-24T22:01:52+00:00","dateModified":"2025-08-20T19:23:41+00:00","description":"Joyce Meyer Ministries - Italiano - Meditazione quotidiana","breadcrumb":{"@id":"https:\/\/tv.joycemeyer.org\/italiano\/devotional\/sii-nel-mondo-non-del-mondo\/#breadcrumb"},"inLanguage":"it-IT","potentialAction":[{"@type":"ReadAction","target":["https:\/\/tv.joycemeyer.org\/italiano\/devotional\/sii-nel-mondo-non-del-mondo\/"]}]},{"@type":"ImageObject","inLanguage":"it-IT","@id":"https:\/\/tv.joycemeyer.org\/italiano\/devotional\/sii-nel-mondo-non-del-mondo\/#primaryimage","url":"https:\/\/tv.joycemeyer.org\/italiano\/wp-content\/uploads\/sites\/6\/2019\/01\/1862.png","contentUrl":"https:\/\/tv.joycemeyer.org\/italiano\/wp-content\/uploads\/sites\/6\/2019\/01\/1862.png","width":960,"height":560,"caption":"Sii nel mondo, non del mondo!"},{"@type":"BreadcrumbList","@id":"https:\/\/tv.joycemeyer.org\/italiano\/devotional\/sii-nel-mondo-non-del-mondo\/#breadcrumb","itemListElement":[{"@type":"ListItem","position":1,"name":"Home","item":"https:\/\/tv.joycemeyer.org\/italiano\/"},{"@type":"ListItem","position":2,"name":"Devotional","item":"https:\/\/tv.joycemeyer.org\/italiano\/devotional\/"},{"@type":"ListItem","position":3,"name":"Sii nel mondo, non del mondo!"}]},{"@type":"WebSite","@id":"https:\/\/tv.joycemeyer.org\/italiano\/#website","url":"https:\/\/tv.joycemeyer.org\/italiano\/","name":"Joyce Meyer Ministries - Italiano","description":"Condividiamo Cristo - Amiamo le persone","potentialAction":[{"@type":"SearchAction","target":{"@type":"EntryPoint","urlTemplate":"https:\/\/tv.joycemeyer.org\/italiano\/?s={search_term_string}"},"query-input":{"@type":"PropertyValueSpecification","valueRequired":true,"valueName":"search_term_string"}}],"inLanguage":"it-IT"}]}},"_links":{"self":[{"href":"https:\/\/tv.joycemeyer.org\/italiano\/wp-json\/wp\/v2\/devotional\/2383","targetHints":{"allow":["GET"]}}],"collection":[{"href":"https:\/\/tv.joycemeyer.org\/italiano\/wp-json\/wp\/v2\/devotional"}],"about":[{"href":"https:\/\/tv.joycemeyer.org\/italiano\/wp-json\/wp\/v2\/types\/devotional"}],"author":[{"embeddable":true,"href":"https:\/\/tv.joycemeyer.org\/italiano\/wp-json\/wp\/v2\/users\/15"}],"replies":[{"embeddable":true,"href":"https:\/\/tv.joycemeyer.org\/italiano\/wp-json\/wp\/v2\/comments?post=2383"}],"wp:featuredmedia":[{"embeddable":true,"href":"https:\/\/tv.joycemeyer.org\/italiano\/wp-json\/wp\/v2\/media\/5389"}],"wp:attachment":[{"href":"https:\/\/tv.joycemeyer.org\/italiano\/wp-json\/wp\/v2\/media?parent=2383"}],"curies":[{"name":"wp","href":"https:\/\/api.w.org\/{rel}","templated":true}]}}

<blockquote><p>Io non chiedo che tu li tolga dal mondo, ma che tu li preservi e li protegga dal maligno. Essi non sono del mondo (mondani, appartenenti al mondo), [proprio] come io non sono del mondo (Giovanni 17:15-16, AMP)</p></blockquote>
<p>Tante persone oggi vivono in un perenne stato di sovraccarico, spingendosi fin quasi ai propri limiti. Di conseguenza, sono sul punto di crollare. Persino l&#8217;atmosfera sembra carica di ogni sorta di stress, pressione, scoraggiamento e negatività. La buona notizia però è che noi cristiani, sebbene siamo nel mondo, secondo Giovanni 17 non siamo &#8220;del&#8221; mondo.  Vale a dire che non siamo tenuti a conformarci al sistema del mondo e a reagire come chiunque altro. Il nostro atteggiamento e il nostro approccio dovrebbero essere completamente diversi.</p>
<p>Il mondo risponde alle difficoltà irritandosi e scoraggiandosi, ma Gesù ha detto in Giovanni 14:27 (AMP) che dovremmo smettere di agitarci, turbarci o angosciarci. Questo versetto indica che il nostro atteggiamento può essere diverso da quello del mondo.</p>
<p>Ho notato che un atteggiamento e un approccio corretti possono ribaltare completamente una situazione. Il giusto atteggiamento consente a Dio di intervenire in maniera soprannaturale e di aiutarti. Il giusto atteggiamento è ciò che ti permette di essere nel mondo ma non del mondo, anche se sei circondato da esso.</p>
<p>Ricorda che Gesù ha spogliato il mondo del potere di farci del male, e poiché siamo in Cristo, abbiamo la capacità di affrontare le sfide che ci si presentano in modo sereno e fiducioso.</p>
<hr />
<p>Spunto di preghiera</p>
<p>Signore, Tu hai detto che anche se io sono nel mondo, non sono tenuto a essere del mondo. Oggi scelgo i Tuoi atteggiamenti e i Tuoi modi di pensare. Seppur circondato dal mondo, scelgo di reagire con la Tua pace e con la mente di Cristo.</p>
