{"id":2618,"date":"2020-01-25T16:59:31","date_gmt":"2020-01-25T14:59:31","guid":{"rendered":"https:\/\/tv.joycemeyer.org\/italiano\/?post_type=devotional&#038;p=2618"},"modified":"2020-01-28T17:03:39","modified_gmt":"2020-01-28T15:03:39","slug":"una-necessita-vitale","status":"publish","type":"devotional","link":"https:\/\/tv.joycemeyer.org\/italiano\/devotional\/una-necessita-vitale\/","title":{"rendered":"Una necessit\u00e0 vitale"},"content":{"rendered":"<p><strong>Una cosa ho chiesto al Signore, e quella ricerco, perseguo e richiedo [con insistenza]: abitare nella casa del Signore [in sua presenza] tutti i giorni della mia vita, per contemplare e ammirare la bellezza [il dolce splendore e l\u2019incantevole magnificenza] del Signore, e meditare, riflettere e investigare nel suo tempio (Salmo 27:4, AMP)<\/strong><\/p>\n<p>Se desideriamo udire la voce di Dio, ricercarlo deve essere una priorit\u00e0 nella nostra vita. Nel versetto di oggi, Davide riassume qual \u00e8 l&#8217;unica necessit\u00e0 della vita: lui ricerca la presenza di Dio come necessit\u00e0<em> vitale <\/em>dell&#8217;esistenza.<\/p>\n<p>Davide aveva goduto di numerose opportunit\u00e0 per riportare successi e acquistare sicurezza. Fortificato dalla presenza di Dio, aveva abbattuto un leone e un orso a mani nude, e aveva ucciso un gigante imponente con nient&#8217;altro che una fionda e cinque piccole pietre. Dio scelse questo semplice pastorello perch\u00e9 diventasse re di Israele anche se era il fratello pi\u00f9 giovane in una famiglia di uomini che erano tutti pi\u00f9 prominenti di lui. La fama e la ricchezza che ottenne dopo queste imprese gli offrirono tutto ci\u00f2 che la maggior parte delle persone potrebbe considerare capace di procurare soddisfazione.<\/p>\n<p>Il fatto che Davide ricercasse una maggiore presenza di Dio, anche dopo averla gi\u00e0 sperimentata in svariati modi, dovrebbe farci comprendere che dobbiamo continuare a cercare Dio indipendentemente dal numero di vittorie che abbiamo gi\u00e0 riportato. Dopotutto, perfino Davide aveva bisogno di conoscere Dio in modo pi\u00f9 intimo. Io credo che abbiamo bisogno di desiderare continuamente e ricercare con tutto il cuore un&#8217;intima comunione con Dio.<\/p>\n<p>Molte persone vogliono la guida di Dio, ma non vogliono mettere da parte altre cose per poter udire la Sua voce. Davide, invece, aveva ristretto la lista dei suoi desideri a un&#8217;unica cosa: pi\u00f9 di Dio tutti i giorni della sua vita. Il testo del Salmo 27:4 \u00e8 diventato uno dei versetti-guida della mia vita che amo di pi\u00f9, e credo che l&#8217;unica cosa in grado di soddisfare veramente la brama che \u00e8 dentro di noi sia conoscere Dio oggi in modo pi\u00f9 intimo di ieri.<\/p>\n<p><strong>LA PAROLA DI DIO PER TE OGGI:<\/strong><\/p>\n<p><em>Ricerca &#8220;pi\u00f9 di Dio&#8221; nella tua vita, oggi e ogni giorno.<\/em><\/p>\n","protected":false},"excerpt":{"rendered":"<p>Se desideriamo udire la voce di Dio, ricercarlo deve essere una priorit\u00e0 nella nostra vita &#8230;<\/p>\n","protected":false},"author":15,"featured_media":2619,"parent":0,"menu_order":0,"comment_status":"closed","ping_status":"closed","template":"","class_list":["post-2618","devotional","type-devotional","status-publish","has-post-thumbnail","hentry"],"acf":[],"appp":{"post_detail":{"above_title":"<div class=\"post-featured-wrap\"><img width=\"960\" height=\"540\" src=\"https:\/\/tv.joycemeyer.org\/italiano\/wp-content\/uploads\/sites\/6\/2020\/01\/853.jpg\" class=\"post-featured wp-post-image\" alt=\"Una necessit\u00e0 vitale\" decoding=\"async\" srcset=\"https:\/\/tv.joycemeyer.org\/italiano\/wp-content\/uploads\/sites\/6\/2020\/01\/853.jpg 960w, https:\/\/tv.joycemeyer.org\/italiano\/wp-content\/uploads\/sites\/6\/2020\/01\/853-300x169.jpg 300w, https:\/\/tv.joycemeyer.org\/italiano\/wp-content\/uploads\/sites\/6\/2020\/01\/853-768x432.jpg 768w, https:\/\/tv.joycemeyer.org\/italiano\/wp-content\/uploads\/sites\/6\/2020\/01\/853-640x360.jpg 640w\" sizes=\"(max-width: 960px) 100vw, 960px\" \/><\/div>","below_content":""}},"yoast_head":"<!-- This site is optimized with the Yoast SEO plugin v27.4 - https:\/\/yoast.com\/product\/yoast-seo-wordpress\/ -->\n<title>Una necessit\u00e0 vitale - Joyce Meyer Ministries - Italiano<\/title>\n<meta name=\"description\" content=\"Joyce Meyer Ministries - Italiano - Meditazione quotidiana\" \/>\n<meta name=\"robots\" content=\"index, follow, max-snippet:-1, max-image-preview:large, max-video-preview:-1\" \/>\n<link rel=\"canonical\" href=\"https:\/\/tv.joycemeyer.org\/italiano\/devotional\/una-necessita-vitale\/\" \/>\n<meta property=\"og:locale\" content=\"it_IT\" \/>\n<meta property=\"og:type\" content=\"article\" \/>\n<meta property=\"og:title\" content=\"Una necessit\u00e0 vitale - Joyce Meyer Ministries - Italiano\" \/>\n<meta property=\"og:description\" content=\"Joyce Meyer Ministries - Italiano - Meditazione quotidiana\" \/>\n<meta property=\"og:url\" content=\"https:\/\/tv.joycemeyer.org\/italiano\/devotional\/una-necessita-vitale\/\" \/>\n<meta property=\"og:site_name\" content=\"Joyce Meyer Ministries - Italiano\" \/>\n<meta property=\"article:publisher\" content=\"https:\/\/www.facebook.com\/joycemeyerministriesitaliano\/\" \/>\n<meta property=\"article:modified_time\" content=\"2020-01-28T15:03:39+00:00\" \/>\n<meta property=\"og:image\" content=\"https:\/\/tv.joycemeyer.org\/italiano\/wp-content\/uploads\/sites\/6\/2020\/01\/853.jpg\" \/>\n\t<meta property=\"og:image:width\" content=\"960\" \/>\n\t<meta property=\"og:image:height\" content=\"540\" \/>\n\t<meta property=\"og:image:type\" content=\"image\/jpeg\" \/>\n<meta name=\"twitter:card\" content=\"summary_large_image\" \/>\n<meta name=\"twitter:label1\" content=\"Tempo di lettura stimato\" \/>\n\t<meta name=\"twitter:data1\" content=\"2 minuti\" \/>\n<script type=\"application\/ld+json\" class=\"yoast-schema-graph\">{\"@context\":\"https:\\\/\\\/schema.org\",\"@graph\":[{\"@type\":\"WebPage\",\"@id\":\"https:\\\/\\\/tv.joycemeyer.org\\\/italiano\\\/devotional\\\/una-necessita-vitale\\\/\",\"url\":\"https:\\\/\\\/tv.joycemeyer.org\\\/italiano\\\/devotional\\\/una-necessita-vitale\\\/\",\"name\":\"Una necessit\u00e0 vitale - Joyce Meyer Ministries - Italiano\",\"isPartOf\":{\"@id\":\"https:\\\/\\\/tv.joycemeyer.org\\\/italiano\\\/#website\"},\"primaryImageOfPage\":{\"@id\":\"https:\\\/\\\/tv.joycemeyer.org\\\/italiano\\\/devotional\\\/una-necessita-vitale\\\/#primaryimage\"},\"image\":{\"@id\":\"https:\\\/\\\/tv.joycemeyer.org\\\/italiano\\\/devotional\\\/una-necessita-vitale\\\/#primaryimage\"},\"thumbnailUrl\":\"https:\\\/\\\/tv.joycemeyer.org\\\/italiano\\\/wp-content\\\/uploads\\\/sites\\\/6\\\/2020\\\/01\\\/853.jpg\",\"datePublished\":\"2020-01-25T14:59:31+00:00\",\"dateModified\":\"2020-01-28T15:03:39+00:00\",\"description\":\"Joyce Meyer Ministries - Italiano - Meditazione quotidiana\",\"breadcrumb\":{\"@id\":\"https:\\\/\\\/tv.joycemeyer.org\\\/italiano\\\/devotional\\\/una-necessita-vitale\\\/#breadcrumb\"},\"inLanguage\":\"it-IT\",\"potentialAction\":[{\"@type\":\"ReadAction\",\"target\":[\"https:\\\/\\\/tv.joycemeyer.org\\\/italiano\\\/devotional\\\/una-necessita-vitale\\\/\"]}]},{\"@type\":\"ImageObject\",\"inLanguage\":\"it-IT\",\"@id\":\"https:\\\/\\\/tv.joycemeyer.org\\\/italiano\\\/devotional\\\/una-necessita-vitale\\\/#primaryimage\",\"url\":\"https:\\\/\\\/tv.joycemeyer.org\\\/italiano\\\/wp-content\\\/uploads\\\/sites\\\/6\\\/2020\\\/01\\\/853.jpg\",\"contentUrl\":\"https:\\\/\\\/tv.joycemeyer.org\\\/italiano\\\/wp-content\\\/uploads\\\/sites\\\/6\\\/2020\\\/01\\\/853.jpg\",\"width\":960,\"height\":540,\"caption\":\"Una necessit\u00e0 vitale\"},{\"@type\":\"BreadcrumbList\",\"@id\":\"https:\\\/\\\/tv.joycemeyer.org\\\/italiano\\\/devotional\\\/una-necessita-vitale\\\/#breadcrumb\",\"itemListElement\":[{\"@type\":\"ListItem\",\"position\":1,\"name\":\"Home\",\"item\":\"https:\\\/\\\/tv.joycemeyer.org\\\/italiano\\\/\"},{\"@type\":\"ListItem\",\"position\":2,\"name\":\"Devotional\",\"item\":\"https:\\\/\\\/tv.joycemeyer.org\\\/italiano\\\/devotional\\\/\"},{\"@type\":\"ListItem\",\"position\":3,\"name\":\"Una necessit\u00e0 vitale\"}]},{\"@type\":\"WebSite\",\"@id\":\"https:\\\/\\\/tv.joycemeyer.org\\\/italiano\\\/#website\",\"url\":\"https:\\\/\\\/tv.joycemeyer.org\\\/italiano\\\/\",\"name\":\"Joyce Meyer Ministries - Italiano\",\"description\":\"Condividiamo Cristo - Amiamo le persone\",\"potentialAction\":[{\"@type\":\"SearchAction\",\"target\":{\"@type\":\"EntryPoint\",\"urlTemplate\":\"https:\\\/\\\/tv.joycemeyer.org\\\/italiano\\\/?s={search_term_string}\"},\"query-input\":{\"@type\":\"PropertyValueSpecification\",\"valueRequired\":true,\"valueName\":\"search_term_string\"}}],\"inLanguage\":\"it-IT\"}]}<\/script>\n<!-- \/ Yoast SEO plugin. -->","yoast_head_json":{"title":"Una necessit\u00e0 vitale - Joyce Meyer Ministries - Italiano","description":"Joyce Meyer Ministries - Italiano - Meditazione quotidiana","robots":{"index":"index","follow":"follow","max-snippet":"max-snippet:-1","max-image-preview":"max-image-preview:large","max-video-preview":"max-video-preview:-1"},"canonical":"https:\/\/tv.joycemeyer.org\/italiano\/devotional\/una-necessita-vitale\/","og_locale":"it_IT","og_type":"article","og_title":"Una necessit\u00e0 vitale - Joyce Meyer Ministries - Italiano","og_description":"Joyce Meyer Ministries - Italiano - Meditazione quotidiana","og_url":"https:\/\/tv.joycemeyer.org\/italiano\/devotional\/una-necessita-vitale\/","og_site_name":"Joyce Meyer Ministries - Italiano","article_publisher":"https:\/\/www.facebook.com\/joycemeyerministriesitaliano\/","article_modified_time":"2020-01-28T15:03:39+00:00","og_image":[{"width":960,"height":540,"url":"https:\/\/tv.joycemeyer.org\/italiano\/wp-content\/uploads\/sites\/6\/2020\/01\/853.jpg","type":"image\/jpeg"}],"twitter_card":"summary_large_image","twitter_misc":{"Tempo di lettura stimato":"2 minuti"},"schema":{"@context":"https:\/\/schema.org","@graph":[{"@type":"WebPage","@id":"https:\/\/tv.joycemeyer.org\/italiano\/devotional\/una-necessita-vitale\/","url":"https:\/\/tv.joycemeyer.org\/italiano\/devotional\/una-necessita-vitale\/","name":"Una necessit\u00e0 vitale - Joyce Meyer Ministries - Italiano","isPartOf":{"@id":"https:\/\/tv.joycemeyer.org\/italiano\/#website"},"primaryImageOfPage":{"@id":"https:\/\/tv.joycemeyer.org\/italiano\/devotional\/una-necessita-vitale\/#primaryimage"},"image":{"@id":"https:\/\/tv.joycemeyer.org\/italiano\/devotional\/una-necessita-vitale\/#primaryimage"},"thumbnailUrl":"https:\/\/tv.joycemeyer.org\/italiano\/wp-content\/uploads\/sites\/6\/2020\/01\/853.jpg","datePublished":"2020-01-25T14:59:31+00:00","dateModified":"2020-01-28T15:03:39+00:00","description":"Joyce Meyer Ministries - Italiano - Meditazione quotidiana","breadcrumb":{"@id":"https:\/\/tv.joycemeyer.org\/italiano\/devotional\/una-necessita-vitale\/#breadcrumb"},"inLanguage":"it-IT","potentialAction":[{"@type":"ReadAction","target":["https:\/\/tv.joycemeyer.org\/italiano\/devotional\/una-necessita-vitale\/"]}]},{"@type":"ImageObject","inLanguage":"it-IT","@id":"https:\/\/tv.joycemeyer.org\/italiano\/devotional\/una-necessita-vitale\/#primaryimage","url":"https:\/\/tv.joycemeyer.org\/italiano\/wp-content\/uploads\/sites\/6\/2020\/01\/853.jpg","contentUrl":"https:\/\/tv.joycemeyer.org\/italiano\/wp-content\/uploads\/sites\/6\/2020\/01\/853.jpg","width":960,"height":540,"caption":"Una necessit\u00e0 vitale"},{"@type":"BreadcrumbList","@id":"https:\/\/tv.joycemeyer.org\/italiano\/devotional\/una-necessita-vitale\/#breadcrumb","itemListElement":[{"@type":"ListItem","position":1,"name":"Home","item":"https:\/\/tv.joycemeyer.org\/italiano\/"},{"@type":"ListItem","position":2,"name":"Devotional","item":"https:\/\/tv.joycemeyer.org\/italiano\/devotional\/"},{"@type":"ListItem","position":3,"name":"Una necessit\u00e0 vitale"}]},{"@type":"WebSite","@id":"https:\/\/tv.joycemeyer.org\/italiano\/#website","url":"https:\/\/tv.joycemeyer.org\/italiano\/","name":"Joyce Meyer Ministries - Italiano","description":"Condividiamo Cristo - Amiamo le persone","potentialAction":[{"@type":"SearchAction","target":{"@type":"EntryPoint","urlTemplate":"https:\/\/tv.joycemeyer.org\/italiano\/?s={search_term_string}"},"query-input":{"@type":"PropertyValueSpecification","valueRequired":true,"valueName":"search_term_string"}}],"inLanguage":"it-IT"}]}},"_links":{"self":[{"href":"https:\/\/tv.joycemeyer.org\/italiano\/wp-json\/wp\/v2\/devotional\/2618","targetHints":{"allow":["GET"]}}],"collection":[{"href":"https:\/\/tv.joycemeyer.org\/italiano\/wp-json\/wp\/v2\/devotional"}],"about":[{"href":"https:\/\/tv.joycemeyer.org\/italiano\/wp-json\/wp\/v2\/types\/devotional"}],"author":[{"embeddable":true,"href":"https:\/\/tv.joycemeyer.org\/italiano\/wp-json\/wp\/v2\/users\/15"}],"replies":[{"embeddable":true,"href":"https:\/\/tv.joycemeyer.org\/italiano\/wp-json\/wp\/v2\/comments?post=2618"}],"wp:featuredmedia":[{"embeddable":true,"href":"https:\/\/tv.joycemeyer.org\/italiano\/wp-json\/wp\/v2\/media\/2619"}],"wp:attachment":[{"href":"https:\/\/tv.joycemeyer.org\/italiano\/wp-json\/wp\/v2\/media?parent=2618"}],"curies":[{"name":"wp","href":"https:\/\/api.w.org\/{rel}","templated":true}]}}

Una necessità vitale

<p><strong>Una cosa ho chiesto al Signore, e quella ricerco, perseguo e richiedo [con insistenza]: abitare nella casa del Signore [in sua presenza] tutti i giorni della mia vita, per contemplare e ammirare la bellezza [il dolce splendore e l’incantevole magnificenza] del Signore, e meditare, riflettere e investigare nel suo tempio (Salmo 27:4, AMP)</strong></p>
<p>Se desideriamo udire la voce di Dio, ricercarlo deve essere una priorità nella nostra vita. Nel versetto di oggi, Davide riassume qual è l&#8217;unica necessità della vita: lui ricerca la presenza di Dio come necessità<em> vitale </em>dell&#8217;esistenza.</p>
<p>Davide aveva goduto di numerose opportunità per riportare successi e acquistare sicurezza. Fortificato dalla presenza di Dio, aveva abbattuto un leone e un orso a mani nude, e aveva ucciso un gigante imponente con nient&#8217;altro che una fionda e cinque piccole pietre. Dio scelse questo semplice pastorello perché diventasse re di Israele anche se era il fratello più giovane in una famiglia di uomini che erano tutti più prominenti di lui. La fama e la ricchezza che ottenne dopo queste imprese gli offrirono tutto ciò che la maggior parte delle persone potrebbe considerare capace di procurare soddisfazione.</p>
<p>Il fatto che Davide ricercasse una maggiore presenza di Dio, anche dopo averla già sperimentata in svariati modi, dovrebbe farci comprendere che dobbiamo continuare a cercare Dio indipendentemente dal numero di vittorie che abbiamo già riportato. Dopotutto, perfino Davide aveva bisogno di conoscere Dio in modo più intimo. Io credo che abbiamo bisogno di desiderare continuamente e ricercare con tutto il cuore un&#8217;intima comunione con Dio.</p>
<p>Molte persone vogliono la guida di Dio, ma non vogliono mettere da parte altre cose per poter udire la Sua voce. Davide, invece, aveva ristretto la lista dei suoi desideri a un&#8217;unica cosa: più di Dio tutti i giorni della sua vita. Il testo del Salmo 27:4 è diventato uno dei versetti-guida della mia vita che amo di più, e credo che l&#8217;unica cosa in grado di soddisfare veramente la brama che è dentro di noi sia conoscere Dio oggi in modo più intimo di ieri.</p>
<p><strong>LA PAROLA DI DIO PER TE OGGI:</strong></p>
<p><em>Ricerca &#8220;più di Dio&#8221; nella tua vita, oggi e ogni giorno.</em></p>

<p>Se desideriamo udire la voce di Dio, ricercarlo deve essere una priorità nella nostra vita &#8230;</p>

<div class="post-featured-wrap"><img width="960" height="540" src="https://tv.joycemeyer.org/italiano/wp-content/uploads/sites/6/2020/01/853.jpg" class="post-featured wp-post-image" alt="Una necessità vitale" decoding="async" srcset="https://tv.joycemeyer.org/italiano/wp-content/uploads/sites/6/2020/01/853.jpg 960w, https://tv.joycemeyer.org/italiano/wp-content/uploads/sites/6/2020/01/853-300x169.jpg 300w, https://tv.joycemeyer.org/italiano/wp-content/uploads/sites/6/2020/01/853-768x432.jpg 768w, https://tv.joycemeyer.org/italiano/wp-content/uploads/sites/6/2020/01/853-640x360.jpg 640w" sizes="(max-width: 960px) 100vw, 960px" /></div>

<!-- This site is optimized with the Yoast SEO plugin v27.4 - https://yoast.com/product/yoast-seo-wordpress/ -->
<title>Una necessità vitale - Joyce Meyer Ministries - Italiano</title>
<meta name="description" content="Joyce Meyer Ministries - Italiano - Meditazione quotidiana" />
<meta name="robots" content="index, follow, max-snippet:-1, max-image-preview:large, max-video-preview:-1" />
<link rel="canonical" href="https://tv.joycemeyer.org/italiano/devotional/una-necessita-vitale/" />
<meta property="og:locale" content="it_IT" />
<meta property="og:type" content="article" />
<meta property="og:title" content="Una necessità vitale - Joyce Meyer Ministries - Italiano" />
<meta property="og:description" content="Joyce Meyer Ministries - Italiano - Meditazione quotidiana" />
<meta property="og:url" content="https://tv.joycemeyer.org/italiano/devotional/una-necessita-vitale/" />
<meta property="og:site_name" content="Joyce Meyer Ministries - Italiano" />
<meta property="article:publisher" content="https://www.facebook.com/joycemeyerministriesitaliano/" />
<meta property="article:modified_time" content="2020-01-28T15:03:39+00:00" />
<meta property="og:image" content="https://tv.joycemeyer.org/italiano/wp-content/uploads/sites/6/2020/01/853.jpg" />
	<meta property="og:image:width" content="960" />
	<meta property="og:image:height" content="540" />
	<meta property="og:image:type" content="image/jpeg" />
<meta name="twitter:card" content="summary_large_image" />
<meta name="twitter:label1" content="Tempo di lettura stimato" />
	<meta name="twitter:data1" content="2 minuti" />
<script type="application/ld+json" class="yoast-schema-graph">{"@context":"https:\/\/schema.org","@graph":[{"@type":"WebPage","@id":"https:\/\/tv.joycemeyer.org\/italiano\/devotional\/una-necessita-vitale\/","url":"https:\/\/tv.joycemeyer.org\/italiano\/devotional\/una-necessita-vitale\/","name":"Una necessità vitale - Joyce Meyer Ministries - Italiano","isPartOf":{"@id":"https:\/\/tv.joycemeyer.org\/italiano\/#website"},"primaryImageOfPage":{"@id":"https:\/\/tv.joycemeyer.org\/italiano\/devotional\/una-necessita-vitale\/#primaryimage"},"image":{"@id":"https:\/\/tv.joycemeyer.org\/italiano\/devotional\/una-necessita-vitale\/#primaryimage"},"thumbnailUrl":"https:\/\/tv.joycemeyer.org\/italiano\/wp-content\/uploads\/sites\/6\/2020\/01\/853.jpg","datePublished":"2020-01-25T14:59:31+00:00","dateModified":"2020-01-28T15:03:39+00:00","description":"Joyce Meyer Ministries - Italiano - Meditazione quotidiana","breadcrumb":{"@id":"https:\/\/tv.joycemeyer.org\/italiano\/devotional\/una-necessita-vitale\/#breadcrumb"},"inLanguage":"it-IT","potentialAction":[{"@type":"ReadAction","target":["https:\/\/tv.joycemeyer.org\/italiano\/devotional\/una-necessita-vitale\/"]}]},{"@type":"ImageObject","inLanguage":"it-IT","@id":"https:\/\/tv.joycemeyer.org\/italiano\/devotional\/una-necessita-vitale\/#primaryimage","url":"https:\/\/tv.joycemeyer.org\/italiano\/wp-content\/uploads\/sites\/6\/2020\/01\/853.jpg","contentUrl":"https:\/\/tv.joycemeyer.org\/italiano\/wp-content\/uploads\/sites\/6\/2020\/01\/853.jpg","width":960,"height":540,"caption":"Una necessità vitale"},{"@type":"BreadcrumbList","@id":"https:\/\/tv.joycemeyer.org\/italiano\/devotional\/una-necessita-vitale\/#breadcrumb","itemListElement":[{"@type":"ListItem","position":1,"name":"Home","item":"https:\/\/tv.joycemeyer.org\/italiano\/"},{"@type":"ListItem","position":2,"name":"Devotional","item":"https:\/\/tv.joycemeyer.org\/italiano\/devotional\/"},{"@type":"ListItem","position":3,"name":"Una necessità vitale"}]},{"@type":"WebSite","@id":"https:\/\/tv.joycemeyer.org\/italiano\/#website","url":"https:\/\/tv.joycemeyer.org\/italiano\/","name":"Joyce Meyer Ministries - Italiano","description":"Condividiamo Cristo - Amiamo le persone","potentialAction":[{"@type":"SearchAction","target":{"@type":"EntryPoint","urlTemplate":"https:\/\/tv.joycemeyer.org\/italiano\/?s={search_term_string}"},"query-input":{"@type":"PropertyValueSpecification","valueRequired":true,"valueName":"search_term_string"}}],"inLanguage":"it-IT"}]}</script>
<!-- / Yoast SEO plugin. -->

Una necessità vitale - Joyce Meyer Ministries - Italiano
