{"id":3208,"date":"2020-09-06T19:51:59","date_gmt":"2020-09-06T17:51:59","guid":{"rendered":"https:\/\/tv.joycemeyer.org\/italiano\/?post_type=devotional&#038;p=3208"},"modified":"2020-09-08T19:53:39","modified_gmt":"2020-09-08T17:53:39","slug":"non-dimenticare-la-promessa-di-dio","status":"publish","type":"devotional","link":"https:\/\/tv.joycemeyer.org\/italiano\/devotional\/non-dimenticare-la-promessa-di-dio\/","title":{"rendered":"Non dimenticare la promessa di Dio"},"content":{"rendered":"<p><strong>Cos\u00ec Abraamo, avendo aspettato a lungo e con pazienza, ottenne e vide realizzarsi [con la nascita di Isacco come un pegno di] quello che Dio gli aveva promesso (Ebrei 6:15, AMP)\u00a0\u00a0<\/strong><\/p>\n<p>Dio fece ad Abraamo la promessa di un erede, ma lui dovette aspettare molto pi\u00f9 a lungo di quanto avrebbe mai potuto immaginare. Il versetto di oggi afferma che Abraamo \u201caspett\u00f2 a lungo e con pazienza\u201d. Sono certa che, in quei momenti, dovette ricordare a se stesso pi\u00f9 volte qual era la promessa originaria di Dio. Un&#8217;attesa prolungata pu\u00f2 spingerci a dubitare di aver perfino udito la voce di Dio. Forse in questo momento stai aspettando di vedere realizzarsi qualcosa e hai bisogno di ricordare a te stesso ci\u00f2 che Dio ha detto quando ha parlato inizialmente al tuo cuore.<\/p>\n<p>Effettivamente, il dubbio e l&#8217;incredulit\u00e0 attaccarono Abraamo ma, quando questo accadde, egli offr\u00ec ringraziamento e lode. Quando Satana attacca, non dobbiamo restare passivi, senza muovere un dito. Dovremmo, piuttosto, far guerra a lui e alle sue bugie ricordandogli cosa dicono la Parola di Dio e le Sue promesse per noi. Dichiarale a voce alta, meditale e mettile per iscritto. Quando Abacuc aspettava l&#8217;intervento di Dio, ricevette l&#8217;ordine di scrivere la visione su tavole cos\u00ec chiaramente che chiunque fosse passato avrebbe potuto leggerla (ved. Abacuc 2:2). Magari si trattava di una versione veterotestamentaria dei nostri manifesti stradali!<\/p>\n<p>Combatti il buon combattimento della fede e mantieni ferma la tua confessione. Non importa come puoi sentirti in questo preciso momento, non arrenderti, perch\u00e9 Dio \u00e8 fedele e come ha mantenuto la Sua promessa verso Abraamo a suo tempo, cos\u00ec manterr\u00e0 la Sua parola verso di te.<\/p>\n<p><strong>LA PAROLA DI DIO PER TE OGGI:<\/strong><\/p>\n<p><em>Quando parli con i tuoi amici, non ti soffermare troppo su come ti senti. Di&#8217; loro cosa dice la Parola di Dio.\u00a0\u00a0\u00a0\u00a0\u00a0\u00a0<\/em><\/p>\n","protected":false},"excerpt":{"rendered":"<p>Dio fece ad Abraamo la promessa di un erede, ma lui dovette aspettare molto pi\u00f9 a lungo di quanto avrebbe mai potuto immaginare &#8230;<\/p>\n","protected":false},"author":15,"featured_media":3209,"parent":0,"menu_order":0,"comment_status":"closed","ping_status":"closed","template":"","class_list":["post-3208","devotional","type-devotional","status-publish","has-post-thumbnail","hentry"],"acf":[],"appp":{"post_detail":{"above_title":"<div class=\"post-featured-wrap\"><img width=\"960\" height=\"539\" src=\"https:\/\/tv.joycemeyer.org\/italiano\/wp-content\/uploads\/sites\/6\/2020\/09\/1355.jpg\" class=\"post-featured wp-post-image\" alt=\"\" decoding=\"async\" srcset=\"https:\/\/tv.joycemeyer.org\/italiano\/wp-content\/uploads\/sites\/6\/2020\/09\/1355.jpg 960w, https:\/\/tv.joycemeyer.org\/italiano\/wp-content\/uploads\/sites\/6\/2020\/09\/1355-300x168.jpg 300w, https:\/\/tv.joycemeyer.org\/italiano\/wp-content\/uploads\/sites\/6\/2020\/09\/1355-768x431.jpg 768w, https:\/\/tv.joycemeyer.org\/italiano\/wp-content\/uploads\/sites\/6\/2020\/09\/1355-640x360.jpg 640w\" sizes=\"(max-width: 960px) 100vw, 960px\" \/><\/div>","below_content":""}},"yoast_head":"<!-- This site is optimized with the Yoast SEO plugin v27.4 - https:\/\/yoast.com\/product\/yoast-seo-wordpress\/ -->\n<title>Non dimenticare la promessa di Dio - Joyce Meyer Ministries - Italiano<\/title>\n<meta name=\"description\" content=\"Joyce Meyer Ministries - Italiano - Meditazione quotidiana\" \/>\n<meta name=\"robots\" content=\"index, follow, max-snippet:-1, max-image-preview:large, max-video-preview:-1\" \/>\n<link rel=\"canonical\" href=\"https:\/\/tv.joycemeyer.org\/italiano\/devotional\/non-dimenticare-la-promessa-di-dio\/\" \/>\n<meta property=\"og:locale\" content=\"it_IT\" \/>\n<meta property=\"og:type\" content=\"article\" \/>\n<meta property=\"og:title\" content=\"Non dimenticare la promessa di Dio - Joyce Meyer Ministries - Italiano\" \/>\n<meta property=\"og:description\" content=\"Joyce Meyer Ministries - Italiano - Meditazione quotidiana\" \/>\n<meta property=\"og:url\" content=\"https:\/\/tv.joycemeyer.org\/italiano\/devotional\/non-dimenticare-la-promessa-di-dio\/\" \/>\n<meta property=\"og:site_name\" content=\"Joyce Meyer Ministries - Italiano\" \/>\n<meta property=\"article:publisher\" content=\"https:\/\/www.facebook.com\/joycemeyerministriesitaliano\/\" \/>\n<meta property=\"article:modified_time\" content=\"2020-09-08T17:53:39+00:00\" \/>\n<meta property=\"og:image\" content=\"https:\/\/tv.joycemeyer.org\/italiano\/wp-content\/uploads\/sites\/6\/2020\/09\/1355.jpg\" \/>\n\t<meta property=\"og:image:width\" content=\"960\" \/>\n\t<meta property=\"og:image:height\" content=\"539\" \/>\n\t<meta property=\"og:image:type\" content=\"image\/jpeg\" \/>\n<meta name=\"twitter:card\" content=\"summary_large_image\" \/>\n<meta name=\"twitter:label1\" content=\"Tempo di lettura stimato\" \/>\n\t<meta name=\"twitter:data1\" content=\"2 minuti\" \/>\n<script type=\"application\/ld+json\" class=\"yoast-schema-graph\">{\"@context\":\"https:\\\/\\\/schema.org\",\"@graph\":[{\"@type\":\"WebPage\",\"@id\":\"https:\\\/\\\/tv.joycemeyer.org\\\/italiano\\\/devotional\\\/non-dimenticare-la-promessa-di-dio\\\/\",\"url\":\"https:\\\/\\\/tv.joycemeyer.org\\\/italiano\\\/devotional\\\/non-dimenticare-la-promessa-di-dio\\\/\",\"name\":\"Non dimenticare la promessa di Dio - Joyce Meyer Ministries - Italiano\",\"isPartOf\":{\"@id\":\"https:\\\/\\\/tv.joycemeyer.org\\\/italiano\\\/#website\"},\"primaryImageOfPage\":{\"@id\":\"https:\\\/\\\/tv.joycemeyer.org\\\/italiano\\\/devotional\\\/non-dimenticare-la-promessa-di-dio\\\/#primaryimage\"},\"image\":{\"@id\":\"https:\\\/\\\/tv.joycemeyer.org\\\/italiano\\\/devotional\\\/non-dimenticare-la-promessa-di-dio\\\/#primaryimage\"},\"thumbnailUrl\":\"https:\\\/\\\/tv.joycemeyer.org\\\/italiano\\\/wp-content\\\/uploads\\\/sites\\\/6\\\/2020\\\/09\\\/1355.jpg\",\"datePublished\":\"2020-09-06T17:51:59+00:00\",\"dateModified\":\"2020-09-08T17:53:39+00:00\",\"description\":\"Joyce Meyer Ministries - Italiano - Meditazione quotidiana\",\"breadcrumb\":{\"@id\":\"https:\\\/\\\/tv.joycemeyer.org\\\/italiano\\\/devotional\\\/non-dimenticare-la-promessa-di-dio\\\/#breadcrumb\"},\"inLanguage\":\"it-IT\",\"potentialAction\":[{\"@type\":\"ReadAction\",\"target\":[\"https:\\\/\\\/tv.joycemeyer.org\\\/italiano\\\/devotional\\\/non-dimenticare-la-promessa-di-dio\\\/\"]}]},{\"@type\":\"ImageObject\",\"inLanguage\":\"it-IT\",\"@id\":\"https:\\\/\\\/tv.joycemeyer.org\\\/italiano\\\/devotional\\\/non-dimenticare-la-promessa-di-dio\\\/#primaryimage\",\"url\":\"https:\\\/\\\/tv.joycemeyer.org\\\/italiano\\\/wp-content\\\/uploads\\\/sites\\\/6\\\/2020\\\/09\\\/1355.jpg\",\"contentUrl\":\"https:\\\/\\\/tv.joycemeyer.org\\\/italiano\\\/wp-content\\\/uploads\\\/sites\\\/6\\\/2020\\\/09\\\/1355.jpg\",\"width\":960,\"height\":539,\"caption\":\"Non dimenticare la promessa di Dio\"},{\"@type\":\"BreadcrumbList\",\"@id\":\"https:\\\/\\\/tv.joycemeyer.org\\\/italiano\\\/devotional\\\/non-dimenticare-la-promessa-di-dio\\\/#breadcrumb\",\"itemListElement\":[{\"@type\":\"ListItem\",\"position\":1,\"name\":\"Home\",\"item\":\"https:\\\/\\\/tv.joycemeyer.org\\\/italiano\\\/\"},{\"@type\":\"ListItem\",\"position\":2,\"name\":\"Devotional\",\"item\":\"https:\\\/\\\/tv.joycemeyer.org\\\/italiano\\\/devotional\\\/\"},{\"@type\":\"ListItem\",\"position\":3,\"name\":\"Non dimenticare la promessa di Dio\"}]},{\"@type\":\"WebSite\",\"@id\":\"https:\\\/\\\/tv.joycemeyer.org\\\/italiano\\\/#website\",\"url\":\"https:\\\/\\\/tv.joycemeyer.org\\\/italiano\\\/\",\"name\":\"Joyce Meyer Ministries - Italiano\",\"description\":\"Condividiamo Cristo - Amiamo le persone\",\"potentialAction\":[{\"@type\":\"SearchAction\",\"target\":{\"@type\":\"EntryPoint\",\"urlTemplate\":\"https:\\\/\\\/tv.joycemeyer.org\\\/italiano\\\/?s={search_term_string}\"},\"query-input\":{\"@type\":\"PropertyValueSpecification\",\"valueRequired\":true,\"valueName\":\"search_term_string\"}}],\"inLanguage\":\"it-IT\"}]}<\/script>\n<!-- \/ Yoast SEO plugin. -->","yoast_head_json":{"title":"Non dimenticare la promessa di Dio - Joyce Meyer Ministries - Italiano","description":"Joyce Meyer Ministries - Italiano - Meditazione quotidiana","robots":{"index":"index","follow":"follow","max-snippet":"max-snippet:-1","max-image-preview":"max-image-preview:large","max-video-preview":"max-video-preview:-1"},"canonical":"https:\/\/tv.joycemeyer.org\/italiano\/devotional\/non-dimenticare-la-promessa-di-dio\/","og_locale":"it_IT","og_type":"article","og_title":"Non dimenticare la promessa di Dio - Joyce Meyer Ministries - Italiano","og_description":"Joyce Meyer Ministries - Italiano - Meditazione quotidiana","og_url":"https:\/\/tv.joycemeyer.org\/italiano\/devotional\/non-dimenticare-la-promessa-di-dio\/","og_site_name":"Joyce Meyer Ministries - Italiano","article_publisher":"https:\/\/www.facebook.com\/joycemeyerministriesitaliano\/","article_modified_time":"2020-09-08T17:53:39+00:00","og_image":[{"width":960,"height":539,"url":"https:\/\/tv.joycemeyer.org\/italiano\/wp-content\/uploads\/sites\/6\/2020\/09\/1355.jpg","type":"image\/jpeg"}],"twitter_card":"summary_large_image","twitter_misc":{"Tempo di lettura stimato":"2 minuti"},"schema":{"@context":"https:\/\/schema.org","@graph":[{"@type":"WebPage","@id":"https:\/\/tv.joycemeyer.org\/italiano\/devotional\/non-dimenticare-la-promessa-di-dio\/","url":"https:\/\/tv.joycemeyer.org\/italiano\/devotional\/non-dimenticare-la-promessa-di-dio\/","name":"Non dimenticare la promessa di Dio - Joyce Meyer Ministries - Italiano","isPartOf":{"@id":"https:\/\/tv.joycemeyer.org\/italiano\/#website"},"primaryImageOfPage":{"@id":"https:\/\/tv.joycemeyer.org\/italiano\/devotional\/non-dimenticare-la-promessa-di-dio\/#primaryimage"},"image":{"@id":"https:\/\/tv.joycemeyer.org\/italiano\/devotional\/non-dimenticare-la-promessa-di-dio\/#primaryimage"},"thumbnailUrl":"https:\/\/tv.joycemeyer.org\/italiano\/wp-content\/uploads\/sites\/6\/2020\/09\/1355.jpg","datePublished":"2020-09-06T17:51:59+00:00","dateModified":"2020-09-08T17:53:39+00:00","description":"Joyce Meyer Ministries - Italiano - Meditazione quotidiana","breadcrumb":{"@id":"https:\/\/tv.joycemeyer.org\/italiano\/devotional\/non-dimenticare-la-promessa-di-dio\/#breadcrumb"},"inLanguage":"it-IT","potentialAction":[{"@type":"ReadAction","target":["https:\/\/tv.joycemeyer.org\/italiano\/devotional\/non-dimenticare-la-promessa-di-dio\/"]}]},{"@type":"ImageObject","inLanguage":"it-IT","@id":"https:\/\/tv.joycemeyer.org\/italiano\/devotional\/non-dimenticare-la-promessa-di-dio\/#primaryimage","url":"https:\/\/tv.joycemeyer.org\/italiano\/wp-content\/uploads\/sites\/6\/2020\/09\/1355.jpg","contentUrl":"https:\/\/tv.joycemeyer.org\/italiano\/wp-content\/uploads\/sites\/6\/2020\/09\/1355.jpg","width":960,"height":539,"caption":"Non dimenticare la promessa di Dio"},{"@type":"BreadcrumbList","@id":"https:\/\/tv.joycemeyer.org\/italiano\/devotional\/non-dimenticare-la-promessa-di-dio\/#breadcrumb","itemListElement":[{"@type":"ListItem","position":1,"name":"Home","item":"https:\/\/tv.joycemeyer.org\/italiano\/"},{"@type":"ListItem","position":2,"name":"Devotional","item":"https:\/\/tv.joycemeyer.org\/italiano\/devotional\/"},{"@type":"ListItem","position":3,"name":"Non dimenticare la promessa di Dio"}]},{"@type":"WebSite","@id":"https:\/\/tv.joycemeyer.org\/italiano\/#website","url":"https:\/\/tv.joycemeyer.org\/italiano\/","name":"Joyce Meyer Ministries - Italiano","description":"Condividiamo Cristo - Amiamo le persone","potentialAction":[{"@type":"SearchAction","target":{"@type":"EntryPoint","urlTemplate":"https:\/\/tv.joycemeyer.org\/italiano\/?s={search_term_string}"},"query-input":{"@type":"PropertyValueSpecification","valueRequired":true,"valueName":"search_term_string"}}],"inLanguage":"it-IT"}]}},"_links":{"self":[{"href":"https:\/\/tv.joycemeyer.org\/italiano\/wp-json\/wp\/v2\/devotional\/3208","targetHints":{"allow":["GET"]}}],"collection":[{"href":"https:\/\/tv.joycemeyer.org\/italiano\/wp-json\/wp\/v2\/devotional"}],"about":[{"href":"https:\/\/tv.joycemeyer.org\/italiano\/wp-json\/wp\/v2\/types\/devotional"}],"author":[{"embeddable":true,"href":"https:\/\/tv.joycemeyer.org\/italiano\/wp-json\/wp\/v2\/users\/15"}],"replies":[{"embeddable":true,"href":"https:\/\/tv.joycemeyer.org\/italiano\/wp-json\/wp\/v2\/comments?post=3208"}],"wp:featuredmedia":[{"embeddable":true,"href":"https:\/\/tv.joycemeyer.org\/italiano\/wp-json\/wp\/v2\/media\/3209"}],"wp:attachment":[{"href":"https:\/\/tv.joycemeyer.org\/italiano\/wp-json\/wp\/v2\/media?parent=3208"}],"curies":[{"name":"wp","href":"https:\/\/api.w.org\/{rel}","templated":true}]}}

<p><strong>Così Abraamo, avendo aspettato a lungo e con pazienza, ottenne e vide realizzarsi [con la nascita di Isacco come un pegno di] quello che Dio gli aveva promesso (Ebrei 6:15, AMP)  </strong></p>
<p>Dio fece ad Abraamo la promessa di un erede, ma lui dovette aspettare molto più a lungo di quanto avrebbe mai potuto immaginare. Il versetto di oggi afferma che Abraamo “aspettò a lungo e con pazienza”. Sono certa che, in quei momenti, dovette ricordare a se stesso più volte qual era la promessa originaria di Dio. Un&#8217;attesa prolungata può spingerci a dubitare di aver perfino udito la voce di Dio. Forse in questo momento stai aspettando di vedere realizzarsi qualcosa e hai bisogno di ricordare a te stesso ciò che Dio ha detto quando ha parlato inizialmente al tuo cuore.</p>
<p>Effettivamente, il dubbio e l&#8217;incredulità attaccarono Abraamo ma, quando questo accadde, egli offrì ringraziamento e lode. Quando Satana attacca, non dobbiamo restare passivi, senza muovere un dito. Dovremmo, piuttosto, far guerra a lui e alle sue bugie ricordandogli cosa dicono la Parola di Dio e le Sue promesse per noi. Dichiarale a voce alta, meditale e mettile per iscritto. Quando Abacuc aspettava l&#8217;intervento di Dio, ricevette l&#8217;ordine di scrivere la visione su tavole così chiaramente che chiunque fosse passato avrebbe potuto leggerla (ved. Abacuc 2:2). Magari si trattava di una versione veterotestamentaria dei nostri manifesti stradali!</p>
<p>Combatti il buon combattimento della fede e mantieni ferma la tua confessione. Non importa come puoi sentirti in questo preciso momento, non arrenderti, perché Dio è fedele e come ha mantenuto la Sua promessa verso Abraamo a suo tempo, così manterrà la Sua parola verso di te.</p>
<p><strong>LA PAROLA DI DIO PER TE OGGI:</strong></p>
<p><em>Quando parli con i tuoi amici, non ti soffermare troppo su come ti senti. Di&#8217; loro cosa dice la Parola di Dio.      </em></p>

<p>Dio fece ad Abraamo la promessa di un erede, ma lui dovette aspettare molto più a lungo di quanto avrebbe mai potuto immaginare &#8230;</p>
