{"id":3282,"date":"2020-09-26T16:59:09","date_gmt":"2020-09-26T14:59:09","guid":{"rendered":"https:\/\/tv.joycemeyer.org\/italiano\/?post_type=devotional&#038;p=3282"},"modified":"2020-09-28T17:00:19","modified_gmt":"2020-09-28T15:00:19","slug":"dichiara-la-parola","status":"publish","type":"devotional","link":"https:\/\/tv.joycemeyer.org\/italiano\/devotional\/dichiara-la-parola\/","title":{"rendered":"Dichiara la Parola"},"content":{"rendered":"<p><strong>La mia lingua annunzier\u00e0\u00a0la tua parola, perch\u00e9 tutti i tuoi comandamenti sono giusti (Salmo 119:172)\u00a0<\/strong><\/p>\n<p>La Parola di Dio, espressa nella Bibbia, \u00e8 un vero tesoro. \u00c8 una miniera di saggezza, direttive, verit\u00e0 e di tutto ci\u00f2 che ci occorre per vivere una vita che abbia un proposito, potente e di successo. Dobbiamo fare in modo che la Parola dia forma alle nostre preghiere, dichiarandola in ogni circostanza e situazione. Dichiarare significa \u201cesprimere chiaramente\u201d, perci\u00f2 quando dichiariamo la Parola, esprimiamo chiaramente con la bocca le stesse cose che dice Dio, accordandoci con Lui. Se desideriamo davvero una relazione profonda e dinamica con Dio, dobbiamo accordarci con Lui e non c&#8217;\u00e8 niente che possa aiutarci a farlo pi\u00f9 del dichiarare la Parola. Le nostre dichiarazioni rafforzano la conoscenza che abbiamo della Scrittura e la nostra fede in Dio, che a loro volta rendono pi\u00f9 precise ed efficaci le nostre preghiere.<\/p>\n<p>Per poter dichiarare la Parola, dobbiamo conoscerla: soltanto se sappiamo che cosa Dio ha fatto e ha detto possiamo essere in accordo con Lui. Spesso incontro persone che chiedono a Dio di ricevere qualcosa che gi\u00e0 possiedono o di essere qualcosa che gi\u00e0 sono. A loro voglio dire: \u201cSmettete di pregare cos\u00ec! Dio ha gi\u00e0 compiuto l&#8217;opera che Gli state chiedendo di realizzare\u201d. Non c&#8217;\u00e8 bisogno di chiedere a Dio di benedirti, perch\u00e9 lo ha gi\u00e0 fatto. Sarebbe meglio dire: \u201cGrazie, Signore, perch\u00e9 secondo la Tua Parola sono benedetto\u201d. Le preghiere con cui chiediamo a Dio qualcosa che Egli ci ha gi\u00e0 dato non servono assolutamente a nulla. Quando preghiamo Dio citando la Sua Parola o Gliela ricordiamo, stiamo onorando quella Parola e stiamo ricordando a noi stessi ci\u00f2 che essa dice. Ogni volta che pronunciamo la Sua Parola con la nostra bocca, dal cielo viene rilasciata una potenza capace di cambiare le cose sulla terra!<\/p>\n<p><strong>LA PAROLA DI DIO PER TE OGGI:<\/strong><\/p>\n<p><em>La Parola di Dio pronunciata con fede \u00e8 una delle forze pi\u00f9 potenti che ci siano in cielo e sulla terra.\u00a0<\/em><\/p>\n","protected":false},"excerpt":{"rendered":"<p>La Parola di Dio, espressa nella Bibbia, \u00e8 un vero tesoro &#8230;<\/p>\n","protected":false},"author":15,"featured_media":3283,"parent":0,"menu_order":0,"comment_status":"closed","ping_status":"closed","template":"","class_list":["post-3282","devotional","type-devotional","status-publish","has-post-thumbnail","hentry"],"acf":[],"appp":{"post_detail":{"above_title":"<div class=\"post-featured-wrap\"><img width=\"960\" height=\"540\" src=\"https:\/\/tv.joycemeyer.org\/italiano\/wp-content\/uploads\/sites\/6\/2020\/09\/1503.jpg\" class=\"post-featured wp-post-image\" alt=\"\" decoding=\"async\" srcset=\"https:\/\/tv.joycemeyer.org\/italiano\/wp-content\/uploads\/sites\/6\/2020\/09\/1503.jpg 960w, https:\/\/tv.joycemeyer.org\/italiano\/wp-content\/uploads\/sites\/6\/2020\/09\/1503-300x169.jpg 300w, https:\/\/tv.joycemeyer.org\/italiano\/wp-content\/uploads\/sites\/6\/2020\/09\/1503-768x432.jpg 768w, https:\/\/tv.joycemeyer.org\/italiano\/wp-content\/uploads\/sites\/6\/2020\/09\/1503-640x360.jpg 640w\" sizes=\"(max-width: 960px) 100vw, 960px\" \/><\/div>","below_content":""}},"yoast_head":"<!-- This site is optimized with the Yoast SEO plugin v27.4 - https:\/\/yoast.com\/product\/yoast-seo-wordpress\/ -->\n<title>Dichiara la Parola - Joyce Meyer Ministries - Italiano<\/title>\n<meta name=\"description\" content=\"Joyce Meyer Ministries - Italiano - Meditazione quotidiana\" \/>\n<meta name=\"robots\" content=\"index, follow, max-snippet:-1, max-image-preview:large, max-video-preview:-1\" \/>\n<link rel=\"canonical\" href=\"https:\/\/tv.joycemeyer.org\/italiano\/devotional\/dichiara-la-parola\/\" \/>\n<meta property=\"og:locale\" content=\"it_IT\" \/>\n<meta property=\"og:type\" content=\"article\" \/>\n<meta property=\"og:title\" content=\"Dichiara la Parola - Joyce Meyer Ministries - Italiano\" \/>\n<meta property=\"og:description\" content=\"Joyce Meyer Ministries - Italiano - Meditazione quotidiana\" \/>\n<meta property=\"og:url\" content=\"https:\/\/tv.joycemeyer.org\/italiano\/devotional\/dichiara-la-parola\/\" \/>\n<meta property=\"og:site_name\" content=\"Joyce Meyer Ministries - Italiano\" \/>\n<meta property=\"article:publisher\" content=\"https:\/\/www.facebook.com\/joycemeyerministriesitaliano\/\" \/>\n<meta property=\"article:modified_time\" content=\"2020-09-28T15:00:19+00:00\" \/>\n<meta property=\"og:image\" content=\"https:\/\/tv.joycemeyer.org\/italiano\/wp-content\/uploads\/sites\/6\/2020\/09\/1503.jpg\" \/>\n\t<meta property=\"og:image:width\" content=\"960\" \/>\n\t<meta property=\"og:image:height\" content=\"540\" \/>\n\t<meta property=\"og:image:type\" content=\"image\/jpeg\" \/>\n<meta name=\"twitter:card\" content=\"summary_large_image\" \/>\n<meta name=\"twitter:label1\" content=\"Tempo di lettura stimato\" \/>\n\t<meta name=\"twitter:data1\" content=\"2 minuti\" \/>\n<script type=\"application\/ld+json\" class=\"yoast-schema-graph\">{\"@context\":\"https:\\\/\\\/schema.org\",\"@graph\":[{\"@type\":\"WebPage\",\"@id\":\"https:\\\/\\\/tv.joycemeyer.org\\\/italiano\\\/devotional\\\/dichiara-la-parola\\\/\",\"url\":\"https:\\\/\\\/tv.joycemeyer.org\\\/italiano\\\/devotional\\\/dichiara-la-parola\\\/\",\"name\":\"Dichiara la Parola - Joyce Meyer Ministries - Italiano\",\"isPartOf\":{\"@id\":\"https:\\\/\\\/tv.joycemeyer.org\\\/italiano\\\/#website\"},\"primaryImageOfPage\":{\"@id\":\"https:\\\/\\\/tv.joycemeyer.org\\\/italiano\\\/devotional\\\/dichiara-la-parola\\\/#primaryimage\"},\"image\":{\"@id\":\"https:\\\/\\\/tv.joycemeyer.org\\\/italiano\\\/devotional\\\/dichiara-la-parola\\\/#primaryimage\"},\"thumbnailUrl\":\"https:\\\/\\\/tv.joycemeyer.org\\\/italiano\\\/wp-content\\\/uploads\\\/sites\\\/6\\\/2020\\\/09\\\/1503.jpg\",\"datePublished\":\"2020-09-26T14:59:09+00:00\",\"dateModified\":\"2020-09-28T15:00:19+00:00\",\"description\":\"Joyce Meyer Ministries - Italiano - Meditazione quotidiana\",\"breadcrumb\":{\"@id\":\"https:\\\/\\\/tv.joycemeyer.org\\\/italiano\\\/devotional\\\/dichiara-la-parola\\\/#breadcrumb\"},\"inLanguage\":\"it-IT\",\"potentialAction\":[{\"@type\":\"ReadAction\",\"target\":[\"https:\\\/\\\/tv.joycemeyer.org\\\/italiano\\\/devotional\\\/dichiara-la-parola\\\/\"]}]},{\"@type\":\"ImageObject\",\"inLanguage\":\"it-IT\",\"@id\":\"https:\\\/\\\/tv.joycemeyer.org\\\/italiano\\\/devotional\\\/dichiara-la-parola\\\/#primaryimage\",\"url\":\"https:\\\/\\\/tv.joycemeyer.org\\\/italiano\\\/wp-content\\\/uploads\\\/sites\\\/6\\\/2020\\\/09\\\/1503.jpg\",\"contentUrl\":\"https:\\\/\\\/tv.joycemeyer.org\\\/italiano\\\/wp-content\\\/uploads\\\/sites\\\/6\\\/2020\\\/09\\\/1503.jpg\",\"width\":\"960\",\"height\":\"540\",\"caption\":\"Dichiara la Parola\"},{\"@type\":\"BreadcrumbList\",\"@id\":\"https:\\\/\\\/tv.joycemeyer.org\\\/italiano\\\/devotional\\\/dichiara-la-parola\\\/#breadcrumb\",\"itemListElement\":[{\"@type\":\"ListItem\",\"position\":1,\"name\":\"Home\",\"item\":\"https:\\\/\\\/tv.joycemeyer.org\\\/italiano\\\/\"},{\"@type\":\"ListItem\",\"position\":2,\"name\":\"Devotional\",\"item\":\"https:\\\/\\\/tv.joycemeyer.org\\\/italiano\\\/devotional\\\/\"},{\"@type\":\"ListItem\",\"position\":3,\"name\":\"Dichiara la Parola\"}]},{\"@type\":\"WebSite\",\"@id\":\"https:\\\/\\\/tv.joycemeyer.org\\\/italiano\\\/#website\",\"url\":\"https:\\\/\\\/tv.joycemeyer.org\\\/italiano\\\/\",\"name\":\"Joyce Meyer Ministries - Italiano\",\"description\":\"Condividiamo Cristo - Amiamo le persone\",\"potentialAction\":[{\"@type\":\"SearchAction\",\"target\":{\"@type\":\"EntryPoint\",\"urlTemplate\":\"https:\\\/\\\/tv.joycemeyer.org\\\/italiano\\\/?s={search_term_string}\"},\"query-input\":{\"@type\":\"PropertyValueSpecification\",\"valueRequired\":true,\"valueName\":\"search_term_string\"}}],\"inLanguage\":\"it-IT\"}]}<\/script>\n<!-- \/ Yoast SEO plugin. -->","yoast_head_json":{"title":"Dichiara la Parola - Joyce Meyer Ministries - Italiano","description":"Joyce Meyer Ministries - Italiano - Meditazione quotidiana","robots":{"index":"index","follow":"follow","max-snippet":"max-snippet:-1","max-image-preview":"max-image-preview:large","max-video-preview":"max-video-preview:-1"},"canonical":"https:\/\/tv.joycemeyer.org\/italiano\/devotional\/dichiara-la-parola\/","og_locale":"it_IT","og_type":"article","og_title":"Dichiara la Parola - Joyce Meyer Ministries - Italiano","og_description":"Joyce Meyer Ministries - Italiano - Meditazione quotidiana","og_url":"https:\/\/tv.joycemeyer.org\/italiano\/devotional\/dichiara-la-parola\/","og_site_name":"Joyce Meyer Ministries - Italiano","article_publisher":"https:\/\/www.facebook.com\/joycemeyerministriesitaliano\/","article_modified_time":"2020-09-28T15:00:19+00:00","og_image":[{"width":960,"height":540,"url":"https:\/\/tv.joycemeyer.org\/italiano\/wp-content\/uploads\/sites\/6\/2020\/09\/1503.jpg","type":"image\/jpeg"}],"twitter_card":"summary_large_image","twitter_misc":{"Tempo di lettura stimato":"2 minuti"},"schema":{"@context":"https:\/\/schema.org","@graph":[{"@type":"WebPage","@id":"https:\/\/tv.joycemeyer.org\/italiano\/devotional\/dichiara-la-parola\/","url":"https:\/\/tv.joycemeyer.org\/italiano\/devotional\/dichiara-la-parola\/","name":"Dichiara la Parola - Joyce Meyer Ministries - Italiano","isPartOf":{"@id":"https:\/\/tv.joycemeyer.org\/italiano\/#website"},"primaryImageOfPage":{"@id":"https:\/\/tv.joycemeyer.org\/italiano\/devotional\/dichiara-la-parola\/#primaryimage"},"image":{"@id":"https:\/\/tv.joycemeyer.org\/italiano\/devotional\/dichiara-la-parola\/#primaryimage"},"thumbnailUrl":"https:\/\/tv.joycemeyer.org\/italiano\/wp-content\/uploads\/sites\/6\/2020\/09\/1503.jpg","datePublished":"2020-09-26T14:59:09+00:00","dateModified":"2020-09-28T15:00:19+00:00","description":"Joyce Meyer Ministries - Italiano - Meditazione quotidiana","breadcrumb":{"@id":"https:\/\/tv.joycemeyer.org\/italiano\/devotional\/dichiara-la-parola\/#breadcrumb"},"inLanguage":"it-IT","potentialAction":[{"@type":"ReadAction","target":["https:\/\/tv.joycemeyer.org\/italiano\/devotional\/dichiara-la-parola\/"]}]},{"@type":"ImageObject","inLanguage":"it-IT","@id":"https:\/\/tv.joycemeyer.org\/italiano\/devotional\/dichiara-la-parola\/#primaryimage","url":"https:\/\/tv.joycemeyer.org\/italiano\/wp-content\/uploads\/sites\/6\/2020\/09\/1503.jpg","contentUrl":"https:\/\/tv.joycemeyer.org\/italiano\/wp-content\/uploads\/sites\/6\/2020\/09\/1503.jpg","width":"960","height":"540","caption":"Dichiara la Parola"},{"@type":"BreadcrumbList","@id":"https:\/\/tv.joycemeyer.org\/italiano\/devotional\/dichiara-la-parola\/#breadcrumb","itemListElement":[{"@type":"ListItem","position":1,"name":"Home","item":"https:\/\/tv.joycemeyer.org\/italiano\/"},{"@type":"ListItem","position":2,"name":"Devotional","item":"https:\/\/tv.joycemeyer.org\/italiano\/devotional\/"},{"@type":"ListItem","position":3,"name":"Dichiara la Parola"}]},{"@type":"WebSite","@id":"https:\/\/tv.joycemeyer.org\/italiano\/#website","url":"https:\/\/tv.joycemeyer.org\/italiano\/","name":"Joyce Meyer Ministries - Italiano","description":"Condividiamo Cristo - Amiamo le persone","potentialAction":[{"@type":"SearchAction","target":{"@type":"EntryPoint","urlTemplate":"https:\/\/tv.joycemeyer.org\/italiano\/?s={search_term_string}"},"query-input":{"@type":"PropertyValueSpecification","valueRequired":true,"valueName":"search_term_string"}}],"inLanguage":"it-IT"}]}},"_links":{"self":[{"href":"https:\/\/tv.joycemeyer.org\/italiano\/wp-json\/wp\/v2\/devotional\/3282","targetHints":{"allow":["GET"]}}],"collection":[{"href":"https:\/\/tv.joycemeyer.org\/italiano\/wp-json\/wp\/v2\/devotional"}],"about":[{"href":"https:\/\/tv.joycemeyer.org\/italiano\/wp-json\/wp\/v2\/types\/devotional"}],"author":[{"embeddable":true,"href":"https:\/\/tv.joycemeyer.org\/italiano\/wp-json\/wp\/v2\/users\/15"}],"replies":[{"embeddable":true,"href":"https:\/\/tv.joycemeyer.org\/italiano\/wp-json\/wp\/v2\/comments?post=3282"}],"wp:featuredmedia":[{"embeddable":true,"href":"https:\/\/tv.joycemeyer.org\/italiano\/wp-json\/wp\/v2\/media\/3283"}],"wp:attachment":[{"href":"https:\/\/tv.joycemeyer.org\/italiano\/wp-json\/wp\/v2\/media?parent=3282"}],"curies":[{"name":"wp","href":"https:\/\/api.w.org\/{rel}","templated":true}]}}

<p><strong>La mia lingua annunzierà la tua parola, perché tutti i tuoi comandamenti sono giusti (Salmo 119:172) </strong></p>
<p>La Parola di Dio, espressa nella Bibbia, è un vero tesoro. È una miniera di saggezza, direttive, verità e di tutto ciò che ci occorre per vivere una vita che abbia un proposito, potente e di successo. Dobbiamo fare in modo che la Parola dia forma alle nostre preghiere, dichiarandola in ogni circostanza e situazione. Dichiarare significa “esprimere chiaramente”, perciò quando dichiariamo la Parola, esprimiamo chiaramente con la bocca le stesse cose che dice Dio, accordandoci con Lui. Se desideriamo davvero una relazione profonda e dinamica con Dio, dobbiamo accordarci con Lui e non c&#8217;è niente che possa aiutarci a farlo più del dichiarare la Parola. Le nostre dichiarazioni rafforzano la conoscenza che abbiamo della Scrittura e la nostra fede in Dio, che a loro volta rendono più precise ed efficaci le nostre preghiere.</p>
<p>Per poter dichiarare la Parola, dobbiamo conoscerla: soltanto se sappiamo che cosa Dio ha fatto e ha detto possiamo essere in accordo con Lui. Spesso incontro persone che chiedono a Dio di ricevere qualcosa che già possiedono o di essere qualcosa che già sono. A loro voglio dire: “Smettete di pregare così! Dio ha già compiuto l&#8217;opera che Gli state chiedendo di realizzare”. Non c&#8217;è bisogno di chiedere a Dio di benedirti, perché lo ha già fatto. Sarebbe meglio dire: “Grazie, Signore, perché secondo la Tua Parola sono benedetto”. Le preghiere con cui chiediamo a Dio qualcosa che Egli ci ha già dato non servono assolutamente a nulla. Quando preghiamo Dio citando la Sua Parola o Gliela ricordiamo, stiamo onorando quella Parola e stiamo ricordando a noi stessi ciò che essa dice. Ogni volta che pronunciamo la Sua Parola con la nostra bocca, dal cielo viene rilasciata una potenza capace di cambiare le cose sulla terra!</p>
<p><strong>LA PAROLA DI DIO PER TE OGGI:</strong></p>
<p><em>La Parola di Dio pronunciata con fede è una delle forze più potenti che ci siano in cielo e sulla terra. </em></p>

<p>La Parola di Dio, espressa nella Bibbia, è un vero tesoro &#8230;</p>
