{"id":3323,"date":"2020-10-17T20:32:15","date_gmt":"2020-10-17T18:32:15","guid":{"rendered":"https:\/\/tv.joycemeyer.org\/italiano\/?post_type=devotional&#038;p=3323"},"modified":"2020-10-20T20:33:32","modified_gmt":"2020-10-20T18:33:32","slug":"le-autorita-sono-stabilite-da-dio","status":"publish","type":"devotional","link":"https:\/\/tv.joycemeyer.org\/italiano\/devotional\/le-autorita-sono-stabilite-da-dio\/","title":{"rendered":"Le autorit\u00e0 sono stabilite da Dio"},"content":{"rendered":"<p><strong>Ogni persona stia<\/strong><strong> le<\/strong><strong>almente<\/strong><strong> sottomessa alle autorit\u00e0 (civili) superiori; perch\u00e9 non vi \u00e8 autorit\u00e0 se non da Dio [con il suo permesso, da Lui sancita]; e le autorit\u00e0 che esistono sono stabilite da Dio (Romani 13:1)<\/strong><\/p>\n<p>La nostra vita quotidiana dovrebbe esibire un atteggiamento di onore e sottomissione nei riguardi delle autorit\u00e0. Dio, infatti, le stabilisce per proteggerci e sostenerci. Persino i segnali stradali posizionati dalle autorit\u00e0 dovrebbero essere rispettati. Se, ad esempio, c&#8217;\u00e8 un cartello &#8220;Divieto di sosta&#8221;, rispettalo. Se l&#8217;unico posteggio disponibile \u00e8 quello per disabili e tu non lo sei, non parcheggiare l\u00e0 anche se ti toccher\u00e0 fare parecchia strada a piedi! Se il semaforo \u00e8 rosso, non attraversare la strada, anche se in quel momento vai di fretta. Se sulla strada c&#8217;\u00e8 la striscia continua, non sorpassare l&#8217;auto che ti sta davanti.<\/p>\n<p>Forse penserai: &#8220;Ma queste cose non fanno alcuna differenza, si tratta di piccolezze. Io ho ben altri problemi a cui pensare!&#8221;. Ebbene, i nostri problemi non si risolveranno fino a quando non impareremo che scegliere di rispettare o meno le autorit\u00e0 \u00e8 una scelta quotidiana e apparentemente poco importante che per\u00f2 avr\u00e0 un enorme impatto sulla nostra vita.<\/p>\n<p>Comportamenti simili a quelli che ho appena descritto riflettono un atteggiamento irrispettoso verso le autorit\u00e0, e questo ci impedir\u00e0 di udire la voce di Dio, perch\u00e9 Dio stesso le stabilisce nella nostra vita e vuole che le onoriamo. Quando onoriamo le nostre autorit\u00e0, onoriamo Dio.<\/p>\n<p><strong>LA PAROLA DI DIO PER TE OGGI: <\/strong><\/p>\n<p><em>Assicurati di obbedire a Dio nelle piccole cose, ed essere faranno una grande differenza nella tua vita.\u00a0\u00a0\u00a0\u00a0\u00a0\u00a0\u00a0\u00a0<\/em><\/p>\n","protected":false},"excerpt":{"rendered":"<p>Ogni persona stia lealmente sottomessa alle autorit\u00e0 (civili) superiori; perch\u00e9 non vi \u00e8 autorit\u00e0 se non da Dio [con il suo permesso, da Lui sancita]; e le autorit\u00e0 che esistono sono stabilite da Dio (Romani 13:1) La nostra vita quotidiana dovrebbe esibire un atteggiamento di onore e sottomissione nei riguardi delle autorit\u00e0. Dio, infatti, le&#8230;<\/p>\n","protected":false},"author":15,"featured_media":3324,"parent":0,"menu_order":0,"comment_status":"closed","ping_status":"closed","template":"","class_list":["post-3323","devotional","type-devotional","status-publish","has-post-thumbnail","hentry"],"acf":[],"appp":{"post_detail":{"above_title":"<div class=\"post-featured-wrap\"><img width=\"960\" height=\"540\" src=\"https:\/\/tv.joycemeyer.org\/italiano\/wp-content\/uploads\/sites\/6\/2020\/10\/1119.jpg\" class=\"post-featured wp-post-image\" alt=\"\" decoding=\"async\" srcset=\"https:\/\/tv.joycemeyer.org\/italiano\/wp-content\/uploads\/sites\/6\/2020\/10\/1119.jpg 960w, https:\/\/tv.joycemeyer.org\/italiano\/wp-content\/uploads\/sites\/6\/2020\/10\/1119-300x169.jpg 300w, https:\/\/tv.joycemeyer.org\/italiano\/wp-content\/uploads\/sites\/6\/2020\/10\/1119-768x432.jpg 768w, https:\/\/tv.joycemeyer.org\/italiano\/wp-content\/uploads\/sites\/6\/2020\/10\/1119-640x360.jpg 640w\" sizes=\"(max-width: 960px) 100vw, 960px\" \/><\/div>","below_content":""}},"yoast_head":"<!-- This site is optimized with the Yoast SEO plugin v27.4 - https:\/\/yoast.com\/product\/yoast-seo-wordpress\/ -->\n<title>Le autorit\u00e0 sono stabilite da Dio - Joyce Meyer Ministries - Italiano<\/title>\n<meta name=\"description\" content=\"Joyce Meyer Ministries - Italiano - Meditazione quotidiana\" \/>\n<meta name=\"robots\" content=\"index, follow, max-snippet:-1, max-image-preview:large, max-video-preview:-1\" \/>\n<link rel=\"canonical\" href=\"https:\/\/tv.joycemeyer.org\/italiano\/devotional\/le-autorita-sono-stabilite-da-dio\/\" \/>\n<meta property=\"og:locale\" content=\"it_IT\" \/>\n<meta property=\"og:type\" content=\"article\" \/>\n<meta property=\"og:title\" content=\"Le autorit\u00e0 sono stabilite da Dio - Joyce Meyer Ministries - Italiano\" \/>\n<meta property=\"og:description\" content=\"Joyce Meyer Ministries - Italiano - Meditazione quotidiana\" \/>\n<meta property=\"og:url\" content=\"https:\/\/tv.joycemeyer.org\/italiano\/devotional\/le-autorita-sono-stabilite-da-dio\/\" \/>\n<meta property=\"og:site_name\" content=\"Joyce Meyer Ministries - Italiano\" \/>\n<meta property=\"article:publisher\" content=\"https:\/\/www.facebook.com\/joycemeyerministriesitaliano\/\" \/>\n<meta property=\"article:modified_time\" content=\"2020-10-20T18:33:32+00:00\" \/>\n<meta property=\"og:image\" content=\"https:\/\/tv.joycemeyer.org\/italiano\/wp-content\/uploads\/sites\/6\/2020\/10\/1119.jpg\" \/>\n\t<meta property=\"og:image:width\" content=\"960\" \/>\n\t<meta property=\"og:image:height\" content=\"540\" \/>\n\t<meta property=\"og:image:type\" content=\"image\/jpeg\" \/>\n<meta name=\"twitter:card\" content=\"summary_large_image\" \/>\n<meta name=\"twitter:label1\" content=\"Tempo di lettura stimato\" \/>\n\t<meta name=\"twitter:data1\" content=\"1 minuto\" \/>\n<script type=\"application\/ld+json\" class=\"yoast-schema-graph\">{\"@context\":\"https:\\\/\\\/schema.org\",\"@graph\":[{\"@type\":\"WebPage\",\"@id\":\"https:\\\/\\\/tv.joycemeyer.org\\\/italiano\\\/devotional\\\/le-autorita-sono-stabilite-da-dio\\\/\",\"url\":\"https:\\\/\\\/tv.joycemeyer.org\\\/italiano\\\/devotional\\\/le-autorita-sono-stabilite-da-dio\\\/\",\"name\":\"Le autorit\u00e0 sono stabilite da Dio - Joyce Meyer Ministries - Italiano\",\"isPartOf\":{\"@id\":\"https:\\\/\\\/tv.joycemeyer.org\\\/italiano\\\/#website\"},\"primaryImageOfPage\":{\"@id\":\"https:\\\/\\\/tv.joycemeyer.org\\\/italiano\\\/devotional\\\/le-autorita-sono-stabilite-da-dio\\\/#primaryimage\"},\"image\":{\"@id\":\"https:\\\/\\\/tv.joycemeyer.org\\\/italiano\\\/devotional\\\/le-autorita-sono-stabilite-da-dio\\\/#primaryimage\"},\"thumbnailUrl\":\"https:\\\/\\\/tv.joycemeyer.org\\\/italiano\\\/wp-content\\\/uploads\\\/sites\\\/6\\\/2020\\\/10\\\/1119.jpg\",\"datePublished\":\"2020-10-17T18:32:15+00:00\",\"dateModified\":\"2020-10-20T18:33:32+00:00\",\"description\":\"Joyce Meyer Ministries - Italiano - Meditazione quotidiana\",\"breadcrumb\":{\"@id\":\"https:\\\/\\\/tv.joycemeyer.org\\\/italiano\\\/devotional\\\/le-autorita-sono-stabilite-da-dio\\\/#breadcrumb\"},\"inLanguage\":\"it-IT\",\"potentialAction\":[{\"@type\":\"ReadAction\",\"target\":[\"https:\\\/\\\/tv.joycemeyer.org\\\/italiano\\\/devotional\\\/le-autorita-sono-stabilite-da-dio\\\/\"]}]},{\"@type\":\"ImageObject\",\"inLanguage\":\"it-IT\",\"@id\":\"https:\\\/\\\/tv.joycemeyer.org\\\/italiano\\\/devotional\\\/le-autorita-sono-stabilite-da-dio\\\/#primaryimage\",\"url\":\"https:\\\/\\\/tv.joycemeyer.org\\\/italiano\\\/wp-content\\\/uploads\\\/sites\\\/6\\\/2020\\\/10\\\/1119.jpg\",\"contentUrl\":\"https:\\\/\\\/tv.joycemeyer.org\\\/italiano\\\/wp-content\\\/uploads\\\/sites\\\/6\\\/2020\\\/10\\\/1119.jpg\",\"width\":960,\"height\":540,\"caption\":\"Le autorit\u00e0 sono stabilite da Dio\"},{\"@type\":\"BreadcrumbList\",\"@id\":\"https:\\\/\\\/tv.joycemeyer.org\\\/italiano\\\/devotional\\\/le-autorita-sono-stabilite-da-dio\\\/#breadcrumb\",\"itemListElement\":[{\"@type\":\"ListItem\",\"position\":1,\"name\":\"Home\",\"item\":\"https:\\\/\\\/tv.joycemeyer.org\\\/italiano\\\/\"},{\"@type\":\"ListItem\",\"position\":2,\"name\":\"Devotional\",\"item\":\"https:\\\/\\\/tv.joycemeyer.org\\\/italiano\\\/devotional\\\/\"},{\"@type\":\"ListItem\",\"position\":3,\"name\":\"Le autorit\u00e0 sono stabilite da Dio\"}]},{\"@type\":\"WebSite\",\"@id\":\"https:\\\/\\\/tv.joycemeyer.org\\\/italiano\\\/#website\",\"url\":\"https:\\\/\\\/tv.joycemeyer.org\\\/italiano\\\/\",\"name\":\"Joyce Meyer Ministries - Italiano\",\"description\":\"Condividiamo Cristo - Amiamo le persone\",\"potentialAction\":[{\"@type\":\"SearchAction\",\"target\":{\"@type\":\"EntryPoint\",\"urlTemplate\":\"https:\\\/\\\/tv.joycemeyer.org\\\/italiano\\\/?s={search_term_string}\"},\"query-input\":{\"@type\":\"PropertyValueSpecification\",\"valueRequired\":true,\"valueName\":\"search_term_string\"}}],\"inLanguage\":\"it-IT\"}]}<\/script>\n<!-- \/ Yoast SEO plugin. -->","yoast_head_json":{"title":"Le autorit\u00e0 sono stabilite da Dio - Joyce Meyer Ministries - Italiano","description":"Joyce Meyer Ministries - Italiano - Meditazione quotidiana","robots":{"index":"index","follow":"follow","max-snippet":"max-snippet:-1","max-image-preview":"max-image-preview:large","max-video-preview":"max-video-preview:-1"},"canonical":"https:\/\/tv.joycemeyer.org\/italiano\/devotional\/le-autorita-sono-stabilite-da-dio\/","og_locale":"it_IT","og_type":"article","og_title":"Le autorit\u00e0 sono stabilite da Dio - Joyce Meyer Ministries - Italiano","og_description":"Joyce Meyer Ministries - Italiano - Meditazione quotidiana","og_url":"https:\/\/tv.joycemeyer.org\/italiano\/devotional\/le-autorita-sono-stabilite-da-dio\/","og_site_name":"Joyce Meyer Ministries - Italiano","article_publisher":"https:\/\/www.facebook.com\/joycemeyerministriesitaliano\/","article_modified_time":"2020-10-20T18:33:32+00:00","og_image":[{"width":960,"height":540,"url":"https:\/\/tv.joycemeyer.org\/italiano\/wp-content\/uploads\/sites\/6\/2020\/10\/1119.jpg","type":"image\/jpeg"}],"twitter_card":"summary_large_image","twitter_misc":{"Tempo di lettura stimato":"1 minuto"},"schema":{"@context":"https:\/\/schema.org","@graph":[{"@type":"WebPage","@id":"https:\/\/tv.joycemeyer.org\/italiano\/devotional\/le-autorita-sono-stabilite-da-dio\/","url":"https:\/\/tv.joycemeyer.org\/italiano\/devotional\/le-autorita-sono-stabilite-da-dio\/","name":"Le autorit\u00e0 sono stabilite da Dio - Joyce Meyer Ministries - Italiano","isPartOf":{"@id":"https:\/\/tv.joycemeyer.org\/italiano\/#website"},"primaryImageOfPage":{"@id":"https:\/\/tv.joycemeyer.org\/italiano\/devotional\/le-autorita-sono-stabilite-da-dio\/#primaryimage"},"image":{"@id":"https:\/\/tv.joycemeyer.org\/italiano\/devotional\/le-autorita-sono-stabilite-da-dio\/#primaryimage"},"thumbnailUrl":"https:\/\/tv.joycemeyer.org\/italiano\/wp-content\/uploads\/sites\/6\/2020\/10\/1119.jpg","datePublished":"2020-10-17T18:32:15+00:00","dateModified":"2020-10-20T18:33:32+00:00","description":"Joyce Meyer Ministries - Italiano - Meditazione quotidiana","breadcrumb":{"@id":"https:\/\/tv.joycemeyer.org\/italiano\/devotional\/le-autorita-sono-stabilite-da-dio\/#breadcrumb"},"inLanguage":"it-IT","potentialAction":[{"@type":"ReadAction","target":["https:\/\/tv.joycemeyer.org\/italiano\/devotional\/le-autorita-sono-stabilite-da-dio\/"]}]},{"@type":"ImageObject","inLanguage":"it-IT","@id":"https:\/\/tv.joycemeyer.org\/italiano\/devotional\/le-autorita-sono-stabilite-da-dio\/#primaryimage","url":"https:\/\/tv.joycemeyer.org\/italiano\/wp-content\/uploads\/sites\/6\/2020\/10\/1119.jpg","contentUrl":"https:\/\/tv.joycemeyer.org\/italiano\/wp-content\/uploads\/sites\/6\/2020\/10\/1119.jpg","width":960,"height":540,"caption":"Le autorit\u00e0 sono stabilite da Dio"},{"@type":"BreadcrumbList","@id":"https:\/\/tv.joycemeyer.org\/italiano\/devotional\/le-autorita-sono-stabilite-da-dio\/#breadcrumb","itemListElement":[{"@type":"ListItem","position":1,"name":"Home","item":"https:\/\/tv.joycemeyer.org\/italiano\/"},{"@type":"ListItem","position":2,"name":"Devotional","item":"https:\/\/tv.joycemeyer.org\/italiano\/devotional\/"},{"@type":"ListItem","position":3,"name":"Le autorit\u00e0 sono stabilite da Dio"}]},{"@type":"WebSite","@id":"https:\/\/tv.joycemeyer.org\/italiano\/#website","url":"https:\/\/tv.joycemeyer.org\/italiano\/","name":"Joyce Meyer Ministries - Italiano","description":"Condividiamo Cristo - Amiamo le persone","potentialAction":[{"@type":"SearchAction","target":{"@type":"EntryPoint","urlTemplate":"https:\/\/tv.joycemeyer.org\/italiano\/?s={search_term_string}"},"query-input":{"@type":"PropertyValueSpecification","valueRequired":true,"valueName":"search_term_string"}}],"inLanguage":"it-IT"}]}},"_links":{"self":[{"href":"https:\/\/tv.joycemeyer.org\/italiano\/wp-json\/wp\/v2\/devotional\/3323","targetHints":{"allow":["GET"]}}],"collection":[{"href":"https:\/\/tv.joycemeyer.org\/italiano\/wp-json\/wp\/v2\/devotional"}],"about":[{"href":"https:\/\/tv.joycemeyer.org\/italiano\/wp-json\/wp\/v2\/types\/devotional"}],"author":[{"embeddable":true,"href":"https:\/\/tv.joycemeyer.org\/italiano\/wp-json\/wp\/v2\/users\/15"}],"replies":[{"embeddable":true,"href":"https:\/\/tv.joycemeyer.org\/italiano\/wp-json\/wp\/v2\/comments?post=3323"}],"wp:featuredmedia":[{"embeddable":true,"href":"https:\/\/tv.joycemeyer.org\/italiano\/wp-json\/wp\/v2\/media\/3324"}],"wp:attachment":[{"href":"https:\/\/tv.joycemeyer.org\/italiano\/wp-json\/wp\/v2\/media?parent=3323"}],"curies":[{"name":"wp","href":"https:\/\/api.w.org\/{rel}","templated":true}]}}

Le autorità sono stabilite da Dio

<p><strong>Ogni persona stia</strong><strong> le</strong><strong>almente</strong><strong> sottomessa alle autorità (civili) superiori; perché non vi è autorità se non da Dio [con il suo permesso, da Lui sancita]; e le autorità che esistono sono stabilite da Dio (Romani 13:1)</strong></p>
<p>La nostra vita quotidiana dovrebbe esibire un atteggiamento di onore e sottomissione nei riguardi delle autorità. Dio, infatti, le stabilisce per proteggerci e sostenerci. Persino i segnali stradali posizionati dalle autorità dovrebbero essere rispettati. Se, ad esempio, c&#8217;è un cartello &#8220;Divieto di sosta&#8221;, rispettalo. Se l&#8217;unico posteggio disponibile è quello per disabili e tu non lo sei, non parcheggiare là anche se ti toccherà fare parecchia strada a piedi! Se il semaforo è rosso, non attraversare la strada, anche se in quel momento vai di fretta. Se sulla strada c&#8217;è la striscia continua, non sorpassare l&#8217;auto che ti sta davanti.</p>
<p>Forse penserai: &#8220;Ma queste cose non fanno alcuna differenza, si tratta di piccolezze. Io ho ben altri problemi a cui pensare!&#8221;. Ebbene, i nostri problemi non si risolveranno fino a quando non impareremo che scegliere di rispettare o meno le autorità è una scelta quotidiana e apparentemente poco importante che però avrà un enorme impatto sulla nostra vita.</p>
<p>Comportamenti simili a quelli che ho appena descritto riflettono un atteggiamento irrispettoso verso le autorità, e questo ci impedirà di udire la voce di Dio, perché Dio stesso le stabilisce nella nostra vita e vuole che le onoriamo. Quando onoriamo le nostre autorità, onoriamo Dio.</p>
<p><strong>LA PAROLA DI DIO PER TE OGGI: </strong></p>
<p><em>Assicurati di obbedire a Dio nelle piccole cose, ed essere faranno una grande differenza nella tua vita.        </em></p>

<p>Ogni persona stia lealmente sottomessa alle autorità (civili) superiori; perché non vi è autorità se non da Dio [con il suo permesso, da Lui sancita]; e le autorità che esistono sono stabilite da Dio (Romani 13:1) La nostra vita quotidiana dovrebbe esibire un atteggiamento di onore e sottomissione nei riguardi delle autorità. Dio, infatti, le&#8230;</p>

<!-- This site is optimized with the Yoast SEO plugin v27.4 - https://yoast.com/product/yoast-seo-wordpress/ -->
<title>Le autorità sono stabilite da Dio - Joyce Meyer Ministries - Italiano</title>
<meta name="description" content="Joyce Meyer Ministries - Italiano - Meditazione quotidiana" />
<meta name="robots" content="index, follow, max-snippet:-1, max-image-preview:large, max-video-preview:-1" />
<link rel="canonical" href="https://tv.joycemeyer.org/italiano/devotional/le-autorita-sono-stabilite-da-dio/" />
<meta property="og:locale" content="it_IT" />
<meta property="og:type" content="article" />
<meta property="og:title" content="Le autorità sono stabilite da Dio - Joyce Meyer Ministries - Italiano" />
<meta property="og:description" content="Joyce Meyer Ministries - Italiano - Meditazione quotidiana" />
<meta property="og:url" content="https://tv.joycemeyer.org/italiano/devotional/le-autorita-sono-stabilite-da-dio/" />
<meta property="og:site_name" content="Joyce Meyer Ministries - Italiano" />
<meta property="article:publisher" content="https://www.facebook.com/joycemeyerministriesitaliano/" />
<meta property="article:modified_time" content="2020-10-20T18:33:32+00:00" />
<meta property="og:image" content="https://tv.joycemeyer.org/italiano/wp-content/uploads/sites/6/2020/10/1119.jpg" />
	<meta property="og:image:width" content="960" />
	<meta property="og:image:height" content="540" />
	<meta property="og:image:type" content="image/jpeg" />
<meta name="twitter:card" content="summary_large_image" />
<meta name="twitter:label1" content="Tempo di lettura stimato" />
	<meta name="twitter:data1" content="1 minuto" />
<script type="application/ld+json" class="yoast-schema-graph">{"@context":"https:\/\/schema.org","@graph":[{"@type":"WebPage","@id":"https:\/\/tv.joycemeyer.org\/italiano\/devotional\/le-autorita-sono-stabilite-da-dio\/","url":"https:\/\/tv.joycemeyer.org\/italiano\/devotional\/le-autorita-sono-stabilite-da-dio\/","name":"Le autorità sono stabilite da Dio - Joyce Meyer Ministries - Italiano","isPartOf":{"@id":"https:\/\/tv.joycemeyer.org\/italiano\/#website"},"primaryImageOfPage":{"@id":"https:\/\/tv.joycemeyer.org\/italiano\/devotional\/le-autorita-sono-stabilite-da-dio\/#primaryimage"},"image":{"@id":"https:\/\/tv.joycemeyer.org\/italiano\/devotional\/le-autorita-sono-stabilite-da-dio\/#primaryimage"},"thumbnailUrl":"https:\/\/tv.joycemeyer.org\/italiano\/wp-content\/uploads\/sites\/6\/2020\/10\/1119.jpg","datePublished":"2020-10-17T18:32:15+00:00","dateModified":"2020-10-20T18:33:32+00:00","description":"Joyce Meyer Ministries - Italiano - Meditazione quotidiana","breadcrumb":{"@id":"https:\/\/tv.joycemeyer.org\/italiano\/devotional\/le-autorita-sono-stabilite-da-dio\/#breadcrumb"},"inLanguage":"it-IT","potentialAction":[{"@type":"ReadAction","target":["https:\/\/tv.joycemeyer.org\/italiano\/devotional\/le-autorita-sono-stabilite-da-dio\/"]}]},{"@type":"ImageObject","inLanguage":"it-IT","@id":"https:\/\/tv.joycemeyer.org\/italiano\/devotional\/le-autorita-sono-stabilite-da-dio\/#primaryimage","url":"https:\/\/tv.joycemeyer.org\/italiano\/wp-content\/uploads\/sites\/6\/2020\/10\/1119.jpg","contentUrl":"https:\/\/tv.joycemeyer.org\/italiano\/wp-content\/uploads\/sites\/6\/2020\/10\/1119.jpg","width":960,"height":540,"caption":"Le autorità sono stabilite da Dio"},{"@type":"BreadcrumbList","@id":"https:\/\/tv.joycemeyer.org\/italiano\/devotional\/le-autorita-sono-stabilite-da-dio\/#breadcrumb","itemListElement":[{"@type":"ListItem","position":1,"name":"Home","item":"https:\/\/tv.joycemeyer.org\/italiano\/"},{"@type":"ListItem","position":2,"name":"Devotional","item":"https:\/\/tv.joycemeyer.org\/italiano\/devotional\/"},{"@type":"ListItem","position":3,"name":"Le autorità sono stabilite da Dio"}]},{"@type":"WebSite","@id":"https:\/\/tv.joycemeyer.org\/italiano\/#website","url":"https:\/\/tv.joycemeyer.org\/italiano\/","name":"Joyce Meyer Ministries - Italiano","description":"Condividiamo Cristo - Amiamo le persone","potentialAction":[{"@type":"SearchAction","target":{"@type":"EntryPoint","urlTemplate":"https:\/\/tv.joycemeyer.org\/italiano\/?s={search_term_string}"},"query-input":{"@type":"PropertyValueSpecification","valueRequired":true,"valueName":"search_term_string"}}],"inLanguage":"it-IT"}]}</script>
<!-- / Yoast SEO plugin. -->

Le autorità sono stabilite da Dio - Joyce Meyer Ministries - Italiano
