{"id":3871,"date":"2025-01-25T00:01:19","date_gmt":"2025-01-24T22:01:19","guid":{"rendered":"https:\/\/tv.joycemeyer.org\/italiano\/?post_type=devotional&#038;p=3871"},"modified":"2025-01-24T15:08:34","modified_gmt":"2025-01-24T13:08:34","slug":"tieni-duro","status":"publish","type":"devotional","link":"https:\/\/tv.joycemeyer.org\/italiano\/devotional\/tieni-duro\/","title":{"rendered":"Tieni duro"},"content":{"rendered":"<blockquote><p>Non perdiamoci d&#8217;animo e di coraggio, e non stanchiamoci di agire nobilmente e giustamente, perch\u00e9 a suo tempo e al momento stabilito mieteremo, se non ci stanchiamo, ci scoraggiamo e ci arrendiamo.\u00a0 GALATI 6:9, AMP<\/p><\/blockquote>\n<p>In Galati 6:9, \u201cperdersi d&#8217;animo\u201d e \u201cstancarsi\u201d si riferiscono ad arrendersi a livello mentale. Lo Spirito Santo ci dice di non arrenderci mentalmente perch\u00e9, se terremo duro, prima o poi mieteremo un buon raccolto.<\/p>\n<p>Pensa a Ges\u00f9. Subito dopo essere stato battezzato e riempito di Spirito Santo, fu condotto nel deserto per essere messo alla prova e tentato dal diavolo. Lui, per\u00f2, non si lament\u00f2, non si scoraggi\u00f2 e non si deprimette. Non pens\u00f2 o parl\u00f2 negativamente. Non cadde in preda alla confusione nel tentativo di capire perch\u00e9 Gli fosse accaduto tutto ci\u00f2. Anzi, super\u00f2 ogni prova vittoriosamente (ved. Luca 4:1-13).<\/p>\n<p>Riesci a immaginare Ges\u00f9 che, viaggiando in lungo e in largo per il Paese, si lamentava con i discepoli di quanto fosse dura la Sua vita? Riesci a immaginarlo mentre discute di quanto sarebbe stato difficile andare in croce&#8230; o di quanto fosse angosciato per ci\u00f2 che Lo aspettava&#8230; o di quanto frustrante fosse non avere un tetto sopra la testa o un letto su cui dormire di notte?<\/p>\n<p>Ges\u00f9, tuttavia, traeva forza dal Suo Padre celeste e ne usc\u00ec vittorioso. Noi abbiamo il Suo Spirito che dimora in noi e la forza necessaria per affrontare qualunque tipo di situazione.<\/p>\n<hr \/>\n<p>Noi possiamo gestire le situazioni cos\u00ec come faceva Ges\u00f9: essendo mentalmente preparati grazie a una mentalit\u00e0 vittoriosa anzich\u00e9 di sconfitta.<\/p>\n","protected":false},"excerpt":{"rendered":"<p>Ges\u00f9, tuttavia, traeva forza dal Suo Padre celeste e ne usc\u00ec vittorioso. <\/p>\n","protected":false},"author":15,"featured_media":3872,"parent":0,"menu_order":0,"comment_status":"closed","ping_status":"closed","template":"","class_list":["post-3871","devotional","type-devotional","status-publish","has-post-thumbnail","hentry"],"acf":[],"appp":{"post_detail":{"above_title":"<div class=\"post-featured-wrap\"><img width=\"960\" height=\"539\" src=\"https:\/\/tv.joycemeyer.org\/italiano\/wp-content\/uploads\/sites\/6\/2021\/06\/1399.jpg\" class=\"post-featured wp-post-image\" alt=\"\" decoding=\"async\" srcset=\"https:\/\/tv.joycemeyer.org\/italiano\/wp-content\/uploads\/sites\/6\/2021\/06\/1399.jpg 960w, https:\/\/tv.joycemeyer.org\/italiano\/wp-content\/uploads\/sites\/6\/2021\/06\/1399-300x168.jpg 300w, https:\/\/tv.joycemeyer.org\/italiano\/wp-content\/uploads\/sites\/6\/2021\/06\/1399-768x431.jpg 768w, https:\/\/tv.joycemeyer.org\/italiano\/wp-content\/uploads\/sites\/6\/2021\/06\/1399-640x360.jpg 640w\" sizes=\"(max-width: 960px) 100vw, 960px\" \/><\/div>","below_content":"<div class=\"follow\"><h6 class=\"alt\">Connettiti con noi!<\/h6><ul class=\"nav nav--social nav--flex\"><li class=\"menu-item facebook\"><a href=\"https:\/\/www.facebook.com\/joycemeyerministriesitaliano\/\" target=\"_blank\"><span class=\"visuallyhidden\">Facebook<\/span><\/a><\/li><li class=\"menu-item instagram\"><a href=\"https:\/\/www.instagram.com\/joycemeyeritalia\/\" target=\"_blank\"><span class=\"visuallyhidden\">Instagram<\/span><\/a><\/li><li class=\"menu-item youtube\"><a href=\"https:\/\/www.youtube.com\/channel\/UC3epdg4chaeIdxqlQhOE7FA\" target=\"_blank\"><span class=\"visuallyhidden\">YouTube<\/span><\/a><\/li><\/ul><\/div>"}},"yoast_head":"<!-- This site is optimized with the Yoast SEO plugin v27.4 - https:\/\/yoast.com\/product\/yoast-seo-wordpress\/ -->\n<title>Tieni duro - Joyce Meyer Ministries - Italiano<\/title>\n<meta name=\"description\" content=\"Joyce Meyer Ministries - Italiano - Meditazione quotidiana\" \/>\n<meta name=\"robots\" content=\"index, follow, max-snippet:-1, max-image-preview:large, max-video-preview:-1\" \/>\n<link rel=\"canonical\" href=\"https:\/\/tv.joycemeyer.org\/italiano\/devotional\/tieni-duro\/\" \/>\n<meta property=\"og:locale\" content=\"it_IT\" \/>\n<meta property=\"og:type\" content=\"article\" \/>\n<meta property=\"og:title\" content=\"Tieni duro - Joyce Meyer Ministries - Italiano\" \/>\n<meta property=\"og:description\" content=\"Joyce Meyer Ministries - Italiano - Meditazione quotidiana\" \/>\n<meta property=\"og:url\" content=\"https:\/\/tv.joycemeyer.org\/italiano\/devotional\/tieni-duro\/\" \/>\n<meta property=\"og:site_name\" content=\"Joyce Meyer Ministries - Italiano\" \/>\n<meta property=\"article:publisher\" content=\"https:\/\/www.facebook.com\/joycemeyerministriesitaliano\/\" \/>\n<meta property=\"og:image\" content=\"https:\/\/tv.joycemeyer.org\/italiano\/wp-content\/uploads\/sites\/6\/2021\/06\/1399.jpg\" \/>\n\t<meta property=\"og:image:width\" content=\"960\" \/>\n\t<meta property=\"og:image:height\" content=\"539\" \/>\n\t<meta property=\"og:image:type\" content=\"image\/jpeg\" \/>\n<meta name=\"twitter:card\" content=\"summary_large_image\" \/>\n<meta name=\"twitter:label1\" content=\"Tempo di lettura stimato\" \/>\n\t<meta name=\"twitter:data1\" content=\"2 minuti\" \/>\n<script type=\"application\/ld+json\" class=\"yoast-schema-graph\">{\"@context\":\"https:\\\/\\\/schema.org\",\"@graph\":[{\"@type\":\"WebPage\",\"@id\":\"https:\\\/\\\/tv.joycemeyer.org\\\/italiano\\\/devotional\\\/tieni-duro\\\/\",\"url\":\"https:\\\/\\\/tv.joycemeyer.org\\\/italiano\\\/devotional\\\/tieni-duro\\\/\",\"name\":\"Tieni duro - Joyce Meyer Ministries - Italiano\",\"isPartOf\":{\"@id\":\"https:\\\/\\\/tv.joycemeyer.org\\\/italiano\\\/#website\"},\"primaryImageOfPage\":{\"@id\":\"https:\\\/\\\/tv.joycemeyer.org\\\/italiano\\\/devotional\\\/tieni-duro\\\/#primaryimage\"},\"image\":{\"@id\":\"https:\\\/\\\/tv.joycemeyer.org\\\/italiano\\\/devotional\\\/tieni-duro\\\/#primaryimage\"},\"thumbnailUrl\":\"https:\\\/\\\/tv.joycemeyer.org\\\/italiano\\\/wp-content\\\/uploads\\\/sites\\\/6\\\/2021\\\/06\\\/1399.jpg\",\"datePublished\":\"2025-01-24T22:01:19+00:00\",\"description\":\"Joyce Meyer Ministries - Italiano - Meditazione quotidiana\",\"breadcrumb\":{\"@id\":\"https:\\\/\\\/tv.joycemeyer.org\\\/italiano\\\/devotional\\\/tieni-duro\\\/#breadcrumb\"},\"inLanguage\":\"it-IT\",\"potentialAction\":[{\"@type\":\"ReadAction\",\"target\":[\"https:\\\/\\\/tv.joycemeyer.org\\\/italiano\\\/devotional\\\/tieni-duro\\\/\"]}]},{\"@type\":\"ImageObject\",\"inLanguage\":\"it-IT\",\"@id\":\"https:\\\/\\\/tv.joycemeyer.org\\\/italiano\\\/devotional\\\/tieni-duro\\\/#primaryimage\",\"url\":\"https:\\\/\\\/tv.joycemeyer.org\\\/italiano\\\/wp-content\\\/uploads\\\/sites\\\/6\\\/2021\\\/06\\\/1399.jpg\",\"contentUrl\":\"https:\\\/\\\/tv.joycemeyer.org\\\/italiano\\\/wp-content\\\/uploads\\\/sites\\\/6\\\/2021\\\/06\\\/1399.jpg\",\"width\":960,\"height\":539,\"caption\":\"Tieni duro\"},{\"@type\":\"BreadcrumbList\",\"@id\":\"https:\\\/\\\/tv.joycemeyer.org\\\/italiano\\\/devotional\\\/tieni-duro\\\/#breadcrumb\",\"itemListElement\":[{\"@type\":\"ListItem\",\"position\":1,\"name\":\"Home\",\"item\":\"https:\\\/\\\/tv.joycemeyer.org\\\/italiano\\\/\"},{\"@type\":\"ListItem\",\"position\":2,\"name\":\"Devotional\",\"item\":\"https:\\\/\\\/tv.joycemeyer.org\\\/italiano\\\/devotional\\\/\"},{\"@type\":\"ListItem\",\"position\":3,\"name\":\"Tieni duro\"}]},{\"@type\":\"WebSite\",\"@id\":\"https:\\\/\\\/tv.joycemeyer.org\\\/italiano\\\/#website\",\"url\":\"https:\\\/\\\/tv.joycemeyer.org\\\/italiano\\\/\",\"name\":\"Joyce Meyer Ministries - Italiano\",\"description\":\"Condividiamo Cristo - Amiamo le persone\",\"potentialAction\":[{\"@type\":\"SearchAction\",\"target\":{\"@type\":\"EntryPoint\",\"urlTemplate\":\"https:\\\/\\\/tv.joycemeyer.org\\\/italiano\\\/?s={search_term_string}\"},\"query-input\":{\"@type\":\"PropertyValueSpecification\",\"valueRequired\":true,\"valueName\":\"search_term_string\"}}],\"inLanguage\":\"it-IT\"}]}<\/script>\n<!-- \/ Yoast SEO plugin. -->","yoast_head_json":{"title":"Tieni duro - Joyce Meyer Ministries - Italiano","description":"Joyce Meyer Ministries - Italiano - Meditazione quotidiana","robots":{"index":"index","follow":"follow","max-snippet":"max-snippet:-1","max-image-preview":"max-image-preview:large","max-video-preview":"max-video-preview:-1"},"canonical":"https:\/\/tv.joycemeyer.org\/italiano\/devotional\/tieni-duro\/","og_locale":"it_IT","og_type":"article","og_title":"Tieni duro - Joyce Meyer Ministries - Italiano","og_description":"Joyce Meyer Ministries - Italiano - Meditazione quotidiana","og_url":"https:\/\/tv.joycemeyer.org\/italiano\/devotional\/tieni-duro\/","og_site_name":"Joyce Meyer Ministries - Italiano","article_publisher":"https:\/\/www.facebook.com\/joycemeyerministriesitaliano\/","og_image":[{"width":960,"height":539,"url":"https:\/\/tv.joycemeyer.org\/italiano\/wp-content\/uploads\/sites\/6\/2021\/06\/1399.jpg","type":"image\/jpeg"}],"twitter_card":"summary_large_image","twitter_misc":{"Tempo di lettura stimato":"2 minuti"},"schema":{"@context":"https:\/\/schema.org","@graph":[{"@type":"WebPage","@id":"https:\/\/tv.joycemeyer.org\/italiano\/devotional\/tieni-duro\/","url":"https:\/\/tv.joycemeyer.org\/italiano\/devotional\/tieni-duro\/","name":"Tieni duro - Joyce Meyer Ministries - Italiano","isPartOf":{"@id":"https:\/\/tv.joycemeyer.org\/italiano\/#website"},"primaryImageOfPage":{"@id":"https:\/\/tv.joycemeyer.org\/italiano\/devotional\/tieni-duro\/#primaryimage"},"image":{"@id":"https:\/\/tv.joycemeyer.org\/italiano\/devotional\/tieni-duro\/#primaryimage"},"thumbnailUrl":"https:\/\/tv.joycemeyer.org\/italiano\/wp-content\/uploads\/sites\/6\/2021\/06\/1399.jpg","datePublished":"2025-01-24T22:01:19+00:00","description":"Joyce Meyer Ministries - Italiano - Meditazione quotidiana","breadcrumb":{"@id":"https:\/\/tv.joycemeyer.org\/italiano\/devotional\/tieni-duro\/#breadcrumb"},"inLanguage":"it-IT","potentialAction":[{"@type":"ReadAction","target":["https:\/\/tv.joycemeyer.org\/italiano\/devotional\/tieni-duro\/"]}]},{"@type":"ImageObject","inLanguage":"it-IT","@id":"https:\/\/tv.joycemeyer.org\/italiano\/devotional\/tieni-duro\/#primaryimage","url":"https:\/\/tv.joycemeyer.org\/italiano\/wp-content\/uploads\/sites\/6\/2021\/06\/1399.jpg","contentUrl":"https:\/\/tv.joycemeyer.org\/italiano\/wp-content\/uploads\/sites\/6\/2021\/06\/1399.jpg","width":960,"height":539,"caption":"Tieni duro"},{"@type":"BreadcrumbList","@id":"https:\/\/tv.joycemeyer.org\/italiano\/devotional\/tieni-duro\/#breadcrumb","itemListElement":[{"@type":"ListItem","position":1,"name":"Home","item":"https:\/\/tv.joycemeyer.org\/italiano\/"},{"@type":"ListItem","position":2,"name":"Devotional","item":"https:\/\/tv.joycemeyer.org\/italiano\/devotional\/"},{"@type":"ListItem","position":3,"name":"Tieni duro"}]},{"@type":"WebSite","@id":"https:\/\/tv.joycemeyer.org\/italiano\/#website","url":"https:\/\/tv.joycemeyer.org\/italiano\/","name":"Joyce Meyer Ministries - Italiano","description":"Condividiamo Cristo - Amiamo le persone","potentialAction":[{"@type":"SearchAction","target":{"@type":"EntryPoint","urlTemplate":"https:\/\/tv.joycemeyer.org\/italiano\/?s={search_term_string}"},"query-input":{"@type":"PropertyValueSpecification","valueRequired":true,"valueName":"search_term_string"}}],"inLanguage":"it-IT"}]}},"_links":{"self":[{"href":"https:\/\/tv.joycemeyer.org\/italiano\/wp-json\/wp\/v2\/devotional\/3871","targetHints":{"allow":["GET"]}}],"collection":[{"href":"https:\/\/tv.joycemeyer.org\/italiano\/wp-json\/wp\/v2\/devotional"}],"about":[{"href":"https:\/\/tv.joycemeyer.org\/italiano\/wp-json\/wp\/v2\/types\/devotional"}],"author":[{"embeddable":true,"href":"https:\/\/tv.joycemeyer.org\/italiano\/wp-json\/wp\/v2\/users\/15"}],"replies":[{"embeddable":true,"href":"https:\/\/tv.joycemeyer.org\/italiano\/wp-json\/wp\/v2\/comments?post=3871"}],"wp:featuredmedia":[{"embeddable":true,"href":"https:\/\/tv.joycemeyer.org\/italiano\/wp-json\/wp\/v2\/media\/3872"}],"wp:attachment":[{"href":"https:\/\/tv.joycemeyer.org\/italiano\/wp-json\/wp\/v2\/media?parent=3871"}],"curies":[{"name":"wp","href":"https:\/\/api.w.org\/{rel}","templated":true}]}}

<blockquote><p>Non perdiamoci d&#8217;animo e di coraggio, e non stanchiamoci di agire nobilmente e giustamente, perché a suo tempo e al momento stabilito mieteremo, se non ci stanchiamo, ci scoraggiamo e ci arrendiamo.  GALATI 6:9, AMP</p></blockquote>
<p>In Galati 6:9, “perdersi d&#8217;animo” e “stancarsi” si riferiscono ad arrendersi a livello mentale. Lo Spirito Santo ci dice di non arrenderci mentalmente perché, se terremo duro, prima o poi mieteremo un buon raccolto.</p>
<p>Pensa a Gesù. Subito dopo essere stato battezzato e riempito di Spirito Santo, fu condotto nel deserto per essere messo alla prova e tentato dal diavolo. Lui, però, non si lamentò, non si scoraggiò e non si deprimette. Non pensò o parlò negativamente. Non cadde in preda alla confusione nel tentativo di capire perché Gli fosse accaduto tutto ciò. Anzi, superò ogni prova vittoriosamente (ved. Luca 4:1-13).</p>
<p>Riesci a immaginare Gesù che, viaggiando in lungo e in largo per il Paese, si lamentava con i discepoli di quanto fosse dura la Sua vita? Riesci a immaginarlo mentre discute di quanto sarebbe stato difficile andare in croce&#8230; o di quanto fosse angosciato per ciò che Lo aspettava&#8230; o di quanto frustrante fosse non avere un tetto sopra la testa o un letto su cui dormire di notte?</p>
<p>Gesù, tuttavia, traeva forza dal Suo Padre celeste e ne uscì vittorioso. Noi abbiamo il Suo Spirito che dimora in noi e la forza necessaria per affrontare qualunque tipo di situazione.</p>
<hr />
<p>Noi possiamo gestire le situazioni così come faceva Gesù: essendo mentalmente preparati grazie a una mentalità vittoriosa anziché di sconfitta.</p>

<p>Gesù, tuttavia, traeva forza dal Suo Padre celeste e ne uscì vittorioso. </p>
