{"id":6304,"date":"2024-02-29T00:01:25","date_gmt":"2024-02-28T22:01:25","guid":{"rendered":"https:\/\/tv.joycemeyer.org\/italiano\/?post_type=devotional&#038;p=6304"},"modified":"2024-02-29T14:33:31","modified_gmt":"2024-02-29T12:33:31","slug":"controlla-la-tua-ira-3","status":"publish","type":"devotional","link":"https:\/\/tv.joycemeyer.org\/italiano\/devotional\/controlla-la-tua-ira-3\/","title":{"rendered":"Controlla La Tua Ira"},"content":{"rendered":"<blockquote><p>Chi \u00e8 lento all&#8217;ira vale pi\u00f9 del prode guerriero, e chi domina il suo spirito vale pi\u00f9 di chi espugna una citt\u00e0. Proverbi 16:32<\/p><\/blockquote>\n<p>Questo versetto illustra il potere del controllare la propria ira. Dio ci ha dato l&#8217;autocontrollo (ved. Galati 5:23) per monitorare le nostre parole, i nostri pensieri, le nostre passioni ed emozioni, il nostro temperamento, eppure tante persone non sanno di avere la possibilit\u00e0 di controllare le proprie emozioni. Pensano che il modo in cui &#8220;si sentono&#8221; debba determinare le loro azioni. Quando si arrabbiano, permettono alla loro ira di decidere per quanto tempo rimarranno adirate, perdendo cos\u00ec la propria gioia. Nella Bibbia leggiamo di Absalom, che rimase arrabbiato per due anni, fino a quando tutta l&#8217;ira accumulata lo spinse a uccidere il proprio fratello (ved. 2 Samuele 13).<\/p>\n<p>Devi sapere che, con l&#8217;aiuto di Dio, tu puoi sconfiggere la tua ira. Esamina il concetto di ira nella Bibbia e l&#8217;importanza di perdonare coloro che ti hanno ferito, dopodich\u00e9 prega e chiedi a Dio di darti la grazia e la forza di perdonare (ved. 2 Corinzi 12:9). Non lasciare che l&#8217;ira smorzi la potenza di Dio nella tua vita.<\/p>\n<hr \/>\n<p>Pensiero potente: io perdono velocemente e non permetto mai alle emozioni di governare le mie azioni.<\/p>\n","protected":false},"excerpt":{"rendered":"<p>Devi sapere che, con l&#8217;aiuto di Dio, tu puoi sconfiggere la tua ira. <\/p>\n","protected":false},"author":20,"featured_media":6303,"parent":0,"menu_order":0,"comment_status":"closed","ping_status":"closed","template":"","class_list":["post-6304","devotional","type-devotional","status-publish","has-post-thumbnail","hentry"],"acf":[],"appp":{"post_detail":{"above_title":"<div class=\"post-featured-wrap\"><img width=\"960\" height=\"560\" src=\"https:\/\/tv.joycemeyer.org\/italiano\/wp-content\/uploads\/sites\/6\/2024\/02\/2808.jpg\" class=\"post-featured wp-post-image\" alt=\"Controlla la tua ira\" decoding=\"async\" srcset=\"https:\/\/tv.joycemeyer.org\/italiano\/wp-content\/uploads\/sites\/6\/2024\/02\/2808.jpg 960w, https:\/\/tv.joycemeyer.org\/italiano\/wp-content\/uploads\/sites\/6\/2024\/02\/2808-300x175.jpg 300w, https:\/\/tv.joycemeyer.org\/italiano\/wp-content\/uploads\/sites\/6\/2024\/02\/2808-768x448.jpg 768w\" sizes=\"(max-width: 960px) 100vw, 960px\" \/><\/div>","below_content":""}},"yoast_head":"<!-- This site is optimized with the Yoast SEO plugin v27.4 - https:\/\/yoast.com\/product\/yoast-seo-wordpress\/ -->\n<title>Controlla La Tua Ira - Joyce Meyer Ministries - Italiano<\/title>\n<meta name=\"description\" content=\"Joyce Meyer Ministries - Italiano - Meditazione quotidiana\" \/>\n<meta name=\"robots\" content=\"index, follow, max-snippet:-1, max-image-preview:large, max-video-preview:-1\" \/>\n<link rel=\"canonical\" href=\"https:\/\/tv.joycemeyer.org\/italiano\/devotional\/controlla-la-tua-ira-3\/\" \/>\n<meta property=\"og:locale\" content=\"it_IT\" \/>\n<meta property=\"og:type\" content=\"article\" \/>\n<meta property=\"og:title\" content=\"Controlla La Tua Ira - Joyce Meyer Ministries - Italiano\" \/>\n<meta property=\"og:description\" content=\"Joyce Meyer Ministries - Italiano - Meditazione quotidiana\" \/>\n<meta property=\"og:url\" content=\"https:\/\/tv.joycemeyer.org\/italiano\/devotional\/controlla-la-tua-ira-3\/\" \/>\n<meta property=\"og:site_name\" content=\"Joyce Meyer Ministries - Italiano\" \/>\n<meta property=\"article:publisher\" content=\"https:\/\/www.facebook.com\/joycemeyerministriesitaliano\/\" \/>\n<meta property=\"article:modified_time\" content=\"2024-02-29T12:33:31+00:00\" \/>\n<meta property=\"og:image\" content=\"https:\/\/tv.joycemeyer.org\/italiano\/wp-content\/uploads\/sites\/6\/2024\/02\/2808.jpg\" \/>\n\t<meta property=\"og:image:width\" content=\"960\" \/>\n\t<meta property=\"og:image:height\" content=\"560\" \/>\n\t<meta property=\"og:image:type\" content=\"image\/jpeg\" \/>\n<meta name=\"twitter:card\" content=\"summary_large_image\" \/>\n<meta name=\"twitter:label1\" content=\"Tempo di lettura stimato\" \/>\n\t<meta name=\"twitter:data1\" content=\"2 minuti\" \/>\n<script type=\"application\/ld+json\" class=\"yoast-schema-graph\">{\"@context\":\"https:\\\/\\\/schema.org\",\"@graph\":[{\"@type\":\"WebPage\",\"@id\":\"https:\\\/\\\/tv.joycemeyer.org\\\/italiano\\\/devotional\\\/controlla-la-tua-ira-3\\\/\",\"url\":\"https:\\\/\\\/tv.joycemeyer.org\\\/italiano\\\/devotional\\\/controlla-la-tua-ira-3\\\/\",\"name\":\"Controlla La Tua Ira - Joyce Meyer Ministries - Italiano\",\"isPartOf\":{\"@id\":\"https:\\\/\\\/tv.joycemeyer.org\\\/italiano\\\/#website\"},\"primaryImageOfPage\":{\"@id\":\"https:\\\/\\\/tv.joycemeyer.org\\\/italiano\\\/devotional\\\/controlla-la-tua-ira-3\\\/#primaryimage\"},\"image\":{\"@id\":\"https:\\\/\\\/tv.joycemeyer.org\\\/italiano\\\/devotional\\\/controlla-la-tua-ira-3\\\/#primaryimage\"},\"thumbnailUrl\":\"https:\\\/\\\/tv.joycemeyer.org\\\/italiano\\\/wp-content\\\/uploads\\\/sites\\\/6\\\/2024\\\/02\\\/2808.jpg\",\"datePublished\":\"2024-02-28T22:01:25+00:00\",\"dateModified\":\"2024-02-29T12:33:31+00:00\",\"description\":\"Joyce Meyer Ministries - Italiano - Meditazione quotidiana\",\"breadcrumb\":{\"@id\":\"https:\\\/\\\/tv.joycemeyer.org\\\/italiano\\\/devotional\\\/controlla-la-tua-ira-3\\\/#breadcrumb\"},\"inLanguage\":\"it-IT\",\"potentialAction\":[{\"@type\":\"ReadAction\",\"target\":[\"https:\\\/\\\/tv.joycemeyer.org\\\/italiano\\\/devotional\\\/controlla-la-tua-ira-3\\\/\"]}]},{\"@type\":\"ImageObject\",\"inLanguage\":\"it-IT\",\"@id\":\"https:\\\/\\\/tv.joycemeyer.org\\\/italiano\\\/devotional\\\/controlla-la-tua-ira-3\\\/#primaryimage\",\"url\":\"https:\\\/\\\/tv.joycemeyer.org\\\/italiano\\\/wp-content\\\/uploads\\\/sites\\\/6\\\/2024\\\/02\\\/2808.jpg\",\"contentUrl\":\"https:\\\/\\\/tv.joycemeyer.org\\\/italiano\\\/wp-content\\\/uploads\\\/sites\\\/6\\\/2024\\\/02\\\/2808.jpg\",\"width\":960,\"height\":560,\"caption\":\"Controlla la tua ira\"},{\"@type\":\"BreadcrumbList\",\"@id\":\"https:\\\/\\\/tv.joycemeyer.org\\\/italiano\\\/devotional\\\/controlla-la-tua-ira-3\\\/#breadcrumb\",\"itemListElement\":[{\"@type\":\"ListItem\",\"position\":1,\"name\":\"Home\",\"item\":\"https:\\\/\\\/tv.joycemeyer.org\\\/italiano\\\/\"},{\"@type\":\"ListItem\",\"position\":2,\"name\":\"Devotional\",\"item\":\"https:\\\/\\\/tv.joycemeyer.org\\\/italiano\\\/devotional\\\/\"},{\"@type\":\"ListItem\",\"position\":3,\"name\":\"Controlla La Tua Ira\"}]},{\"@type\":\"WebSite\",\"@id\":\"https:\\\/\\\/tv.joycemeyer.org\\\/italiano\\\/#website\",\"url\":\"https:\\\/\\\/tv.joycemeyer.org\\\/italiano\\\/\",\"name\":\"Joyce Meyer Ministries - Italiano\",\"description\":\"Condividiamo Cristo - Amiamo le persone\",\"potentialAction\":[{\"@type\":\"SearchAction\",\"target\":{\"@type\":\"EntryPoint\",\"urlTemplate\":\"https:\\\/\\\/tv.joycemeyer.org\\\/italiano\\\/?s={search_term_string}\"},\"query-input\":{\"@type\":\"PropertyValueSpecification\",\"valueRequired\":true,\"valueName\":\"search_term_string\"}}],\"inLanguage\":\"it-IT\"}]}<\/script>\n<!-- \/ Yoast SEO plugin. -->","yoast_head_json":{"title":"Controlla La Tua Ira - Joyce Meyer Ministries - Italiano","description":"Joyce Meyer Ministries - Italiano - Meditazione quotidiana","robots":{"index":"index","follow":"follow","max-snippet":"max-snippet:-1","max-image-preview":"max-image-preview:large","max-video-preview":"max-video-preview:-1"},"canonical":"https:\/\/tv.joycemeyer.org\/italiano\/devotional\/controlla-la-tua-ira-3\/","og_locale":"it_IT","og_type":"article","og_title":"Controlla La Tua Ira - Joyce Meyer Ministries - Italiano","og_description":"Joyce Meyer Ministries - Italiano - Meditazione quotidiana","og_url":"https:\/\/tv.joycemeyer.org\/italiano\/devotional\/controlla-la-tua-ira-3\/","og_site_name":"Joyce Meyer Ministries - Italiano","article_publisher":"https:\/\/www.facebook.com\/joycemeyerministriesitaliano\/","article_modified_time":"2024-02-29T12:33:31+00:00","og_image":[{"width":960,"height":560,"url":"https:\/\/tv.joycemeyer.org\/italiano\/wp-content\/uploads\/sites\/6\/2024\/02\/2808.jpg","type":"image\/jpeg"}],"twitter_card":"summary_large_image","twitter_misc":{"Tempo di lettura stimato":"2 minuti"},"schema":{"@context":"https:\/\/schema.org","@graph":[{"@type":"WebPage","@id":"https:\/\/tv.joycemeyer.org\/italiano\/devotional\/controlla-la-tua-ira-3\/","url":"https:\/\/tv.joycemeyer.org\/italiano\/devotional\/controlla-la-tua-ira-3\/","name":"Controlla La Tua Ira - Joyce Meyer Ministries - Italiano","isPartOf":{"@id":"https:\/\/tv.joycemeyer.org\/italiano\/#website"},"primaryImageOfPage":{"@id":"https:\/\/tv.joycemeyer.org\/italiano\/devotional\/controlla-la-tua-ira-3\/#primaryimage"},"image":{"@id":"https:\/\/tv.joycemeyer.org\/italiano\/devotional\/controlla-la-tua-ira-3\/#primaryimage"},"thumbnailUrl":"https:\/\/tv.joycemeyer.org\/italiano\/wp-content\/uploads\/sites\/6\/2024\/02\/2808.jpg","datePublished":"2024-02-28T22:01:25+00:00","dateModified":"2024-02-29T12:33:31+00:00","description":"Joyce Meyer Ministries - Italiano - Meditazione quotidiana","breadcrumb":{"@id":"https:\/\/tv.joycemeyer.org\/italiano\/devotional\/controlla-la-tua-ira-3\/#breadcrumb"},"inLanguage":"it-IT","potentialAction":[{"@type":"ReadAction","target":["https:\/\/tv.joycemeyer.org\/italiano\/devotional\/controlla-la-tua-ira-3\/"]}]},{"@type":"ImageObject","inLanguage":"it-IT","@id":"https:\/\/tv.joycemeyer.org\/italiano\/devotional\/controlla-la-tua-ira-3\/#primaryimage","url":"https:\/\/tv.joycemeyer.org\/italiano\/wp-content\/uploads\/sites\/6\/2024\/02\/2808.jpg","contentUrl":"https:\/\/tv.joycemeyer.org\/italiano\/wp-content\/uploads\/sites\/6\/2024\/02\/2808.jpg","width":960,"height":560,"caption":"Controlla la tua ira"},{"@type":"BreadcrumbList","@id":"https:\/\/tv.joycemeyer.org\/italiano\/devotional\/controlla-la-tua-ira-3\/#breadcrumb","itemListElement":[{"@type":"ListItem","position":1,"name":"Home","item":"https:\/\/tv.joycemeyer.org\/italiano\/"},{"@type":"ListItem","position":2,"name":"Devotional","item":"https:\/\/tv.joycemeyer.org\/italiano\/devotional\/"},{"@type":"ListItem","position":3,"name":"Controlla La Tua Ira"}]},{"@type":"WebSite","@id":"https:\/\/tv.joycemeyer.org\/italiano\/#website","url":"https:\/\/tv.joycemeyer.org\/italiano\/","name":"Joyce Meyer Ministries - Italiano","description":"Condividiamo Cristo - Amiamo le persone","potentialAction":[{"@type":"SearchAction","target":{"@type":"EntryPoint","urlTemplate":"https:\/\/tv.joycemeyer.org\/italiano\/?s={search_term_string}"},"query-input":{"@type":"PropertyValueSpecification","valueRequired":true,"valueName":"search_term_string"}}],"inLanguage":"it-IT"}]}},"_links":{"self":[{"href":"https:\/\/tv.joycemeyer.org\/italiano\/wp-json\/wp\/v2\/devotional\/6304","targetHints":{"allow":["GET"]}}],"collection":[{"href":"https:\/\/tv.joycemeyer.org\/italiano\/wp-json\/wp\/v2\/devotional"}],"about":[{"href":"https:\/\/tv.joycemeyer.org\/italiano\/wp-json\/wp\/v2\/types\/devotional"}],"author":[{"embeddable":true,"href":"https:\/\/tv.joycemeyer.org\/italiano\/wp-json\/wp\/v2\/users\/20"}],"replies":[{"embeddable":true,"href":"https:\/\/tv.joycemeyer.org\/italiano\/wp-json\/wp\/v2\/comments?post=6304"}],"wp:featuredmedia":[{"embeddable":true,"href":"https:\/\/tv.joycemeyer.org\/italiano\/wp-json\/wp\/v2\/media\/6303"}],"wp:attachment":[{"href":"https:\/\/tv.joycemeyer.org\/italiano\/wp-json\/wp\/v2\/media?parent=6304"}],"curies":[{"name":"wp","href":"https:\/\/api.w.org\/{rel}","templated":true}]}}

<blockquote><p>Chi è lento all&#8217;ira vale più del prode guerriero, e chi domina il suo spirito vale più di chi espugna una città. Proverbi 16:32</p></blockquote>
<p>Questo versetto illustra il potere del controllare la propria ira. Dio ci ha dato l&#8217;autocontrollo (ved. Galati 5:23) per monitorare le nostre parole, i nostri pensieri, le nostre passioni ed emozioni, il nostro temperamento, eppure tante persone non sanno di avere la possibilità di controllare le proprie emozioni. Pensano che il modo in cui &#8220;si sentono&#8221; debba determinare le loro azioni. Quando si arrabbiano, permettono alla loro ira di decidere per quanto tempo rimarranno adirate, perdendo così la propria gioia. Nella Bibbia leggiamo di Absalom, che rimase arrabbiato per due anni, fino a quando tutta l&#8217;ira accumulata lo spinse a uccidere il proprio fratello (ved. 2 Samuele 13).</p>
<p>Devi sapere che, con l&#8217;aiuto di Dio, tu puoi sconfiggere la tua ira. Esamina il concetto di ira nella Bibbia e l&#8217;importanza di perdonare coloro che ti hanno ferito, dopodiché prega e chiedi a Dio di darti la grazia e la forza di perdonare (ved. 2 Corinzi 12:9). Non lasciare che l&#8217;ira smorzi la potenza di Dio nella tua vita.</p>
<hr />
<p>Pensiero potente: io perdono velocemente e non permetto mai alle emozioni di governare le mie azioni.</p>
