{"id":623,"date":"2018-02-13T19:26:15","date_gmt":"2018-02-13T17:26:15","guid":{"rendered":"https:\/\/tv.joycemeyer.org\/italiano\/?page_id=623"},"modified":"2023-06-19T18:56:04","modified_gmt":"2023-06-19T16:56:04","slug":"come-conoscere-gesu","status":"publish","type":"page","link":"https:\/\/tv.joycemeyer.org\/italiano\/come-conoscere-gesu\/","title":{"rendered":"Come conoscere Ges\u00f9"},"content":{"rendered":"<p>Quando impari a conoscere Ges\u00f9, intraprendi uno straordinario percorso verso il piano che Dio ha per la tua vita. In Romani 3:23\u00a0\u00e8 scritto: \u201cTutti hanno peccato e sono privi della gloria di Dio\u201d.<\/p>\n<p>Conoscere Ges\u00f9 significa semplicemente riconoscere che hai bisogno di Lui,\u00a0credere in ci\u00f2 che Lui ha fatto per te e accettare il Suo meraviglioso dono. Equivale ad ammettere di non riuscire a vivere questa vita con le tue sole forze, che hai peccato e che hai bisogno di un Salvatore.<\/p>\n<p>La buona notizia del ricevere Ges\u00f9 e dell&#8217;essere salvati \u00e8 il magnifico scambio che avviene in quel momento: tu affidi a Lui tutti i tuoi peccati ed errori e, in cambio, Dio ti d\u00e0 tutto ci\u00f2 che ha in serbo per te.<\/p>\n<p>Che tu lo sappia o no, il Suo piano per la tua vita \u00e8 meraviglioso, e questo \u00e8 il primo passo verso quel percorso.<\/p>\n<blockquote>\n<p style=\"text-align: left\">\u201cPerch\u00e9 Dio ha tanto amato il mondo, che ha dato il suo unigenito Figlio, affinch\u00e9 chiunque crede in lui non perisca, ma abbia vita eterna\u201d(Giovanni 3:16)<\/p>\n<\/blockquote>\n","protected":false},"excerpt":{"rendered":"<p>Quando impari a conoscere Ges\u00f9, intraprendi uno straordinario percorso verso il piano che Dio ha per la tua vita. In Romani 3:23\u00a0\u00e8 scritto: \u201cTutti hanno peccato e sono privi della gloria di Dio\u201d. Conoscere Ges\u00f9 significa semplicemente riconoscere che hai bisogno di Lui,\u00a0credere in ci\u00f2 che Lui ha fatto per te e accettare il Suo&#8230;<\/p>\n","protected":false},"author":4,"featured_media":0,"parent":0,"menu_order":0,"comment_status":"closed","ping_status":"closed","template":"page-templates\/page-campaign.php","meta":{"_acf_changed":false,"footnotes":""},"class_list":["post-623","page","type-page","status-publish","hentry"],"acf":[],"yoast_head":"<!-- This site is optimized with the Yoast SEO plugin v26.9 - https:\/\/yoast.com\/product\/yoast-seo-wordpress\/ -->\n<title>Come conoscere Ges\u00f9 - Joyce Meyer Ministries - Italiano<\/title>\n<meta name=\"description\" content=\"Joyce Meyer Ministries - Italiano\" \/>\n<meta name=\"robots\" content=\"index, follow, max-snippet:-1, max-image-preview:large, max-video-preview:-1\" \/>\n<link rel=\"canonical\" href=\"https:\/\/tv.joycemeyer.org\/italiano\/come-conoscere-gesu\/\" \/>\n<meta property=\"og:locale\" content=\"it_IT\" \/>\n<meta property=\"og:type\" content=\"article\" \/>\n<meta property=\"og:title\" content=\"Come conoscere Ges\u00f9 - Joyce Meyer Ministries - Italiano\" \/>\n<meta property=\"og:description\" content=\"Joyce Meyer Ministries - Italiano\" \/>\n<meta property=\"og:url\" content=\"https:\/\/tv.joycemeyer.org\/italiano\/come-conoscere-gesu\/\" \/>\n<meta property=\"og:site_name\" content=\"Joyce Meyer Ministries - Italiano\" \/>\n<meta property=\"article:publisher\" content=\"https:\/\/www.facebook.com\/joycemeyerministriesitaliano\/\" \/>\n<meta property=\"article:modified_time\" content=\"2023-06-19T16:56:04+00:00\" \/>\n<meta name=\"twitter:card\" content=\"summary_large_image\" \/>\n<meta name=\"twitter:label1\" content=\"Tempo di lettura stimato\" \/>\n\t<meta name=\"twitter:data1\" content=\"1 minuto\" \/>\n<script type=\"application\/ld+json\" class=\"yoast-schema-graph\">{\"@context\":\"https:\/\/schema.org\",\"@graph\":[{\"@type\":\"WebPage\",\"@id\":\"https:\/\/tv.joycemeyer.org\/italiano\/come-conoscere-gesu\/\",\"url\":\"https:\/\/tv.joycemeyer.org\/italiano\/come-conoscere-gesu\/\",\"name\":\"Come conoscere Ges\u00f9 - Joyce Meyer Ministries - Italiano\",\"isPartOf\":{\"@id\":\"https:\/\/tv.joycemeyer.org\/italiano\/#website\"},\"datePublished\":\"2018-02-13T17:26:15+00:00\",\"dateModified\":\"2023-06-19T16:56:04+00:00\",\"description\":\"Joyce Meyer Ministries - Italiano\",\"breadcrumb\":{\"@id\":\"https:\/\/tv.joycemeyer.org\/italiano\/come-conoscere-gesu\/#breadcrumb\"},\"inLanguage\":\"it-IT\",\"potentialAction\":[{\"@type\":\"ReadAction\",\"target\":[\"https:\/\/tv.joycemeyer.org\/italiano\/come-conoscere-gesu\/\"]}]},{\"@type\":\"BreadcrumbList\",\"@id\":\"https:\/\/tv.joycemeyer.org\/italiano\/come-conoscere-gesu\/#breadcrumb\",\"itemListElement\":[{\"@type\":\"ListItem\",\"position\":1,\"name\":\"Home\",\"item\":\"https:\/\/tv.joycemeyer.org\/italiano\/\"},{\"@type\":\"ListItem\",\"position\":2,\"name\":\"Come conoscere Ges\u00f9\"}]},{\"@type\":\"WebSite\",\"@id\":\"https:\/\/tv.joycemeyer.org\/italiano\/#website\",\"url\":\"https:\/\/tv.joycemeyer.org\/italiano\/\",\"name\":\"Joyce Meyer Ministries - Italiano\",\"description\":\"Condividiamo Cristo - Amiamo le persone\",\"potentialAction\":[{\"@type\":\"SearchAction\",\"target\":{\"@type\":\"EntryPoint\",\"urlTemplate\":\"https:\/\/tv.joycemeyer.org\/italiano\/?s={search_term_string}\"},\"query-input\":{\"@type\":\"PropertyValueSpecification\",\"valueRequired\":true,\"valueName\":\"search_term_string\"}}],\"inLanguage\":\"it-IT\"}]}<\/script>\n<!-- \/ Yoast SEO plugin. -->","yoast_head_json":{"title":"Come conoscere Ges\u00f9 - Joyce Meyer Ministries - Italiano","description":"Joyce Meyer Ministries - Italiano","robots":{"index":"index","follow":"follow","max-snippet":"max-snippet:-1","max-image-preview":"max-image-preview:large","max-video-preview":"max-video-preview:-1"},"canonical":"https:\/\/tv.joycemeyer.org\/italiano\/come-conoscere-gesu\/","og_locale":"it_IT","og_type":"article","og_title":"Come conoscere Ges\u00f9 - Joyce Meyer Ministries - Italiano","og_description":"Joyce Meyer Ministries - Italiano","og_url":"https:\/\/tv.joycemeyer.org\/italiano\/come-conoscere-gesu\/","og_site_name":"Joyce Meyer Ministries - Italiano","article_publisher":"https:\/\/www.facebook.com\/joycemeyerministriesitaliano\/","article_modified_time":"2023-06-19T16:56:04+00:00","twitter_card":"summary_large_image","twitter_misc":{"Tempo di lettura stimato":"1 minuto"},"schema":{"@context":"https:\/\/schema.org","@graph":[{"@type":"WebPage","@id":"https:\/\/tv.joycemeyer.org\/italiano\/come-conoscere-gesu\/","url":"https:\/\/tv.joycemeyer.org\/italiano\/come-conoscere-gesu\/","name":"Come conoscere Ges\u00f9 - Joyce Meyer Ministries - Italiano","isPartOf":{"@id":"https:\/\/tv.joycemeyer.org\/italiano\/#website"},"datePublished":"2018-02-13T17:26:15+00:00","dateModified":"2023-06-19T16:56:04+00:00","description":"Joyce Meyer Ministries - Italiano","breadcrumb":{"@id":"https:\/\/tv.joycemeyer.org\/italiano\/come-conoscere-gesu\/#breadcrumb"},"inLanguage":"it-IT","potentialAction":[{"@type":"ReadAction","target":["https:\/\/tv.joycemeyer.org\/italiano\/come-conoscere-gesu\/"]}]},{"@type":"BreadcrumbList","@id":"https:\/\/tv.joycemeyer.org\/italiano\/come-conoscere-gesu\/#breadcrumb","itemListElement":[{"@type":"ListItem","position":1,"name":"Home","item":"https:\/\/tv.joycemeyer.org\/italiano\/"},{"@type":"ListItem","position":2,"name":"Come conoscere Ges\u00f9"}]},{"@type":"WebSite","@id":"https:\/\/tv.joycemeyer.org\/italiano\/#website","url":"https:\/\/tv.joycemeyer.org\/italiano\/","name":"Joyce Meyer Ministries - Italiano","description":"Condividiamo Cristo - Amiamo le persone","potentialAction":[{"@type":"SearchAction","target":{"@type":"EntryPoint","urlTemplate":"https:\/\/tv.joycemeyer.org\/italiano\/?s={search_term_string}"},"query-input":{"@type":"PropertyValueSpecification","valueRequired":true,"valueName":"search_term_string"}}],"inLanguage":"it-IT"}]}},"_links":{"self":[{"href":"https:\/\/tv.joycemeyer.org\/italiano\/wp-json\/wp\/v2\/pages\/623","targetHints":{"allow":["GET"]}}],"collection":[{"href":"https:\/\/tv.joycemeyer.org\/italiano\/wp-json\/wp\/v2\/pages"}],"about":[{"href":"https:\/\/tv.joycemeyer.org\/italiano\/wp-json\/wp\/v2\/types\/page"}],"author":[{"embeddable":true,"href":"https:\/\/tv.joycemeyer.org\/italiano\/wp-json\/wp\/v2\/users\/4"}],"replies":[{"embeddable":true,"href":"https:\/\/tv.joycemeyer.org\/italiano\/wp-json\/wp\/v2\/comments?post=623"}],"version-history":[{"count":0,"href":"https:\/\/tv.joycemeyer.org\/italiano\/wp-json\/wp\/v2\/pages\/623\/revisions"}],"wp:attachment":[{"href":"https:\/\/tv.joycemeyer.org\/italiano\/wp-json\/wp\/v2\/media?parent=623"}],"curies":[{"name":"wp","href":"https:\/\/api.w.org\/{rel}","templated":true}]}}