{"id":93,"date":"2018-02-16T19:16:39","date_gmt":"2018-02-16T19:16:39","guid":{"rendered":"https:\/\/tv.joycemeyer.org\/latviesu\/?page_id=93"},"modified":"2023-06-19T17:23:26","modified_gmt":"2023-06-19T17:23:26","slug":"ka-iepazit-jezu","status":"publish","type":"page","link":"https:\/\/tv.joycemeyer.org\/latviesu\/ka-iepazit-jezu\/","title":{"rendered":"K\u0101 iepaz\u012bt J\u0113zu"},"content":{"rendered":"<p>Iepaz\u012bstot J\u0113zu j\u016bs uzs\u0101kat iet pa p\u0101rsteidzo\u0161u ce\u013cu, kas j\u016bs ieved\u012bs Dieva pl\u0101n\u0101. Romie\u0161iem 3:23 ir teikts \u0161\u0101di: jo visi ir gr\u0113koju\u0161i, un visiem tr\u016bkst dievi\u0161\u0137\u0101s god\u012bbas. Paz\u012bt J\u0113zu vienk\u0101r\u0161i noz\u012bm\u0113 apzin\u0101ties vajadz\u012bbu p\u0113c Vi\u0146a, tic\u0113t tam, ko Vi\u0146\u0161 ir izdar\u012bjis priek\u0161 tevis un pie\u0146emt Vi\u0146a apbr\u012bnojamo d\u0101vanu. T\u0101 ir apzi\u0146a, ka tu nevari dz\u012bvot \u0161o dz\u012bvi pats par sevi, ka tu esi gr\u0113kojis un tev ir vajadz\u012bgs Gl\u0101b\u0113js.<\/p>\n<p>Iepaz\u012bstot J\u0113zu, ieg\u016bstot gl\u0101b\u0161anu, notiek p\u0101rsteidzo\u0161s apmai\u0146as process. Tu Vi\u0146am atdod visas slikt\u0101s un gr\u0113c\u012bg\u0101s lietas, kuras esi nodar\u012bjis un apmai\u0146\u0101 no Dieva sa\u0146em visu, ko Vi\u0146\u0161 tev paredz\u0113jis. Neskatoties uz to, vai tu to zini, vai n\u0113, Vi\u0146a pl\u0101ns priek\u0161 tevis ir apbr\u012bnojams un \u0161is ir pirmais solis, kas ved uz \u0161\u012b ce\u013ca.<\/p>\n<blockquote><p>\u201eJo tik \u013coti Dievs pasauli m\u012bl\u0113jis, ka Vi\u0146\u0161 devis Savu vienpiedzimu\u0161o D\u0113lu, lai neviens, kas Vi\u0146am tic, nepazustu, bet ieg\u016btu m\u016b\u017e\u012bgo dz\u012bv\u012bbu.\u201d \u2014J\u0100\u0145A 3:16<\/p><\/blockquote>\n","protected":false},"excerpt":{"rendered":"<p>Iepaz\u012bstot J\u0113zu j\u016bs uzs\u0101kat iet pa p\u0101rsteidzo\u0161u ce\u013cu, kas j\u016bs ieved\u012bs Dieva pl\u0101n\u0101. Romie\u0161iem 3:23 ir teikts \u0161\u0101di: jo visi ir gr\u0113koju\u0161i, un visiem tr\u016bkst dievi\u0161\u0137\u0101s god\u012bbas. Paz\u012bt J\u0113zu vienk\u0101r\u0161i noz\u012bm\u0113 apzin\u0101ties vajadz\u012bbu p\u0113c Vi\u0146a, tic\u0113t tam, ko Vi\u0146\u0161 ir izdar\u012bjis priek\u0161 tevis un pie\u0146emt Vi\u0146a apbr\u012bnojamo d\u0101vanu. T\u0101 ir apzi\u0146a, ka tu nevari dz\u012bvot&#8230;<\/p>\n","protected":false},"author":4,"featured_media":0,"parent":0,"menu_order":0,"comment_status":"closed","ping_status":"closed","template":"page-templates\/page-campaign.php","meta":{"_acf_changed":false,"footnotes":""},"class_list":["post-93","page","type-page","status-publish","hentry"],"acf":[],"yoast_head":"<!-- This site is optimized with the Yoast SEO plugin v27.4 - https:\/\/yoast.com\/product\/yoast-seo-wordpress\/ -->\n<title>K\u0101 iepaz\u012bt J\u0113zu - Joyce Meyer Ministries - Latviesu<\/title>\n<meta name=\"robots\" content=\"index, follow, max-snippet:-1, max-image-preview:large, max-video-preview:-1\" \/>\n<link rel=\"canonical\" href=\"https:\/\/tv.joycemeyer.org\/latviesu\/ka-iepazit-jezu\/\" \/>\n<meta property=\"og:locale\" content=\"lv_LV\" \/>\n<meta property=\"og:type\" content=\"article\" \/>\n<meta property=\"og:title\" content=\"K\u0101 iepaz\u012bt J\u0113zu - Joyce Meyer Ministries - Latviesu\" \/>\n<meta property=\"og:description\" content=\"Iepaz\u012bstot J\u0113zu j\u016bs uzs\u0101kat iet pa p\u0101rsteidzo\u0161u ce\u013cu, kas j\u016bs ieved\u012bs Dieva pl\u0101n\u0101. Romie\u0161iem 3:23 ir teikts \u0161\u0101di: jo visi ir gr\u0113koju\u0161i, un visiem tr\u016bkst dievi\u0161\u0137\u0101s god\u012bbas. Paz\u012bt J\u0113zu vienk\u0101r\u0161i noz\u012bm\u0113 apzin\u0101ties vajadz\u012bbu p\u0113c Vi\u0146a, tic\u0113t tam, ko Vi\u0146\u0161 ir izdar\u012bjis priek\u0161 tevis un pie\u0146emt Vi\u0146a apbr\u012bnojamo d\u0101vanu. T\u0101 ir apzi\u0146a, ka tu nevari dz\u012bvot...\" \/>\n<meta property=\"og:url\" content=\"https:\/\/tv.joycemeyer.org\/latviesu\/ka-iepazit-jezu\/\" \/>\n<meta property=\"og:site_name\" content=\"Joyce Meyer Ministries - Latviesu\" \/>\n<meta property=\"article:publisher\" content=\"https:\/\/www.facebook.com\/joycemeyerministrieslatvian\/\" \/>\n<meta property=\"article:modified_time\" content=\"2023-06-19T17:23:26+00:00\" \/>\n<meta name=\"twitter:card\" content=\"summary_large_image\" \/>\n<meta name=\"twitter:label1\" content=\"Est. reading time\" \/>\n\t<meta name=\"twitter:data1\" content=\"1 min\u016bte\" \/>\n<script type=\"application\/ld+json\" class=\"yoast-schema-graph\">{\"@context\":\"https:\\\/\\\/schema.org\",\"@graph\":[{\"@type\":\"WebPage\",\"@id\":\"https:\\\/\\\/tv.joycemeyer.org\\\/latviesu\\\/ka-iepazit-jezu\\\/\",\"url\":\"https:\\\/\\\/tv.joycemeyer.org\\\/latviesu\\\/ka-iepazit-jezu\\\/\",\"name\":\"K\u0101 iepaz\u012bt J\u0113zu - Joyce Meyer Ministries - Latviesu\",\"isPartOf\":{\"@id\":\"https:\\\/\\\/tv.joycemeyer.org\\\/latviesu\\\/#website\"},\"datePublished\":\"2018-02-16T19:16:39+00:00\",\"dateModified\":\"2023-06-19T17:23:26+00:00\",\"breadcrumb\":{\"@id\":\"https:\\\/\\\/tv.joycemeyer.org\\\/latviesu\\\/ka-iepazit-jezu\\\/#breadcrumb\"},\"inLanguage\":\"lv-LV\",\"potentialAction\":[{\"@type\":\"ReadAction\",\"target\":[\"https:\\\/\\\/tv.joycemeyer.org\\\/latviesu\\\/ka-iepazit-jezu\\\/\"]}]},{\"@type\":\"BreadcrumbList\",\"@id\":\"https:\\\/\\\/tv.joycemeyer.org\\\/latviesu\\\/ka-iepazit-jezu\\\/#breadcrumb\",\"itemListElement\":[{\"@type\":\"ListItem\",\"position\":1,\"name\":\"Home\",\"item\":\"https:\\\/\\\/tv.joycemeyer.org\\\/latviesu\\\/\"},{\"@type\":\"ListItem\",\"position\":2,\"name\":\"K\u0101 iepaz\u012bt J\u0113zu\"}]},{\"@type\":\"WebSite\",\"@id\":\"https:\\\/\\\/tv.joycemeyer.org\\\/latviesu\\\/#website\",\"url\":\"https:\\\/\\\/tv.joycemeyer.org\\\/latviesu\\\/\",\"name\":\"Joyce Meyer Ministries - Latviesu\",\"description\":\"Sludin\u0101m Kristu \u2013 M\u012blam Cilv\u0113kus\",\"potentialAction\":[{\"@type\":\"SearchAction\",\"target\":{\"@type\":\"EntryPoint\",\"urlTemplate\":\"https:\\\/\\\/tv.joycemeyer.org\\\/latviesu\\\/?s={search_term_string}\"},\"query-input\":{\"@type\":\"PropertyValueSpecification\",\"valueRequired\":true,\"valueName\":\"search_term_string\"}}],\"inLanguage\":\"lv-LV\"}]}<\/script>\n<!-- \/ Yoast SEO plugin. -->","yoast_head_json":{"title":"K\u0101 iepaz\u012bt J\u0113zu - Joyce Meyer Ministries - Latviesu","robots":{"index":"index","follow":"follow","max-snippet":"max-snippet:-1","max-image-preview":"max-image-preview:large","max-video-preview":"max-video-preview:-1"},"canonical":"https:\/\/tv.joycemeyer.org\/latviesu\/ka-iepazit-jezu\/","og_locale":"lv_LV","og_type":"article","og_title":"K\u0101 iepaz\u012bt J\u0113zu - Joyce Meyer Ministries - Latviesu","og_description":"Iepaz\u012bstot J\u0113zu j\u016bs uzs\u0101kat iet pa p\u0101rsteidzo\u0161u ce\u013cu, kas j\u016bs ieved\u012bs Dieva pl\u0101n\u0101. Romie\u0161iem 3:23 ir teikts \u0161\u0101di: jo visi ir gr\u0113koju\u0161i, un visiem tr\u016bkst dievi\u0161\u0137\u0101s god\u012bbas. Paz\u012bt J\u0113zu vienk\u0101r\u0161i noz\u012bm\u0113 apzin\u0101ties vajadz\u012bbu p\u0113c Vi\u0146a, tic\u0113t tam, ko Vi\u0146\u0161 ir izdar\u012bjis priek\u0161 tevis un pie\u0146emt Vi\u0146a apbr\u012bnojamo d\u0101vanu. T\u0101 ir apzi\u0146a, ka tu nevari dz\u012bvot...","og_url":"https:\/\/tv.joycemeyer.org\/latviesu\/ka-iepazit-jezu\/","og_site_name":"Joyce Meyer Ministries - Latviesu","article_publisher":"https:\/\/www.facebook.com\/joycemeyerministrieslatvian\/","article_modified_time":"2023-06-19T17:23:26+00:00","twitter_card":"summary_large_image","twitter_misc":{"Est. reading time":"1 min\u016bte"},"schema":{"@context":"https:\/\/schema.org","@graph":[{"@type":"WebPage","@id":"https:\/\/tv.joycemeyer.org\/latviesu\/ka-iepazit-jezu\/","url":"https:\/\/tv.joycemeyer.org\/latviesu\/ka-iepazit-jezu\/","name":"K\u0101 iepaz\u012bt J\u0113zu - Joyce Meyer Ministries - Latviesu","isPartOf":{"@id":"https:\/\/tv.joycemeyer.org\/latviesu\/#website"},"datePublished":"2018-02-16T19:16:39+00:00","dateModified":"2023-06-19T17:23:26+00:00","breadcrumb":{"@id":"https:\/\/tv.joycemeyer.org\/latviesu\/ka-iepazit-jezu\/#breadcrumb"},"inLanguage":"lv-LV","potentialAction":[{"@type":"ReadAction","target":["https:\/\/tv.joycemeyer.org\/latviesu\/ka-iepazit-jezu\/"]}]},{"@type":"BreadcrumbList","@id":"https:\/\/tv.joycemeyer.org\/latviesu\/ka-iepazit-jezu\/#breadcrumb","itemListElement":[{"@type":"ListItem","position":1,"name":"Home","item":"https:\/\/tv.joycemeyer.org\/latviesu\/"},{"@type":"ListItem","position":2,"name":"K\u0101 iepaz\u012bt J\u0113zu"}]},{"@type":"WebSite","@id":"https:\/\/tv.joycemeyer.org\/latviesu\/#website","url":"https:\/\/tv.joycemeyer.org\/latviesu\/","name":"Joyce Meyer Ministries - Latviesu","description":"Sludin\u0101m Kristu \u2013 M\u012blam Cilv\u0113kus","potentialAction":[{"@type":"SearchAction","target":{"@type":"EntryPoint","urlTemplate":"https:\/\/tv.joycemeyer.org\/latviesu\/?s={search_term_string}"},"query-input":{"@type":"PropertyValueSpecification","valueRequired":true,"valueName":"search_term_string"}}],"inLanguage":"lv-LV"}]}},"_links":{"self":[{"href":"https:\/\/tv.joycemeyer.org\/latviesu\/wp-json\/wp\/v2\/pages\/93","targetHints":{"allow":["GET"]}}],"collection":[{"href":"https:\/\/tv.joycemeyer.org\/latviesu\/wp-json\/wp\/v2\/pages"}],"about":[{"href":"https:\/\/tv.joycemeyer.org\/latviesu\/wp-json\/wp\/v2\/types\/page"}],"author":[{"embeddable":true,"href":"https:\/\/tv.joycemeyer.org\/latviesu\/wp-json\/wp\/v2\/users\/4"}],"replies":[{"embeddable":true,"href":"https:\/\/tv.joycemeyer.org\/latviesu\/wp-json\/wp\/v2\/comments?post=93"}],"version-history":[{"count":0,"href":"https:\/\/tv.joycemeyer.org\/latviesu\/wp-json\/wp\/v2\/pages\/93\/revisions"}],"wp:attachment":[{"href":"https:\/\/tv.joycemeyer.org\/latviesu\/wp-json\/wp\/v2\/media?parent=93"}],"curies":[{"name":"wp","href":"https:\/\/api.w.org\/{rel}","templated":true}]}}