{"id":1100,"date":"2026-04-25T00:01:57","date_gmt":"2026-04-25T00:01:57","guid":{"rendered":"https:\/\/tv.joycemeyer.org\/magyar\/?post_type=devotional&#038;p=1100"},"modified":"2026-04-20T18:18:42","modified_gmt":"2026-04-20T18:18:42","slug":"eleg-jo","status":"publish","type":"devotional","link":"https:\/\/tv.joycemeyer.org\/magyar\/devotional\/eleg-jo\/","title":{"rendered":"El\u00e9g j\u00f3"},"content":{"rendered":"<blockquote><p>\u201e\u0150 hordozza b\u0171neinket\u2026\u201d \u00c9zs 53:11<\/p><\/blockquote>\n<p>Sokunknak az a legnagyobb probl\u00e9m\u00e1ja, hogy nem szeretj\u00fck \u00f6nmagunkat, \u00e9s ez a torz szeml\u00e9letm\u00f3d megnehez\u00edti annak elfogad\u00e1s\u00e1t, hogy Isten szeret minket.<\/p>\n<p>\u00c9vekig k\u00fcszk\u00f6dtem ezzel a probl\u00e9m\u00e1val. Az id\u0151m legal\u00e1bb 75 sz\u00e1zal\u00e9k\u00e1t azzal t\u00f6lt\u00f6ttem, hogy megpr\u00f3b\u00e1ltam megv\u00e1ltoztatni magamat, de persze ez csak fokozta a stresszt bennem, az \u00f6rd\u00f6g pedig ezt kihaszn\u00e1lva folyamatosan b\u0171ntudatot keltett bennem. Soha nem \u00e9reztem azt, hogy el\u00e9g j\u00f3 lenn\u00e9k.<\/p>\n<p>Az \u00c9zsai\u00e1s 53 azt mondja, hogy J\u00e9zus meghalt a b\u0171neink\u00e9rt, \u00e9s ezzel egy\u00fctt a b\u0171ntudatot is elhordozta. Annyira szeretett minket, hogy kifizette az \u00e1rat, hogy nek\u00fcnk ne kelljen elszenvedni a k\u00e1rhoztat\u00e1s sz\u00f6rny\u0171 \u00e9rz\u00e9s\u00e9t. Ha Istenhez megy\u00fcnk, \u00e9s \u0151szint\u00e9n k\u00e9rj\u00fck a bocs\u00e1nat\u00e1t, \u0151 megbocs\u00e1t, ez\u00e9rt t\u00f6bb\u00e9 nincs mi\u00e9rt k\u00e1rhoztat\u00e1sban \u00e9ln\u00fcnk.<\/p>\n<p>Isten szeret, \u00e9s szeretn\u00e9, ha ezt mindenkor elhinn\u00e9d \u00e9s elfogadn\u00e1d. Szeretn\u00e9, ha megszabaduln\u00e1l a b\u0171ntudatt\u00f3l \u00e9s a k\u00e1rhoztat\u00e1st\u00f3l. Isten azt mondja, hogy el\u00e9g j\u00f3 vagy. Fogadd ma el ezt az igazs\u00e1got, \u00e9s \u00e9lj gy\u0151ztes \u00e9letet!<\/p>\n<hr \/>\n<p>Ima: Istenem a Fiad elhordozta a b\u00fcntet\u00e9st \u00e9s a b\u0171ntudatot. Krisztusban ez\u00e9rt \u00e9n el\u00e9g j\u00f3 vagyok. Elfogadom ezt ma, \u00e9s visszautas\u00edtom, hogy a b\u0171ntudat \u00e9s a k\u00e1rhozat\u00e1s terh\u00e9vel \u00e9ljek tov\u00e1bb. K\u00e9rem, \u00e9s elfogadom a b\u0171neim bocs\u00e1nat\u00e1t.<\/p>\n","protected":false},"excerpt":{"rendered":"<p>Sokunknak az a legnagyobb probl\u00e9m\u00e1ja, hogy nem szeretj\u00fck \u00f6nmagunkat &#8230;<\/p>\n","protected":false},"author":15,"featured_media":1101,"parent":0,"menu_order":0,"comment_status":"closed","ping_status":"closed","template":"","class_list":["post-1100","devotional","type-devotional","status-publish","has-post-thumbnail","hentry"],"acf":[],"appp":{"post_detail":{"above_title":"<div class=\"post-featured-wrap\"><img width=\"960\" height=\"639\" src=\"https:\/\/tv.joycemeyer.org\/magyar\/wp-content\/uploads\/sites\/72\/2019\/04\/365.jpg\" class=\"post-featured wp-post-image\" alt=\"\" decoding=\"async\" srcset=\"https:\/\/tv.joycemeyer.org\/magyar\/wp-content\/uploads\/sites\/72\/2019\/04\/365.jpg 960w, https:\/\/tv.joycemeyer.org\/magyar\/wp-content\/uploads\/sites\/72\/2019\/04\/365-300x200.jpg 300w, https:\/\/tv.joycemeyer.org\/magyar\/wp-content\/uploads\/sites\/72\/2019\/04\/365-768x511.jpg 768w\" sizes=\"(max-width: 960px) 100vw, 960px\" \/><\/div>","below_content":"<div class=\"follow\"><h6 class=\"alt\">L\u00e9pj kapcsolatba vel\u00fcnk<\/h6><ul class=\"nav nav--social nav--flex\"><li class=\"menu-item facebook\"><a href=\"https:\/\/www.facebook.com\/JoyceMeyerMinistriesHungarian\/\" target=\"_blank\"><span class=\"visuallyhidden\">Facebook<\/span><\/a><\/li><li class=\"menu-item instagram\"><a href=\"https:\/\/www.instagram.com\/joycemeyerministriesmagyar\/\" target=\"_blank\"><span class=\"visuallyhidden\">Instagram<\/span><\/a><\/li><li class=\"menu-item youtube\"><a href=\"https:\/\/www.youtube.com\/channel\/UCoAjHvNztMybm-_7N0zdThg\" target=\"_blank\"><span class=\"visuallyhidden\">YouTube<\/span><\/a><\/li><\/ul><\/div>"}},"yoast_head":"<!-- This site is optimized with the Yoast SEO plugin v27.4 - https:\/\/yoast.com\/product\/yoast-seo-wordpress\/ -->\n<title>El\u00e9g j\u00f3 - Joyce Meyer Ministries - Magyar<\/title>\n<meta name=\"robots\" content=\"index, follow, max-snippet:-1, max-image-preview:large, max-video-preview:-1\" \/>\n<link rel=\"canonical\" href=\"https:\/\/tv.joycemeyer.org\/magyar\/devotional\/eleg-jo\/\" \/>\n<meta property=\"og:locale\" content=\"en_US\" \/>\n<meta property=\"og:type\" content=\"article\" \/>\n<meta property=\"og:title\" content=\"El\u00e9g j\u00f3 - Joyce Meyer Ministries - Magyar\" \/>\n<meta property=\"og:description\" content=\"Sokunknak az a legnagyobb probl\u00e9m\u00e1ja, hogy nem szeretj\u00fck \u00f6nmagunkat ...\" \/>\n<meta property=\"og:url\" content=\"https:\/\/tv.joycemeyer.org\/magyar\/devotional\/eleg-jo\/\" \/>\n<meta property=\"og:site_name\" content=\"Joyce Meyer Ministries - Magyar\" \/>\n<meta property=\"article:publisher\" content=\"https:\/\/www.facebook.com\/JoyceMeyerMinistriesHungarian\/\" \/>\n<meta property=\"og:image\" content=\"https:\/\/tv.joycemeyer.org\/magyar\/wp-content\/uploads\/sites\/72\/2019\/04\/365.jpg\" \/>\n\t<meta property=\"og:image:width\" content=\"960\" \/>\n\t<meta property=\"og:image:height\" content=\"639\" \/>\n\t<meta property=\"og:image:type\" content=\"image\/jpeg\" \/>\n<meta name=\"twitter:card\" content=\"summary_large_image\" \/>\n<meta name=\"twitter:label1\" content=\"Est. reading time\" \/>\n\t<meta name=\"twitter:data1\" content=\"1 minute\" \/>\n<script type=\"application\/ld+json\" class=\"yoast-schema-graph\">{\"@context\":\"https:\\\/\\\/schema.org\",\"@graph\":[{\"@type\":\"WebPage\",\"@id\":\"https:\\\/\\\/tv.joycemeyer.org\\\/magyar\\\/devotional\\\/eleg-jo\\\/\",\"url\":\"https:\\\/\\\/tv.joycemeyer.org\\\/magyar\\\/devotional\\\/eleg-jo\\\/\",\"name\":\"El\u00e9g j\u00f3 - Joyce Meyer Ministries - Magyar\",\"isPartOf\":{\"@id\":\"https:\\\/\\\/tv.joycemeyer.org\\\/magyar\\\/#website\"},\"primaryImageOfPage\":{\"@id\":\"https:\\\/\\\/tv.joycemeyer.org\\\/magyar\\\/devotional\\\/eleg-jo\\\/#primaryimage\"},\"image\":{\"@id\":\"https:\\\/\\\/tv.joycemeyer.org\\\/magyar\\\/devotional\\\/eleg-jo\\\/#primaryimage\"},\"thumbnailUrl\":\"https:\\\/\\\/tv.joycemeyer.org\\\/magyar\\\/wp-content\\\/uploads\\\/sites\\\/72\\\/2019\\\/04\\\/365.jpg\",\"datePublished\":\"2026-04-25T00:01:57+00:00\",\"breadcrumb\":{\"@id\":\"https:\\\/\\\/tv.joycemeyer.org\\\/magyar\\\/devotional\\\/eleg-jo\\\/#breadcrumb\"},\"inLanguage\":\"en-US\",\"potentialAction\":[{\"@type\":\"ReadAction\",\"target\":[\"https:\\\/\\\/tv.joycemeyer.org\\\/magyar\\\/devotional\\\/eleg-jo\\\/\"]}]},{\"@type\":\"ImageObject\",\"inLanguage\":\"en-US\",\"@id\":\"https:\\\/\\\/tv.joycemeyer.org\\\/magyar\\\/devotional\\\/eleg-jo\\\/#primaryimage\",\"url\":\"https:\\\/\\\/tv.joycemeyer.org\\\/magyar\\\/wp-content\\\/uploads\\\/sites\\\/72\\\/2019\\\/04\\\/365.jpg\",\"contentUrl\":\"https:\\\/\\\/tv.joycemeyer.org\\\/magyar\\\/wp-content\\\/uploads\\\/sites\\\/72\\\/2019\\\/04\\\/365.jpg\",\"width\":960,\"height\":639,\"caption\":\"El\u00e9g j\u00f3\"},{\"@type\":\"BreadcrumbList\",\"@id\":\"https:\\\/\\\/tv.joycemeyer.org\\\/magyar\\\/devotional\\\/eleg-jo\\\/#breadcrumb\",\"itemListElement\":[{\"@type\":\"ListItem\",\"position\":1,\"name\":\"Home\",\"item\":\"https:\\\/\\\/tv.joycemeyer.org\\\/magyar\\\/\"},{\"@type\":\"ListItem\",\"position\":2,\"name\":\"Devotional\",\"item\":\"https:\\\/\\\/tv.joycemeyer.org\\\/magyar\\\/devotional\\\/\"},{\"@type\":\"ListItem\",\"position\":3,\"name\":\"El\u00e9g j\u00f3\"}]},{\"@type\":\"WebSite\",\"@id\":\"https:\\\/\\\/tv.joycemeyer.org\\\/magyar\\\/#website\",\"url\":\"https:\\\/\\\/tv.joycemeyer.org\\\/magyar\\\/\",\"name\":\"Joyce Meyer Ministries - Magyar\",\"description\":\"Hirdetj\u00fck Krisztust - Szeretj\u00fck az embereket\",\"potentialAction\":[{\"@type\":\"SearchAction\",\"target\":{\"@type\":\"EntryPoint\",\"urlTemplate\":\"https:\\\/\\\/tv.joycemeyer.org\\\/magyar\\\/?s={search_term_string}\"},\"query-input\":{\"@type\":\"PropertyValueSpecification\",\"valueRequired\":true,\"valueName\":\"search_term_string\"}}],\"inLanguage\":\"en-US\"}]}<\/script>\n<!-- \/ Yoast SEO plugin. -->","yoast_head_json":{"title":"El\u00e9g j\u00f3 - Joyce Meyer Ministries - Magyar","robots":{"index":"index","follow":"follow","max-snippet":"max-snippet:-1","max-image-preview":"max-image-preview:large","max-video-preview":"max-video-preview:-1"},"canonical":"https:\/\/tv.joycemeyer.org\/magyar\/devotional\/eleg-jo\/","og_locale":"en_US","og_type":"article","og_title":"El\u00e9g j\u00f3 - Joyce Meyer Ministries - Magyar","og_description":"Sokunknak az a legnagyobb probl\u00e9m\u00e1ja, hogy nem szeretj\u00fck \u00f6nmagunkat ...","og_url":"https:\/\/tv.joycemeyer.org\/magyar\/devotional\/eleg-jo\/","og_site_name":"Joyce Meyer Ministries - Magyar","article_publisher":"https:\/\/www.facebook.com\/JoyceMeyerMinistriesHungarian\/","og_image":[{"width":960,"height":639,"url":"https:\/\/tv.joycemeyer.org\/magyar\/wp-content\/uploads\/sites\/72\/2019\/04\/365.jpg","type":"image\/jpeg"}],"twitter_card":"summary_large_image","twitter_misc":{"Est. reading time":"1 minute"},"schema":{"@context":"https:\/\/schema.org","@graph":[{"@type":"WebPage","@id":"https:\/\/tv.joycemeyer.org\/magyar\/devotional\/eleg-jo\/","url":"https:\/\/tv.joycemeyer.org\/magyar\/devotional\/eleg-jo\/","name":"El\u00e9g j\u00f3 - Joyce Meyer Ministries - Magyar","isPartOf":{"@id":"https:\/\/tv.joycemeyer.org\/magyar\/#website"},"primaryImageOfPage":{"@id":"https:\/\/tv.joycemeyer.org\/magyar\/devotional\/eleg-jo\/#primaryimage"},"image":{"@id":"https:\/\/tv.joycemeyer.org\/magyar\/devotional\/eleg-jo\/#primaryimage"},"thumbnailUrl":"https:\/\/tv.joycemeyer.org\/magyar\/wp-content\/uploads\/sites\/72\/2019\/04\/365.jpg","datePublished":"2026-04-25T00:01:57+00:00","breadcrumb":{"@id":"https:\/\/tv.joycemeyer.org\/magyar\/devotional\/eleg-jo\/#breadcrumb"},"inLanguage":"en-US","potentialAction":[{"@type":"ReadAction","target":["https:\/\/tv.joycemeyer.org\/magyar\/devotional\/eleg-jo\/"]}]},{"@type":"ImageObject","inLanguage":"en-US","@id":"https:\/\/tv.joycemeyer.org\/magyar\/devotional\/eleg-jo\/#primaryimage","url":"https:\/\/tv.joycemeyer.org\/magyar\/wp-content\/uploads\/sites\/72\/2019\/04\/365.jpg","contentUrl":"https:\/\/tv.joycemeyer.org\/magyar\/wp-content\/uploads\/sites\/72\/2019\/04\/365.jpg","width":960,"height":639,"caption":"El\u00e9g j\u00f3"},{"@type":"BreadcrumbList","@id":"https:\/\/tv.joycemeyer.org\/magyar\/devotional\/eleg-jo\/#breadcrumb","itemListElement":[{"@type":"ListItem","position":1,"name":"Home","item":"https:\/\/tv.joycemeyer.org\/magyar\/"},{"@type":"ListItem","position":2,"name":"Devotional","item":"https:\/\/tv.joycemeyer.org\/magyar\/devotional\/"},{"@type":"ListItem","position":3,"name":"El\u00e9g j\u00f3"}]},{"@type":"WebSite","@id":"https:\/\/tv.joycemeyer.org\/magyar\/#website","url":"https:\/\/tv.joycemeyer.org\/magyar\/","name":"Joyce Meyer Ministries - Magyar","description":"Hirdetj\u00fck Krisztust - Szeretj\u00fck az embereket","potentialAction":[{"@type":"SearchAction","target":{"@type":"EntryPoint","urlTemplate":"https:\/\/tv.joycemeyer.org\/magyar\/?s={search_term_string}"},"query-input":{"@type":"PropertyValueSpecification","valueRequired":true,"valueName":"search_term_string"}}],"inLanguage":"en-US"}]}},"_links":{"self":[{"href":"https:\/\/tv.joycemeyer.org\/magyar\/wp-json\/wp\/v2\/devotional\/1100","targetHints":{"allow":["GET"]}}],"collection":[{"href":"https:\/\/tv.joycemeyer.org\/magyar\/wp-json\/wp\/v2\/devotional"}],"about":[{"href":"https:\/\/tv.joycemeyer.org\/magyar\/wp-json\/wp\/v2\/types\/devotional"}],"author":[{"embeddable":true,"href":"https:\/\/tv.joycemeyer.org\/magyar\/wp-json\/wp\/v2\/users\/15"}],"replies":[{"embeddable":true,"href":"https:\/\/tv.joycemeyer.org\/magyar\/wp-json\/wp\/v2\/comments?post=1100"}],"wp:featuredmedia":[{"embeddable":true,"href":"https:\/\/tv.joycemeyer.org\/magyar\/wp-json\/wp\/v2\/media\/1101"}],"wp:attachment":[{"href":"https:\/\/tv.joycemeyer.org\/magyar\/wp-json\/wp\/v2\/media?parent=1100"}],"curies":[{"name":"wp","href":"https:\/\/api.w.org\/{rel}","templated":true}]}}

Elég jó

<blockquote><p>„Ő hordozza bűneinket…” Ézs 53:11</p></blockquote>
<p>Sokunknak az a legnagyobb problémája, hogy nem szeretjük önmagunkat, és ez a torz szemléletmód megnehezíti annak elfogadását, hogy Isten szeret minket.</p>
<p>Évekig küszködtem ezzel a problémával. Az időm legalább 75 százalékát azzal töltöttem, hogy megpróbáltam megváltoztatni magamat, de persze ez csak fokozta a stresszt bennem, az ördög pedig ezt kihasználva folyamatosan bűntudatot keltett bennem. Soha nem éreztem azt, hogy elég jó lennék.</p>
<p>Az Ézsaiás 53 azt mondja, hogy Jézus meghalt a bűneinkért, és ezzel együtt a bűntudatot is elhordozta. Annyira szeretett minket, hogy kifizette az árat, hogy nekünk ne kelljen elszenvedni a kárhoztatás szörnyű érzését. Ha Istenhez megyünk, és őszintén kérjük a bocsánatát, ő megbocsát, ezért többé nincs miért kárhoztatásban élnünk.</p>
<p>Isten szeret, és szeretné, ha ezt mindenkor elhinnéd és elfogadnád. Szeretné, ha megszabadulnál a bűntudattól és a kárhoztatástól. Isten azt mondja, hogy elég jó vagy. Fogadd ma el ezt az igazságot, és élj győztes életet!</p>
<hr />
<p>Ima: Istenem a Fiad elhordozta a büntetést és a bűntudatot. Krisztusban ezért én elég jó vagyok. Elfogadom ezt ma, és visszautasítom, hogy a bűntudat és a kárhozatás terhével éljek tovább. Kérem, és elfogadom a bűneim bocsánatát.</p>

<p>Sokunknak az a legnagyobb problémája, hogy nem szeretjük önmagunkat &#8230;</p>

<div class="follow"><h6 class="alt">Lépj kapcsolatba velünk</h6><ul class="nav nav--social nav--flex"><li class="menu-item facebook"><a href="https://www.facebook.com/JoyceMeyerMinistriesHungarian/" target="_blank"><span class="visuallyhidden">Facebook</span></a></li><li class="menu-item instagram"><a href="https://www.instagram.com/joycemeyerministriesmagyar/" target="_blank"><span class="visuallyhidden">Instagram</span></a></li><li class="menu-item youtube"><a href="https://www.youtube.com/channel/UCoAjHvNztMybm-_7N0zdThg" target="_blank"><span class="visuallyhidden">YouTube</span></a></li></ul></div>

<!-- This site is optimized with the Yoast SEO plugin v27.4 - https://yoast.com/product/yoast-seo-wordpress/ -->
<title>Elég jó - Joyce Meyer Ministries - Magyar</title>
<meta name="robots" content="index, follow, max-snippet:-1, max-image-preview:large, max-video-preview:-1" />
<link rel="canonical" href="https://tv.joycemeyer.org/magyar/devotional/eleg-jo/" />
<meta property="og:locale" content="en_US" />
<meta property="og:type" content="article" />
<meta property="og:title" content="Elég jó - Joyce Meyer Ministries - Magyar" />
<meta property="og:description" content="Sokunknak az a legnagyobb problémája, hogy nem szeretjük önmagunkat ..." />
<meta property="og:url" content="https://tv.joycemeyer.org/magyar/devotional/eleg-jo/" />
<meta property="og:site_name" content="Joyce Meyer Ministries - Magyar" />
<meta property="article:publisher" content="https://www.facebook.com/JoyceMeyerMinistriesHungarian/" />
<meta property="og:image" content="https://tv.joycemeyer.org/magyar/wp-content/uploads/sites/72/2019/04/365.jpg" />
	<meta property="og:image:width" content="960" />
	<meta property="og:image:height" content="639" />
	<meta property="og:image:type" content="image/jpeg" />
<meta name="twitter:card" content="summary_large_image" />
<meta name="twitter:label1" content="Est. reading time" />
	<meta name="twitter:data1" content="1 minute" />
<script type="application/ld+json" class="yoast-schema-graph">{"@context":"https:\/\/schema.org","@graph":[{"@type":"WebPage","@id":"https:\/\/tv.joycemeyer.org\/magyar\/devotional\/eleg-jo\/","url":"https:\/\/tv.joycemeyer.org\/magyar\/devotional\/eleg-jo\/","name":"Elég jó - Joyce Meyer Ministries - Magyar","isPartOf":{"@id":"https:\/\/tv.joycemeyer.org\/magyar\/#website"},"primaryImageOfPage":{"@id":"https:\/\/tv.joycemeyer.org\/magyar\/devotional\/eleg-jo\/#primaryimage"},"image":{"@id":"https:\/\/tv.joycemeyer.org\/magyar\/devotional\/eleg-jo\/#primaryimage"},"thumbnailUrl":"https:\/\/tv.joycemeyer.org\/magyar\/wp-content\/uploads\/sites\/72\/2019\/04\/365.jpg","datePublished":"2026-04-25T00:01:57+00:00","breadcrumb":{"@id":"https:\/\/tv.joycemeyer.org\/magyar\/devotional\/eleg-jo\/#breadcrumb"},"inLanguage":"en-US","potentialAction":[{"@type":"ReadAction","target":["https:\/\/tv.joycemeyer.org\/magyar\/devotional\/eleg-jo\/"]}]},{"@type":"ImageObject","inLanguage":"en-US","@id":"https:\/\/tv.joycemeyer.org\/magyar\/devotional\/eleg-jo\/#primaryimage","url":"https:\/\/tv.joycemeyer.org\/magyar\/wp-content\/uploads\/sites\/72\/2019\/04\/365.jpg","contentUrl":"https:\/\/tv.joycemeyer.org\/magyar\/wp-content\/uploads\/sites\/72\/2019\/04\/365.jpg","width":960,"height":639,"caption":"Elég jó"},{"@type":"BreadcrumbList","@id":"https:\/\/tv.joycemeyer.org\/magyar\/devotional\/eleg-jo\/#breadcrumb","itemListElement":[{"@type":"ListItem","position":1,"name":"Home","item":"https:\/\/tv.joycemeyer.org\/magyar\/"},{"@type":"ListItem","position":2,"name":"Devotional","item":"https:\/\/tv.joycemeyer.org\/magyar\/devotional\/"},{"@type":"ListItem","position":3,"name":"Elég jó"}]},{"@type":"WebSite","@id":"https:\/\/tv.joycemeyer.org\/magyar\/#website","url":"https:\/\/tv.joycemeyer.org\/magyar\/","name":"Joyce Meyer Ministries - Magyar","description":"Hirdetjük Krisztust - Szeretjük az embereket","potentialAction":[{"@type":"SearchAction","target":{"@type":"EntryPoint","urlTemplate":"https:\/\/tv.joycemeyer.org\/magyar\/?s={search_term_string}"},"query-input":{"@type":"PropertyValueSpecification","valueRequired":true,"valueName":"search_term_string"}}],"inLanguage":"en-US"}]}</script>
<!-- / Yoast SEO plugin. -->

Elég jó - Joyce Meyer Ministries - Magyar

Sokunknak az a legnagyobb problémája, hogy nem szeretjük önmagunkat ...

Hirdetjük Krisztust - Szeretjük az embereket
