{"id":4785,"date":"2023-11-20T00:01:00","date_gmt":"2023-11-20T00:01:00","guid":{"rendered":"https:\/\/tv.joycemeyer.org\/magyar\/?post_type=devotional&#038;p=4785"},"modified":"2023-11-20T12:48:57","modified_gmt":"2023-11-20T12:48:57","slug":"elj-a-jelenben-es-elvezd-azt","status":"publish","type":"devotional","link":"https:\/\/tv.joycemeyer.org\/magyar\/devotional\/elj-a-jelenben-es-elvezd-azt\/","title":{"rendered":"\u00c9lj a jelenben\u2026 \u00e9s \u00e9lvezd azt!"},"content":{"rendered":"<blockquote><p>Ne a r\u00e9gi dolgokat emlegess\u00e9tek, ne a m\u00faltakon t\u0171n\u0151djetek! \u00c9zs.43:18<\/p><\/blockquote>\n<p>A Krisztusban val\u00f3 \u00e9let egyik gy\u00f6ny\u00f6r\u0171s\u00e9ge, hogy minden nap egy \u00faj kezdet \u2013 egy \u00fajrakezd\u00e9s. Nem kell megb\u00e1nnunk a tegnapot, vagy rettegn\u00fcnk a holnapt\u00f3l. \u00dcnnepelhetj\u00fck a m\u00e1t, h\u00e1l\u00e1sak lehet\u00fcnk Isten jelenl\u00e9t\u00e9\u00e9rt minden pillanatban.<\/p>\n<p>Van egy mond\u00e1s, amit nagyon szeretek, \u00e9s \u00edgy hangzik: &#8220;A tegnap m\u00e1r t\u00f6rt\u00e9nelem. A holnap egy rejt\u00e9ly. A ma egy aj\u00e1nd\u00e9k; ez\u00e9rt h\u00edvj\u00e1k aj\u00e1nd\u00e9knak&#8221;. (az angolban a &#8220;present&#8221; (jelen) sz\u00f3 aj\u00e1nd\u00e9kot is jelent. \u2013 a ford. megjegyz\u00e9se)<\/p>\n<p>\u00c9lvezhetj\u00fck \u00e9let\u00fcnk minden pillanat\u00e1t, \u00e9s a jelenre \u00f6sszpontos\u00edthatunk. Nem szabad a m\u00falton r\u00e1g\u00f3dnunk, vagy t\u00fals\u00e1gosan a j\u00f6v\u0151be tekinten\u00fcnk, azzal azonban tiszt\u00e1ban kell lenn\u00fcnk, hogy a jelen pillanat Isten aj\u00e1nd\u00e9ka sz\u00e1munkra. D\u00f6nts\u00fck el, hogy h\u00e1l\u00e1sak lesz\u00fcnk a mai nap\u00e9rt, \u00e9lj\u00fck meg teljes m\u00e9rt\u00e9kben, \u00e9s \u00e9lvezz\u00fck minden egyes pillanat\u00e1t!<\/p>\n<hr \/>\n<h4>H\u00e1laad\u00f3 ima<\/h4>\n<p>Aty\u00e1m, k\u00f6sz\u00f6n\u00f6m a mai nap aj\u00e1nd\u00e9k\u00e1t. F\u00fcggetlen\u00fcl m\u00faltbeli probl\u00e9m\u00e1imt\u00f3l vagy j\u00f6v\u0151beli kih\u00edv\u00e1saimt\u00f3l, \u00fagy d\u00f6nt\u00f6k, hogy a jelenben Veled \u00fcnneplem az \u00e9letemet. K\u00f6sz\u00f6n\u00f6m, hogy ezt a napot Te teremtetted; \u00f6r\u00fclni \u00e9s \u00f6rvendezni fogok rajta.<\/p>\n","protected":false},"excerpt":{"rendered":"<p>\u00c9lvezhetj\u00fck \u00e9let\u00fcnk minden pillanat\u00e1t, \u00e9s a jelenre \u00f6sszpontos\u00edthatunk. <\/p>\n","protected":false},"author":20,"featured_media":4786,"parent":0,"menu_order":0,"comment_status":"closed","ping_status":"closed","template":"","class_list":["post-4785","devotional","type-devotional","status-publish","has-post-thumbnail","hentry"],"acf":[],"appp":{"post_detail":{"above_title":"<div class=\"post-featured-wrap\"><img width=\"960\" height=\"640\" src=\"https:\/\/tv.joycemeyer.org\/magyar\/wp-content\/uploads\/sites\/72\/2023\/11\/3775L.jpg\" class=\"post-featured wp-post-image\" alt=\"\u00c9lj a jelenben\u2026 \u00e9s \u00e9lvezd azt!\" decoding=\"async\" srcset=\"https:\/\/tv.joycemeyer.org\/magyar\/wp-content\/uploads\/sites\/72\/2023\/11\/3775L.jpg 960w, https:\/\/tv.joycemeyer.org\/magyar\/wp-content\/uploads\/sites\/72\/2023\/11\/3775L-300x200.jpg 300w, https:\/\/tv.joycemeyer.org\/magyar\/wp-content\/uploads\/sites\/72\/2023\/11\/3775L-768x512.jpg 768w\" sizes=\"(max-width: 960px) 100vw, 960px\" \/><\/div>","below_content":""}},"yoast_head":"<!-- This site is optimized with the Yoast SEO plugin v27.4 - https:\/\/yoast.com\/product\/yoast-seo-wordpress\/ -->\n<title>\u00c9lj a jelenben\u2026 \u00e9s \u00e9lvezd azt! - Joyce Meyer Ministries - Magyar<\/title>\n<meta name=\"robots\" content=\"index, follow, max-snippet:-1, max-image-preview:large, max-video-preview:-1\" \/>\n<link rel=\"canonical\" href=\"https:\/\/tv.joycemeyer.org\/magyar\/devotional\/elj-a-jelenben-es-elvezd-azt\/\" \/>\n<meta property=\"og:locale\" content=\"en_US\" \/>\n<meta property=\"og:type\" content=\"article\" \/>\n<meta property=\"og:title\" content=\"\u00c9lj a jelenben\u2026 \u00e9s \u00e9lvezd azt! - Joyce Meyer Ministries - Magyar\" \/>\n<meta property=\"og:description\" content=\"\u00c9lvezhetj\u00fck \u00e9let\u00fcnk minden pillanat\u00e1t, \u00e9s a jelenre \u00f6sszpontos\u00edthatunk.\" \/>\n<meta property=\"og:url\" content=\"https:\/\/tv.joycemeyer.org\/magyar\/devotional\/elj-a-jelenben-es-elvezd-azt\/\" \/>\n<meta property=\"og:site_name\" content=\"Joyce Meyer Ministries - Magyar\" \/>\n<meta property=\"article:publisher\" content=\"https:\/\/www.facebook.com\/JoyceMeyerMinistriesHungarian\/\" \/>\n<meta property=\"article:modified_time\" content=\"2023-11-20T12:48:57+00:00\" \/>\n<meta property=\"og:image\" content=\"https:\/\/tv.joycemeyer.org\/magyar\/wp-content\/uploads\/sites\/72\/2023\/11\/3775L.jpg\" \/>\n\t<meta property=\"og:image:width\" content=\"960\" \/>\n\t<meta property=\"og:image:height\" content=\"640\" \/>\n\t<meta property=\"og:image:type\" content=\"image\/jpeg\" \/>\n<meta name=\"twitter:card\" content=\"summary_large_image\" \/>\n<meta name=\"twitter:label1\" content=\"Est. reading time\" \/>\n\t<meta name=\"twitter:data1\" content=\"1 minute\" \/>\n<script type=\"application\/ld+json\" class=\"yoast-schema-graph\">{\"@context\":\"https:\\\/\\\/schema.org\",\"@graph\":[{\"@type\":\"WebPage\",\"@id\":\"https:\\\/\\\/tv.joycemeyer.org\\\/magyar\\\/devotional\\\/elj-a-jelenben-es-elvezd-azt\\\/\",\"url\":\"https:\\\/\\\/tv.joycemeyer.org\\\/magyar\\\/devotional\\\/elj-a-jelenben-es-elvezd-azt\\\/\",\"name\":\"\u00c9lj a jelenben\u2026 \u00e9s \u00e9lvezd azt! - Joyce Meyer Ministries - Magyar\",\"isPartOf\":{\"@id\":\"https:\\\/\\\/tv.joycemeyer.org\\\/magyar\\\/#website\"},\"primaryImageOfPage\":{\"@id\":\"https:\\\/\\\/tv.joycemeyer.org\\\/magyar\\\/devotional\\\/elj-a-jelenben-es-elvezd-azt\\\/#primaryimage\"},\"image\":{\"@id\":\"https:\\\/\\\/tv.joycemeyer.org\\\/magyar\\\/devotional\\\/elj-a-jelenben-es-elvezd-azt\\\/#primaryimage\"},\"thumbnailUrl\":\"https:\\\/\\\/tv.joycemeyer.org\\\/magyar\\\/wp-content\\\/uploads\\\/sites\\\/72\\\/2023\\\/11\\\/3775L.jpg\",\"datePublished\":\"2023-11-20T00:01:00+00:00\",\"dateModified\":\"2023-11-20T12:48:57+00:00\",\"breadcrumb\":{\"@id\":\"https:\\\/\\\/tv.joycemeyer.org\\\/magyar\\\/devotional\\\/elj-a-jelenben-es-elvezd-azt\\\/#breadcrumb\"},\"inLanguage\":\"en-US\",\"potentialAction\":[{\"@type\":\"ReadAction\",\"target\":[\"https:\\\/\\\/tv.joycemeyer.org\\\/magyar\\\/devotional\\\/elj-a-jelenben-es-elvezd-azt\\\/\"]}]},{\"@type\":\"ImageObject\",\"inLanguage\":\"en-US\",\"@id\":\"https:\\\/\\\/tv.joycemeyer.org\\\/magyar\\\/devotional\\\/elj-a-jelenben-es-elvezd-azt\\\/#primaryimage\",\"url\":\"https:\\\/\\\/tv.joycemeyer.org\\\/magyar\\\/wp-content\\\/uploads\\\/sites\\\/72\\\/2023\\\/11\\\/3775L.jpg\",\"contentUrl\":\"https:\\\/\\\/tv.joycemeyer.org\\\/magyar\\\/wp-content\\\/uploads\\\/sites\\\/72\\\/2023\\\/11\\\/3775L.jpg\",\"width\":960,\"height\":640,\"caption\":\"\u00c9lj a jelenben\u2026 \u00e9s \u00e9lvezd azt!\"},{\"@type\":\"BreadcrumbList\",\"@id\":\"https:\\\/\\\/tv.joycemeyer.org\\\/magyar\\\/devotional\\\/elj-a-jelenben-es-elvezd-azt\\\/#breadcrumb\",\"itemListElement\":[{\"@type\":\"ListItem\",\"position\":1,\"name\":\"Home\",\"item\":\"https:\\\/\\\/tv.joycemeyer.org\\\/magyar\\\/\"},{\"@type\":\"ListItem\",\"position\":2,\"name\":\"Devotional\",\"item\":\"https:\\\/\\\/tv.joycemeyer.org\\\/magyar\\\/devotional\\\/\"},{\"@type\":\"ListItem\",\"position\":3,\"name\":\"\u00c9lj a jelenben\u2026 \u00e9s \u00e9lvezd azt!\"}]},{\"@type\":\"WebSite\",\"@id\":\"https:\\\/\\\/tv.joycemeyer.org\\\/magyar\\\/#website\",\"url\":\"https:\\\/\\\/tv.joycemeyer.org\\\/magyar\\\/\",\"name\":\"Joyce Meyer Ministries - Magyar\",\"description\":\"Hirdetj\u00fck Krisztust - Szeretj\u00fck az embereket\",\"potentialAction\":[{\"@type\":\"SearchAction\",\"target\":{\"@type\":\"EntryPoint\",\"urlTemplate\":\"https:\\\/\\\/tv.joycemeyer.org\\\/magyar\\\/?s={search_term_string}\"},\"query-input\":{\"@type\":\"PropertyValueSpecification\",\"valueRequired\":true,\"valueName\":\"search_term_string\"}}],\"inLanguage\":\"en-US\"}]}<\/script>\n<!-- \/ Yoast SEO plugin. -->","yoast_head_json":{"title":"\u00c9lj a jelenben\u2026 \u00e9s \u00e9lvezd azt! - Joyce Meyer Ministries - Magyar","robots":{"index":"index","follow":"follow","max-snippet":"max-snippet:-1","max-image-preview":"max-image-preview:large","max-video-preview":"max-video-preview:-1"},"canonical":"https:\/\/tv.joycemeyer.org\/magyar\/devotional\/elj-a-jelenben-es-elvezd-azt\/","og_locale":"en_US","og_type":"article","og_title":"\u00c9lj a jelenben\u2026 \u00e9s \u00e9lvezd azt! - Joyce Meyer Ministries - Magyar","og_description":"\u00c9lvezhetj\u00fck \u00e9let\u00fcnk minden pillanat\u00e1t, \u00e9s a jelenre \u00f6sszpontos\u00edthatunk.","og_url":"https:\/\/tv.joycemeyer.org\/magyar\/devotional\/elj-a-jelenben-es-elvezd-azt\/","og_site_name":"Joyce Meyer Ministries - Magyar","article_publisher":"https:\/\/www.facebook.com\/JoyceMeyerMinistriesHungarian\/","article_modified_time":"2023-11-20T12:48:57+00:00","og_image":[{"width":960,"height":640,"url":"https:\/\/tv.joycemeyer.org\/magyar\/wp-content\/uploads\/sites\/72\/2023\/11\/3775L.jpg","type":"image\/jpeg"}],"twitter_card":"summary_large_image","twitter_misc":{"Est. reading time":"1 minute"},"schema":{"@context":"https:\/\/schema.org","@graph":[{"@type":"WebPage","@id":"https:\/\/tv.joycemeyer.org\/magyar\/devotional\/elj-a-jelenben-es-elvezd-azt\/","url":"https:\/\/tv.joycemeyer.org\/magyar\/devotional\/elj-a-jelenben-es-elvezd-azt\/","name":"\u00c9lj a jelenben\u2026 \u00e9s \u00e9lvezd azt! - Joyce Meyer Ministries - Magyar","isPartOf":{"@id":"https:\/\/tv.joycemeyer.org\/magyar\/#website"},"primaryImageOfPage":{"@id":"https:\/\/tv.joycemeyer.org\/magyar\/devotional\/elj-a-jelenben-es-elvezd-azt\/#primaryimage"},"image":{"@id":"https:\/\/tv.joycemeyer.org\/magyar\/devotional\/elj-a-jelenben-es-elvezd-azt\/#primaryimage"},"thumbnailUrl":"https:\/\/tv.joycemeyer.org\/magyar\/wp-content\/uploads\/sites\/72\/2023\/11\/3775L.jpg","datePublished":"2023-11-20T00:01:00+00:00","dateModified":"2023-11-20T12:48:57+00:00","breadcrumb":{"@id":"https:\/\/tv.joycemeyer.org\/magyar\/devotional\/elj-a-jelenben-es-elvezd-azt\/#breadcrumb"},"inLanguage":"en-US","potentialAction":[{"@type":"ReadAction","target":["https:\/\/tv.joycemeyer.org\/magyar\/devotional\/elj-a-jelenben-es-elvezd-azt\/"]}]},{"@type":"ImageObject","inLanguage":"en-US","@id":"https:\/\/tv.joycemeyer.org\/magyar\/devotional\/elj-a-jelenben-es-elvezd-azt\/#primaryimage","url":"https:\/\/tv.joycemeyer.org\/magyar\/wp-content\/uploads\/sites\/72\/2023\/11\/3775L.jpg","contentUrl":"https:\/\/tv.joycemeyer.org\/magyar\/wp-content\/uploads\/sites\/72\/2023\/11\/3775L.jpg","width":960,"height":640,"caption":"\u00c9lj a jelenben\u2026 \u00e9s \u00e9lvezd azt!"},{"@type":"BreadcrumbList","@id":"https:\/\/tv.joycemeyer.org\/magyar\/devotional\/elj-a-jelenben-es-elvezd-azt\/#breadcrumb","itemListElement":[{"@type":"ListItem","position":1,"name":"Home","item":"https:\/\/tv.joycemeyer.org\/magyar\/"},{"@type":"ListItem","position":2,"name":"Devotional","item":"https:\/\/tv.joycemeyer.org\/magyar\/devotional\/"},{"@type":"ListItem","position":3,"name":"\u00c9lj a jelenben\u2026 \u00e9s \u00e9lvezd azt!"}]},{"@type":"WebSite","@id":"https:\/\/tv.joycemeyer.org\/magyar\/#website","url":"https:\/\/tv.joycemeyer.org\/magyar\/","name":"Joyce Meyer Ministries - Magyar","description":"Hirdetj\u00fck Krisztust - Szeretj\u00fck az embereket","potentialAction":[{"@type":"SearchAction","target":{"@type":"EntryPoint","urlTemplate":"https:\/\/tv.joycemeyer.org\/magyar\/?s={search_term_string}"},"query-input":{"@type":"PropertyValueSpecification","valueRequired":true,"valueName":"search_term_string"}}],"inLanguage":"en-US"}]}},"_links":{"self":[{"href":"https:\/\/tv.joycemeyer.org\/magyar\/wp-json\/wp\/v2\/devotional\/4785","targetHints":{"allow":["GET"]}}],"collection":[{"href":"https:\/\/tv.joycemeyer.org\/magyar\/wp-json\/wp\/v2\/devotional"}],"about":[{"href":"https:\/\/tv.joycemeyer.org\/magyar\/wp-json\/wp\/v2\/types\/devotional"}],"author":[{"embeddable":true,"href":"https:\/\/tv.joycemeyer.org\/magyar\/wp-json\/wp\/v2\/users\/20"}],"replies":[{"embeddable":true,"href":"https:\/\/tv.joycemeyer.org\/magyar\/wp-json\/wp\/v2\/comments?post=4785"}],"wp:featuredmedia":[{"embeddable":true,"href":"https:\/\/tv.joycemeyer.org\/magyar\/wp-json\/wp\/v2\/media\/4786"}],"wp:attachment":[{"href":"https:\/\/tv.joycemeyer.org\/magyar\/wp-json\/wp\/v2\/media?parent=4785"}],"curies":[{"name":"wp","href":"https:\/\/api.w.org\/{rel}","templated":true}]}}

Élj a jelenben… és élvezd azt!

<blockquote><p>Ne a régi dolgokat emlegessétek, ne a múltakon tűnődjetek! Ézs.43:18</p></blockquote>
<p>A Krisztusban való élet egyik gyönyörűsége, hogy minden nap egy új kezdet – egy újrakezdés. Nem kell megbánnunk a tegnapot, vagy rettegnünk a holnaptól. Ünnepelhetjük a mát, hálásak lehetünk Isten jelenlétéért minden pillanatban.</p>
<p>Van egy mondás, amit nagyon szeretek, és így hangzik: &#8220;A tegnap már történelem. A holnap egy rejtély. A ma egy ajándék; ezért hívják ajándéknak&#8221;. (az angolban a &#8220;present&#8221; (jelen) szó ajándékot is jelent. – a ford. megjegyzése)</p>
<p>Élvezhetjük életünk minden pillanatát, és a jelenre összpontosíthatunk. Nem szabad a múlton rágódnunk, vagy túlságosan a jövőbe tekintenünk, azzal azonban tisztában kell lennünk, hogy a jelen pillanat Isten ajándéka számunkra. Döntsük el, hogy hálásak leszünk a mai napért, éljük meg teljes mértékben, és élvezzük minden egyes pillanatát!</p>
<hr />
<h4>Hálaadó ima</h4>
<p>Atyám, köszönöm a mai nap ajándékát. Függetlenül múltbeli problémáimtól vagy jövőbeli kihívásaimtól, úgy döntök, hogy a jelenben Veled ünneplem az életemet. Köszönöm, hogy ezt a napot Te teremtetted; örülni és örvendezni fogok rajta.</p>

<p>Élvezhetjük életünk minden pillanatát, és a jelenre összpontosíthatunk. </p>

<div class="post-featured-wrap"><img width="960" height="640" src="https://tv.joycemeyer.org/magyar/wp-content/uploads/sites/72/2023/11/3775L.jpg" class="post-featured wp-post-image" alt="Élj a jelenben… és élvezd azt!" decoding="async" srcset="https://tv.joycemeyer.org/magyar/wp-content/uploads/sites/72/2023/11/3775L.jpg 960w, https://tv.joycemeyer.org/magyar/wp-content/uploads/sites/72/2023/11/3775L-300x200.jpg 300w, https://tv.joycemeyer.org/magyar/wp-content/uploads/sites/72/2023/11/3775L-768x512.jpg 768w" sizes="(max-width: 960px) 100vw, 960px" /></div>

<!-- This site is optimized with the Yoast SEO plugin v27.4 - https://yoast.com/product/yoast-seo-wordpress/ -->
<title>Élj a jelenben… és élvezd azt! - Joyce Meyer Ministries - Magyar</title>
<meta name="robots" content="index, follow, max-snippet:-1, max-image-preview:large, max-video-preview:-1" />
<link rel="canonical" href="https://tv.joycemeyer.org/magyar/devotional/elj-a-jelenben-es-elvezd-azt/" />
<meta property="og:locale" content="en_US" />
<meta property="og:type" content="article" />
<meta property="og:title" content="Élj a jelenben… és élvezd azt! - Joyce Meyer Ministries - Magyar" />
<meta property="og:description" content="Élvezhetjük életünk minden pillanatát, és a jelenre összpontosíthatunk." />
<meta property="og:url" content="https://tv.joycemeyer.org/magyar/devotional/elj-a-jelenben-es-elvezd-azt/" />
<meta property="og:site_name" content="Joyce Meyer Ministries - Magyar" />
<meta property="article:publisher" content="https://www.facebook.com/JoyceMeyerMinistriesHungarian/" />
<meta property="article:modified_time" content="2023-11-20T12:48:57+00:00" />
<meta property="og:image" content="https://tv.joycemeyer.org/magyar/wp-content/uploads/sites/72/2023/11/3775L.jpg" />
	<meta property="og:image:width" content="960" />
	<meta property="og:image:height" content="640" />
	<meta property="og:image:type" content="image/jpeg" />
<meta name="twitter:card" content="summary_large_image" />
<meta name="twitter:label1" content="Est. reading time" />
	<meta name="twitter:data1" content="1 minute" />
<script type="application/ld+json" class="yoast-schema-graph">{"@context":"https:\/\/schema.org","@graph":[{"@type":"WebPage","@id":"https:\/\/tv.joycemeyer.org\/magyar\/devotional\/elj-a-jelenben-es-elvezd-azt\/","url":"https:\/\/tv.joycemeyer.org\/magyar\/devotional\/elj-a-jelenben-es-elvezd-azt\/","name":"Élj a jelenben… és élvezd azt! - Joyce Meyer Ministries - Magyar","isPartOf":{"@id":"https:\/\/tv.joycemeyer.org\/magyar\/#website"},"primaryImageOfPage":{"@id":"https:\/\/tv.joycemeyer.org\/magyar\/devotional\/elj-a-jelenben-es-elvezd-azt\/#primaryimage"},"image":{"@id":"https:\/\/tv.joycemeyer.org\/magyar\/devotional\/elj-a-jelenben-es-elvezd-azt\/#primaryimage"},"thumbnailUrl":"https:\/\/tv.joycemeyer.org\/magyar\/wp-content\/uploads\/sites\/72\/2023\/11\/3775L.jpg","datePublished":"2023-11-20T00:01:00+00:00","dateModified":"2023-11-20T12:48:57+00:00","breadcrumb":{"@id":"https:\/\/tv.joycemeyer.org\/magyar\/devotional\/elj-a-jelenben-es-elvezd-azt\/#breadcrumb"},"inLanguage":"en-US","potentialAction":[{"@type":"ReadAction","target":["https:\/\/tv.joycemeyer.org\/magyar\/devotional\/elj-a-jelenben-es-elvezd-azt\/"]}]},{"@type":"ImageObject","inLanguage":"en-US","@id":"https:\/\/tv.joycemeyer.org\/magyar\/devotional\/elj-a-jelenben-es-elvezd-azt\/#primaryimage","url":"https:\/\/tv.joycemeyer.org\/magyar\/wp-content\/uploads\/sites\/72\/2023\/11\/3775L.jpg","contentUrl":"https:\/\/tv.joycemeyer.org\/magyar\/wp-content\/uploads\/sites\/72\/2023\/11\/3775L.jpg","width":960,"height":640,"caption":"Élj a jelenben… és élvezd azt!"},{"@type":"BreadcrumbList","@id":"https:\/\/tv.joycemeyer.org\/magyar\/devotional\/elj-a-jelenben-es-elvezd-azt\/#breadcrumb","itemListElement":[{"@type":"ListItem","position":1,"name":"Home","item":"https:\/\/tv.joycemeyer.org\/magyar\/"},{"@type":"ListItem","position":2,"name":"Devotional","item":"https:\/\/tv.joycemeyer.org\/magyar\/devotional\/"},{"@type":"ListItem","position":3,"name":"Élj a jelenben… és élvezd azt!"}]},{"@type":"WebSite","@id":"https:\/\/tv.joycemeyer.org\/magyar\/#website","url":"https:\/\/tv.joycemeyer.org\/magyar\/","name":"Joyce Meyer Ministries - Magyar","description":"Hirdetjük Krisztust - Szeretjük az embereket","potentialAction":[{"@type":"SearchAction","target":{"@type":"EntryPoint","urlTemplate":"https:\/\/tv.joycemeyer.org\/magyar\/?s={search_term_string}"},"query-input":{"@type":"PropertyValueSpecification","valueRequired":true,"valueName":"search_term_string"}}],"inLanguage":"en-US"}]}</script>
<!-- / Yoast SEO plugin. -->

Élj a jelenben… és élvezd azt! - Joyce Meyer Ministries - Magyar

Élvezhetjük életünk minden pillanatát, és a jelenre összpontosíthatunk.

Hirdetjük Krisztust - Szeretjük az embereket
