{"id":4787,"date":"2023-11-21T00:01:27","date_gmt":"2023-11-21T00:01:27","guid":{"rendered":"https:\/\/tv.joycemeyer.org\/magyar\/?post_type=devotional&#038;p=4787"},"modified":"2023-11-21T13:37:59","modified_gmt":"2023-11-21T13:37:59","slug":"kihivassal","status":"publish","type":"devotional","link":"https:\/\/tv.joycemeyer.org\/magyar\/devotional\/kihivassal\/","title":{"rendered":"B\u00e1tran n\u00e9zz szembe b\u00e1rmilyen \u00faj kih\u00edv\u00e1ssal!"},"content":{"rendered":"<blockquote><p>D\u00e1vid \u00edgy felelt a filiszteusnak: Te karddal, l\u00e1ndzs\u00e1val \u00e9s d\u00e1rd\u00e1val j\u00f6ssz ellenem, de \u00e9n a seregek Ur\u00e1nak, Izr\u00e1el csapatai Isten\u00e9nek a nev\u00e9ben megyek ellened, akit te kics\u00fafolt\u00e1l. 1 S\u00e1m. 17:45<\/p><\/blockquote>\n<p>Sokszor t\u00fals\u00e1gosan f\u00e9l\u00fcnk a megpr\u00f3b\u00e1ltat\u00e1sokt\u00f3l \u00e9s a bajokt\u00f3l. A baj els\u0151 jel\u00e9re f\u00e9lelm\u00fcnkben h\u00e1tr\u00e1lni kezd\u00fcnk. \u00dagy t\u0171nik, az elm\u00falt \u00e9vsz\u00e1zadokban \u00e9lt h\u00edv\u0151k m\u00e1s er\u0151t tan\u00fas\u00edtottak, mint a maiak. Mi ink\u00e1bb a k\u00e9nyelemhez szoktunk hozz\u00e1, \u00e9s \u00e1ltal\u00e1ban nem visel\u00fcnk j\u00f3l semmif\u00e9le szenved\u00e9st; megijeszt benn\u00fcnket.<\/p>\n<p>ml\u00e9kezz\u00fcnk arra, hogyan sz\u00e1llt szembe D\u00e1vid az \u00f3ri\u00e1s G\u00f3li\u00e1ttal, \u00e9s legy\u00fcnk \u00f6r\u00f6mmel \u00e9s h\u00e1l\u00e1val, hogy mi is legy\u0151zhetj\u00fck ellens\u00e9geinket. Megt\u00e1madhatjuk a f\u00e9lelmet, ahelyett, hogy hagyn\u00e1nk, hogy uralkodjon rajtunk. Sokkal t\u00f6bb vagy, mint az \u00e9rz\u00e9seid. Isten er\u0151s, b\u00f6lcs, szeretett gyermeke vagy, \u00e9s b\u00e1rmit meg tudsz tenni az \u00e9letben Krisztus \u00e1ltal, aki meger\u0151s\u00edt (l\u00e1sd Fil. 4:13).<\/p>\n<hr \/>\n<h4>H\u00e1laad\u00f3 ima<\/h4>\n<p>K\u00f6sz\u00f6n\u00f6m, Aty\u00e1m, hogy van er\u0151m, mert Te velem vagy. B\u00e1rmilyen neh\u00e9znek is t\u0171nik egy kih\u00edv\u00e1s, b\u00e1tran nekimegyek, mert tudom, hogy sz\u00e1modra semmi sem lehetetlen.<\/p>\n","protected":false},"excerpt":{"rendered":"<p>Ml\u00e9kezz\u00fcnk arra, hogyan sz\u00e1llt szembe D\u00e1vid az \u00f3ri\u00e1s G\u00f3li\u00e1ttal, \u00e9s legy\u00fcnk \u00f6r\u00f6mmel \u00e9s h\u00e1l\u00e1val, hogy mi is legy\u0151zhetj\u00fck ellens\u00e9geinket.<\/p>\n","protected":false},"author":20,"featured_media":4788,"parent":0,"menu_order":0,"comment_status":"closed","ping_status":"closed","template":"","class_list":["post-4787","devotional","type-devotional","status-publish","has-post-thumbnail","hentry"],"acf":[],"appp":{"post_detail":{"above_title":"<div class=\"post-featured-wrap\"><img width=\"960\" height=\"640\" src=\"https:\/\/tv.joycemeyer.org\/magyar\/wp-content\/uploads\/sites\/72\/2023\/11\/3726L.jpg\" class=\"post-featured wp-post-image\" alt=\"R\u00e1csatlakozt\u00e1l?\" decoding=\"async\" srcset=\"https:\/\/tv.joycemeyer.org\/magyar\/wp-content\/uploads\/sites\/72\/2023\/11\/3726L.jpg 960w, https:\/\/tv.joycemeyer.org\/magyar\/wp-content\/uploads\/sites\/72\/2023\/11\/3726L-300x200.jpg 300w, https:\/\/tv.joycemeyer.org\/magyar\/wp-content\/uploads\/sites\/72\/2023\/11\/3726L-768x512.jpg 768w\" sizes=\"(max-width: 960px) 100vw, 960px\" \/><\/div>","below_content":""}},"yoast_head":"<!-- This site is optimized with the Yoast SEO plugin v27.4 - https:\/\/yoast.com\/product\/yoast-seo-wordpress\/ -->\n<title>B\u00e1tran n\u00e9zz szembe b\u00e1rmilyen \u00faj kih\u00edv\u00e1ssal! - Joyce Meyer Ministries - Magyar<\/title>\n<meta name=\"robots\" content=\"index, follow, max-snippet:-1, max-image-preview:large, max-video-preview:-1\" \/>\n<link rel=\"canonical\" href=\"https:\/\/tv.joycemeyer.org\/magyar\/devotional\/kihivassal\/\" \/>\n<meta property=\"og:locale\" content=\"en_US\" \/>\n<meta property=\"og:type\" content=\"article\" \/>\n<meta property=\"og:title\" content=\"B\u00e1tran n\u00e9zz szembe b\u00e1rmilyen \u00faj kih\u00edv\u00e1ssal! - Joyce Meyer Ministries - Magyar\" \/>\n<meta property=\"og:description\" content=\"Ml\u00e9kezz\u00fcnk arra, hogyan sz\u00e1llt szembe D\u00e1vid az \u00f3ri\u00e1s G\u00f3li\u00e1ttal, \u00e9s legy\u00fcnk \u00f6r\u00f6mmel \u00e9s h\u00e1l\u00e1val, hogy mi is legy\u0151zhetj\u00fck ellens\u00e9geinket.\" \/>\n<meta property=\"og:url\" content=\"https:\/\/tv.joycemeyer.org\/magyar\/devotional\/kihivassal\/\" \/>\n<meta property=\"og:site_name\" content=\"Joyce Meyer Ministries - Magyar\" \/>\n<meta property=\"article:publisher\" content=\"https:\/\/www.facebook.com\/JoyceMeyerMinistriesHungarian\/\" \/>\n<meta property=\"article:modified_time\" content=\"2023-11-21T13:37:59+00:00\" \/>\n<meta property=\"og:image\" content=\"https:\/\/tv.joycemeyer.org\/magyar\/wp-content\/uploads\/sites\/72\/2023\/11\/3726L.jpg\" \/>\n\t<meta property=\"og:image:width\" content=\"960\" \/>\n\t<meta property=\"og:image:height\" content=\"640\" \/>\n\t<meta property=\"og:image:type\" content=\"image\/jpeg\" \/>\n<meta name=\"twitter:card\" content=\"summary_large_image\" \/>\n<meta name=\"twitter:label1\" content=\"Est. reading time\" \/>\n\t<meta name=\"twitter:data1\" content=\"1 minute\" \/>\n<script type=\"application\/ld+json\" class=\"yoast-schema-graph\">{\"@context\":\"https:\\\/\\\/schema.org\",\"@graph\":[{\"@type\":\"WebPage\",\"@id\":\"https:\\\/\\\/tv.joycemeyer.org\\\/magyar\\\/devotional\\\/kihivassal\\\/\",\"url\":\"https:\\\/\\\/tv.joycemeyer.org\\\/magyar\\\/devotional\\\/kihivassal\\\/\",\"name\":\"B\u00e1tran n\u00e9zz szembe b\u00e1rmilyen \u00faj kih\u00edv\u00e1ssal! - Joyce Meyer Ministries - Magyar\",\"isPartOf\":{\"@id\":\"https:\\\/\\\/tv.joycemeyer.org\\\/magyar\\\/#website\"},\"primaryImageOfPage\":{\"@id\":\"https:\\\/\\\/tv.joycemeyer.org\\\/magyar\\\/devotional\\\/kihivassal\\\/#primaryimage\"},\"image\":{\"@id\":\"https:\\\/\\\/tv.joycemeyer.org\\\/magyar\\\/devotional\\\/kihivassal\\\/#primaryimage\"},\"thumbnailUrl\":\"https:\\\/\\\/tv.joycemeyer.org\\\/magyar\\\/wp-content\\\/uploads\\\/sites\\\/72\\\/2023\\\/11\\\/3726L.jpg\",\"datePublished\":\"2023-11-21T00:01:27+00:00\",\"dateModified\":\"2023-11-21T13:37:59+00:00\",\"breadcrumb\":{\"@id\":\"https:\\\/\\\/tv.joycemeyer.org\\\/magyar\\\/devotional\\\/kihivassal\\\/#breadcrumb\"},\"inLanguage\":\"en-US\",\"potentialAction\":[{\"@type\":\"ReadAction\",\"target\":[\"https:\\\/\\\/tv.joycemeyer.org\\\/magyar\\\/devotional\\\/kihivassal\\\/\"]}]},{\"@type\":\"ImageObject\",\"inLanguage\":\"en-US\",\"@id\":\"https:\\\/\\\/tv.joycemeyer.org\\\/magyar\\\/devotional\\\/kihivassal\\\/#primaryimage\",\"url\":\"https:\\\/\\\/tv.joycemeyer.org\\\/magyar\\\/wp-content\\\/uploads\\\/sites\\\/72\\\/2023\\\/11\\\/3726L.jpg\",\"contentUrl\":\"https:\\\/\\\/tv.joycemeyer.org\\\/magyar\\\/wp-content\\\/uploads\\\/sites\\\/72\\\/2023\\\/11\\\/3726L.jpg\",\"width\":960,\"height\":640,\"caption\":\"R\u00e1csatlakozt\u00e1l?\"},{\"@type\":\"BreadcrumbList\",\"@id\":\"https:\\\/\\\/tv.joycemeyer.org\\\/magyar\\\/devotional\\\/kihivassal\\\/#breadcrumb\",\"itemListElement\":[{\"@type\":\"ListItem\",\"position\":1,\"name\":\"Home\",\"item\":\"https:\\\/\\\/tv.joycemeyer.org\\\/magyar\\\/\"},{\"@type\":\"ListItem\",\"position\":2,\"name\":\"Devotional\",\"item\":\"https:\\\/\\\/tv.joycemeyer.org\\\/magyar\\\/devotional\\\/\"},{\"@type\":\"ListItem\",\"position\":3,\"name\":\"B\u00e1tran n\u00e9zz szembe b\u00e1rmilyen \u00faj kih\u00edv\u00e1ssal!\"}]},{\"@type\":\"WebSite\",\"@id\":\"https:\\\/\\\/tv.joycemeyer.org\\\/magyar\\\/#website\",\"url\":\"https:\\\/\\\/tv.joycemeyer.org\\\/magyar\\\/\",\"name\":\"Joyce Meyer Ministries - Magyar\",\"description\":\"Hirdetj\u00fck Krisztust - Szeretj\u00fck az embereket\",\"potentialAction\":[{\"@type\":\"SearchAction\",\"target\":{\"@type\":\"EntryPoint\",\"urlTemplate\":\"https:\\\/\\\/tv.joycemeyer.org\\\/magyar\\\/?s={search_term_string}\"},\"query-input\":{\"@type\":\"PropertyValueSpecification\",\"valueRequired\":true,\"valueName\":\"search_term_string\"}}],\"inLanguage\":\"en-US\"}]}<\/script>\n<!-- \/ Yoast SEO plugin. -->","yoast_head_json":{"title":"B\u00e1tran n\u00e9zz szembe b\u00e1rmilyen \u00faj kih\u00edv\u00e1ssal! - Joyce Meyer Ministries - Magyar","robots":{"index":"index","follow":"follow","max-snippet":"max-snippet:-1","max-image-preview":"max-image-preview:large","max-video-preview":"max-video-preview:-1"},"canonical":"https:\/\/tv.joycemeyer.org\/magyar\/devotional\/kihivassal\/","og_locale":"en_US","og_type":"article","og_title":"B\u00e1tran n\u00e9zz szembe b\u00e1rmilyen \u00faj kih\u00edv\u00e1ssal! - Joyce Meyer Ministries - Magyar","og_description":"Ml\u00e9kezz\u00fcnk arra, hogyan sz\u00e1llt szembe D\u00e1vid az \u00f3ri\u00e1s G\u00f3li\u00e1ttal, \u00e9s legy\u00fcnk \u00f6r\u00f6mmel \u00e9s h\u00e1l\u00e1val, hogy mi is legy\u0151zhetj\u00fck ellens\u00e9geinket.","og_url":"https:\/\/tv.joycemeyer.org\/magyar\/devotional\/kihivassal\/","og_site_name":"Joyce Meyer Ministries - Magyar","article_publisher":"https:\/\/www.facebook.com\/JoyceMeyerMinistriesHungarian\/","article_modified_time":"2023-11-21T13:37:59+00:00","og_image":[{"width":960,"height":640,"url":"https:\/\/tv.joycemeyer.org\/magyar\/wp-content\/uploads\/sites\/72\/2023\/11\/3726L.jpg","type":"image\/jpeg"}],"twitter_card":"summary_large_image","twitter_misc":{"Est. reading time":"1 minute"},"schema":{"@context":"https:\/\/schema.org","@graph":[{"@type":"WebPage","@id":"https:\/\/tv.joycemeyer.org\/magyar\/devotional\/kihivassal\/","url":"https:\/\/tv.joycemeyer.org\/magyar\/devotional\/kihivassal\/","name":"B\u00e1tran n\u00e9zz szembe b\u00e1rmilyen \u00faj kih\u00edv\u00e1ssal! - Joyce Meyer Ministries - Magyar","isPartOf":{"@id":"https:\/\/tv.joycemeyer.org\/magyar\/#website"},"primaryImageOfPage":{"@id":"https:\/\/tv.joycemeyer.org\/magyar\/devotional\/kihivassal\/#primaryimage"},"image":{"@id":"https:\/\/tv.joycemeyer.org\/magyar\/devotional\/kihivassal\/#primaryimage"},"thumbnailUrl":"https:\/\/tv.joycemeyer.org\/magyar\/wp-content\/uploads\/sites\/72\/2023\/11\/3726L.jpg","datePublished":"2023-11-21T00:01:27+00:00","dateModified":"2023-11-21T13:37:59+00:00","breadcrumb":{"@id":"https:\/\/tv.joycemeyer.org\/magyar\/devotional\/kihivassal\/#breadcrumb"},"inLanguage":"en-US","potentialAction":[{"@type":"ReadAction","target":["https:\/\/tv.joycemeyer.org\/magyar\/devotional\/kihivassal\/"]}]},{"@type":"ImageObject","inLanguage":"en-US","@id":"https:\/\/tv.joycemeyer.org\/magyar\/devotional\/kihivassal\/#primaryimage","url":"https:\/\/tv.joycemeyer.org\/magyar\/wp-content\/uploads\/sites\/72\/2023\/11\/3726L.jpg","contentUrl":"https:\/\/tv.joycemeyer.org\/magyar\/wp-content\/uploads\/sites\/72\/2023\/11\/3726L.jpg","width":960,"height":640,"caption":"R\u00e1csatlakozt\u00e1l?"},{"@type":"BreadcrumbList","@id":"https:\/\/tv.joycemeyer.org\/magyar\/devotional\/kihivassal\/#breadcrumb","itemListElement":[{"@type":"ListItem","position":1,"name":"Home","item":"https:\/\/tv.joycemeyer.org\/magyar\/"},{"@type":"ListItem","position":2,"name":"Devotional","item":"https:\/\/tv.joycemeyer.org\/magyar\/devotional\/"},{"@type":"ListItem","position":3,"name":"B\u00e1tran n\u00e9zz szembe b\u00e1rmilyen \u00faj kih\u00edv\u00e1ssal!"}]},{"@type":"WebSite","@id":"https:\/\/tv.joycemeyer.org\/magyar\/#website","url":"https:\/\/tv.joycemeyer.org\/magyar\/","name":"Joyce Meyer Ministries - Magyar","description":"Hirdetj\u00fck Krisztust - Szeretj\u00fck az embereket","potentialAction":[{"@type":"SearchAction","target":{"@type":"EntryPoint","urlTemplate":"https:\/\/tv.joycemeyer.org\/magyar\/?s={search_term_string}"},"query-input":{"@type":"PropertyValueSpecification","valueRequired":true,"valueName":"search_term_string"}}],"inLanguage":"en-US"}]}},"_links":{"self":[{"href":"https:\/\/tv.joycemeyer.org\/magyar\/wp-json\/wp\/v2\/devotional\/4787","targetHints":{"allow":["GET"]}}],"collection":[{"href":"https:\/\/tv.joycemeyer.org\/magyar\/wp-json\/wp\/v2\/devotional"}],"about":[{"href":"https:\/\/tv.joycemeyer.org\/magyar\/wp-json\/wp\/v2\/types\/devotional"}],"author":[{"embeddable":true,"href":"https:\/\/tv.joycemeyer.org\/magyar\/wp-json\/wp\/v2\/users\/20"}],"replies":[{"embeddable":true,"href":"https:\/\/tv.joycemeyer.org\/magyar\/wp-json\/wp\/v2\/comments?post=4787"}],"wp:featuredmedia":[{"embeddable":true,"href":"https:\/\/tv.joycemeyer.org\/magyar\/wp-json\/wp\/v2\/media\/4788"}],"wp:attachment":[{"href":"https:\/\/tv.joycemeyer.org\/magyar\/wp-json\/wp\/v2\/media?parent=4787"}],"curies":[{"name":"wp","href":"https:\/\/api.w.org\/{rel}","templated":true}]}}

Bátran nézz szembe bármilyen új kihívással!

<blockquote><p>Dávid így felelt a filiszteusnak: Te karddal, lándzsával és dárdával jössz ellenem, de én a seregek Urának, Izráel csapatai Istenének a nevében megyek ellened, akit te kicsúfoltál. 1 Sám. 17:45</p></blockquote>
<p>Sokszor túlságosan félünk a megpróbáltatásoktól és a bajoktól. A baj első jelére félelmünkben hátrálni kezdünk. Úgy tűnik, az elmúlt évszázadokban élt hívők más erőt tanúsítottak, mint a maiak. Mi inkább a kényelemhez szoktunk hozzá, és általában nem viselünk jól semmiféle szenvedést; megijeszt bennünket.</p>
<p>mlékezzünk arra, hogyan szállt szembe Dávid az óriás Góliáttal, és legyünk örömmel és hálával, hogy mi is legyőzhetjük ellenségeinket. Megtámadhatjuk a félelmet, ahelyett, hogy hagynánk, hogy uralkodjon rajtunk. Sokkal több vagy, mint az érzéseid. Isten erős, bölcs, szeretett gyermeke vagy, és bármit meg tudsz tenni az életben Krisztus által, aki megerősít (lásd Fil. 4:13).</p>
<hr />
<h4>Hálaadó ima</h4>
<p>Köszönöm, Atyám, hogy van erőm, mert Te velem vagy. Bármilyen nehéznek is tűnik egy kihívás, bátran nekimegyek, mert tudom, hogy számodra semmi sem lehetetlen.</p>

<p>Mlékezzünk arra, hogyan szállt szembe Dávid az óriás Góliáttal, és legyünk örömmel és hálával, hogy mi is legyőzhetjük ellenségeinket.</p>

<div class="post-featured-wrap"><img width="960" height="640" src="https://tv.joycemeyer.org/magyar/wp-content/uploads/sites/72/2023/11/3726L.jpg" class="post-featured wp-post-image" alt="Rácsatlakoztál?" decoding="async" srcset="https://tv.joycemeyer.org/magyar/wp-content/uploads/sites/72/2023/11/3726L.jpg 960w, https://tv.joycemeyer.org/magyar/wp-content/uploads/sites/72/2023/11/3726L-300x200.jpg 300w, https://tv.joycemeyer.org/magyar/wp-content/uploads/sites/72/2023/11/3726L-768x512.jpg 768w" sizes="(max-width: 960px) 100vw, 960px" /></div>

<!-- This site is optimized with the Yoast SEO plugin v27.4 - https://yoast.com/product/yoast-seo-wordpress/ -->
<title>Bátran nézz szembe bármilyen új kihívással! - Joyce Meyer Ministries - Magyar</title>
<meta name="robots" content="index, follow, max-snippet:-1, max-image-preview:large, max-video-preview:-1" />
<link rel="canonical" href="https://tv.joycemeyer.org/magyar/devotional/kihivassal/" />
<meta property="og:locale" content="en_US" />
<meta property="og:type" content="article" />
<meta property="og:title" content="Bátran nézz szembe bármilyen új kihívással! - Joyce Meyer Ministries - Magyar" />
<meta property="og:description" content="Mlékezzünk arra, hogyan szállt szembe Dávid az óriás Góliáttal, és legyünk örömmel és hálával, hogy mi is legyőzhetjük ellenségeinket." />
<meta property="og:url" content="https://tv.joycemeyer.org/magyar/devotional/kihivassal/" />
<meta property="og:site_name" content="Joyce Meyer Ministries - Magyar" />
<meta property="article:publisher" content="https://www.facebook.com/JoyceMeyerMinistriesHungarian/" />
<meta property="article:modified_time" content="2023-11-21T13:37:59+00:00" />
<meta property="og:image" content="https://tv.joycemeyer.org/magyar/wp-content/uploads/sites/72/2023/11/3726L.jpg" />
	<meta property="og:image:width" content="960" />
	<meta property="og:image:height" content="640" />
	<meta property="og:image:type" content="image/jpeg" />
<meta name="twitter:card" content="summary_large_image" />
<meta name="twitter:label1" content="Est. reading time" />
	<meta name="twitter:data1" content="1 minute" />
<script type="application/ld+json" class="yoast-schema-graph">{"@context":"https:\/\/schema.org","@graph":[{"@type":"WebPage","@id":"https:\/\/tv.joycemeyer.org\/magyar\/devotional\/kihivassal\/","url":"https:\/\/tv.joycemeyer.org\/magyar\/devotional\/kihivassal\/","name":"Bátran nézz szembe bármilyen új kihívással! - Joyce Meyer Ministries - Magyar","isPartOf":{"@id":"https:\/\/tv.joycemeyer.org\/magyar\/#website"},"primaryImageOfPage":{"@id":"https:\/\/tv.joycemeyer.org\/magyar\/devotional\/kihivassal\/#primaryimage"},"image":{"@id":"https:\/\/tv.joycemeyer.org\/magyar\/devotional\/kihivassal\/#primaryimage"},"thumbnailUrl":"https:\/\/tv.joycemeyer.org\/magyar\/wp-content\/uploads\/sites\/72\/2023\/11\/3726L.jpg","datePublished":"2023-11-21T00:01:27+00:00","dateModified":"2023-11-21T13:37:59+00:00","breadcrumb":{"@id":"https:\/\/tv.joycemeyer.org\/magyar\/devotional\/kihivassal\/#breadcrumb"},"inLanguage":"en-US","potentialAction":[{"@type":"ReadAction","target":["https:\/\/tv.joycemeyer.org\/magyar\/devotional\/kihivassal\/"]}]},{"@type":"ImageObject","inLanguage":"en-US","@id":"https:\/\/tv.joycemeyer.org\/magyar\/devotional\/kihivassal\/#primaryimage","url":"https:\/\/tv.joycemeyer.org\/magyar\/wp-content\/uploads\/sites\/72\/2023\/11\/3726L.jpg","contentUrl":"https:\/\/tv.joycemeyer.org\/magyar\/wp-content\/uploads\/sites\/72\/2023\/11\/3726L.jpg","width":960,"height":640,"caption":"Rácsatlakoztál?"},{"@type":"BreadcrumbList","@id":"https:\/\/tv.joycemeyer.org\/magyar\/devotional\/kihivassal\/#breadcrumb","itemListElement":[{"@type":"ListItem","position":1,"name":"Home","item":"https:\/\/tv.joycemeyer.org\/magyar\/"},{"@type":"ListItem","position":2,"name":"Devotional","item":"https:\/\/tv.joycemeyer.org\/magyar\/devotional\/"},{"@type":"ListItem","position":3,"name":"Bátran nézz szembe bármilyen új kihívással!"}]},{"@type":"WebSite","@id":"https:\/\/tv.joycemeyer.org\/magyar\/#website","url":"https:\/\/tv.joycemeyer.org\/magyar\/","name":"Joyce Meyer Ministries - Magyar","description":"Hirdetjük Krisztust - Szeretjük az embereket","potentialAction":[{"@type":"SearchAction","target":{"@type":"EntryPoint","urlTemplate":"https:\/\/tv.joycemeyer.org\/magyar\/?s={search_term_string}"},"query-input":{"@type":"PropertyValueSpecification","valueRequired":true,"valueName":"search_term_string"}}],"inLanguage":"en-US"}]}</script>
<!-- / Yoast SEO plugin. -->

Bátran nézz szembe bármilyen új kihívással! - Joyce Meyer Ministries - Magyar

Mlékezzünk arra, hogyan szállt szembe Dávid az óriás Góliáttal, és legyünk örömmel és hálával, hogy mi is legyőzhetjük ellenségeinket.

Rácsatlakoztál?

Hirdetjük Krisztust - Szeretjük az embereket
