{"id":531,"date":"2018-03-22T13:58:24","date_gmt":"2018-03-22T13:58:24","guid":{"rendered":"https:\/\/tv.joycemeyer.org\/polskidemo\/?page_id=531"},"modified":"2023-06-19T18:33:23","modified_gmt":"2023-06-19T17:33:23","slug":"jak-poznawac-jezusa","status":"publish","type":"page","link":"https:\/\/tv.joycemeyer.org\/polish\/jak-poznawac-jezusa\/","title":{"rendered":"Poznaj Jezusa"},"content":{"rendered":"<p>Gdy zaczynasz uczy\u0107 si\u0119 i poznajesz Jezusa, zaczynasz niezwyk\u0142\u0105 podr\u00f3\u017c, w kt\u00f3rej odkrywasz Bo\u017cy plan dla twojego \u017cycia. List do Rzymian 3:23 tak to ujmuje: \u201eGdy\u017c wszyscy zgrzeszyli i brak im chwa\u0142y Bo\u017cej\u2026\u201d.<\/p>\n<p>Kiedy m\u00f3wimy o poznaniu Jezusa chodzi nam o to, i\u017c uznajesz, \u017ce potrzebujesz Go w swoim \u017cyciu, wierzysz w to, co dla ciebie zrobi\u0142 i przyjmujesz Jego niezwyk\u0142y dar.<\/p>\n<p>Musisz mie\u0107 \u015bwiadomo\u015b\u0107, \u017ce nie mo\u017cesz \u017cy\u0107 sam dla siebie, \u017ce jeste\u015b grzesznikiem i potrzebujesz Zbawiciela.<\/p>\n<p>Kiedy poznajesz Jezusa, przyjmujesz Bo\u017cy dar zbawienia i nast\u0119puje wtedy niezwyk\u0142a wymiana. Ty oddajesz Mu swoje stare grzeszne \u017cycie, a On daje ci wszystko, co dla ciebie przygotowa\u0142.<\/p>\n<p>Mo\u017cesz tego jeszcze nie wiedzie\u0107, ale B\u00f3g ma niezwyk\u0142y plan na twoje \u017cycie. Poznanie Jezusa to pocz\u0105tek wspania\u0142ej w\u0119dr\u00f3wki.<\/p>\n<blockquote><p>\u201eBowiem B\u00f3g umi\u0142owa\u0142 \u015bwiat, \u017ce Syna swego Jednorodzonego da\u0142, aby ka\u017cdy, kto w Niego wierzy, nie zgin\u0105\u0142, ale mia\u0142 \u017cycie wieczne\u201d. \u2014Ewangelia Jana 3:16<\/p><\/blockquote>\n","protected":false},"excerpt":{"rendered":"<p>Gdy zaczynasz uczy\u0107 si\u0119 i poznajesz Jezusa, zaczynasz niezwyk\u0142\u0105 podr\u00f3\u017c, w kt\u00f3rej odkrywasz Bo\u017cy plan dla twojego \u017cycia. List do Rzymian 3:23 tak to ujmuje: \u201eGdy\u017c wszyscy zgrzeszyli i brak im chwa\u0142y Bo\u017cej\u2026\u201d. Kiedy m\u00f3wimy o poznaniu Jezusa chodzi nam o to, i\u017c uznajesz, \u017ce potrzebujesz Go w swoim \u017cyciu, wierzysz w to, co dla&#8230;<\/p>\n","protected":false},"author":4,"featured_media":0,"parent":0,"menu_order":0,"comment_status":"closed","ping_status":"closed","template":"page-templates\/page-campaign.php","meta":{"_acf_changed":false,"footnotes":""},"class_list":["post-531","page","type-page","status-publish","hentry"],"acf":[],"yoast_head":"<!-- This site is optimized with the Yoast SEO plugin v27.4 - https:\/\/yoast.com\/product\/yoast-seo-wordpress\/ -->\n<title>Poznaj Jezusa - Joyce Meyer Ministries - Polish<\/title>\n<meta name=\"robots\" content=\"noindex, follow, max-snippet:-1, max-image-preview:large, max-video-preview:-1\" \/>\n<meta property=\"og:locale\" content=\"pl_PL\" \/>\n<meta property=\"og:type\" content=\"article\" \/>\n<meta property=\"og:title\" content=\"Poznaj Jezusa - Joyce Meyer Ministries - Polish\" \/>\n<meta property=\"og:description\" content=\"Gdy zaczynasz uczy\u0107 si\u0119 i poznajesz Jezusa, zaczynasz niezwyk\u0142\u0105 podr\u00f3\u017c, w kt\u00f3rej odkrywasz Bo\u017cy plan dla twojego \u017cycia. List do Rzymian 3:23 tak to ujmuje: \u201eGdy\u017c wszyscy zgrzeszyli i brak im chwa\u0142y Bo\u017cej\u2026\u201d. Kiedy m\u00f3wimy o poznaniu Jezusa chodzi nam o to, i\u017c uznajesz, \u017ce potrzebujesz Go w swoim \u017cyciu, wierzysz w to, co dla...\" \/>\n<meta property=\"og:url\" content=\"https:\/\/tv.joycemeyer.org\/polish\/jak-poznawac-jezusa\/\" \/>\n<meta property=\"og:site_name\" content=\"Joyce Meyer Ministries - Polish\" \/>\n<meta property=\"article:publisher\" content=\"https:\/\/www.facebook.com\/JoyceMeyerMinistriesPolish\/\" \/>\n<meta property=\"article:modified_time\" content=\"2023-06-19T17:33:23+00:00\" \/>\n<meta name=\"twitter:card\" content=\"summary_large_image\" \/>\n<meta name=\"twitter:label1\" content=\"Szacowany czas czytania\" \/>\n\t<meta name=\"twitter:data1\" content=\"1 minuta\" \/>\n<script type=\"application\/ld+json\" class=\"yoast-schema-graph\">{\"@context\":\"https:\\\/\\\/schema.org\",\"@graph\":[{\"@type\":\"WebPage\",\"@id\":\"https:\\\/\\\/tv.joycemeyer.org\\\/polish\\\/jak-poznawac-jezusa\\\/\",\"url\":\"https:\\\/\\\/tv.joycemeyer.org\\\/polish\\\/jak-poznawac-jezusa\\\/\",\"name\":\"Poznaj Jezusa - Joyce Meyer Ministries - Polish\",\"isPartOf\":{\"@id\":\"https:\\\/\\\/tv.joycemeyer.org\\\/polish\\\/#website\"},\"datePublished\":\"2018-03-22T13:58:24+00:00\",\"dateModified\":\"2023-06-19T17:33:23+00:00\",\"breadcrumb\":{\"@id\":\"https:\\\/\\\/tv.joycemeyer.org\\\/polish\\\/jak-poznawac-jezusa\\\/#breadcrumb\"},\"inLanguage\":\"pl-PL\",\"potentialAction\":[{\"@type\":\"ReadAction\",\"target\":[\"https:\\\/\\\/tv.joycemeyer.org\\\/polish\\\/jak-poznawac-jezusa\\\/\"]}]},{\"@type\":\"BreadcrumbList\",\"@id\":\"https:\\\/\\\/tv.joycemeyer.org\\\/polish\\\/jak-poznawac-jezusa\\\/#breadcrumb\",\"itemListElement\":[{\"@type\":\"ListItem\",\"position\":1,\"name\":\"Home\",\"item\":\"https:\\\/\\\/tv.joycemeyer.org\\\/polish\\\/\"},{\"@type\":\"ListItem\",\"position\":2,\"name\":\"Poznaj Jezusa\"}]},{\"@type\":\"WebSite\",\"@id\":\"https:\\\/\\\/tv.joycemeyer.org\\\/polish\\\/#website\",\"url\":\"https:\\\/\\\/tv.joycemeyer.org\\\/polish\\\/\",\"name\":\"Joyce Meyer Ministries - Polish\",\"description\":\"Dzieli\u0107 si\u0119 Chrystusem i kocha\u0107 ludzi\",\"potentialAction\":[{\"@type\":\"SearchAction\",\"target\":{\"@type\":\"EntryPoint\",\"urlTemplate\":\"https:\\\/\\\/tv.joycemeyer.org\\\/polish\\\/?s={search_term_string}\"},\"query-input\":{\"@type\":\"PropertyValueSpecification\",\"valueRequired\":true,\"valueName\":\"search_term_string\"}}],\"inLanguage\":\"pl-PL\"}]}<\/script>\n<!-- \/ Yoast SEO plugin. -->","yoast_head_json":{"title":"Poznaj Jezusa - Joyce Meyer Ministries - Polish","robots":{"index":"noindex","follow":"follow","max-snippet":"max-snippet:-1","max-image-preview":"max-image-preview:large","max-video-preview":"max-video-preview:-1"},"og_locale":"pl_PL","og_type":"article","og_title":"Poznaj Jezusa - Joyce Meyer Ministries - Polish","og_description":"Gdy zaczynasz uczy\u0107 si\u0119 i poznajesz Jezusa, zaczynasz niezwyk\u0142\u0105 podr\u00f3\u017c, w kt\u00f3rej odkrywasz Bo\u017cy plan dla twojego \u017cycia. List do Rzymian 3:23 tak to ujmuje: \u201eGdy\u017c wszyscy zgrzeszyli i brak im chwa\u0142y Bo\u017cej\u2026\u201d. Kiedy m\u00f3wimy o poznaniu Jezusa chodzi nam o to, i\u017c uznajesz, \u017ce potrzebujesz Go w swoim \u017cyciu, wierzysz w to, co dla...","og_url":"https:\/\/tv.joycemeyer.org\/polish\/jak-poznawac-jezusa\/","og_site_name":"Joyce Meyer Ministries - Polish","article_publisher":"https:\/\/www.facebook.com\/JoyceMeyerMinistriesPolish\/","article_modified_time":"2023-06-19T17:33:23+00:00","twitter_card":"summary_large_image","twitter_misc":{"Szacowany czas czytania":"1 minuta"},"schema":{"@context":"https:\/\/schema.org","@graph":[{"@type":"WebPage","@id":"https:\/\/tv.joycemeyer.org\/polish\/jak-poznawac-jezusa\/","url":"https:\/\/tv.joycemeyer.org\/polish\/jak-poznawac-jezusa\/","name":"Poznaj Jezusa - Joyce Meyer Ministries - Polish","isPartOf":{"@id":"https:\/\/tv.joycemeyer.org\/polish\/#website"},"datePublished":"2018-03-22T13:58:24+00:00","dateModified":"2023-06-19T17:33:23+00:00","breadcrumb":{"@id":"https:\/\/tv.joycemeyer.org\/polish\/jak-poznawac-jezusa\/#breadcrumb"},"inLanguage":"pl-PL","potentialAction":[{"@type":"ReadAction","target":["https:\/\/tv.joycemeyer.org\/polish\/jak-poznawac-jezusa\/"]}]},{"@type":"BreadcrumbList","@id":"https:\/\/tv.joycemeyer.org\/polish\/jak-poznawac-jezusa\/#breadcrumb","itemListElement":[{"@type":"ListItem","position":1,"name":"Home","item":"https:\/\/tv.joycemeyer.org\/polish\/"},{"@type":"ListItem","position":2,"name":"Poznaj Jezusa"}]},{"@type":"WebSite","@id":"https:\/\/tv.joycemeyer.org\/polish\/#website","url":"https:\/\/tv.joycemeyer.org\/polish\/","name":"Joyce Meyer Ministries - Polish","description":"Dzieli\u0107 si\u0119 Chrystusem i kocha\u0107 ludzi","potentialAction":[{"@type":"SearchAction","target":{"@type":"EntryPoint","urlTemplate":"https:\/\/tv.joycemeyer.org\/polish\/?s={search_term_string}"},"query-input":{"@type":"PropertyValueSpecification","valueRequired":true,"valueName":"search_term_string"}}],"inLanguage":"pl-PL"}]}},"_links":{"self":[{"href":"https:\/\/tv.joycemeyer.org\/polish\/wp-json\/wp\/v2\/pages\/531","targetHints":{"allow":["GET"]}}],"collection":[{"href":"https:\/\/tv.joycemeyer.org\/polish\/wp-json\/wp\/v2\/pages"}],"about":[{"href":"https:\/\/tv.joycemeyer.org\/polish\/wp-json\/wp\/v2\/types\/page"}],"author":[{"embeddable":true,"href":"https:\/\/tv.joycemeyer.org\/polish\/wp-json\/wp\/v2\/users\/4"}],"replies":[{"embeddable":true,"href":"https:\/\/tv.joycemeyer.org\/polish\/wp-json\/wp\/v2\/comments?post=531"}],"version-history":[{"count":0,"href":"https:\/\/tv.joycemeyer.org\/polish\/wp-json\/wp\/v2\/pages\/531\/revisions"}],"wp:attachment":[{"href":"https:\/\/tv.joycemeyer.org\/polish\/wp-json\/wp\/v2\/media?parent=531"}],"curies":[{"name":"wp","href":"https:\/\/api.w.org\/{rel}","templated":true}]}}