{"id":586,"date":"2018-02-20T17:03:08","date_gmt":"2018-02-20T17:03:08","guid":{"rendered":"https:\/\/tv.joycemeyer.org\/portuguese\/?post_type=devotional&#038;p=586"},"modified":"2018-02-26T20:37:27","modified_gmt":"2018-02-26T20:37:27","slug":"saiba-que-deus-esta-ao-seu-lado","status":"publish","type":"devotional","link":"https:\/\/tv.joycemeyer.org\/portuguese\/devotional\/saiba-que-deus-esta-ao-seu-lado\/","title":{"rendered":"Saiba que Deus est\u00e1 ao seu lado o tempo todo"},"content":{"rendered":"<p>Em <strong>Mateus 28.20<\/strong>, Jesus afirmou: \u201cE eu estarei sempre com voc\u00eas, at\u00e9 o fim dos tempos\u201d. Ent\u00e3o, em<strong> Hebreus 13.5<\/strong>, lemos a seguinte promessa da parte de Deus: \u201cNunca o deixarei, nunca o abandonarei\u201d.<\/p>\n<p>Reflita com estas passagens das Escrituras e permita que elas tragam conforto ao seu cora\u00e7\u00e3o: Pai para os \u00f3rf\u00e3os e defensor das vi\u00favas \u00e9\u00a0 Deus em sua santa habita\u00e7\u00e3o. Deus d\u00e1 um lugar aos solit\u00e1rios, liberta os presos para a prosperidade, mas os rebeldes vivem em terra \u00e1rida. <strong>Salmos 68.5-6<\/strong><\/p>\n<p>Ainda que me abandonem pai e m\u00e3e, o Senhor me acolher\u00e1. <strong>Salmos 27.10<\/strong><\/p>\n<h6>O conte\u00fado deste plano de leitura \u00e9 retirado do livro \u201cConversa Franca Sobre \u2013 Solid\u00e3o\u201d, escrito por Joyce Meyer e publicado por\u00a0<a href=\"http:\/\/www.belloshopping.com\/joyce-meyer.html\">Bello Publica\u00e7\u00f5es<\/a>. Todos os direitos reservados. Todo o livro est\u00e1 dispon\u00edvel\u00a0<a href=\"https:\/\/tv.joycemeyer.org\/portuguese\/ebooks\/conversa-franca-sobre-solidao\/\">aqui<\/a>.<\/h6>\n","protected":false},"excerpt":{"rendered":"<p>Em Mateus 28.20, Jesus afirmou: \u201cE eu estarei sempre com voc\u00eas, at\u00e9 o fim dos tempos\u201d&#8230;<\/p>\n","protected":false},"author":4,"featured_media":587,"parent":0,"menu_order":0,"comment_status":"closed","ping_status":"closed","template":"","class_list":["post-586","devotional","type-devotional","status-publish","has-post-thumbnail","hentry"],"acf":[],"appp":{"post_detail":{"above_title":"<div class=\"post-featured-wrap\"><img width=\"960\" height=\"639\" src=\"https:\/\/tv.joycemeyer.org\/portuguese\/wp-content\/uploads\/sites\/35\/2018\/02\/265.jpg\" class=\"post-featured wp-post-image\" alt=\"Saiba que Deus est\u00e1 ao seu lado o tempo todo\" decoding=\"async\" srcset=\"https:\/\/tv.joycemeyer.org\/portuguese\/wp-content\/uploads\/sites\/35\/2018\/02\/265.jpg 960w, https:\/\/tv.joycemeyer.org\/portuguese\/wp-content\/uploads\/sites\/35\/2018\/02\/265-300x200.jpg 300w, https:\/\/tv.joycemeyer.org\/portuguese\/wp-content\/uploads\/sites\/35\/2018\/02\/265-768x511.jpg 768w\" sizes=\"(max-width: 960px) 100vw, 960px\" \/><\/div>","below_content":""}},"yoast_head":"<!-- This site is optimized with the Yoast SEO plugin v27.4 - https:\/\/yoast.com\/product\/yoast-seo-wordpress\/ -->\n<title>Saiba que Deus est\u00e1 ao seu lado o tempo todo - Joyce Meyer Ministries - Portuguese<\/title>\n<meta name=\"description\" content=\"JOYCE MEYER DESFRUTANDO A VIDA DI\u00c1RIA - DEVOCIONAL\" \/>\n<meta name=\"robots\" content=\"index, follow, max-snippet:-1, max-image-preview:large, max-video-preview:-1\" \/>\n<link rel=\"canonical\" href=\"https:\/\/tv.joycemeyer.org\/portuguese\/devotional\/saiba-que-deus-esta-ao-seu-lado\/\" \/>\n<meta property=\"og:locale\" content=\"pt_BR\" \/>\n<meta property=\"og:type\" content=\"article\" \/>\n<meta property=\"og:title\" content=\"Saiba que Deus est\u00e1 ao seu lado o tempo todo - Joyce Meyer Ministries - Portuguese\" \/>\n<meta property=\"og:description\" content=\"JOYCE MEYER DESFRUTANDO A VIDA DI\u00c1RIA - DEVOCIONAL\" \/>\n<meta property=\"og:url\" content=\"https:\/\/tv.joycemeyer.org\/portuguese\/devotional\/saiba-que-deus-esta-ao-seu-lado\/\" \/>\n<meta property=\"og:site_name\" content=\"Joyce Meyer Ministries - Portuguese\" \/>\n<meta property=\"article:publisher\" content=\"https:\/\/www.facebook.com\/joycemeyerministriesportugues\" \/>\n<meta property=\"article:modified_time\" content=\"2018-02-26T20:37:27+00:00\" \/>\n<meta property=\"og:image\" content=\"https:\/\/tv.joycemeyer.org\/portuguese\/wp-content\/uploads\/sites\/35\/2018\/02\/265.jpg\" \/>\n\t<meta property=\"og:image:width\" content=\"960\" \/>\n\t<meta property=\"og:image:height\" content=\"639\" \/>\n\t<meta property=\"og:image:type\" content=\"image\/jpeg\" \/>\n<meta name=\"twitter:card\" content=\"summary_large_image\" \/>\n<meta name=\"twitter:label1\" content=\"Est. tempo de leitura\" \/>\n\t<meta name=\"twitter:data1\" content=\"1 minuto\" \/>\n<script type=\"application\/ld+json\" class=\"yoast-schema-graph\">{\"@context\":\"https:\\\/\\\/schema.org\",\"@graph\":[{\"@type\":\"WebPage\",\"@id\":\"https:\\\/\\\/tv.joycemeyer.org\\\/portuguese\\\/devotional\\\/saiba-que-deus-esta-ao-seu-lado\\\/\",\"url\":\"https:\\\/\\\/tv.joycemeyer.org\\\/portuguese\\\/devotional\\\/saiba-que-deus-esta-ao-seu-lado\\\/\",\"name\":\"Saiba que Deus est\u00e1 ao seu lado o tempo todo - Joyce Meyer Ministries - Portuguese\",\"isPartOf\":{\"@id\":\"https:\\\/\\\/tv.joycemeyer.org\\\/portuguese\\\/#website\"},\"primaryImageOfPage\":{\"@id\":\"https:\\\/\\\/tv.joycemeyer.org\\\/portuguese\\\/devotional\\\/saiba-que-deus-esta-ao-seu-lado\\\/#primaryimage\"},\"image\":{\"@id\":\"https:\\\/\\\/tv.joycemeyer.org\\\/portuguese\\\/devotional\\\/saiba-que-deus-esta-ao-seu-lado\\\/#primaryimage\"},\"thumbnailUrl\":\"https:\\\/\\\/tv.joycemeyer.org\\\/portuguese\\\/wp-content\\\/uploads\\\/sites\\\/35\\\/2018\\\/02\\\/265.jpg\",\"datePublished\":\"2018-02-20T17:03:08+00:00\",\"dateModified\":\"2018-02-26T20:37:27+00:00\",\"description\":\"JOYCE MEYER DESFRUTANDO A VIDA DI\u00c1RIA - DEVOCIONAL\",\"breadcrumb\":{\"@id\":\"https:\\\/\\\/tv.joycemeyer.org\\\/portuguese\\\/devotional\\\/saiba-que-deus-esta-ao-seu-lado\\\/#breadcrumb\"},\"inLanguage\":\"pt-BR\",\"potentialAction\":[{\"@type\":\"ReadAction\",\"target\":[\"https:\\\/\\\/tv.joycemeyer.org\\\/portuguese\\\/devotional\\\/saiba-que-deus-esta-ao-seu-lado\\\/\"]}]},{\"@type\":\"ImageObject\",\"inLanguage\":\"pt-BR\",\"@id\":\"https:\\\/\\\/tv.joycemeyer.org\\\/portuguese\\\/devotional\\\/saiba-que-deus-esta-ao-seu-lado\\\/#primaryimage\",\"url\":\"https:\\\/\\\/tv.joycemeyer.org\\\/portuguese\\\/wp-content\\\/uploads\\\/sites\\\/35\\\/2018\\\/02\\\/265.jpg\",\"contentUrl\":\"https:\\\/\\\/tv.joycemeyer.org\\\/portuguese\\\/wp-content\\\/uploads\\\/sites\\\/35\\\/2018\\\/02\\\/265.jpg\",\"width\":960,\"height\":639,\"caption\":\"Saiba que Deus est\u00e1 ao seu lado o tempo todo\"},{\"@type\":\"BreadcrumbList\",\"@id\":\"https:\\\/\\\/tv.joycemeyer.org\\\/portuguese\\\/devotional\\\/saiba-que-deus-esta-ao-seu-lado\\\/#breadcrumb\",\"itemListElement\":[{\"@type\":\"ListItem\",\"position\":1,\"name\":\"Home\",\"item\":\"https:\\\/\\\/tv.joycemeyer.org\\\/portuguese\\\/\"},{\"@type\":\"ListItem\",\"position\":2,\"name\":\"Devotional\",\"item\":\"https:\\\/\\\/tv.joycemeyer.org\\\/portuguese\\\/devotional\\\/\"},{\"@type\":\"ListItem\",\"position\":3,\"name\":\"Saiba que Deus est\u00e1 ao seu lado o tempo todo\"}]},{\"@type\":\"WebSite\",\"@id\":\"https:\\\/\\\/tv.joycemeyer.org\\\/portuguese\\\/#website\",\"url\":\"https:\\\/\\\/tv.joycemeyer.org\\\/portuguese\\\/\",\"name\":\"Joyce Meyer Ministries - Portuguese\",\"description\":\"COMPARTILHANDO CRISTO - AMANDO PESSOAS\",\"potentialAction\":[{\"@type\":\"SearchAction\",\"target\":{\"@type\":\"EntryPoint\",\"urlTemplate\":\"https:\\\/\\\/tv.joycemeyer.org\\\/portuguese\\\/?s={search_term_string}\"},\"query-input\":{\"@type\":\"PropertyValueSpecification\",\"valueRequired\":true,\"valueName\":\"search_term_string\"}}],\"inLanguage\":\"pt-BR\"}]}<\/script>\n<!-- \/ Yoast SEO plugin. -->","yoast_head_json":{"title":"Saiba que Deus est\u00e1 ao seu lado o tempo todo - Joyce Meyer Ministries - Portuguese","description":"JOYCE MEYER DESFRUTANDO A VIDA DI\u00c1RIA - DEVOCIONAL","robots":{"index":"index","follow":"follow","max-snippet":"max-snippet:-1","max-image-preview":"max-image-preview:large","max-video-preview":"max-video-preview:-1"},"canonical":"https:\/\/tv.joycemeyer.org\/portuguese\/devotional\/saiba-que-deus-esta-ao-seu-lado\/","og_locale":"pt_BR","og_type":"article","og_title":"Saiba que Deus est\u00e1 ao seu lado o tempo todo - Joyce Meyer Ministries - Portuguese","og_description":"JOYCE MEYER DESFRUTANDO A VIDA DI\u00c1RIA - DEVOCIONAL","og_url":"https:\/\/tv.joycemeyer.org\/portuguese\/devotional\/saiba-que-deus-esta-ao-seu-lado\/","og_site_name":"Joyce Meyer Ministries - Portuguese","article_publisher":"https:\/\/www.facebook.com\/joycemeyerministriesportugues","article_modified_time":"2018-02-26T20:37:27+00:00","og_image":[{"width":960,"height":639,"url":"https:\/\/tv.joycemeyer.org\/portuguese\/wp-content\/uploads\/sites\/35\/2018\/02\/265.jpg","type":"image\/jpeg"}],"twitter_card":"summary_large_image","twitter_misc":{"Est. tempo de leitura":"1 minuto"},"schema":{"@context":"https:\/\/schema.org","@graph":[{"@type":"WebPage","@id":"https:\/\/tv.joycemeyer.org\/portuguese\/devotional\/saiba-que-deus-esta-ao-seu-lado\/","url":"https:\/\/tv.joycemeyer.org\/portuguese\/devotional\/saiba-que-deus-esta-ao-seu-lado\/","name":"Saiba que Deus est\u00e1 ao seu lado o tempo todo - Joyce Meyer Ministries - Portuguese","isPartOf":{"@id":"https:\/\/tv.joycemeyer.org\/portuguese\/#website"},"primaryImageOfPage":{"@id":"https:\/\/tv.joycemeyer.org\/portuguese\/devotional\/saiba-que-deus-esta-ao-seu-lado\/#primaryimage"},"image":{"@id":"https:\/\/tv.joycemeyer.org\/portuguese\/devotional\/saiba-que-deus-esta-ao-seu-lado\/#primaryimage"},"thumbnailUrl":"https:\/\/tv.joycemeyer.org\/portuguese\/wp-content\/uploads\/sites\/35\/2018\/02\/265.jpg","datePublished":"2018-02-20T17:03:08+00:00","dateModified":"2018-02-26T20:37:27+00:00","description":"JOYCE MEYER DESFRUTANDO A VIDA DI\u00c1RIA - DEVOCIONAL","breadcrumb":{"@id":"https:\/\/tv.joycemeyer.org\/portuguese\/devotional\/saiba-que-deus-esta-ao-seu-lado\/#breadcrumb"},"inLanguage":"pt-BR","potentialAction":[{"@type":"ReadAction","target":["https:\/\/tv.joycemeyer.org\/portuguese\/devotional\/saiba-que-deus-esta-ao-seu-lado\/"]}]},{"@type":"ImageObject","inLanguage":"pt-BR","@id":"https:\/\/tv.joycemeyer.org\/portuguese\/devotional\/saiba-que-deus-esta-ao-seu-lado\/#primaryimage","url":"https:\/\/tv.joycemeyer.org\/portuguese\/wp-content\/uploads\/sites\/35\/2018\/02\/265.jpg","contentUrl":"https:\/\/tv.joycemeyer.org\/portuguese\/wp-content\/uploads\/sites\/35\/2018\/02\/265.jpg","width":960,"height":639,"caption":"Saiba que Deus est\u00e1 ao seu lado o tempo todo"},{"@type":"BreadcrumbList","@id":"https:\/\/tv.joycemeyer.org\/portuguese\/devotional\/saiba-que-deus-esta-ao-seu-lado\/#breadcrumb","itemListElement":[{"@type":"ListItem","position":1,"name":"Home","item":"https:\/\/tv.joycemeyer.org\/portuguese\/"},{"@type":"ListItem","position":2,"name":"Devotional","item":"https:\/\/tv.joycemeyer.org\/portuguese\/devotional\/"},{"@type":"ListItem","position":3,"name":"Saiba que Deus est\u00e1 ao seu lado o tempo todo"}]},{"@type":"WebSite","@id":"https:\/\/tv.joycemeyer.org\/portuguese\/#website","url":"https:\/\/tv.joycemeyer.org\/portuguese\/","name":"Joyce Meyer Ministries - Portuguese","description":"COMPARTILHANDO CRISTO - AMANDO PESSOAS","potentialAction":[{"@type":"SearchAction","target":{"@type":"EntryPoint","urlTemplate":"https:\/\/tv.joycemeyer.org\/portuguese\/?s={search_term_string}"},"query-input":{"@type":"PropertyValueSpecification","valueRequired":true,"valueName":"search_term_string"}}],"inLanguage":"pt-BR"}]}},"featured_image_urls":{"thumbnail":"https:\/\/tv.joycemeyer.org\/portuguese\/wp-content\/uploads\/sites\/35\/2018\/02\/265-150x150.jpg","medium":"https:\/\/tv.joycemeyer.org\/portuguese\/wp-content\/uploads\/sites\/35\/2018\/02\/265-300x200.jpg","medium_large":"https:\/\/tv.joycemeyer.org\/portuguese\/wp-content\/uploads\/sites\/35\/2018\/02\/265-768x511.jpg","listing":"https:\/\/tv.joycemeyer.org\/portuguese\/wp-content\/uploads\/sites\/35\/2018\/02\/265-640x360.jpg","feature":"https:\/\/tv.joycemeyer.org\/portuguese\/wp-content\/uploads\/sites\/35\/2018\/02\/265-960x540.jpg","ebook":"https:\/\/tv.joycemeyer.org\/portuguese\/wp-content\/uploads\/sites\/35\/2018\/02\/265-300x435.jpg","header":"https:\/\/tv.joycemeyer.org\/portuguese\/wp-content\/uploads\/sites\/35\/2018\/02\/265-960x340.jpg","rpwe-thumbnail":"https:\/\/tv.joycemeyer.org\/portuguese\/wp-content\/uploads\/sites\/35\/2018\/02\/265-45x45.jpg"},"appp_media":null,"_links":{"self":[{"href":"https:\/\/tv.joycemeyer.org\/portuguese\/wp-json\/wp\/v2\/devotional\/586","targetHints":{"allow":["GET"]}}],"collection":[{"href":"https:\/\/tv.joycemeyer.org\/portuguese\/wp-json\/wp\/v2\/devotional"}],"about":[{"href":"https:\/\/tv.joycemeyer.org\/portuguese\/wp-json\/wp\/v2\/types\/devotional"}],"author":[{"embeddable":true,"href":"https:\/\/tv.joycemeyer.org\/portuguese\/wp-json\/wp\/v2\/users\/4"}],"replies":[{"embeddable":true,"href":"https:\/\/tv.joycemeyer.org\/portuguese\/wp-json\/wp\/v2\/comments?post=586"}],"wp:featuredmedia":[{"embeddable":true,"href":"https:\/\/tv.joycemeyer.org\/portuguese\/wp-json\/wp\/v2\/media\/587"}],"wp:attachment":[{"href":"https:\/\/tv.joycemeyer.org\/portuguese\/wp-json\/wp\/v2\/media?parent=586"}],"curies":[{"name":"wp","href":"https:\/\/api.w.org\/{rel}","templated":true}]}}

Saiba que Deus está ao seu lado o tempo todo

<p>Em <strong>Mateus 28.20</strong>, Jesus afirmou: “E eu estarei sempre com vocês, até o fim dos tempos”. Então, em<strong> Hebreus 13.5</strong>, lemos a seguinte promessa da parte de Deus: “Nunca o deixarei, nunca o abandonarei”.</p>
<p>Reflita com estas passagens das Escrituras e permita que elas tragam conforto ao seu coração: Pai para os órfãos e defensor das viúvas é  Deus em sua santa habitação. Deus dá um lugar aos solitários, liberta os presos para a prosperidade, mas os rebeldes vivem em terra árida. <strong>Salmos 68.5-6</strong></p>
<p>Ainda que me abandonem pai e mãe, o Senhor me acolherá. <strong>Salmos 27.10</strong></p>
<h6>O conteúdo deste plano de leitura é retirado do livro “Conversa Franca Sobre – Solidão”, escrito por Joyce Meyer e publicado por <a href="http://www.belloshopping.com/joyce-meyer.html">Bello Publicações</a>. Todos os direitos reservados. Todo o livro está disponível <a href="https://tv.joycemeyer.org/portuguese/ebooks/conversa-franca-sobre-solidao/">aqui</a>.</h6>

<p>Em Mateus 28.20, Jesus afirmou: “E eu estarei sempre com vocês, até o fim dos tempos”&#8230;</p>

<div class="post-featured-wrap"><img width="960" height="639" src="https://tv.joycemeyer.org/portuguese/wp-content/uploads/sites/35/2018/02/265.jpg" class="post-featured wp-post-image" alt="Saiba que Deus está ao seu lado o tempo todo" decoding="async" srcset="https://tv.joycemeyer.org/portuguese/wp-content/uploads/sites/35/2018/02/265.jpg 960w, https://tv.joycemeyer.org/portuguese/wp-content/uploads/sites/35/2018/02/265-300x200.jpg 300w, https://tv.joycemeyer.org/portuguese/wp-content/uploads/sites/35/2018/02/265-768x511.jpg 768w" sizes="(max-width: 960px) 100vw, 960px" /></div>

<!-- This site is optimized with the Yoast SEO plugin v27.4 - https://yoast.com/product/yoast-seo-wordpress/ -->
<title>Saiba que Deus está ao seu lado o tempo todo - Joyce Meyer Ministries - Portuguese</title>
<meta name="description" content="JOYCE MEYER DESFRUTANDO A VIDA DIÁRIA - DEVOCIONAL" />
<meta name="robots" content="index, follow, max-snippet:-1, max-image-preview:large, max-video-preview:-1" />
<link rel="canonical" href="https://tv.joycemeyer.org/portuguese/devotional/saiba-que-deus-esta-ao-seu-lado/" />
<meta property="og:locale" content="pt_BR" />
<meta property="og:type" content="article" />
<meta property="og:title" content="Saiba que Deus está ao seu lado o tempo todo - Joyce Meyer Ministries - Portuguese" />
<meta property="og:description" content="JOYCE MEYER DESFRUTANDO A VIDA DIÁRIA - DEVOCIONAL" />
<meta property="og:url" content="https://tv.joycemeyer.org/portuguese/devotional/saiba-que-deus-esta-ao-seu-lado/" />
<meta property="og:site_name" content="Joyce Meyer Ministries - Portuguese" />
<meta property="article:publisher" content="https://www.facebook.com/joycemeyerministriesportugues" />
<meta property="article:modified_time" content="2018-02-26T20:37:27+00:00" />
<meta property="og:image" content="https://tv.joycemeyer.org/portuguese/wp-content/uploads/sites/35/2018/02/265.jpg" />
	<meta property="og:image:width" content="960" />
	<meta property="og:image:height" content="639" />
	<meta property="og:image:type" content="image/jpeg" />
<meta name="twitter:card" content="summary_large_image" />
<meta name="twitter:label1" content="Est. tempo de leitura" />
	<meta name="twitter:data1" content="1 minuto" />
<script type="application/ld+json" class="yoast-schema-graph">{"@context":"https:\/\/schema.org","@graph":[{"@type":"WebPage","@id":"https:\/\/tv.joycemeyer.org\/portuguese\/devotional\/saiba-que-deus-esta-ao-seu-lado\/","url":"https:\/\/tv.joycemeyer.org\/portuguese\/devotional\/saiba-que-deus-esta-ao-seu-lado\/","name":"Saiba que Deus está ao seu lado o tempo todo - Joyce Meyer Ministries - Portuguese","isPartOf":{"@id":"https:\/\/tv.joycemeyer.org\/portuguese\/#website"},"primaryImageOfPage":{"@id":"https:\/\/tv.joycemeyer.org\/portuguese\/devotional\/saiba-que-deus-esta-ao-seu-lado\/#primaryimage"},"image":{"@id":"https:\/\/tv.joycemeyer.org\/portuguese\/devotional\/saiba-que-deus-esta-ao-seu-lado\/#primaryimage"},"thumbnailUrl":"https:\/\/tv.joycemeyer.org\/portuguese\/wp-content\/uploads\/sites\/35\/2018\/02\/265.jpg","datePublished":"2018-02-20T17:03:08+00:00","dateModified":"2018-02-26T20:37:27+00:00","description":"JOYCE MEYER DESFRUTANDO A VIDA DIÁRIA - DEVOCIONAL","breadcrumb":{"@id":"https:\/\/tv.joycemeyer.org\/portuguese\/devotional\/saiba-que-deus-esta-ao-seu-lado\/#breadcrumb"},"inLanguage":"pt-BR","potentialAction":[{"@type":"ReadAction","target":["https:\/\/tv.joycemeyer.org\/portuguese\/devotional\/saiba-que-deus-esta-ao-seu-lado\/"]}]},{"@type":"ImageObject","inLanguage":"pt-BR","@id":"https:\/\/tv.joycemeyer.org\/portuguese\/devotional\/saiba-que-deus-esta-ao-seu-lado\/#primaryimage","url":"https:\/\/tv.joycemeyer.org\/portuguese\/wp-content\/uploads\/sites\/35\/2018\/02\/265.jpg","contentUrl":"https:\/\/tv.joycemeyer.org\/portuguese\/wp-content\/uploads\/sites\/35\/2018\/02\/265.jpg","width":960,"height":639,"caption":"Saiba que Deus está ao seu lado o tempo todo"},{"@type":"BreadcrumbList","@id":"https:\/\/tv.joycemeyer.org\/portuguese\/devotional\/saiba-que-deus-esta-ao-seu-lado\/#breadcrumb","itemListElement":[{"@type":"ListItem","position":1,"name":"Home","item":"https:\/\/tv.joycemeyer.org\/portuguese\/"},{"@type":"ListItem","position":2,"name":"Devotional","item":"https:\/\/tv.joycemeyer.org\/portuguese\/devotional\/"},{"@type":"ListItem","position":3,"name":"Saiba que Deus está ao seu lado o tempo todo"}]},{"@type":"WebSite","@id":"https:\/\/tv.joycemeyer.org\/portuguese\/#website","url":"https:\/\/tv.joycemeyer.org\/portuguese\/","name":"Joyce Meyer Ministries - Portuguese","description":"COMPARTILHANDO CRISTO - AMANDO PESSOAS","potentialAction":[{"@type":"SearchAction","target":{"@type":"EntryPoint","urlTemplate":"https:\/\/tv.joycemeyer.org\/portuguese\/?s={search_term_string}"},"query-input":{"@type":"PropertyValueSpecification","valueRequired":true,"valueName":"search_term_string"}}],"inLanguage":"pt-BR"}]}</script>
<!-- / Yoast SEO plugin. -->

Saiba que Deus está ao seu lado o tempo todo - Joyce Meyer Ministries - Portuguese

JOYCE MEYER DESFRUTANDO A VIDA DIÁRIA - DEVOCIONAL
