{"id":2056,"date":"2025-10-21T00:01:11","date_gmt":"2025-10-21T00:01:11","guid":{"rendered":"https:\/\/tv.joycemeyer.org\/romana\/?post_type=devotional&#038;p=2056"},"modified":"2025-10-21T12:19:42","modified_gmt":"2025-10-21T12:19:42","slug":"dragostea-lui-dumnezeu","status":"publish","type":"devotional","link":"https:\/\/tv.joycemeyer.org\/romana\/devotional\/dragostea-lui-dumnezeu\/","title":{"rendered":"Experiment\u00e2nd dragostea lui Dumnezeu"},"content":{"rendered":"<blockquote><p>\u201eDragostea lui Dumnezeu fa\u021b\u0103 de noi s-a ar\u0103tat [s-a manifestat] prin faptul c\u0103 Dumnezeu a trimis \u00een lume pe singurul [Unicul] S\u0103u Fiu, ca noi s\u0103 tr\u0103im prin El.\u201d (1 Ioan 4:9, Biblia amplificat\u0103)<\/p><\/blockquote>\n<p>Mul\u021bi oameni, atunci c\u00e2nd sunt \u00eentreba\u021bi \u201eMeri\u021bi s\u0103 fii iubit?\u201d, \u00ee\u0219i spun cu sinceritate \u00een sine Nu merit.<\/p>\n<p>\u0218tiu c\u0103 a\u0219a este, deoarece \u0219i eu credeam c\u0103 nu merit s\u0103 fiu iubit\u0103 \u00eenainte de a ajunge s\u0103 \u00een\u021beleg adev\u0103rata natur\u0103 a dragostei lui Dumnezeu \u0219i motivul pentru care m\u0103 iube\u0219te. Aceast\u0103 \u00een\u021belegere gre\u0219it\u0103 a valorii mele \u00een calitate de copil al lui Dumnezeu afecta modul \u00een care \u00eei tratam pe ceilal\u021bi. Eram ner\u0103bd\u0103toare cu oamenii, legalist\u0103 \u0219i dur\u0103, moralizatoare, nepoliticoas\u0103, egoist\u0103 \u0219i neiert\u0103toare.<\/p>\n<p>Am avut o revela\u021bie atunci c\u00e2nd Dumnezeu a \u00eenceput s\u0103-mi arate c\u0103 nu \u00eei iubeam pe ceilal\u021bi deoarece nu primisem niciodat\u0103 dragostea Sa pentru mine. E adev\u0103rat c\u0103 \u0219tiam \u00eenv\u0103\u021b\u0103tura biblic\u0103 ce spune c\u0103 Dumnezeu m\u0103 iube\u0219te, dar nu o acceptasem \u0219i nu o primisem ca fiind o realitate \u00een inima mea.<\/p>\n<p>Adev\u0103rul este c\u0103 lui Dumnezeu \u00cei face pl\u0103cere s\u0103 ne iubeasc\u0103. De \u00eendat\u0103 ce-\u021bi dai seama c\u0103 e\u0219ti iubit de Dumnezeu, nu datorit\u0103 a ceva ce ai f\u0103cut sau nu ai f\u0103cut, atunci po\u021bi \u00eenceta s\u0103 \u00eencerci s\u0103-I meri\u021bi sau s\u0103-I c\u00e2\u0219tigi iubirea, ci vei putea s\u0103 o prime\u0219ti pur \u0219i simplu, \u0219i s\u0103 te bucuri de ea. Acesta este un pas important pentru a putea tr\u0103i \u00eentr-o rela\u021bie apropiat\u0103 cu Tat\u0103l.<\/p>\n<hr \/>\n<p>Roste\u0219te cu voce tare de c\u00e2te 10 ori pe zi: \u201eDUMNEZEU M\u0102 IUBE\u0218TE!\u201d<\/p>\n","protected":false},"excerpt":{"rendered":"<p>Mul\u021bi oameni, atunci c\u00e2nd sunt \u00eentreba\u021bi \u201eMeri\u021bi s\u0103 fii iubit?\u201d, \u00ee\u0219i spun cu sinceritate \u00een sine Nu merit&#8230;<\/p>\n","protected":false},"author":19,"featured_media":2057,"parent":0,"menu_order":0,"comment_status":"closed","ping_status":"closed","template":"","class_list":["post-2056","devotional","type-devotional","status-publish","has-post-thumbnail","hentry"],"acf":[],"appp":{"post_detail":{"above_title":"<div class=\"post-featured-wrap\"><img width=\"1024\" height=\"597\" src=\"https:\/\/tv.joycemeyer.org\/romana\/wp-content\/uploads\/sites\/51\/2022\/07\/2512-1024x597.jpg\" class=\"post-featured wp-post-image\" alt=\"\" decoding=\"async\" srcset=\"https:\/\/tv.joycemeyer.org\/romana\/wp-content\/uploads\/sites\/51\/2022\/07\/2512-1024x597.jpg 1024w, https:\/\/tv.joycemeyer.org\/romana\/wp-content\/uploads\/sites\/51\/2022\/07\/2512-300x175.jpg 300w, https:\/\/tv.joycemeyer.org\/romana\/wp-content\/uploads\/sites\/51\/2022\/07\/2512-768x448.jpg 768w, https:\/\/tv.joycemeyer.org\/romana\/wp-content\/uploads\/sites\/51\/2022\/07\/2512-1536x896.jpg 1536w, https:\/\/tv.joycemeyer.org\/romana\/wp-content\/uploads\/sites\/51\/2022\/07\/2512.jpg 1800w\" sizes=\"(max-width: 1024px) 100vw, 1024px\" \/><\/div>","below_content":"<div class=\"follow\"><ul class=\"nav nav--social nav--flex\"><\/ul><\/div>"}},"yoast_head":"<!-- This site is optimized with the Yoast SEO plugin v27.4 - https:\/\/yoast.com\/product\/yoast-seo-wordpress\/ -->\n<title>Experiment\u00e2nd dragostea lui Dumnezeu - Joyce Meyer Ministries - Romana<\/title>\n<meta name=\"robots\" content=\"index, follow, max-snippet:-1, max-image-preview:large, max-video-preview:-1\" \/>\n<link rel=\"canonical\" href=\"https:\/\/tv.joycemeyer.org\/romana\/devotional\/dragostea-lui-dumnezeu\/\" \/>\n<meta property=\"og:locale\" content=\"ro_RO\" \/>\n<meta property=\"og:type\" content=\"article\" \/>\n<meta property=\"og:title\" content=\"Experiment\u00e2nd dragostea lui Dumnezeu - Joyce Meyer Ministries - Romana\" \/>\n<meta property=\"og:description\" content=\"Mul\u021bi oameni, atunci c\u00e2nd sunt \u00eentreba\u021bi \u201eMeri\u021bi s\u0103 fii iubit?\u201d, \u00ee\u0219i spun cu sinceritate \u00een sine Nu merit...\" \/>\n<meta property=\"og:url\" content=\"https:\/\/tv.joycemeyer.org\/romana\/devotional\/dragostea-lui-dumnezeu\/\" \/>\n<meta property=\"og:site_name\" content=\"Joyce Meyer Ministries - Romana\" \/>\n<meta property=\"article:modified_time\" content=\"2025-10-21T12:19:42+00:00\" \/>\n<meta property=\"og:image\" content=\"https:\/\/tv.joycemeyer.org\/romana\/wp-content\/uploads\/sites\/51\/2022\/07\/2512.jpg\" \/>\n\t<meta property=\"og:image:width\" content=\"1800\" \/>\n\t<meta property=\"og:image:height\" content=\"1050\" \/>\n\t<meta property=\"og:image:type\" content=\"image\/jpeg\" \/>\n<meta name=\"twitter:card\" content=\"summary_large_image\" \/>\n<meta name=\"twitter:label1\" content=\"Timp estimat pentru citire\" \/>\n\t<meta name=\"twitter:data1\" content=\"2 minute\" \/>\n<script type=\"application\/ld+json\" class=\"yoast-schema-graph\">{\"@context\":\"https:\\\/\\\/schema.org\",\"@graph\":[{\"@type\":\"WebPage\",\"@id\":\"https:\\\/\\\/tv.joycemeyer.org\\\/romana\\\/devotional\\\/dragostea-lui-dumnezeu\\\/\",\"url\":\"https:\\\/\\\/tv.joycemeyer.org\\\/romana\\\/devotional\\\/dragostea-lui-dumnezeu\\\/\",\"name\":\"Experiment\u00e2nd dragostea lui Dumnezeu - Joyce Meyer Ministries - Romana\",\"isPartOf\":{\"@id\":\"https:\\\/\\\/tv.joycemeyer.org\\\/romana\\\/#website\"},\"primaryImageOfPage\":{\"@id\":\"https:\\\/\\\/tv.joycemeyer.org\\\/romana\\\/devotional\\\/dragostea-lui-dumnezeu\\\/#primaryimage\"},\"image\":{\"@id\":\"https:\\\/\\\/tv.joycemeyer.org\\\/romana\\\/devotional\\\/dragostea-lui-dumnezeu\\\/#primaryimage\"},\"thumbnailUrl\":\"https:\\\/\\\/tv.joycemeyer.org\\\/romana\\\/wp-content\\\/uploads\\\/sites\\\/51\\\/2022\\\/07\\\/2512.jpg\",\"datePublished\":\"2025-10-21T00:01:11+00:00\",\"dateModified\":\"2025-10-21T12:19:42+00:00\",\"breadcrumb\":{\"@id\":\"https:\\\/\\\/tv.joycemeyer.org\\\/romana\\\/devotional\\\/dragostea-lui-dumnezeu\\\/#breadcrumb\"},\"inLanguage\":\"ro-RO\",\"potentialAction\":[{\"@type\":\"ReadAction\",\"target\":[\"https:\\\/\\\/tv.joycemeyer.org\\\/romana\\\/devotional\\\/dragostea-lui-dumnezeu\\\/\"]}]},{\"@type\":\"ImageObject\",\"inLanguage\":\"ro-RO\",\"@id\":\"https:\\\/\\\/tv.joycemeyer.org\\\/romana\\\/devotional\\\/dragostea-lui-dumnezeu\\\/#primaryimage\",\"url\":\"https:\\\/\\\/tv.joycemeyer.org\\\/romana\\\/wp-content\\\/uploads\\\/sites\\\/51\\\/2022\\\/07\\\/2512.jpg\",\"contentUrl\":\"https:\\\/\\\/tv.joycemeyer.org\\\/romana\\\/wp-content\\\/uploads\\\/sites\\\/51\\\/2022\\\/07\\\/2512.jpg\",\"width\":1800,\"height\":1050,\"caption\":\"Experiment\u00e2nd dragostea lui Dumnezeu\"},{\"@type\":\"BreadcrumbList\",\"@id\":\"https:\\\/\\\/tv.joycemeyer.org\\\/romana\\\/devotional\\\/dragostea-lui-dumnezeu\\\/#breadcrumb\",\"itemListElement\":[{\"@type\":\"ListItem\",\"position\":1,\"name\":\"Home\",\"item\":\"https:\\\/\\\/tv.joycemeyer.org\\\/romana\\\/\"},{\"@type\":\"ListItem\",\"position\":2,\"name\":\"Devotional\",\"item\":\"https:\\\/\\\/tv.joycemeyer.org\\\/romana\\\/devotional\\\/\"},{\"@type\":\"ListItem\",\"position\":3,\"name\":\"Experiment\u00e2nd dragostea lui Dumnezeu\"}]},{\"@type\":\"WebSite\",\"@id\":\"https:\\\/\\\/tv.joycemeyer.org\\\/romana\\\/#website\",\"url\":\"https:\\\/\\\/tv.joycemeyer.org\\\/romana\\\/\",\"name\":\"Joyce Meyer Ministries - Romana\",\"description\":\"Impartasindu-L pe Hristos - Iubindu-i pe oameni\",\"potentialAction\":[{\"@type\":\"SearchAction\",\"target\":{\"@type\":\"EntryPoint\",\"urlTemplate\":\"https:\\\/\\\/tv.joycemeyer.org\\\/romana\\\/?s={search_term_string}\"},\"query-input\":{\"@type\":\"PropertyValueSpecification\",\"valueRequired\":true,\"valueName\":\"search_term_string\"}}],\"inLanguage\":\"ro-RO\"}]}<\/script>\n<!-- \/ Yoast SEO plugin. -->","yoast_head_json":{"title":"Experiment\u00e2nd dragostea lui Dumnezeu - Joyce Meyer Ministries - Romana","robots":{"index":"index","follow":"follow","max-snippet":"max-snippet:-1","max-image-preview":"max-image-preview:large","max-video-preview":"max-video-preview:-1"},"canonical":"https:\/\/tv.joycemeyer.org\/romana\/devotional\/dragostea-lui-dumnezeu\/","og_locale":"ro_RO","og_type":"article","og_title":"Experiment\u00e2nd dragostea lui Dumnezeu - Joyce Meyer Ministries - Romana","og_description":"Mul\u021bi oameni, atunci c\u00e2nd sunt \u00eentreba\u021bi \u201eMeri\u021bi s\u0103 fii iubit?\u201d, \u00ee\u0219i spun cu sinceritate \u00een sine Nu merit...","og_url":"https:\/\/tv.joycemeyer.org\/romana\/devotional\/dragostea-lui-dumnezeu\/","og_site_name":"Joyce Meyer Ministries - Romana","article_modified_time":"2025-10-21T12:19:42+00:00","og_image":[{"width":1800,"height":1050,"url":"https:\/\/tv.joycemeyer.org\/romana\/wp-content\/uploads\/sites\/51\/2022\/07\/2512.jpg","type":"image\/jpeg"}],"twitter_card":"summary_large_image","twitter_misc":{"Timp estimat pentru citire":"2 minute"},"schema":{"@context":"https:\/\/schema.org","@graph":[{"@type":"WebPage","@id":"https:\/\/tv.joycemeyer.org\/romana\/devotional\/dragostea-lui-dumnezeu\/","url":"https:\/\/tv.joycemeyer.org\/romana\/devotional\/dragostea-lui-dumnezeu\/","name":"Experiment\u00e2nd dragostea lui Dumnezeu - Joyce Meyer Ministries - Romana","isPartOf":{"@id":"https:\/\/tv.joycemeyer.org\/romana\/#website"},"primaryImageOfPage":{"@id":"https:\/\/tv.joycemeyer.org\/romana\/devotional\/dragostea-lui-dumnezeu\/#primaryimage"},"image":{"@id":"https:\/\/tv.joycemeyer.org\/romana\/devotional\/dragostea-lui-dumnezeu\/#primaryimage"},"thumbnailUrl":"https:\/\/tv.joycemeyer.org\/romana\/wp-content\/uploads\/sites\/51\/2022\/07\/2512.jpg","datePublished":"2025-10-21T00:01:11+00:00","dateModified":"2025-10-21T12:19:42+00:00","breadcrumb":{"@id":"https:\/\/tv.joycemeyer.org\/romana\/devotional\/dragostea-lui-dumnezeu\/#breadcrumb"},"inLanguage":"ro-RO","potentialAction":[{"@type":"ReadAction","target":["https:\/\/tv.joycemeyer.org\/romana\/devotional\/dragostea-lui-dumnezeu\/"]}]},{"@type":"ImageObject","inLanguage":"ro-RO","@id":"https:\/\/tv.joycemeyer.org\/romana\/devotional\/dragostea-lui-dumnezeu\/#primaryimage","url":"https:\/\/tv.joycemeyer.org\/romana\/wp-content\/uploads\/sites\/51\/2022\/07\/2512.jpg","contentUrl":"https:\/\/tv.joycemeyer.org\/romana\/wp-content\/uploads\/sites\/51\/2022\/07\/2512.jpg","width":1800,"height":1050,"caption":"Experiment\u00e2nd dragostea lui Dumnezeu"},{"@type":"BreadcrumbList","@id":"https:\/\/tv.joycemeyer.org\/romana\/devotional\/dragostea-lui-dumnezeu\/#breadcrumb","itemListElement":[{"@type":"ListItem","position":1,"name":"Home","item":"https:\/\/tv.joycemeyer.org\/romana\/"},{"@type":"ListItem","position":2,"name":"Devotional","item":"https:\/\/tv.joycemeyer.org\/romana\/devotional\/"},{"@type":"ListItem","position":3,"name":"Experiment\u00e2nd dragostea lui Dumnezeu"}]},{"@type":"WebSite","@id":"https:\/\/tv.joycemeyer.org\/romana\/#website","url":"https:\/\/tv.joycemeyer.org\/romana\/","name":"Joyce Meyer Ministries - Romana","description":"Impartasindu-L pe Hristos - Iubindu-i pe oameni","potentialAction":[{"@type":"SearchAction","target":{"@type":"EntryPoint","urlTemplate":"https:\/\/tv.joycemeyer.org\/romana\/?s={search_term_string}"},"query-input":{"@type":"PropertyValueSpecification","valueRequired":true,"valueName":"search_term_string"}}],"inLanguage":"ro-RO"}]}},"_links":{"self":[{"href":"https:\/\/tv.joycemeyer.org\/romana\/wp-json\/wp\/v2\/devotional\/2056","targetHints":{"allow":["GET"]}}],"collection":[{"href":"https:\/\/tv.joycemeyer.org\/romana\/wp-json\/wp\/v2\/devotional"}],"about":[{"href":"https:\/\/tv.joycemeyer.org\/romana\/wp-json\/wp\/v2\/types\/devotional"}],"author":[{"embeddable":true,"href":"https:\/\/tv.joycemeyer.org\/romana\/wp-json\/wp\/v2\/users\/19"}],"replies":[{"embeddable":true,"href":"https:\/\/tv.joycemeyer.org\/romana\/wp-json\/wp\/v2\/comments?post=2056"}],"wp:featuredmedia":[{"embeddable":true,"href":"https:\/\/tv.joycemeyer.org\/romana\/wp-json\/wp\/v2\/media\/2057"}],"wp:attachment":[{"href":"https:\/\/tv.joycemeyer.org\/romana\/wp-json\/wp\/v2\/media?parent=2056"}],"curies":[{"name":"wp","href":"https:\/\/api.w.org\/{rel}","templated":true}]}}

Experimentând dragostea lui Dumnezeu

<blockquote><p>„Dragostea lui Dumnezeu față de noi s-a arătat [s-a manifestat] prin faptul că Dumnezeu a trimis în lume pe singurul [Unicul] Său Fiu, ca noi să trăim prin El.” (1 Ioan 4:9, Biblia amplificată)</p></blockquote>
<p>Mulți oameni, atunci când sunt întrebați „Meriți să fii iubit?”, își spun cu sinceritate în sine Nu merit.</p>
<p>Știu că așa este, deoarece și eu credeam că nu merit să fiu iubită înainte de a ajunge să înțeleg adevărata natură a dragostei lui Dumnezeu și motivul pentru care mă iubește. Această înțelegere greșită a valorii mele în calitate de copil al lui Dumnezeu afecta modul în care îi tratam pe ceilalți. Eram nerăbdătoare cu oamenii, legalistă și dură, moralizatoare, nepoliticoasă, egoistă și neiertătoare.</p>
<p>Am avut o revelație atunci când Dumnezeu a început să-mi arate că nu îi iubeam pe ceilalți deoarece nu primisem niciodată dragostea Sa pentru mine. E adevărat că știam învățătura biblică ce spune că Dumnezeu mă iubește, dar nu o acceptasem și nu o primisem ca fiind o realitate în inima mea.</p>
<p>Adevărul este că lui Dumnezeu Îi face plăcere să ne iubească. De îndată ce-ți dai seama că ești iubit de Dumnezeu, nu datorită a ceva ce ai făcut sau nu ai făcut, atunci poți înceta să încerci să-I meriți sau să-I câștigi iubirea, ci vei putea să o primești pur și simplu, și să te bucuri de ea. Acesta este un pas important pentru a putea trăi într-o relație apropiată cu Tatăl.</p>
<hr />
<p>Rostește cu voce tare de câte 10 ori pe zi: „DUMNEZEU MĂ IUBEȘTE!”</p>

<p>Mulți oameni, atunci când sunt întrebați „Meriți să fii iubit?”, își spun cu sinceritate în sine Nu merit&#8230;</p>

<!-- This site is optimized with the Yoast SEO plugin v27.4 - https://yoast.com/product/yoast-seo-wordpress/ -->
<title>Experimentând dragostea lui Dumnezeu - Joyce Meyer Ministries - Romana</title>
<meta name="robots" content="index, follow, max-snippet:-1, max-image-preview:large, max-video-preview:-1" />
<link rel="canonical" href="https://tv.joycemeyer.org/romana/devotional/dragostea-lui-dumnezeu/" />
<meta property="og:locale" content="ro_RO" />
<meta property="og:type" content="article" />
<meta property="og:title" content="Experimentând dragostea lui Dumnezeu - Joyce Meyer Ministries - Romana" />
<meta property="og:description" content="Mulți oameni, atunci când sunt întrebați „Meriți să fii iubit?”, își spun cu sinceritate în sine Nu merit..." />
<meta property="og:url" content="https://tv.joycemeyer.org/romana/devotional/dragostea-lui-dumnezeu/" />
<meta property="og:site_name" content="Joyce Meyer Ministries - Romana" />
<meta property="article:modified_time" content="2025-10-21T12:19:42+00:00" />
<meta property="og:image" content="https://tv.joycemeyer.org/romana/wp-content/uploads/sites/51/2022/07/2512.jpg" />
	<meta property="og:image:width" content="1800" />
	<meta property="og:image:height" content="1050" />
	<meta property="og:image:type" content="image/jpeg" />
<meta name="twitter:card" content="summary_large_image" />
<meta name="twitter:label1" content="Timp estimat pentru citire" />
	<meta name="twitter:data1" content="2 minute" />
<script type="application/ld+json" class="yoast-schema-graph">{"@context":"https:\/\/schema.org","@graph":[{"@type":"WebPage","@id":"https:\/\/tv.joycemeyer.org\/romana\/devotional\/dragostea-lui-dumnezeu\/","url":"https:\/\/tv.joycemeyer.org\/romana\/devotional\/dragostea-lui-dumnezeu\/","name":"Experimentând dragostea lui Dumnezeu - Joyce Meyer Ministries - Romana","isPartOf":{"@id":"https:\/\/tv.joycemeyer.org\/romana\/#website"},"primaryImageOfPage":{"@id":"https:\/\/tv.joycemeyer.org\/romana\/devotional\/dragostea-lui-dumnezeu\/#primaryimage"},"image":{"@id":"https:\/\/tv.joycemeyer.org\/romana\/devotional\/dragostea-lui-dumnezeu\/#primaryimage"},"thumbnailUrl":"https:\/\/tv.joycemeyer.org\/romana\/wp-content\/uploads\/sites\/51\/2022\/07\/2512.jpg","datePublished":"2025-10-21T00:01:11+00:00","dateModified":"2025-10-21T12:19:42+00:00","breadcrumb":{"@id":"https:\/\/tv.joycemeyer.org\/romana\/devotional\/dragostea-lui-dumnezeu\/#breadcrumb"},"inLanguage":"ro-RO","potentialAction":[{"@type":"ReadAction","target":["https:\/\/tv.joycemeyer.org\/romana\/devotional\/dragostea-lui-dumnezeu\/"]}]},{"@type":"ImageObject","inLanguage":"ro-RO","@id":"https:\/\/tv.joycemeyer.org\/romana\/devotional\/dragostea-lui-dumnezeu\/#primaryimage","url":"https:\/\/tv.joycemeyer.org\/romana\/wp-content\/uploads\/sites\/51\/2022\/07\/2512.jpg","contentUrl":"https:\/\/tv.joycemeyer.org\/romana\/wp-content\/uploads\/sites\/51\/2022\/07\/2512.jpg","width":1800,"height":1050,"caption":"Experimentând dragostea lui Dumnezeu"},{"@type":"BreadcrumbList","@id":"https:\/\/tv.joycemeyer.org\/romana\/devotional\/dragostea-lui-dumnezeu\/#breadcrumb","itemListElement":[{"@type":"ListItem","position":1,"name":"Home","item":"https:\/\/tv.joycemeyer.org\/romana\/"},{"@type":"ListItem","position":2,"name":"Devotional","item":"https:\/\/tv.joycemeyer.org\/romana\/devotional\/"},{"@type":"ListItem","position":3,"name":"Experimentând dragostea lui Dumnezeu"}]},{"@type":"WebSite","@id":"https:\/\/tv.joycemeyer.org\/romana\/#website","url":"https:\/\/tv.joycemeyer.org\/romana\/","name":"Joyce Meyer Ministries - Romana","description":"Impartasindu-L pe Hristos - Iubindu-i pe oameni","potentialAction":[{"@type":"SearchAction","target":{"@type":"EntryPoint","urlTemplate":"https:\/\/tv.joycemeyer.org\/romana\/?s={search_term_string}"},"query-input":{"@type":"PropertyValueSpecification","valueRequired":true,"valueName":"search_term_string"}}],"inLanguage":"ro-RO"}]}</script>
<!-- / Yoast SEO plugin. -->

Experimentând dragostea lui Dumnezeu - Joyce Meyer Ministries - Romana

Mulți oameni, atunci când sunt întrebați „Meriți să fii iubit?”, își spun cu sinceritate în sine Nu merit...
