{"id":294,"date":"2020-03-12T14:30:03","date_gmt":"2020-03-12T14:30:03","guid":{"rendered":"https:\/\/tv.joycemeyer.org\/romana\/?post_type=devotional&#038;p=294"},"modified":"2019-03-12T14:31:24","modified_gmt":"2019-03-12T14:31:24","slug":"infruntand-pretul-auto","status":"publish","type":"devotional","link":"https:\/\/tv.joycemeyer.org\/romana\/devotional\/infruntand-pretul-auto\/","title":{"rendered":"\u00cenfrunt\u00e2nd pre\u021bul auto-disciplinei"},"content":{"rendered":"<p><strong>Bucura\u0163i-v\u0103 \u00een n\u0103dejde. Fi\u0163i r\u0103bd\u0103tori \u00een necaz. St\u0103rui\u0163i \u00een rug\u0103ciune. &#8211; Romani 12:12<\/strong><\/p>\n<p>\u00cen calitate de cre\u0219tini, mul\u021bi dintre noi avem ideea c\u0103 totul din via\u021ba noastr\u0103 ar trebui s\u0103 fie perfect<br \/>\ndoar pentru c\u0103 suntem cre\u0219tini. Dar Isus ne-a avertizat clar: \u201e\u00cen lume ve\u021bi avea necazuri\u201d (Ioan<br \/>\n16:33).<\/p>\n<p>Isus a spus c\u0103 va trebui s\u0103 facem fa\u021b\u0103 problemelor lume\u0219ti. Acestea sunt lucrurile cu care trebuie<br \/>\ns\u0103 ne confrunt\u0103m c\u00e2nd ne l\u0103s\u0103m de ambi\u021biile noastre egoiste \u0219i \u00cel urm\u0103m.<br \/>\nApostolul Pavel a scris: \u201eM\u0103 port aspru cu trupul meu \u015fi-l \u0163in \u00een st\u0103p\u00e2nire&#8230;\u201d (1 Corinteni 9:27).<\/p>\n<p>Pavel vorbe\u0219te aici despre auto-disciplin\u0103. A fi auto-disciplinat \u00eenseamn\u0103 s\u0103 \u00ee\u021bi la\u0219i deoparte<br \/>\ndorin\u021bele p\u0103c\u0103toase \u0219i s\u0103 faci binele prin harul lui Dumnezeu, indiferent de pre\u021b.<\/p>\n<p>Nu este \u00eentotdeauna u\u0219or. Moartea fa\u021b\u0103 de sine va aduce suferin\u021ba necesar\u0103, dar aminte\u0219te-\u021bi &#8211;<br \/>\nchiar \u0219i \u00een suferin\u021b\u0103, exist\u0103 speran\u021b\u0103, pentru c\u0103 Hristos a biruit lumea! \u0218i cum a spus Pavel, putem<br \/>\ns\u0103 ne bucur\u0103m \u00een n\u0103dejde; s\u0103 fim r\u0103bd\u0103tori \u00een necazuri \u0219i \u00eencerc\u0103ri; s\u0103 st\u0103ruim \u00een rug\u0103ciune.<\/p>\n<p><strong>Rug\u0103ciune<\/strong><\/p>\n<p><em>Doamne, decid \u00een avans s\u0103 \u00ce\u021bi fiu pe plac, indiferent dac\u0103 firea mea dore\u0219te asta sau nu.<\/em><br \/>\n<em>Chiar dac\u0103 trebuie s\u0103 suf\u0103r ca s\u0103 fac voia Ta, \u0219tiu c\u0103 exist\u0103 speran\u021b\u0103, fiindc\u0103 Duhul T\u0103u este<\/em><br \/>\n<em>\u00een mine, iar Tu ai biruit lumea.<\/em><\/p>\n","protected":false},"excerpt":{"rendered":"<p>\u00cen calitate de cre\u0219tini, mul\u021bi dintre noi avem ideea c\u0103 totul din via\u021ba noastr\u0103 ar trebui s\u0103 fie perfect<br \/>\ndoar pentru c\u0103 suntem cre\u0219tini &#8230;<\/p>\n","protected":false},"author":15,"featured_media":295,"parent":0,"menu_order":0,"comment_status":"closed","ping_status":"closed","template":"","class_list":["post-294","devotional","type-devotional","status-publish","has-post-thumbnail","hentry"],"acf":[],"appp":{"post_detail":{"above_title":"<div class=\"post-featured-wrap\"><img width=\"960\" height=\"639\" src=\"https:\/\/tv.joycemeyer.org\/romana\/wp-content\/uploads\/sites\/51\/2019\/03\/326.jpg\" class=\"post-featured wp-post-image\" alt=\"\u00cenfrunt\u00e2nd pre\u021bul auto-disciplinei\" decoding=\"async\" srcset=\"https:\/\/tv.joycemeyer.org\/romana\/wp-content\/uploads\/sites\/51\/2019\/03\/326.jpg 960w, https:\/\/tv.joycemeyer.org\/romana\/wp-content\/uploads\/sites\/51\/2019\/03\/326-300x200.jpg 300w, https:\/\/tv.joycemeyer.org\/romana\/wp-content\/uploads\/sites\/51\/2019\/03\/326-768x511.jpg 768w\" sizes=\"(max-width: 960px) 100vw, 960px\" \/><\/div>","below_content":""}},"yoast_head":"<!-- This site is optimized with the Yoast SEO plugin v27.4 - https:\/\/yoast.com\/product\/yoast-seo-wordpress\/ -->\n<title>\u00cenfrunt\u00e2nd pre\u021bul auto-disciplinei - Joyce Meyer Ministries - Romana<\/title>\n<meta name=\"robots\" content=\"index, follow, max-snippet:-1, max-image-preview:large, max-video-preview:-1\" \/>\n<link rel=\"canonical\" href=\"https:\/\/tv.joycemeyer.org\/romana\/devotional\/infruntand-pretul-auto\/\" \/>\n<meta property=\"og:locale\" content=\"ro_RO\" \/>\n<meta property=\"og:type\" content=\"article\" \/>\n<meta property=\"og:title\" content=\"\u00cenfrunt\u00e2nd pre\u021bul auto-disciplinei - Joyce Meyer Ministries - Romana\" \/>\n<meta property=\"og:description\" content=\"\u00cen calitate de cre\u0219tini, mul\u021bi dintre noi avem ideea c\u0103 totul din via\u021ba noastr\u0103 ar trebui s\u0103 fie perfect doar pentru c\u0103 suntem cre\u0219tini ...\" \/>\n<meta property=\"og:url\" content=\"https:\/\/tv.joycemeyer.org\/romana\/devotional\/infruntand-pretul-auto\/\" \/>\n<meta property=\"og:site_name\" content=\"Joyce Meyer Ministries - Romana\" \/>\n<meta property=\"og:image\" content=\"https:\/\/tv.joycemeyer.org\/romana\/wp-content\/uploads\/sites\/51\/2019\/03\/326.jpg\" \/>\n\t<meta property=\"og:image:width\" content=\"960\" \/>\n\t<meta property=\"og:image:height\" content=\"639\" \/>\n\t<meta property=\"og:image:type\" content=\"image\/jpeg\" \/>\n<meta name=\"twitter:card\" content=\"summary_large_image\" \/>\n<meta name=\"twitter:label1\" content=\"Timp estimat pentru citire\" \/>\n\t<meta name=\"twitter:data1\" content=\"1 minut\" \/>\n<script type=\"application\/ld+json\" class=\"yoast-schema-graph\">{\"@context\":\"https:\\\/\\\/schema.org\",\"@graph\":[{\"@type\":\"WebPage\",\"@id\":\"https:\\\/\\\/tv.joycemeyer.org\\\/romana\\\/devotional\\\/infruntand-pretul-auto\\\/\",\"url\":\"https:\\\/\\\/tv.joycemeyer.org\\\/romana\\\/devotional\\\/infruntand-pretul-auto\\\/\",\"name\":\"\u00cenfrunt\u00e2nd pre\u021bul auto-disciplinei - Joyce Meyer Ministries - Romana\",\"isPartOf\":{\"@id\":\"https:\\\/\\\/tv.joycemeyer.org\\\/romana\\\/#website\"},\"primaryImageOfPage\":{\"@id\":\"https:\\\/\\\/tv.joycemeyer.org\\\/romana\\\/devotional\\\/infruntand-pretul-auto\\\/#primaryimage\"},\"image\":{\"@id\":\"https:\\\/\\\/tv.joycemeyer.org\\\/romana\\\/devotional\\\/infruntand-pretul-auto\\\/#primaryimage\"},\"thumbnailUrl\":\"https:\\\/\\\/tv.joycemeyer.org\\\/romana\\\/wp-content\\\/uploads\\\/sites\\\/51\\\/2019\\\/03\\\/326.jpg\",\"datePublished\":\"2020-03-12T14:30:03+00:00\",\"breadcrumb\":{\"@id\":\"https:\\\/\\\/tv.joycemeyer.org\\\/romana\\\/devotional\\\/infruntand-pretul-auto\\\/#breadcrumb\"},\"inLanguage\":\"ro-RO\",\"potentialAction\":[{\"@type\":\"ReadAction\",\"target\":[\"https:\\\/\\\/tv.joycemeyer.org\\\/romana\\\/devotional\\\/infruntand-pretul-auto\\\/\"]}]},{\"@type\":\"ImageObject\",\"inLanguage\":\"ro-RO\",\"@id\":\"https:\\\/\\\/tv.joycemeyer.org\\\/romana\\\/devotional\\\/infruntand-pretul-auto\\\/#primaryimage\",\"url\":\"https:\\\/\\\/tv.joycemeyer.org\\\/romana\\\/wp-content\\\/uploads\\\/sites\\\/51\\\/2019\\\/03\\\/326.jpg\",\"contentUrl\":\"https:\\\/\\\/tv.joycemeyer.org\\\/romana\\\/wp-content\\\/uploads\\\/sites\\\/51\\\/2019\\\/03\\\/326.jpg\",\"width\":960,\"height\":639,\"caption\":\"\u00cenfrunt\u00e2nd pre\u021bul auto-disciplinei\"},{\"@type\":\"BreadcrumbList\",\"@id\":\"https:\\\/\\\/tv.joycemeyer.org\\\/romana\\\/devotional\\\/infruntand-pretul-auto\\\/#breadcrumb\",\"itemListElement\":[{\"@type\":\"ListItem\",\"position\":1,\"name\":\"Home\",\"item\":\"https:\\\/\\\/tv.joycemeyer.org\\\/romana\\\/\"},{\"@type\":\"ListItem\",\"position\":2,\"name\":\"Devotional\",\"item\":\"https:\\\/\\\/tv.joycemeyer.org\\\/romana\\\/devotional\\\/\"},{\"@type\":\"ListItem\",\"position\":3,\"name\":\"\u00cenfrunt\u00e2nd pre\u021bul auto-disciplinei\"}]},{\"@type\":\"WebSite\",\"@id\":\"https:\\\/\\\/tv.joycemeyer.org\\\/romana\\\/#website\",\"url\":\"https:\\\/\\\/tv.joycemeyer.org\\\/romana\\\/\",\"name\":\"Joyce Meyer Ministries - Romana\",\"description\":\"Impartasindu-L pe Hristos - Iubindu-i pe oameni\",\"potentialAction\":[{\"@type\":\"SearchAction\",\"target\":{\"@type\":\"EntryPoint\",\"urlTemplate\":\"https:\\\/\\\/tv.joycemeyer.org\\\/romana\\\/?s={search_term_string}\"},\"query-input\":{\"@type\":\"PropertyValueSpecification\",\"valueRequired\":true,\"valueName\":\"search_term_string\"}}],\"inLanguage\":\"ro-RO\"}]}<\/script>\n<!-- \/ Yoast SEO plugin. -->","yoast_head_json":{"title":"\u00cenfrunt\u00e2nd pre\u021bul auto-disciplinei - Joyce Meyer Ministries - Romana","robots":{"index":"index","follow":"follow","max-snippet":"max-snippet:-1","max-image-preview":"max-image-preview:large","max-video-preview":"max-video-preview:-1"},"canonical":"https:\/\/tv.joycemeyer.org\/romana\/devotional\/infruntand-pretul-auto\/","og_locale":"ro_RO","og_type":"article","og_title":"\u00cenfrunt\u00e2nd pre\u021bul auto-disciplinei - Joyce Meyer Ministries - Romana","og_description":"\u00cen calitate de cre\u0219tini, mul\u021bi dintre noi avem ideea c\u0103 totul din via\u021ba noastr\u0103 ar trebui s\u0103 fie perfect doar pentru c\u0103 suntem cre\u0219tini ...","og_url":"https:\/\/tv.joycemeyer.org\/romana\/devotional\/infruntand-pretul-auto\/","og_site_name":"Joyce Meyer Ministries - Romana","og_image":[{"width":960,"height":639,"url":"https:\/\/tv.joycemeyer.org\/romana\/wp-content\/uploads\/sites\/51\/2019\/03\/326.jpg","type":"image\/jpeg"}],"twitter_card":"summary_large_image","twitter_misc":{"Timp estimat pentru citire":"1 minut"},"schema":{"@context":"https:\/\/schema.org","@graph":[{"@type":"WebPage","@id":"https:\/\/tv.joycemeyer.org\/romana\/devotional\/infruntand-pretul-auto\/","url":"https:\/\/tv.joycemeyer.org\/romana\/devotional\/infruntand-pretul-auto\/","name":"\u00cenfrunt\u00e2nd pre\u021bul auto-disciplinei - Joyce Meyer Ministries - Romana","isPartOf":{"@id":"https:\/\/tv.joycemeyer.org\/romana\/#website"},"primaryImageOfPage":{"@id":"https:\/\/tv.joycemeyer.org\/romana\/devotional\/infruntand-pretul-auto\/#primaryimage"},"image":{"@id":"https:\/\/tv.joycemeyer.org\/romana\/devotional\/infruntand-pretul-auto\/#primaryimage"},"thumbnailUrl":"https:\/\/tv.joycemeyer.org\/romana\/wp-content\/uploads\/sites\/51\/2019\/03\/326.jpg","datePublished":"2020-03-12T14:30:03+00:00","breadcrumb":{"@id":"https:\/\/tv.joycemeyer.org\/romana\/devotional\/infruntand-pretul-auto\/#breadcrumb"},"inLanguage":"ro-RO","potentialAction":[{"@type":"ReadAction","target":["https:\/\/tv.joycemeyer.org\/romana\/devotional\/infruntand-pretul-auto\/"]}]},{"@type":"ImageObject","inLanguage":"ro-RO","@id":"https:\/\/tv.joycemeyer.org\/romana\/devotional\/infruntand-pretul-auto\/#primaryimage","url":"https:\/\/tv.joycemeyer.org\/romana\/wp-content\/uploads\/sites\/51\/2019\/03\/326.jpg","contentUrl":"https:\/\/tv.joycemeyer.org\/romana\/wp-content\/uploads\/sites\/51\/2019\/03\/326.jpg","width":960,"height":639,"caption":"\u00cenfrunt\u00e2nd pre\u021bul auto-disciplinei"},{"@type":"BreadcrumbList","@id":"https:\/\/tv.joycemeyer.org\/romana\/devotional\/infruntand-pretul-auto\/#breadcrumb","itemListElement":[{"@type":"ListItem","position":1,"name":"Home","item":"https:\/\/tv.joycemeyer.org\/romana\/"},{"@type":"ListItem","position":2,"name":"Devotional","item":"https:\/\/tv.joycemeyer.org\/romana\/devotional\/"},{"@type":"ListItem","position":3,"name":"\u00cenfrunt\u00e2nd pre\u021bul auto-disciplinei"}]},{"@type":"WebSite","@id":"https:\/\/tv.joycemeyer.org\/romana\/#website","url":"https:\/\/tv.joycemeyer.org\/romana\/","name":"Joyce Meyer Ministries - Romana","description":"Impartasindu-L pe Hristos - Iubindu-i pe oameni","potentialAction":[{"@type":"SearchAction","target":{"@type":"EntryPoint","urlTemplate":"https:\/\/tv.joycemeyer.org\/romana\/?s={search_term_string}"},"query-input":{"@type":"PropertyValueSpecification","valueRequired":true,"valueName":"search_term_string"}}],"inLanguage":"ro-RO"}]}},"_links":{"self":[{"href":"https:\/\/tv.joycemeyer.org\/romana\/wp-json\/wp\/v2\/devotional\/294","targetHints":{"allow":["GET"]}}],"collection":[{"href":"https:\/\/tv.joycemeyer.org\/romana\/wp-json\/wp\/v2\/devotional"}],"about":[{"href":"https:\/\/tv.joycemeyer.org\/romana\/wp-json\/wp\/v2\/types\/devotional"}],"author":[{"embeddable":true,"href":"https:\/\/tv.joycemeyer.org\/romana\/wp-json\/wp\/v2\/users\/15"}],"replies":[{"embeddable":true,"href":"https:\/\/tv.joycemeyer.org\/romana\/wp-json\/wp\/v2\/comments?post=294"}],"wp:featuredmedia":[{"embeddable":true,"href":"https:\/\/tv.joycemeyer.org\/romana\/wp-json\/wp\/v2\/media\/295"}],"wp:attachment":[{"href":"https:\/\/tv.joycemeyer.org\/romana\/wp-json\/wp\/v2\/media?parent=294"}],"curies":[{"name":"wp","href":"https:\/\/api.w.org\/{rel}","templated":true}]}}

Înfruntând prețul auto-disciplinei

<p><strong>Bucuraţi-vă în nădejde. Fiţi răbdători în necaz. Stăruiţi în rugăciune. &#8211; Romani 12:12</strong></p>
<p>În calitate de creștini, mulți dintre noi avem ideea că totul din viața noastră ar trebui să fie perfect<br />
doar pentru că suntem creștini. Dar Isus ne-a avertizat clar: „În lume veți avea necazuri” (Ioan<br />
16:33).</p>
<p>Isus a spus că va trebui să facem față problemelor lumești. Acestea sunt lucrurile cu care trebuie<br />
să ne confruntăm când ne lăsăm de ambițiile noastre egoiste și Îl urmăm.<br />
Apostolul Pavel a scris: „Mă port aspru cu trupul meu şi-l ţin în stăpânire&#8230;” (1 Corinteni 9:27).</p>
<p>Pavel vorbește aici despre auto-disciplină. A fi auto-disciplinat înseamnă să îți lași deoparte<br />
dorințele păcătoase și să faci binele prin harul lui Dumnezeu, indiferent de preț.</p>
<p>Nu este întotdeauna ușor. Moartea față de sine va aduce suferința necesară, dar amintește-ți &#8211;<br />
chiar și în suferință, există speranță, pentru că Hristos a biruit lumea! Și cum a spus Pavel, putem<br />
să ne bucurăm în nădejde; să fim răbdători în necazuri și încercări; să stăruim în rugăciune.</p>
<p><strong>Rugăciune</strong></p>
<p><em>Doamne, decid în avans să Îți fiu pe plac, indiferent dacă firea mea dorește asta sau nu.</em><br />
<em>Chiar dacă trebuie să sufăr ca să fac voia Ta, știu că există speranță, fiindcă Duhul Tău este</em><br />
<em>în mine, iar Tu ai biruit lumea.</em></p>

<p>În calitate de creștini, mulți dintre noi avem ideea că totul din viața noastră ar trebui să fie perfect<br />
doar pentru că suntem creștini &#8230;</p>

<div class="post-featured-wrap"><img width="960" height="639" src="https://tv.joycemeyer.org/romana/wp-content/uploads/sites/51/2019/03/326.jpg" class="post-featured wp-post-image" alt="Înfruntând prețul auto-disciplinei" decoding="async" srcset="https://tv.joycemeyer.org/romana/wp-content/uploads/sites/51/2019/03/326.jpg 960w, https://tv.joycemeyer.org/romana/wp-content/uploads/sites/51/2019/03/326-300x200.jpg 300w, https://tv.joycemeyer.org/romana/wp-content/uploads/sites/51/2019/03/326-768x511.jpg 768w" sizes="(max-width: 960px) 100vw, 960px" /></div>

<!-- This site is optimized with the Yoast SEO plugin v27.4 - https://yoast.com/product/yoast-seo-wordpress/ -->
<title>Înfruntând prețul auto-disciplinei - Joyce Meyer Ministries - Romana</title>
<meta name="robots" content="index, follow, max-snippet:-1, max-image-preview:large, max-video-preview:-1" />
<link rel="canonical" href="https://tv.joycemeyer.org/romana/devotional/infruntand-pretul-auto/" />
<meta property="og:locale" content="ro_RO" />
<meta property="og:type" content="article" />
<meta property="og:title" content="Înfruntând prețul auto-disciplinei - Joyce Meyer Ministries - Romana" />
<meta property="og:description" content="În calitate de creștini, mulți dintre noi avem ideea că totul din viața noastră ar trebui să fie perfect doar pentru că suntem creștini ..." />
<meta property="og:url" content="https://tv.joycemeyer.org/romana/devotional/infruntand-pretul-auto/" />
<meta property="og:site_name" content="Joyce Meyer Ministries - Romana" />
<meta property="og:image" content="https://tv.joycemeyer.org/romana/wp-content/uploads/sites/51/2019/03/326.jpg" />
	<meta property="og:image:width" content="960" />
	<meta property="og:image:height" content="639" />
	<meta property="og:image:type" content="image/jpeg" />
<meta name="twitter:card" content="summary_large_image" />
<meta name="twitter:label1" content="Timp estimat pentru citire" />
	<meta name="twitter:data1" content="1 minut" />
<script type="application/ld+json" class="yoast-schema-graph">{"@context":"https:\/\/schema.org","@graph":[{"@type":"WebPage","@id":"https:\/\/tv.joycemeyer.org\/romana\/devotional\/infruntand-pretul-auto\/","url":"https:\/\/tv.joycemeyer.org\/romana\/devotional\/infruntand-pretul-auto\/","name":"Înfruntând prețul auto-disciplinei - Joyce Meyer Ministries - Romana","isPartOf":{"@id":"https:\/\/tv.joycemeyer.org\/romana\/#website"},"primaryImageOfPage":{"@id":"https:\/\/tv.joycemeyer.org\/romana\/devotional\/infruntand-pretul-auto\/#primaryimage"},"image":{"@id":"https:\/\/tv.joycemeyer.org\/romana\/devotional\/infruntand-pretul-auto\/#primaryimage"},"thumbnailUrl":"https:\/\/tv.joycemeyer.org\/romana\/wp-content\/uploads\/sites\/51\/2019\/03\/326.jpg","datePublished":"2020-03-12T14:30:03+00:00","breadcrumb":{"@id":"https:\/\/tv.joycemeyer.org\/romana\/devotional\/infruntand-pretul-auto\/#breadcrumb"},"inLanguage":"ro-RO","potentialAction":[{"@type":"ReadAction","target":["https:\/\/tv.joycemeyer.org\/romana\/devotional\/infruntand-pretul-auto\/"]}]},{"@type":"ImageObject","inLanguage":"ro-RO","@id":"https:\/\/tv.joycemeyer.org\/romana\/devotional\/infruntand-pretul-auto\/#primaryimage","url":"https:\/\/tv.joycemeyer.org\/romana\/wp-content\/uploads\/sites\/51\/2019\/03\/326.jpg","contentUrl":"https:\/\/tv.joycemeyer.org\/romana\/wp-content\/uploads\/sites\/51\/2019\/03\/326.jpg","width":960,"height":639,"caption":"Înfruntând prețul auto-disciplinei"},{"@type":"BreadcrumbList","@id":"https:\/\/tv.joycemeyer.org\/romana\/devotional\/infruntand-pretul-auto\/#breadcrumb","itemListElement":[{"@type":"ListItem","position":1,"name":"Home","item":"https:\/\/tv.joycemeyer.org\/romana\/"},{"@type":"ListItem","position":2,"name":"Devotional","item":"https:\/\/tv.joycemeyer.org\/romana\/devotional\/"},{"@type":"ListItem","position":3,"name":"Înfruntând prețul auto-disciplinei"}]},{"@type":"WebSite","@id":"https:\/\/tv.joycemeyer.org\/romana\/#website","url":"https:\/\/tv.joycemeyer.org\/romana\/","name":"Joyce Meyer Ministries - Romana","description":"Impartasindu-L pe Hristos - Iubindu-i pe oameni","potentialAction":[{"@type":"SearchAction","target":{"@type":"EntryPoint","urlTemplate":"https:\/\/tv.joycemeyer.org\/romana\/?s={search_term_string}"},"query-input":{"@type":"PropertyValueSpecification","valueRequired":true,"valueName":"search_term_string"}}],"inLanguage":"ro-RO"}]}</script>
<!-- / Yoast SEO plugin. -->

Înfruntând prețul auto-disciplinei - Joyce Meyer Ministries - Romana

În calitate de creștini, mulți dintre noi avem ideea că totul din viața noastră ar trebui să fie perfect doar pentru că suntem creștini ...
