{"id":3019,"date":"2024-06-25T00:01:49","date_gmt":"2024-06-25T00:01:49","guid":{"rendered":"https:\/\/tv.joycemeyer.org\/romana\/?post_type=devotional&#038;p=3019"},"modified":"2024-06-25T12:49:20","modified_gmt":"2024-06-25T12:49:20","slug":"fa-liniste","status":"publish","type":"devotional","link":"https:\/\/tv.joycemeyer.org\/romana\/devotional\/fa-liniste\/","title":{"rendered":"F\u0103 lini\u0219te!"},"content":{"rendered":"<blockquote><p>\u00cencredin\u0163eaz\u0103-\u0163i lucr\u0103rile \u00een m\u00e2na Domnului \u015fi \u00ee\u0163i vor izbuti planurile. (Proverbe 16:3)<\/p><\/blockquote>\n<p>Dumnezeu intervine \u00een via\u021ba noastr\u0103 atunci c\u00e2nd \u00cei cerem s\u0103 o fac\u0103. El preia controlul vie\u021bii nostre atunci c\u00e2nd ne \u00eencet\u0103m s\u0103 mai facem lucrurile a\u0219a cum vrem noi. C\u00e2nd \u00eencepe Dumnezeu cu adev\u0103rat s\u0103 ne vorbeasc\u0103 \u00eentr-un mod intim \u0219i profund? Atunci c\u00e2nd noi \u00eencet\u0103m s\u0103 vorbim \u0219i \u00eencepem s\u0103 ascult\u0103m. \u00cen loc s\u0103 \u00eencerc\u0103m s\u0103 ne rezolv\u0103m problemele pe cont propriu, \u00eengrijor\u00e2ndu-ne \u0219i tulbur\u00e2ndu-ne, ar trebui s\u0103 ne lini\u0219tim \u0219i s\u0103 ascult\u0103m ceea ce Dumnezeu are de spus.<\/p>\n<p>Versetul de ast\u0103zi men\u021bioneaz\u0103 despre \u201elucr\u0103rile\u201d noastre. De multe ori, \u201elucr\u0103rile\u201d noastre sunt zbaterile interioare, din mintea noastr\u0103 \u2013 ra\u021bionamentul, analizele pe care le facem situa\u021biilor \u0219i \u00eencerc\u0103rile de a ne da seama ce se \u00eent\u00e2mpl\u0103 sau ce ar trebui s\u0103 facem. Dumnezeu spune c\u0103 dac\u0103 \u00cei vom \u00eencredin\u021ba lucr\u0103rile, g\u00e2ndurile noastre se vor lini\u0219ti. Cu alte cuvinte, dac\u0103 vom reu\u0219i s\u0103 ne lini\u0219tim mintea, vom avea claritate \u0219i Dumnezeu ne va putea da idei \u0219i ne va vorbi cu privire la noi strategii \u0219i direc\u021bii.<\/p>\n<p>Odat\u0103, am fost sup\u0103rat\u0103 \u0219i \u00eengrijorat\u0103, nu \u0219tiam ce s\u0103 fac \u00een leg\u0103tur\u0103 cu o problem\u0103 pe care o aveam \u0219i nu primeam niciun r\u0103spuns. \u00cen cele din urm\u0103 am t\u0103cut \u0219i L-am \u00eentrebat pe Dumnezeu ce ar trebui s\u0103 fac, iar El mi-a spus, pur \u0219i simplu: \u201eF\u0103 ceea ce ai spune altcuiva aflat \u00een aceea\u0219i situa\u021bie s\u0103 fac\u0103, dac\u0103 ar veni la tine pentru a fi sf\u0103tuit.\u201d Am \u0219tiut instantaneu ce trebuie s\u0103 fac \u0219i mi-am rec\u0103p\u0103tat pacea. Dumnezeu are r\u0103spunsuri pentru noi, dac\u0103 pur \u0219i simplu, hot\u0103r\u00e2m s\u0103 t\u0103cem \u0219i s\u0103 ascult\u0103m.<\/p>\n<hr \/>\n<p>Cuv\u00e2ntul lui Dumnezeu pentru ast\u0103zi: F\u0103 lini\u0219te \u00een mintea ta \u0219i taci \u00eenaintea Domnului, pentru ca astfel, s\u0103-L la\u0219i pe El s\u0103-\u021bi vorbeasc\u0103 \u0219i s\u0103-\u021bi pun\u0103 g\u00e2ndurile \u00een ordine.<\/p>\n","protected":false},"excerpt":{"rendered":"<p>Dumnezeu are r\u0103spunsuri pentru noi, dac\u0103 pur \u0219i simplu, hot\u0103r\u00e2m s\u0103 t\u0103cem \u0219i s\u0103 ascult\u0103m.<\/p>\n","protected":false},"author":20,"featured_media":3020,"parent":0,"menu_order":0,"comment_status":"closed","ping_status":"closed","template":"","class_list":["post-3019","devotional","type-devotional","status-publish","has-post-thumbnail","hentry"],"acf":[],"appp":{"post_detail":{"above_title":"<div class=\"post-featured-wrap\"><img width=\"960\" height=\"560\" src=\"https:\/\/tv.joycemeyer.org\/romana\/wp-content\/uploads\/sites\/51\/2024\/06\/2803.jpg\" class=\"post-featured wp-post-image\" alt=\"\" decoding=\"async\" srcset=\"https:\/\/tv.joycemeyer.org\/romana\/wp-content\/uploads\/sites\/51\/2024\/06\/2803.jpg 960w, https:\/\/tv.joycemeyer.org\/romana\/wp-content\/uploads\/sites\/51\/2024\/06\/2803-300x175.jpg 300w, https:\/\/tv.joycemeyer.org\/romana\/wp-content\/uploads\/sites\/51\/2024\/06\/2803-768x448.jpg 768w\" sizes=\"(max-width: 960px) 100vw, 960px\" \/><\/div>","below_content":""}},"yoast_head":"<!-- This site is optimized with the Yoast SEO plugin v27.4 - https:\/\/yoast.com\/product\/yoast-seo-wordpress\/ -->\n<title>F\u0103 lini\u0219te! - Joyce Meyer Ministries - Romana<\/title>\n<meta name=\"robots\" content=\"index, follow, max-snippet:-1, max-image-preview:large, max-video-preview:-1\" \/>\n<link rel=\"canonical\" href=\"https:\/\/tv.joycemeyer.org\/romana\/devotional\/fa-liniste\/\" \/>\n<meta property=\"og:locale\" content=\"ro_RO\" \/>\n<meta property=\"og:type\" content=\"article\" \/>\n<meta property=\"og:title\" content=\"F\u0103 lini\u0219te! - Joyce Meyer Ministries - Romana\" \/>\n<meta property=\"og:description\" content=\"Dumnezeu are r\u0103spunsuri pentru noi, dac\u0103 pur \u0219i simplu, hot\u0103r\u00e2m s\u0103 t\u0103cem \u0219i s\u0103 ascult\u0103m.\" \/>\n<meta property=\"og:url\" content=\"https:\/\/tv.joycemeyer.org\/romana\/devotional\/fa-liniste\/\" \/>\n<meta property=\"og:site_name\" content=\"Joyce Meyer Ministries - Romana\" \/>\n<meta property=\"article:modified_time\" content=\"2024-06-25T12:49:20+00:00\" \/>\n<meta property=\"og:image\" content=\"https:\/\/tv.joycemeyer.org\/romana\/wp-content\/uploads\/sites\/51\/2024\/06\/2803.jpg\" \/>\n\t<meta property=\"og:image:width\" content=\"960\" \/>\n\t<meta property=\"og:image:height\" content=\"560\" \/>\n\t<meta property=\"og:image:type\" content=\"image\/jpeg\" \/>\n<meta name=\"twitter:card\" content=\"summary_large_image\" \/>\n<meta name=\"twitter:label1\" content=\"Timp estimat pentru citire\" \/>\n\t<meta name=\"twitter:data1\" content=\"2 minute\" \/>\n<script type=\"application\/ld+json\" class=\"yoast-schema-graph\">{\"@context\":\"https:\\\/\\\/schema.org\",\"@graph\":[{\"@type\":\"WebPage\",\"@id\":\"https:\\\/\\\/tv.joycemeyer.org\\\/romana\\\/devotional\\\/fa-liniste\\\/\",\"url\":\"https:\\\/\\\/tv.joycemeyer.org\\\/romana\\\/devotional\\\/fa-liniste\\\/\",\"name\":\"F\u0103 lini\u0219te! - Joyce Meyer Ministries - Romana\",\"isPartOf\":{\"@id\":\"https:\\\/\\\/tv.joycemeyer.org\\\/romana\\\/#website\"},\"primaryImageOfPage\":{\"@id\":\"https:\\\/\\\/tv.joycemeyer.org\\\/romana\\\/devotional\\\/fa-liniste\\\/#primaryimage\"},\"image\":{\"@id\":\"https:\\\/\\\/tv.joycemeyer.org\\\/romana\\\/devotional\\\/fa-liniste\\\/#primaryimage\"},\"thumbnailUrl\":\"https:\\\/\\\/tv.joycemeyer.org\\\/romana\\\/wp-content\\\/uploads\\\/sites\\\/51\\\/2024\\\/06\\\/2803.jpg\",\"datePublished\":\"2024-06-25T00:01:49+00:00\",\"dateModified\":\"2024-06-25T12:49:20+00:00\",\"breadcrumb\":{\"@id\":\"https:\\\/\\\/tv.joycemeyer.org\\\/romana\\\/devotional\\\/fa-liniste\\\/#breadcrumb\"},\"inLanguage\":\"ro-RO\",\"potentialAction\":[{\"@type\":\"ReadAction\",\"target\":[\"https:\\\/\\\/tv.joycemeyer.org\\\/romana\\\/devotional\\\/fa-liniste\\\/\"]}]},{\"@type\":\"ImageObject\",\"inLanguage\":\"ro-RO\",\"@id\":\"https:\\\/\\\/tv.joycemeyer.org\\\/romana\\\/devotional\\\/fa-liniste\\\/#primaryimage\",\"url\":\"https:\\\/\\\/tv.joycemeyer.org\\\/romana\\\/wp-content\\\/uploads\\\/sites\\\/51\\\/2024\\\/06\\\/2803.jpg\",\"contentUrl\":\"https:\\\/\\\/tv.joycemeyer.org\\\/romana\\\/wp-content\\\/uploads\\\/sites\\\/51\\\/2024\\\/06\\\/2803.jpg\",\"width\":960,\"height\":560,\"caption\":\"F\u0103 lini\u0219te!\"},{\"@type\":\"BreadcrumbList\",\"@id\":\"https:\\\/\\\/tv.joycemeyer.org\\\/romana\\\/devotional\\\/fa-liniste\\\/#breadcrumb\",\"itemListElement\":[{\"@type\":\"ListItem\",\"position\":1,\"name\":\"Home\",\"item\":\"https:\\\/\\\/tv.joycemeyer.org\\\/romana\\\/\"},{\"@type\":\"ListItem\",\"position\":2,\"name\":\"Devotional\",\"item\":\"https:\\\/\\\/tv.joycemeyer.org\\\/romana\\\/devotional\\\/\"},{\"@type\":\"ListItem\",\"position\":3,\"name\":\"F\u0103 lini\u0219te!\"}]},{\"@type\":\"WebSite\",\"@id\":\"https:\\\/\\\/tv.joycemeyer.org\\\/romana\\\/#website\",\"url\":\"https:\\\/\\\/tv.joycemeyer.org\\\/romana\\\/\",\"name\":\"Joyce Meyer Ministries - Romana\",\"description\":\"Impartasindu-L pe Hristos - Iubindu-i pe oameni\",\"potentialAction\":[{\"@type\":\"SearchAction\",\"target\":{\"@type\":\"EntryPoint\",\"urlTemplate\":\"https:\\\/\\\/tv.joycemeyer.org\\\/romana\\\/?s={search_term_string}\"},\"query-input\":{\"@type\":\"PropertyValueSpecification\",\"valueRequired\":true,\"valueName\":\"search_term_string\"}}],\"inLanguage\":\"ro-RO\"}]}<\/script>\n<!-- \/ Yoast SEO plugin. -->","yoast_head_json":{"title":"F\u0103 lini\u0219te! - Joyce Meyer Ministries - Romana","robots":{"index":"index","follow":"follow","max-snippet":"max-snippet:-1","max-image-preview":"max-image-preview:large","max-video-preview":"max-video-preview:-1"},"canonical":"https:\/\/tv.joycemeyer.org\/romana\/devotional\/fa-liniste\/","og_locale":"ro_RO","og_type":"article","og_title":"F\u0103 lini\u0219te! - Joyce Meyer Ministries - Romana","og_description":"Dumnezeu are r\u0103spunsuri pentru noi, dac\u0103 pur \u0219i simplu, hot\u0103r\u00e2m s\u0103 t\u0103cem \u0219i s\u0103 ascult\u0103m.","og_url":"https:\/\/tv.joycemeyer.org\/romana\/devotional\/fa-liniste\/","og_site_name":"Joyce Meyer Ministries - Romana","article_modified_time":"2024-06-25T12:49:20+00:00","og_image":[{"width":960,"height":560,"url":"https:\/\/tv.joycemeyer.org\/romana\/wp-content\/uploads\/sites\/51\/2024\/06\/2803.jpg","type":"image\/jpeg"}],"twitter_card":"summary_large_image","twitter_misc":{"Timp estimat pentru citire":"2 minute"},"schema":{"@context":"https:\/\/schema.org","@graph":[{"@type":"WebPage","@id":"https:\/\/tv.joycemeyer.org\/romana\/devotional\/fa-liniste\/","url":"https:\/\/tv.joycemeyer.org\/romana\/devotional\/fa-liniste\/","name":"F\u0103 lini\u0219te! - Joyce Meyer Ministries - Romana","isPartOf":{"@id":"https:\/\/tv.joycemeyer.org\/romana\/#website"},"primaryImageOfPage":{"@id":"https:\/\/tv.joycemeyer.org\/romana\/devotional\/fa-liniste\/#primaryimage"},"image":{"@id":"https:\/\/tv.joycemeyer.org\/romana\/devotional\/fa-liniste\/#primaryimage"},"thumbnailUrl":"https:\/\/tv.joycemeyer.org\/romana\/wp-content\/uploads\/sites\/51\/2024\/06\/2803.jpg","datePublished":"2024-06-25T00:01:49+00:00","dateModified":"2024-06-25T12:49:20+00:00","breadcrumb":{"@id":"https:\/\/tv.joycemeyer.org\/romana\/devotional\/fa-liniste\/#breadcrumb"},"inLanguage":"ro-RO","potentialAction":[{"@type":"ReadAction","target":["https:\/\/tv.joycemeyer.org\/romana\/devotional\/fa-liniste\/"]}]},{"@type":"ImageObject","inLanguage":"ro-RO","@id":"https:\/\/tv.joycemeyer.org\/romana\/devotional\/fa-liniste\/#primaryimage","url":"https:\/\/tv.joycemeyer.org\/romana\/wp-content\/uploads\/sites\/51\/2024\/06\/2803.jpg","contentUrl":"https:\/\/tv.joycemeyer.org\/romana\/wp-content\/uploads\/sites\/51\/2024\/06\/2803.jpg","width":960,"height":560,"caption":"F\u0103 lini\u0219te!"},{"@type":"BreadcrumbList","@id":"https:\/\/tv.joycemeyer.org\/romana\/devotional\/fa-liniste\/#breadcrumb","itemListElement":[{"@type":"ListItem","position":1,"name":"Home","item":"https:\/\/tv.joycemeyer.org\/romana\/"},{"@type":"ListItem","position":2,"name":"Devotional","item":"https:\/\/tv.joycemeyer.org\/romana\/devotional\/"},{"@type":"ListItem","position":3,"name":"F\u0103 lini\u0219te!"}]},{"@type":"WebSite","@id":"https:\/\/tv.joycemeyer.org\/romana\/#website","url":"https:\/\/tv.joycemeyer.org\/romana\/","name":"Joyce Meyer Ministries - Romana","description":"Impartasindu-L pe Hristos - Iubindu-i pe oameni","potentialAction":[{"@type":"SearchAction","target":{"@type":"EntryPoint","urlTemplate":"https:\/\/tv.joycemeyer.org\/romana\/?s={search_term_string}"},"query-input":{"@type":"PropertyValueSpecification","valueRequired":true,"valueName":"search_term_string"}}],"inLanguage":"ro-RO"}]}},"_links":{"self":[{"href":"https:\/\/tv.joycemeyer.org\/romana\/wp-json\/wp\/v2\/devotional\/3019","targetHints":{"allow":["GET"]}}],"collection":[{"href":"https:\/\/tv.joycemeyer.org\/romana\/wp-json\/wp\/v2\/devotional"}],"about":[{"href":"https:\/\/tv.joycemeyer.org\/romana\/wp-json\/wp\/v2\/types\/devotional"}],"author":[{"embeddable":true,"href":"https:\/\/tv.joycemeyer.org\/romana\/wp-json\/wp\/v2\/users\/20"}],"replies":[{"embeddable":true,"href":"https:\/\/tv.joycemeyer.org\/romana\/wp-json\/wp\/v2\/comments?post=3019"}],"wp:featuredmedia":[{"embeddable":true,"href":"https:\/\/tv.joycemeyer.org\/romana\/wp-json\/wp\/v2\/media\/3020"}],"wp:attachment":[{"href":"https:\/\/tv.joycemeyer.org\/romana\/wp-json\/wp\/v2\/media?parent=3019"}],"curies":[{"name":"wp","href":"https:\/\/api.w.org\/{rel}","templated":true}]}}

Fă liniște!

<blockquote><p>Încredinţează-ţi lucrările în mâna Domnului şi îţi vor izbuti planurile. (Proverbe 16:3)</p></blockquote>
<p>Dumnezeu intervine în viața noastră atunci când Îi cerem să o facă. El preia controlul vieții nostre atunci când ne încetăm să mai facem lucrurile așa cum vrem noi. Când începe Dumnezeu cu adevărat să ne vorbească într-un mod intim și profund? Atunci când noi încetăm să vorbim și începem să ascultăm. În loc să încercăm să ne rezolvăm problemele pe cont propriu, îngrijorându-ne și tulburându-ne, ar trebui să ne liniștim și să ascultăm ceea ce Dumnezeu are de spus.</p>
<p>Versetul de astăzi menționează despre „lucrările” noastre. De multe ori, „lucrările” noastre sunt zbaterile interioare, din mintea noastră – raționamentul, analizele pe care le facem situațiilor și încercările de a ne da seama ce se întâmplă sau ce ar trebui să facem. Dumnezeu spune că dacă Îi vom încredința lucrările, gândurile noastre se vor liniști. Cu alte cuvinte, dacă vom reuși să ne liniștim mintea, vom avea claritate și Dumnezeu ne va putea da idei și ne va vorbi cu privire la noi strategii și direcții.</p>
<p>Odată, am fost supărată și îngrijorată, nu știam ce să fac în legătură cu o problemă pe care o aveam și nu primeam niciun răspuns. În cele din urmă am tăcut și L-am întrebat pe Dumnezeu ce ar trebui să fac, iar El mi-a spus, pur și simplu: „Fă ceea ce ai spune altcuiva aflat în aceeași situație să facă, dacă ar veni la tine pentru a fi sfătuit.” Am știut instantaneu ce trebuie să fac și mi-am recăpătat pacea. Dumnezeu are răspunsuri pentru noi, dacă pur și simplu, hotărâm să tăcem și să ascultăm.</p>
<hr />
<p>Cuvântul lui Dumnezeu pentru astăzi: Fă liniște în mintea ta și taci înaintea Domnului, pentru ca astfel, să-L lași pe El să-ți vorbească și să-ți pună gândurile în ordine.</p>

<p>Dumnezeu are răspunsuri pentru noi, dacă pur și simplu, hotărâm să tăcem și să ascultăm.</p>

<!-- This site is optimized with the Yoast SEO plugin v27.4 - https://yoast.com/product/yoast-seo-wordpress/ -->
<title>Fă liniște! - Joyce Meyer Ministries - Romana</title>
<meta name="robots" content="index, follow, max-snippet:-1, max-image-preview:large, max-video-preview:-1" />
<link rel="canonical" href="https://tv.joycemeyer.org/romana/devotional/fa-liniste/" />
<meta property="og:locale" content="ro_RO" />
<meta property="og:type" content="article" />
<meta property="og:title" content="Fă liniște! - Joyce Meyer Ministries - Romana" />
<meta property="og:description" content="Dumnezeu are răspunsuri pentru noi, dacă pur și simplu, hotărâm să tăcem și să ascultăm." />
<meta property="og:url" content="https://tv.joycemeyer.org/romana/devotional/fa-liniste/" />
<meta property="og:site_name" content="Joyce Meyer Ministries - Romana" />
<meta property="article:modified_time" content="2024-06-25T12:49:20+00:00" />
<meta property="og:image" content="https://tv.joycemeyer.org/romana/wp-content/uploads/sites/51/2024/06/2803.jpg" />
	<meta property="og:image:width" content="960" />
	<meta property="og:image:height" content="560" />
	<meta property="og:image:type" content="image/jpeg" />
<meta name="twitter:card" content="summary_large_image" />
<meta name="twitter:label1" content="Timp estimat pentru citire" />
	<meta name="twitter:data1" content="2 minute" />
<script type="application/ld+json" class="yoast-schema-graph">{"@context":"https:\/\/schema.org","@graph":[{"@type":"WebPage","@id":"https:\/\/tv.joycemeyer.org\/romana\/devotional\/fa-liniste\/","url":"https:\/\/tv.joycemeyer.org\/romana\/devotional\/fa-liniste\/","name":"Fă liniște! - Joyce Meyer Ministries - Romana","isPartOf":{"@id":"https:\/\/tv.joycemeyer.org\/romana\/#website"},"primaryImageOfPage":{"@id":"https:\/\/tv.joycemeyer.org\/romana\/devotional\/fa-liniste\/#primaryimage"},"image":{"@id":"https:\/\/tv.joycemeyer.org\/romana\/devotional\/fa-liniste\/#primaryimage"},"thumbnailUrl":"https:\/\/tv.joycemeyer.org\/romana\/wp-content\/uploads\/sites\/51\/2024\/06\/2803.jpg","datePublished":"2024-06-25T00:01:49+00:00","dateModified":"2024-06-25T12:49:20+00:00","breadcrumb":{"@id":"https:\/\/tv.joycemeyer.org\/romana\/devotional\/fa-liniste\/#breadcrumb"},"inLanguage":"ro-RO","potentialAction":[{"@type":"ReadAction","target":["https:\/\/tv.joycemeyer.org\/romana\/devotional\/fa-liniste\/"]}]},{"@type":"ImageObject","inLanguage":"ro-RO","@id":"https:\/\/tv.joycemeyer.org\/romana\/devotional\/fa-liniste\/#primaryimage","url":"https:\/\/tv.joycemeyer.org\/romana\/wp-content\/uploads\/sites\/51\/2024\/06\/2803.jpg","contentUrl":"https:\/\/tv.joycemeyer.org\/romana\/wp-content\/uploads\/sites\/51\/2024\/06\/2803.jpg","width":960,"height":560,"caption":"Fă liniște!"},{"@type":"BreadcrumbList","@id":"https:\/\/tv.joycemeyer.org\/romana\/devotional\/fa-liniste\/#breadcrumb","itemListElement":[{"@type":"ListItem","position":1,"name":"Home","item":"https:\/\/tv.joycemeyer.org\/romana\/"},{"@type":"ListItem","position":2,"name":"Devotional","item":"https:\/\/tv.joycemeyer.org\/romana\/devotional\/"},{"@type":"ListItem","position":3,"name":"Fă liniște!"}]},{"@type":"WebSite","@id":"https:\/\/tv.joycemeyer.org\/romana\/#website","url":"https:\/\/tv.joycemeyer.org\/romana\/","name":"Joyce Meyer Ministries - Romana","description":"Impartasindu-L pe Hristos - Iubindu-i pe oameni","potentialAction":[{"@type":"SearchAction","target":{"@type":"EntryPoint","urlTemplate":"https:\/\/tv.joycemeyer.org\/romana\/?s={search_term_string}"},"query-input":{"@type":"PropertyValueSpecification","valueRequired":true,"valueName":"search_term_string"}}],"inLanguage":"ro-RO"}]}</script>
<!-- / Yoast SEO plugin. -->

Fă liniște! - Joyce Meyer Ministries - Romana

Dumnezeu are răspunsuri pentru noi, dacă pur și simplu, hotărâm să tăcem și să ascultăm.
