{"id":289,"date":"2019-03-12T14:25:34","date_gmt":"2019-03-12T14:25:34","guid":{"rendered":"https:\/\/tv.joycemeyer.org\/romana\/wp-content\/uploads\/sites\/51\/2019\/03\/131.jpg"},"modified":"2019-03-12T14:25:40","modified_gmt":"2019-03-12T14:25:40","slug":"131","status":"inherit","type":"attachment","link":"https:\/\/tv.joycemeyer.org\/romana\/devotional\/nu-te-ingrijora-lauda-l-2\/attachment\/131\/","title":{"rendered":"Nu te \u00eengrijora&#8230; laud\u0103-L!"},"author":15,"featured_media":0,"comment_status":"closed","ping_status":"closed","template":"","meta":{"_acf_changed":false},"class_list":["post-289","attachment","type-attachment","status-inherit","hentry"],"acf":[],"yoast_head":"<!-- This site is optimized with the Yoast SEO plugin v27.4 - https:\/\/yoast.com\/product\/yoast-seo-wordpress\/ -->\n<title>Nu te \u00eengrijora... laud\u0103-L! - Joyce Meyer Ministries - Romana<\/title>\n<meta name=\"robots\" content=\"index, follow, max-snippet:-1, max-image-preview:large, max-video-preview:-1\" \/>\n<link rel=\"canonical\" href=\"https:\/\/tv.joycemeyer.org\/romana\/wp-content\/uploads\/sites\/51\/2019\/03\/131.jpg\" \/>\n<meta property=\"og:locale\" content=\"ro_RO\" \/>\n<meta property=\"og:type\" content=\"article\" \/>\n<meta property=\"og:title\" content=\"Nu te \u00eengrijora... laud\u0103-L! - Joyce Meyer Ministries - Romana\" \/>\n<meta property=\"og:description\" content=\"Nu te \u00eengrijora... laud\u0103-L!\" \/>\n<meta property=\"og:url\" content=\"https:\/\/tv.joycemeyer.org\/romana\/wp-content\/uploads\/sites\/51\/2019\/03\/131.jpg\" \/>\n<meta property=\"og:site_name\" content=\"Joyce Meyer Ministries - Romana\" \/>\n<meta property=\"article:modified_time\" content=\"2019-03-12T14:25:40+00:00\" \/>\n<meta property=\"og:image\" content=\"https:\/\/tv.joycemeyer.org\/romana\/wp-content\/uploads\/sites\/51\/2019\/03\/131.jpg\" \/>\n\t<meta property=\"og:image:width\" content=\"900\" \/>\n\t<meta property=\"og:image:height\" content=\"599\" \/>\n\t<meta property=\"og:image:type\" content=\"image\/jpeg\" \/>\n<meta name=\"twitter:card\" content=\"summary_large_image\" \/>\n<script type=\"application\/ld+json\" class=\"yoast-schema-graph\">{\"@context\":\"https:\\\/\\\/schema.org\",\"@graph\":[{\"@type\":\"WebPage\",\"@id\":\"https:\\\/\\\/tv.joycemeyer.org\\\/romana\\\/wp-content\\\/uploads\\\/sites\\\/51\\\/2019\\\/03\\\/131.jpg\",\"url\":\"https:\\\/\\\/tv.joycemeyer.org\\\/romana\\\/wp-content\\\/uploads\\\/sites\\\/51\\\/2019\\\/03\\\/131.jpg\",\"name\":\"Nu te \u00eengrijora... laud\u0103-L! - Joyce Meyer Ministries - Romana\",\"isPartOf\":{\"@id\":\"https:\\\/\\\/tv.joycemeyer.org\\\/romana\\\/#website\"},\"datePublished\":\"2019-03-12T14:25:34+00:00\",\"dateModified\":\"2019-03-12T14:25:40+00:00\",\"breadcrumb\":{\"@id\":\"https:\\\/\\\/tv.joycemeyer.org\\\/romana\\\/wp-content\\\/uploads\\\/sites\\\/51\\\/2019\\\/03\\\/131.jpg#breadcrumb\"},\"inLanguage\":\"ro-RO\",\"potentialAction\":[{\"@type\":\"ReadAction\",\"target\":[\"https:\\\/\\\/tv.joycemeyer.org\\\/romana\\\/wp-content\\\/uploads\\\/sites\\\/51\\\/2019\\\/03\\\/131.jpg\"]}]},{\"@type\":\"BreadcrumbList\",\"@id\":\"https:\\\/\\\/tv.joycemeyer.org\\\/romana\\\/wp-content\\\/uploads\\\/sites\\\/51\\\/2019\\\/03\\\/131.jpg#breadcrumb\",\"itemListElement\":[{\"@type\":\"ListItem\",\"position\":1,\"name\":\"Home\",\"item\":\"https:\\\/\\\/tv.joycemeyer.org\\\/romana\\\/\"},{\"@type\":\"ListItem\",\"position\":2,\"name\":\"Nu te \u00eengrijora&#8230; laud\u0103-L!\",\"item\":\"https:\\\/\\\/tv.joycemeyer.org\\\/romana\\\/devotional\\\/nu-te-ingrijora-lauda-l-2\\\/\"},{\"@type\":\"ListItem\",\"position\":3,\"name\":\"Nu te \u00eengrijora&#8230; laud\u0103-L!\"}]},{\"@type\":\"WebSite\",\"@id\":\"https:\\\/\\\/tv.joycemeyer.org\\\/romana\\\/#website\",\"url\":\"https:\\\/\\\/tv.joycemeyer.org\\\/romana\\\/\",\"name\":\"Joyce Meyer Ministries - Romana\",\"description\":\"Impartasindu-L pe Hristos - Iubindu-i pe oameni\",\"potentialAction\":[{\"@type\":\"SearchAction\",\"target\":{\"@type\":\"EntryPoint\",\"urlTemplate\":\"https:\\\/\\\/tv.joycemeyer.org\\\/romana\\\/?s={search_term_string}\"},\"query-input\":{\"@type\":\"PropertyValueSpecification\",\"valueRequired\":true,\"valueName\":\"search_term_string\"}}],\"inLanguage\":\"ro-RO\"}]}<\/script>\n<!-- \/ Yoast SEO plugin. -->","yoast_head_json":{"title":"Nu te \u00eengrijora... laud\u0103-L! - Joyce Meyer Ministries - Romana","robots":{"index":"index","follow":"follow","max-snippet":"max-snippet:-1","max-image-preview":"max-image-preview:large","max-video-preview":"max-video-preview:-1"},"canonical":"https:\/\/tv.joycemeyer.org\/romana\/wp-content\/uploads\/sites\/51\/2019\/03\/131.jpg","og_locale":"ro_RO","og_type":"article","og_title":"Nu te \u00eengrijora... laud\u0103-L! - Joyce Meyer Ministries - Romana","og_description":"Nu te \u00eengrijora... laud\u0103-L!","og_url":"https:\/\/tv.joycemeyer.org\/romana\/wp-content\/uploads\/sites\/51\/2019\/03\/131.jpg","og_site_name":"Joyce Meyer Ministries - Romana","article_modified_time":"2019-03-12T14:25:40+00:00","og_image":[{"width":900,"height":599,"url":"https:\/\/tv.joycemeyer.org\/romana\/wp-content\/uploads\/sites\/51\/2019\/03\/131.jpg","type":"image\/jpeg"}],"twitter_card":"summary_large_image","schema":{"@context":"https:\/\/schema.org","@graph":[{"@type":"WebPage","@id":"https:\/\/tv.joycemeyer.org\/romana\/wp-content\/uploads\/sites\/51\/2019\/03\/131.jpg","url":"https:\/\/tv.joycemeyer.org\/romana\/wp-content\/uploads\/sites\/51\/2019\/03\/131.jpg","name":"Nu te \u00eengrijora... laud\u0103-L! - Joyce Meyer Ministries - Romana","isPartOf":{"@id":"https:\/\/tv.joycemeyer.org\/romana\/#website"},"datePublished":"2019-03-12T14:25:34+00:00","dateModified":"2019-03-12T14:25:40+00:00","breadcrumb":{"@id":"https:\/\/tv.joycemeyer.org\/romana\/wp-content\/uploads\/sites\/51\/2019\/03\/131.jpg#breadcrumb"},"inLanguage":"ro-RO","potentialAction":[{"@type":"ReadAction","target":["https:\/\/tv.joycemeyer.org\/romana\/wp-content\/uploads\/sites\/51\/2019\/03\/131.jpg"]}]},{"@type":"BreadcrumbList","@id":"https:\/\/tv.joycemeyer.org\/romana\/wp-content\/uploads\/sites\/51\/2019\/03\/131.jpg#breadcrumb","itemListElement":[{"@type":"ListItem","position":1,"name":"Home","item":"https:\/\/tv.joycemeyer.org\/romana\/"},{"@type":"ListItem","position":2,"name":"Nu te \u00eengrijora&#8230; laud\u0103-L!","item":"https:\/\/tv.joycemeyer.org\/romana\/devotional\/nu-te-ingrijora-lauda-l-2\/"},{"@type":"ListItem","position":3,"name":"Nu te \u00eengrijora&#8230; laud\u0103-L!"}]},{"@type":"WebSite","@id":"https:\/\/tv.joycemeyer.org\/romana\/#website","url":"https:\/\/tv.joycemeyer.org\/romana\/","name":"Joyce Meyer Ministries - Romana","description":"Impartasindu-L pe Hristos - Iubindu-i pe oameni","potentialAction":[{"@type":"SearchAction","target":{"@type":"EntryPoint","urlTemplate":"https:\/\/tv.joycemeyer.org\/romana\/?s={search_term_string}"},"query-input":{"@type":"PropertyValueSpecification","valueRequired":true,"valueName":"search_term_string"}}],"inLanguage":"ro-RO"}]}},"description":{"rendered":"<p class=\"attachment\"><a href='https:\/\/tv.joycemeyer.org\/romana\/wp-content\/uploads\/sites\/51\/2019\/03\/131.jpg'><img decoding=\"async\" width=\"300\" height=\"200\" src=\"https:\/\/tv.joycemeyer.org\/romana\/wp-content\/uploads\/sites\/51\/2019\/03\/131-300x200.jpg\" class=\"attachment-medium size-medium\" alt=\"Nu te \u00eengrijora... laud\u0103-L!\" srcset=\"https:\/\/tv.joycemeyer.org\/romana\/wp-content\/uploads\/sites\/51\/2019\/03\/131-300x200.jpg 300w, https:\/\/tv.joycemeyer.org\/romana\/wp-content\/uploads\/sites\/51\/2019\/03\/131-768x511.jpg 768w, https:\/\/tv.joycemeyer.org\/romana\/wp-content\/uploads\/sites\/51\/2019\/03\/131.jpg 900w\" sizes=\"(max-width: 300px) 100vw, 300px\" \/><\/a><\/p>\n<p>Nu te \u00eengrijora&#8230; laud\u0103-L!<\/p>\n"},"caption":{"rendered":"<p>Nu te \u00eengrijora&#8230; laud\u0103-L!<\/p>\n"},"alt_text":"Nu te \u00eengrijora... laud\u0103-L!","media_type":"image","mime_type":"image\/jpeg","media_details":{"width":900,"height":599,"file":"2019\/03\/131.jpg","sizes":{"thumbnail":{"file":"131-150x150.jpg","width":150,"height":150,"mime_type":"image\/jpeg","source_url":"https:\/\/tv.joycemeyer.org\/romana\/wp-content\/uploads\/sites\/51\/2019\/03\/131-150x150.jpg"},"medium":{"file":"131-300x200.jpg","width":300,"height":200,"mime_type":"image\/jpeg","source_url":"https:\/\/tv.joycemeyer.org\/romana\/wp-content\/uploads\/sites\/51\/2019\/03\/131-300x200.jpg"},"medium_large":{"file":"131-768x511.jpg","width":768,"height":511,"mime_type":"image\/jpeg","source_url":"https:\/\/tv.joycemeyer.org\/romana\/wp-content\/uploads\/sites\/51\/2019\/03\/131-768x511.jpg"},"listing":{"file":"131-640x360.jpg","width":640,"height":360,"mime_type":"image\/jpeg","source_url":"https:\/\/tv.joycemeyer.org\/romana\/wp-content\/uploads\/sites\/51\/2019\/03\/131-640x360.jpg"},"feature":{"file":"131-900x540.jpg","width":900,"height":540,"mime_type":"image\/jpeg","source_url":"https:\/\/tv.joycemeyer.org\/romana\/wp-content\/uploads\/sites\/51\/2019\/03\/131-900x540.jpg"},"ebook":{"file":"131-300x435.jpg","width":300,"height":435,"mime_type":"image\/jpeg","source_url":"https:\/\/tv.joycemeyer.org\/romana\/wp-content\/uploads\/sites\/51\/2019\/03\/131-300x435.jpg"},"header":{"file":"131-900x340.jpg","width":900,"height":340,"mime_type":"image\/jpeg","source_url":"https:\/\/tv.joycemeyer.org\/romana\/wp-content\/uploads\/sites\/51\/2019\/03\/131-900x340.jpg"},"rpwe-thumbnail":{"file":"131-45x45.jpg","width":45,"height":45,"mime_type":"image\/jpeg","source_url":"https:\/\/tv.joycemeyer.org\/romana\/wp-content\/uploads\/sites\/51\/2019\/03\/131-45x45.jpg"},"full":{"file":"131.jpg","width":900,"height":599,"mime_type":"image\/jpeg","source_url":"https:\/\/tv.joycemeyer.org\/romana\/wp-content\/uploads\/sites\/51\/2019\/03\/131.jpg"}},"image_meta":{"aperture":"3.2","credit":"","camera":"Canon EOS 5D Mark III","caption":"","created_timestamp":"0","copyright":"","focal_length":"50","iso":"320","shutter_speed":"0.02","title":"","orientation":"1","keywords":[]}},"post":288,"source_url":"https:\/\/tv.joycemeyer.org\/romana\/wp-content\/uploads\/sites\/51\/2019\/03\/131.jpg","_links":{"self":[{"href":"https:\/\/tv.joycemeyer.org\/romana\/wp-json\/wp\/v2\/media\/289","targetHints":{"allow":["GET"]}}],"collection":[{"href":"https:\/\/tv.joycemeyer.org\/romana\/wp-json\/wp\/v2\/media"}],"about":[{"href":"https:\/\/tv.joycemeyer.org\/romana\/wp-json\/wp\/v2\/types\/attachment"}],"author":[{"embeddable":true,"href":"https:\/\/tv.joycemeyer.org\/romana\/wp-json\/wp\/v2\/users\/15"}],"replies":[{"embeddable":true,"href":"https:\/\/tv.joycemeyer.org\/romana\/wp-json\/wp\/v2\/comments?post=289"}],"wp:attached-to":[{"embeddable":true,"post_type":"devotional","id":288,"href":"https:\/\/tv.joycemeyer.org\/romana\/wp-json\/wp\/v2\/devotional\/288"}],"curies":[{"name":"wp","href":"https:\/\/api.w.org\/{rel}","templated":true}]}}

Nu te îngrijora&#8230; laudă-L!

<!-- This site is optimized with the Yoast SEO plugin v27.4 - https://yoast.com/product/yoast-seo-wordpress/ -->
<title>Nu te îngrijora... laudă-L! - Joyce Meyer Ministries - Romana</title>
<meta name="robots" content="index, follow, max-snippet:-1, max-image-preview:large, max-video-preview:-1" />
<link rel="canonical" href="https://tv.joycemeyer.org/romana/wp-content/uploads/sites/51/2019/03/131.jpg" />
<meta property="og:locale" content="ro_RO" />
<meta property="og:type" content="article" />
<meta property="og:title" content="Nu te îngrijora... laudă-L! - Joyce Meyer Ministries - Romana" />
<meta property="og:description" content="Nu te îngrijora... laudă-L!" />
<meta property="og:url" content="https://tv.joycemeyer.org/romana/wp-content/uploads/sites/51/2019/03/131.jpg" />
<meta property="og:site_name" content="Joyce Meyer Ministries - Romana" />
<meta property="article:modified_time" content="2019-03-12T14:25:40+00:00" />
<meta property="og:image" content="https://tv.joycemeyer.org/romana/wp-content/uploads/sites/51/2019/03/131.jpg" />
	<meta property="og:image:width" content="900" />
	<meta property="og:image:height" content="599" />
	<meta property="og:image:type" content="image/jpeg" />
<meta name="twitter:card" content="summary_large_image" />
<script type="application/ld+json" class="yoast-schema-graph">{"@context":"https:\/\/schema.org","@graph":[{"@type":"WebPage","@id":"https:\/\/tv.joycemeyer.org\/romana\/wp-content\/uploads\/sites\/51\/2019\/03\/131.jpg","url":"https:\/\/tv.joycemeyer.org\/romana\/wp-content\/uploads\/sites\/51\/2019\/03\/131.jpg","name":"Nu te îngrijora... laudă-L! - Joyce Meyer Ministries - Romana","isPartOf":{"@id":"https:\/\/tv.joycemeyer.org\/romana\/#website"},"datePublished":"2019-03-12T14:25:34+00:00","dateModified":"2019-03-12T14:25:40+00:00","breadcrumb":{"@id":"https:\/\/tv.joycemeyer.org\/romana\/wp-content\/uploads\/sites\/51\/2019\/03\/131.jpg#breadcrumb"},"inLanguage":"ro-RO","potentialAction":[{"@type":"ReadAction","target":["https:\/\/tv.joycemeyer.org\/romana\/wp-content\/uploads\/sites\/51\/2019\/03\/131.jpg"]}]},{"@type":"BreadcrumbList","@id":"https:\/\/tv.joycemeyer.org\/romana\/wp-content\/uploads\/sites\/51\/2019\/03\/131.jpg#breadcrumb","itemListElement":[{"@type":"ListItem","position":1,"name":"Home","item":"https:\/\/tv.joycemeyer.org\/romana\/"},{"@type":"ListItem","position":2,"name":"Nu te îngrijora&#8230; laudă-L!","item":"https:\/\/tv.joycemeyer.org\/romana\/devotional\/nu-te-ingrijora-lauda-l-2\/"},{"@type":"ListItem","position":3,"name":"Nu te îngrijora&#8230; laudă-L!"}]},{"@type":"WebSite","@id":"https:\/\/tv.joycemeyer.org\/romana\/#website","url":"https:\/\/tv.joycemeyer.org\/romana\/","name":"Joyce Meyer Ministries - Romana","description":"Impartasindu-L pe Hristos - Iubindu-i pe oameni","potentialAction":[{"@type":"SearchAction","target":{"@type":"EntryPoint","urlTemplate":"https:\/\/tv.joycemeyer.org\/romana\/?s={search_term_string}"},"query-input":{"@type":"PropertyValueSpecification","valueRequired":true,"valueName":"search_term_string"}}],"inLanguage":"ro-RO"}]}</script>
<!-- / Yoast SEO plugin. -->

Nu te îngrijora... laudă-L! - Joyce Meyer Ministries - Romana

Nu te îngrijora... laudă-L!

<p class="attachment"><a href='https://tv.joycemeyer.org/romana/wp-content/uploads/sites/51/2019/03/131.jpg'><img decoding="async" width="300" height="200" src="https://tv.joycemeyer.org/romana/wp-content/uploads/sites/51/2019/03/131-300x200.jpg" class="attachment-medium size-medium" alt="Nu te îngrijora... laudă-L!" srcset="https://tv.joycemeyer.org/romana/wp-content/uploads/sites/51/2019/03/131-300x200.jpg 300w, https://tv.joycemeyer.org/romana/wp-content/uploads/sites/51/2019/03/131-768x511.jpg 768w, https://tv.joycemeyer.org/romana/wp-content/uploads/sites/51/2019/03/131.jpg 900w" sizes="(max-width: 300px) 100vw, 300px" /></a></p>
<p>Nu te îngrijora&#8230; laudă-L!</p>

<p>Nu te îngrijora&#8230; laudă-L!</p>
