{"id":3006,"date":"2024-08-26T08:00:20","date_gmt":"2024-08-26T08:00:20","guid":{"rendered":"https:\/\/tv.joycemeyer.org\/romana\/?post_type=videos&#038;p=3006"},"modified":"2024-11-18T19:43:35","modified_gmt":"2024-11-18T19:43:35","slug":"pildele-lui-isus-semanatorul-ep1","status":"publish","type":"videos","link":"https:\/\/tv.joycemeyer.org\/romana\/videos\/pildele-lui-isus-semanatorul-ep1\/","title":{"rendered":"Pildele lui Isus &#8211; Sem\u0103n\u0103torul &#8211; ep1"},"content":{"rendered":"<p>Joyce vorbe\u0219te despre cele patru tipuri de inimi care ascult\u0103 Cuv\u00e2ntul lui Dumnezeu, f\u0103c\u00e2nd o paralel\u0103 cu cele patru tipuri de soluri din pilda sem\u0103n\u0103torului.<\/p>\n","protected":false},"excerpt":{"rendered":"<p>ROM_1386_3_WEB_SUB<\/p>\n","protected":false},"author":5,"featured_media":3007,"parent":0,"menu_order":0,"comment_status":"closed","ping_status":"closed","template":"","class_list":["post-3006","videos","type-videos","status-publish","has-post-thumbnail","hentry"],"acf":[],"appp":{"post_detail":{"below_title":"<a class=\"video-link\" href=\"#\" data-appmedia=\"\"><div class=\"post-featured-wrap\"><img width=\"1024\" height=\"576\" src=\"https:\/\/tv.joycemeyer.org\/romana\/wp-content\/uploads\/sites\/51\/2024\/06\/1386-3-1024x576.jpg\" class=\"post-featured wp-post-image\" alt=\"\" decoding=\"async\" srcset=\"https:\/\/tv.joycemeyer.org\/romana\/wp-content\/uploads\/sites\/51\/2024\/06\/1386-3-1024x576.jpg 1024w, https:\/\/tv.joycemeyer.org\/romana\/wp-content\/uploads\/sites\/51\/2024\/06\/1386-3-300x169.jpg 300w, https:\/\/tv.joycemeyer.org\/romana\/wp-content\/uploads\/sites\/51\/2024\/06\/1386-3-768x432.jpg 768w, https:\/\/tv.joycemeyer.org\/romana\/wp-content\/uploads\/sites\/51\/2024\/06\/1386-3-1536x864.jpg 1536w, https:\/\/tv.joycemeyer.org\/romana\/wp-content\/uploads\/sites\/51\/2024\/06\/1386-3-640x360.jpg 640w, https:\/\/tv.joycemeyer.org\/romana\/wp-content\/uploads\/sites\/51\/2024\/06\/1386-3-960x540.jpg 960w, https:\/\/tv.joycemeyer.org\/romana\/wp-content\/uploads\/sites\/51\/2024\/06\/1386-3.jpg 1920w\" sizes=\"(max-width: 1024px) 100vw, 1024px\" \/><\/div><\/a>"}},"yoast_head":"<!-- This site is optimized with the Yoast SEO plugin v27.4 - https:\/\/yoast.com\/product\/yoast-seo-wordpress\/ -->\n<title>Pildele lui Isus - Sem\u0103n\u0103torul - ep1 - Joyce Meyer Ministries - Romana<\/title>\n<meta name=\"robots\" content=\"index, follow, max-snippet:-1, max-image-preview:large, max-video-preview:-1\" \/>\n<link rel=\"canonical\" href=\"https:\/\/tv.joycemeyer.org\/romana\/videos\/pildele-lui-isus-semanatorul-ep1\/\" \/>\n<meta property=\"og:locale\" content=\"ro_RO\" \/>\n<meta property=\"og:type\" content=\"article\" \/>\n<meta property=\"og:title\" content=\"Pildele lui Isus - Sem\u0103n\u0103torul - ep1 - Joyce Meyer Ministries - Romana\" \/>\n<meta property=\"og:description\" content=\"ROM_1386_3_WEB_SUB\" \/>\n<meta property=\"og:url\" content=\"https:\/\/tv.joycemeyer.org\/romana\/videos\/pildele-lui-isus-semanatorul-ep1\/\" \/>\n<meta property=\"og:site_name\" content=\"Joyce Meyer Ministries - Romana\" \/>\n<meta property=\"article:modified_time\" content=\"2024-11-18T19:43:35+00:00\" \/>\n<meta property=\"og:image\" content=\"https:\/\/tv.joycemeyer.org\/romana\/wp-content\/uploads\/sites\/51\/2024\/06\/1386-3.jpg\" \/>\n\t<meta property=\"og:image:width\" content=\"1920\" \/>\n\t<meta property=\"og:image:height\" content=\"1080\" \/>\n\t<meta property=\"og:image:type\" content=\"image\/jpeg\" \/>\n<meta name=\"twitter:card\" content=\"summary_large_image\" \/>\n<meta name=\"twitter:label1\" content=\"Timp estimat pentru citire\" \/>\n\t<meta name=\"twitter:data1\" content=\"1 minut\" \/>\n<script type=\"application\/ld+json\" class=\"yoast-schema-graph\">{\"@context\":\"https:\\\/\\\/schema.org\",\"@graph\":[{\"@type\":\"WebPage\",\"@id\":\"https:\\\/\\\/tv.joycemeyer.org\\\/romana\\\/videos\\\/pildele-lui-isus-semanatorul-ep1\\\/\",\"url\":\"https:\\\/\\\/tv.joycemeyer.org\\\/romana\\\/videos\\\/pildele-lui-isus-semanatorul-ep1\\\/\",\"name\":\"Pildele lui Isus - Sem\u0103n\u0103torul - ep1 - Joyce Meyer Ministries - Romana\",\"isPartOf\":{\"@id\":\"https:\\\/\\\/tv.joycemeyer.org\\\/romana\\\/#website\"},\"primaryImageOfPage\":{\"@id\":\"https:\\\/\\\/tv.joycemeyer.org\\\/romana\\\/videos\\\/pildele-lui-isus-semanatorul-ep1\\\/#primaryimage\"},\"image\":{\"@id\":\"https:\\\/\\\/tv.joycemeyer.org\\\/romana\\\/videos\\\/pildele-lui-isus-semanatorul-ep1\\\/#primaryimage\"},\"thumbnailUrl\":\"https:\\\/\\\/tv.joycemeyer.org\\\/romana\\\/wp-content\\\/uploads\\\/sites\\\/51\\\/2024\\\/06\\\/1386-3.jpg\",\"datePublished\":\"2024-08-26T08:00:20+00:00\",\"dateModified\":\"2024-11-18T19:43:35+00:00\",\"breadcrumb\":{\"@id\":\"https:\\\/\\\/tv.joycemeyer.org\\\/romana\\\/videos\\\/pildele-lui-isus-semanatorul-ep1\\\/#breadcrumb\"},\"inLanguage\":\"ro-RO\",\"potentialAction\":[{\"@type\":\"ReadAction\",\"target\":[\"https:\\\/\\\/tv.joycemeyer.org\\\/romana\\\/videos\\\/pildele-lui-isus-semanatorul-ep1\\\/\"]}]},{\"@type\":\"ImageObject\",\"inLanguage\":\"ro-RO\",\"@id\":\"https:\\\/\\\/tv.joycemeyer.org\\\/romana\\\/videos\\\/pildele-lui-isus-semanatorul-ep1\\\/#primaryimage\",\"url\":\"https:\\\/\\\/tv.joycemeyer.org\\\/romana\\\/wp-content\\\/uploads\\\/sites\\\/51\\\/2024\\\/06\\\/1386-3.jpg\",\"contentUrl\":\"https:\\\/\\\/tv.joycemeyer.org\\\/romana\\\/wp-content\\\/uploads\\\/sites\\\/51\\\/2024\\\/06\\\/1386-3.jpg\",\"width\":1920,\"height\":1080,\"caption\":\"Pildele lui Isus - Sem\u0103n\u0103torul - ep1\"},{\"@type\":\"BreadcrumbList\",\"@id\":\"https:\\\/\\\/tv.joycemeyer.org\\\/romana\\\/videos\\\/pildele-lui-isus-semanatorul-ep1\\\/#breadcrumb\",\"itemListElement\":[{\"@type\":\"ListItem\",\"position\":1,\"name\":\"Home\",\"item\":\"https:\\\/\\\/tv.joycemeyer.org\\\/romana\\\/\"},{\"@type\":\"ListItem\",\"position\":2,\"name\":\"Videos\",\"item\":\"https:\\\/\\\/tv.joycemeyer.org\\\/romana\\\/videos\\\/\"},{\"@type\":\"ListItem\",\"position\":3,\"name\":\"Pildele lui Isus &#8211; Sem\u0103n\u0103torul &#8211; ep1\"}]},{\"@type\":\"WebSite\",\"@id\":\"https:\\\/\\\/tv.joycemeyer.org\\\/romana\\\/#website\",\"url\":\"https:\\\/\\\/tv.joycemeyer.org\\\/romana\\\/\",\"name\":\"Joyce Meyer Ministries - Romana\",\"description\":\"Impartasindu-L pe Hristos - Iubindu-i pe oameni\",\"potentialAction\":[{\"@type\":\"SearchAction\",\"target\":{\"@type\":\"EntryPoint\",\"urlTemplate\":\"https:\\\/\\\/tv.joycemeyer.org\\\/romana\\\/?s={search_term_string}\"},\"query-input\":{\"@type\":\"PropertyValueSpecification\",\"valueRequired\":true,\"valueName\":\"search_term_string\"}}],\"inLanguage\":\"ro-RO\"}]}<\/script>\n<!-- \/ Yoast SEO plugin. -->","yoast_head_json":{"title":"Pildele lui Isus - Sem\u0103n\u0103torul - ep1 - Joyce Meyer Ministries - Romana","robots":{"index":"index","follow":"follow","max-snippet":"max-snippet:-1","max-image-preview":"max-image-preview:large","max-video-preview":"max-video-preview:-1"},"canonical":"https:\/\/tv.joycemeyer.org\/romana\/videos\/pildele-lui-isus-semanatorul-ep1\/","og_locale":"ro_RO","og_type":"article","og_title":"Pildele lui Isus - Sem\u0103n\u0103torul - ep1 - Joyce Meyer Ministries - Romana","og_description":"ROM_1386_3_WEB_SUB","og_url":"https:\/\/tv.joycemeyer.org\/romana\/videos\/pildele-lui-isus-semanatorul-ep1\/","og_site_name":"Joyce Meyer Ministries - Romana","article_modified_time":"2024-11-18T19:43:35+00:00","og_image":[{"width":1920,"height":1080,"url":"https:\/\/tv.joycemeyer.org\/romana\/wp-content\/uploads\/sites\/51\/2024\/06\/1386-3.jpg","type":"image\/jpeg"}],"twitter_card":"summary_large_image","twitter_misc":{"Timp estimat pentru citire":"1 minut"},"schema":{"@context":"https:\/\/schema.org","@graph":[{"@type":"WebPage","@id":"https:\/\/tv.joycemeyer.org\/romana\/videos\/pildele-lui-isus-semanatorul-ep1\/","url":"https:\/\/tv.joycemeyer.org\/romana\/videos\/pildele-lui-isus-semanatorul-ep1\/","name":"Pildele lui Isus - Sem\u0103n\u0103torul - ep1 - Joyce Meyer Ministries - Romana","isPartOf":{"@id":"https:\/\/tv.joycemeyer.org\/romana\/#website"},"primaryImageOfPage":{"@id":"https:\/\/tv.joycemeyer.org\/romana\/videos\/pildele-lui-isus-semanatorul-ep1\/#primaryimage"},"image":{"@id":"https:\/\/tv.joycemeyer.org\/romana\/videos\/pildele-lui-isus-semanatorul-ep1\/#primaryimage"},"thumbnailUrl":"https:\/\/tv.joycemeyer.org\/romana\/wp-content\/uploads\/sites\/51\/2024\/06\/1386-3.jpg","datePublished":"2024-08-26T08:00:20+00:00","dateModified":"2024-11-18T19:43:35+00:00","breadcrumb":{"@id":"https:\/\/tv.joycemeyer.org\/romana\/videos\/pildele-lui-isus-semanatorul-ep1\/#breadcrumb"},"inLanguage":"ro-RO","potentialAction":[{"@type":"ReadAction","target":["https:\/\/tv.joycemeyer.org\/romana\/videos\/pildele-lui-isus-semanatorul-ep1\/"]}]},{"@type":"ImageObject","inLanguage":"ro-RO","@id":"https:\/\/tv.joycemeyer.org\/romana\/videos\/pildele-lui-isus-semanatorul-ep1\/#primaryimage","url":"https:\/\/tv.joycemeyer.org\/romana\/wp-content\/uploads\/sites\/51\/2024\/06\/1386-3.jpg","contentUrl":"https:\/\/tv.joycemeyer.org\/romana\/wp-content\/uploads\/sites\/51\/2024\/06\/1386-3.jpg","width":1920,"height":1080,"caption":"Pildele lui Isus - Sem\u0103n\u0103torul - ep1"},{"@type":"BreadcrumbList","@id":"https:\/\/tv.joycemeyer.org\/romana\/videos\/pildele-lui-isus-semanatorul-ep1\/#breadcrumb","itemListElement":[{"@type":"ListItem","position":1,"name":"Home","item":"https:\/\/tv.joycemeyer.org\/romana\/"},{"@type":"ListItem","position":2,"name":"Videos","item":"https:\/\/tv.joycemeyer.org\/romana\/videos\/"},{"@type":"ListItem","position":3,"name":"Pildele lui Isus &#8211; Sem\u0103n\u0103torul &#8211; ep1"}]},{"@type":"WebSite","@id":"https:\/\/tv.joycemeyer.org\/romana\/#website","url":"https:\/\/tv.joycemeyer.org\/romana\/","name":"Joyce Meyer Ministries - Romana","description":"Impartasindu-L pe Hristos - Iubindu-i pe oameni","potentialAction":[{"@type":"SearchAction","target":{"@type":"EntryPoint","urlTemplate":"https:\/\/tv.joycemeyer.org\/romana\/?s={search_term_string}"},"query-input":{"@type":"PropertyValueSpecification","valueRequired":true,"valueName":"search_term_string"}}],"inLanguage":"ro-RO"}]}},"_links":{"self":[{"href":"https:\/\/tv.joycemeyer.org\/romana\/wp-json\/wp\/v2\/videos\/3006","targetHints":{"allow":["GET"]}}],"collection":[{"href":"https:\/\/tv.joycemeyer.org\/romana\/wp-json\/wp\/v2\/videos"}],"about":[{"href":"https:\/\/tv.joycemeyer.org\/romana\/wp-json\/wp\/v2\/types\/videos"}],"author":[{"embeddable":true,"href":"https:\/\/tv.joycemeyer.org\/romana\/wp-json\/wp\/v2\/users\/5"}],"replies":[{"embeddable":true,"href":"https:\/\/tv.joycemeyer.org\/romana\/wp-json\/wp\/v2\/comments?post=3006"}],"wp:featuredmedia":[{"embeddable":true,"href":"https:\/\/tv.joycemeyer.org\/romana\/wp-json\/wp\/v2\/media\/3007"}],"wp:attachment":[{"href":"https:\/\/tv.joycemeyer.org\/romana\/wp-json\/wp\/v2\/media?parent=3006"}],"curies":[{"name":"wp","href":"https:\/\/api.w.org\/{rel}","templated":true}]}}

Pildele lui Isus &#8211; Semănătorul &#8211; ep1

<p>Joyce vorbește despre cele patru tipuri de inimi care ascultă Cuvântul lui Dumnezeu, făcând o paralelă cu cele patru tipuri de soluri din pilda semănătorului.</p>

<!-- This site is optimized with the Yoast SEO plugin v27.4 - https://yoast.com/product/yoast-seo-wordpress/ -->
<title>Pildele lui Isus - Semănătorul - ep1 - Joyce Meyer Ministries - Romana</title>
<meta name="robots" content="index, follow, max-snippet:-1, max-image-preview:large, max-video-preview:-1" />
<link rel="canonical" href="https://tv.joycemeyer.org/romana/videos/pildele-lui-isus-semanatorul-ep1/" />
<meta property="og:locale" content="ro_RO" />
<meta property="og:type" content="article" />
<meta property="og:title" content="Pildele lui Isus - Semănătorul - ep1 - Joyce Meyer Ministries - Romana" />
<meta property="og:description" content="ROM_1386_3_WEB_SUB" />
<meta property="og:url" content="https://tv.joycemeyer.org/romana/videos/pildele-lui-isus-semanatorul-ep1/" />
<meta property="og:site_name" content="Joyce Meyer Ministries - Romana" />
<meta property="article:modified_time" content="2024-11-18T19:43:35+00:00" />
<meta property="og:image" content="https://tv.joycemeyer.org/romana/wp-content/uploads/sites/51/2024/06/1386-3.jpg" />
	<meta property="og:image:width" content="1920" />
	<meta property="og:image:height" content="1080" />
	<meta property="og:image:type" content="image/jpeg" />
<meta name="twitter:card" content="summary_large_image" />
<meta name="twitter:label1" content="Timp estimat pentru citire" />
	<meta name="twitter:data1" content="1 minut" />
<script type="application/ld+json" class="yoast-schema-graph">{"@context":"https:\/\/schema.org","@graph":[{"@type":"WebPage","@id":"https:\/\/tv.joycemeyer.org\/romana\/videos\/pildele-lui-isus-semanatorul-ep1\/","url":"https:\/\/tv.joycemeyer.org\/romana\/videos\/pildele-lui-isus-semanatorul-ep1\/","name":"Pildele lui Isus - Semănătorul - ep1 - Joyce Meyer Ministries - Romana","isPartOf":{"@id":"https:\/\/tv.joycemeyer.org\/romana\/#website"},"primaryImageOfPage":{"@id":"https:\/\/tv.joycemeyer.org\/romana\/videos\/pildele-lui-isus-semanatorul-ep1\/#primaryimage"},"image":{"@id":"https:\/\/tv.joycemeyer.org\/romana\/videos\/pildele-lui-isus-semanatorul-ep1\/#primaryimage"},"thumbnailUrl":"https:\/\/tv.joycemeyer.org\/romana\/wp-content\/uploads\/sites\/51\/2024\/06\/1386-3.jpg","datePublished":"2024-08-26T08:00:20+00:00","dateModified":"2024-11-18T19:43:35+00:00","breadcrumb":{"@id":"https:\/\/tv.joycemeyer.org\/romana\/videos\/pildele-lui-isus-semanatorul-ep1\/#breadcrumb"},"inLanguage":"ro-RO","potentialAction":[{"@type":"ReadAction","target":["https:\/\/tv.joycemeyer.org\/romana\/videos\/pildele-lui-isus-semanatorul-ep1\/"]}]},{"@type":"ImageObject","inLanguage":"ro-RO","@id":"https:\/\/tv.joycemeyer.org\/romana\/videos\/pildele-lui-isus-semanatorul-ep1\/#primaryimage","url":"https:\/\/tv.joycemeyer.org\/romana\/wp-content\/uploads\/sites\/51\/2024\/06\/1386-3.jpg","contentUrl":"https:\/\/tv.joycemeyer.org\/romana\/wp-content\/uploads\/sites\/51\/2024\/06\/1386-3.jpg","width":1920,"height":1080,"caption":"Pildele lui Isus - Semănătorul - ep1"},{"@type":"BreadcrumbList","@id":"https:\/\/tv.joycemeyer.org\/romana\/videos\/pildele-lui-isus-semanatorul-ep1\/#breadcrumb","itemListElement":[{"@type":"ListItem","position":1,"name":"Home","item":"https:\/\/tv.joycemeyer.org\/romana\/"},{"@type":"ListItem","position":2,"name":"Videos","item":"https:\/\/tv.joycemeyer.org\/romana\/videos\/"},{"@type":"ListItem","position":3,"name":"Pildele lui Isus &#8211; Semănătorul &#8211; ep1"}]},{"@type":"WebSite","@id":"https:\/\/tv.joycemeyer.org\/romana\/#website","url":"https:\/\/tv.joycemeyer.org\/romana\/","name":"Joyce Meyer Ministries - Romana","description":"Impartasindu-L pe Hristos - Iubindu-i pe oameni","potentialAction":[{"@type":"SearchAction","target":{"@type":"EntryPoint","urlTemplate":"https:\/\/tv.joycemeyer.org\/romana\/?s={search_term_string}"},"query-input":{"@type":"PropertyValueSpecification","valueRequired":true,"valueName":"search_term_string"}}],"inLanguage":"ro-RO"}]}</script>
<!-- / Yoast SEO plugin. -->

Pildele lui Isus - Semănătorul - ep1 - Joyce Meyer Ministries - Romana

Pildele lui Isus - Semănătorul - ep1
