{"id":1552,"date":"2025-07-08T00:01:32","date_gmt":"2025-07-08T00:01:32","guid":{"rendered":"https:\/\/tv.joycemeyer.org\/slovak\/?post_type=devotional&#038;p=1552"},"modified":"2025-07-08T12:43:45","modified_gmt":"2025-07-08T12:43:45","slug":"prid-ku-mne","status":"publish","type":"devotional","link":"https:\/\/tv.joycemeyer.org\/slovak\/devotional\/prid-ku-mne\/","title":{"rendered":"Pr\u00ed\u010f ku Mne"},"content":{"rendered":"<blockquote><p>\u201ePo\u010fte ku mne v\u0161etci, ktor\u00ed pracujete a ste obtia\u017een\u00ed, a ja v\u00e1m d\u00e1m odpo\u010dinutie [u\u013eah\u010d\u00edm v\u00e1m to, u\u013eav\u00ed sa v\u00e1m a ob\u010derstv\u00edm va\u0161u du\u0161u].\u201c (MAT\u00da\u0160 11:28)<\/p><\/blockquote>\n<p>Jednou z najv\u00e4\u010d\u0161\u00edch prek\u00e1\u017eok po\u010dutia Bo\u017eieho hlasu, je sna\u017ei\u0165 sa k Nemu dosta\u0165 skrze skutky a nie skrze osobn\u00fd vz\u0165ah s N\u00edm t\u00fdm, \u017ee sa znovuzrod\u00edte a budete s N\u00edm spolupracova\u0165. Boh v\u00e1m d\u00e1 silu a moc, ktor\u00fa potrebujete, aby ste Mu sl\u00fa\u017eili v spravodlivosti a sv\u00e4tosti. Ako vid\u00edme v dne\u0161nom ver\u0161i, Je\u017ei\u0161 nie je tvrd\u00fdm dozorcom. Je\u017ei\u0161 v tomto ver\u0161i hovor\u00ed: \u201eSom dobr\u00fd. M\u00f4j syst\u00e9m je dobr\u00fd, nie drsn\u00fd, tvrd\u00fd, ostr\u00fd a neprin\u00e1\u0161a tlak. M\u00f4\u017eete by\u0165 ve\u013emi jednoducho pre\u0165a\u017een\u00ed a pok\u00fasi\u0165 sa urobi\u0165 v\u0161etko, \u010do c\u00edtite, \u017ee sa od v\u00e1s o\u010dak\u00e1va. Je\u017ei\u0161 v\u00e1m v\u0161ak dnes hovor\u00ed: \u201eNeza\u0165a\u017e\u00edm \u0165a bremenom a nebudem od teba po\u017eadova\u0165 veci, ktor\u00e9 \u0165a unavia. M\u00f4j pl\u00e1n pre teba je dobr\u00fd, milostiv\u00fd a pr\u00edjemn\u00fd.&#8221;<\/p>\n<p>Ke\u010f n\u00e1m Boh povie, aby sme nie\u010do urobili, On n\u00e1m s t\u00fdm v\u017edy aj pom\u00f4\u017ee. D\u00e1va n\u00e1m schopnos\u0165, silu, pokoj a rados\u0165. Ke\u010f pln\u00edme Bo\u017eiu v\u00f4\u013eu, On n\u00e1s osvie\u017euje k\u00fdm pracujeme. Ak sa c\u00edtite pre\u0165a\u017een\u00ed, mo\u017eno rob\u00edte veci, o ktor\u00e9 v\u00e1s Boh ne\u017eiadal, alebo sa ich pok\u00fa\u0161ate robi\u0165 vlastnou silou. Op\u00fdtajte sa Ho, \u010do chce, aby ste robili a \u010do nechce, a bu\u010fte dostato\u010dne odv\u00e1\u017eni, aby ste odstr\u00e1nil v\u0161etko, \u010do On nepo\u017eehn\u00e1va.<\/p>\n<hr \/>\n<p>Bo\u017eie slovo pre teba na dnes: Odstr\u00e1\u0148 zo svojho programu v\u0161etko, \u010do neprin\u00e1\u0161a dobr\u00e9 ovocie.<\/p>\n","protected":false},"excerpt":{"rendered":"<p>Ke\u010f n\u00e1m Boh povie, aby sme nie\u010do urobili, On n\u00e1m s t\u00fdm v\u017edy aj pom\u00f4\u017ee.<\/p>\n","protected":false},"author":19,"featured_media":1553,"parent":0,"menu_order":0,"comment_status":"closed","ping_status":"closed","template":"","class_list":["post-1552","devotional","type-devotional","status-publish","has-post-thumbnail","hentry"],"acf":[],"appp":{"post_detail":{"above_title":"<div class=\"post-featured-wrap\"><img width=\"1024\" height=\"597\" src=\"https:\/\/tv.joycemeyer.org\/slovak\/wp-content\/uploads\/sites\/88\/2022\/03\/2250-1024x597.jpg\" class=\"post-featured wp-post-image\" alt=\"Pr\u00ed\u010f ku Mne\" decoding=\"async\" srcset=\"https:\/\/tv.joycemeyer.org\/slovak\/wp-content\/uploads\/sites\/88\/2022\/03\/2250-1024x597.jpg 1024w, https:\/\/tv.joycemeyer.org\/slovak\/wp-content\/uploads\/sites\/88\/2022\/03\/2250-300x175.jpg 300w, https:\/\/tv.joycemeyer.org\/slovak\/wp-content\/uploads\/sites\/88\/2022\/03\/2250-768x448.jpg 768w, https:\/\/tv.joycemeyer.org\/slovak\/wp-content\/uploads\/sites\/88\/2022\/03\/2250-1536x896.jpg 1536w, https:\/\/tv.joycemeyer.org\/slovak\/wp-content\/uploads\/sites\/88\/2022\/03\/2250.jpg 1800w\" sizes=\"(max-width: 1024px) 100vw, 1024px\" \/><\/div>","below_content":"<div class=\"follow\"><ul class=\"nav nav--social nav--flex\"><\/ul><\/div>"}},"yoast_head":"<!-- This site is optimized with the Yoast SEO plugin v27.4 - https:\/\/yoast.com\/product\/yoast-seo-wordpress\/ -->\n<title>Pr\u00ed\u010f ku Mne - Joyce Meyer Ministries - Slovak<\/title>\n<meta name=\"robots\" content=\"index, follow, max-snippet:-1, max-image-preview:large, max-video-preview:-1\" \/>\n<link rel=\"canonical\" href=\"https:\/\/tv.joycemeyer.org\/slovak\/devotional\/prid-ku-mne\/\" \/>\n<meta property=\"og:locale\" content=\"en_US\" \/>\n<meta property=\"og:type\" content=\"article\" \/>\n<meta property=\"og:title\" content=\"Pr\u00ed\u010f ku Mne - Joyce Meyer Ministries - Slovak\" \/>\n<meta property=\"og:description\" content=\"Ke\u010f n\u00e1m Boh povie, aby sme nie\u010do urobili, On n\u00e1m s t\u00fdm v\u017edy aj pom\u00f4\u017ee.\" \/>\n<meta property=\"og:url\" content=\"https:\/\/tv.joycemeyer.org\/slovak\/devotional\/prid-ku-mne\/\" \/>\n<meta property=\"og:site_name\" content=\"Joyce Meyer Ministries - Slovak\" \/>\n<meta property=\"article:modified_time\" content=\"2025-07-08T12:43:45+00:00\" \/>\n<meta property=\"og:image\" content=\"https:\/\/tv.joycemeyer.org\/slovak\/wp-content\/uploads\/sites\/88\/2022\/03\/2250.jpg\" \/>\n\t<meta property=\"og:image:width\" content=\"1800\" \/>\n\t<meta property=\"og:image:height\" content=\"1050\" \/>\n\t<meta property=\"og:image:type\" content=\"image\/jpeg\" \/>\n<meta name=\"twitter:card\" content=\"summary_large_image\" \/>\n<meta name=\"twitter:label1\" content=\"Est. reading time\" \/>\n\t<meta name=\"twitter:data1\" content=\"2 minutes\" \/>\n<script type=\"application\/ld+json\" class=\"yoast-schema-graph\">{\"@context\":\"https:\\\/\\\/schema.org\",\"@graph\":[{\"@type\":\"WebPage\",\"@id\":\"https:\\\/\\\/tv.joycemeyer.org\\\/slovak\\\/devotional\\\/prid-ku-mne\\\/\",\"url\":\"https:\\\/\\\/tv.joycemeyer.org\\\/slovak\\\/devotional\\\/prid-ku-mne\\\/\",\"name\":\"Pr\u00ed\u010f ku Mne - Joyce Meyer Ministries - Slovak\",\"isPartOf\":{\"@id\":\"https:\\\/\\\/tv.joycemeyer.org\\\/slovak\\\/#website\"},\"primaryImageOfPage\":{\"@id\":\"https:\\\/\\\/tv.joycemeyer.org\\\/slovak\\\/devotional\\\/prid-ku-mne\\\/#primaryimage\"},\"image\":{\"@id\":\"https:\\\/\\\/tv.joycemeyer.org\\\/slovak\\\/devotional\\\/prid-ku-mne\\\/#primaryimage\"},\"thumbnailUrl\":\"https:\\\/\\\/tv.joycemeyer.org\\\/slovak\\\/wp-content\\\/uploads\\\/sites\\\/88\\\/2022\\\/03\\\/2250.jpg\",\"datePublished\":\"2025-07-08T00:01:32+00:00\",\"dateModified\":\"2025-07-08T12:43:45+00:00\",\"breadcrumb\":{\"@id\":\"https:\\\/\\\/tv.joycemeyer.org\\\/slovak\\\/devotional\\\/prid-ku-mne\\\/#breadcrumb\"},\"inLanguage\":\"en-US\",\"potentialAction\":[{\"@type\":\"ReadAction\",\"target\":[\"https:\\\/\\\/tv.joycemeyer.org\\\/slovak\\\/devotional\\\/prid-ku-mne\\\/\"]}]},{\"@type\":\"ImageObject\",\"inLanguage\":\"en-US\",\"@id\":\"https:\\\/\\\/tv.joycemeyer.org\\\/slovak\\\/devotional\\\/prid-ku-mne\\\/#primaryimage\",\"url\":\"https:\\\/\\\/tv.joycemeyer.org\\\/slovak\\\/wp-content\\\/uploads\\\/sites\\\/88\\\/2022\\\/03\\\/2250.jpg\",\"contentUrl\":\"https:\\\/\\\/tv.joycemeyer.org\\\/slovak\\\/wp-content\\\/uploads\\\/sites\\\/88\\\/2022\\\/03\\\/2250.jpg\",\"width\":1800,\"height\":1050,\"caption\":\"Pr\u00ed\u010f ku Mne\"},{\"@type\":\"BreadcrumbList\",\"@id\":\"https:\\\/\\\/tv.joycemeyer.org\\\/slovak\\\/devotional\\\/prid-ku-mne\\\/#breadcrumb\",\"itemListElement\":[{\"@type\":\"ListItem\",\"position\":1,\"name\":\"Home\",\"item\":\"https:\\\/\\\/tv.joycemeyer.org\\\/slovak\\\/\"},{\"@type\":\"ListItem\",\"position\":2,\"name\":\"Devotional\",\"item\":\"https:\\\/\\\/tv.joycemeyer.org\\\/slovak\\\/devotional\\\/\"},{\"@type\":\"ListItem\",\"position\":3,\"name\":\"Pr\u00ed\u010f ku Mne\"}]},{\"@type\":\"WebSite\",\"@id\":\"https:\\\/\\\/tv.joycemeyer.org\\\/slovak\\\/#website\",\"url\":\"https:\\\/\\\/tv.joycemeyer.org\\\/slovak\\\/\",\"name\":\"Joyce Meyer Ministries - Slovak\",\"description\":\"Zdie\u013ea\u0165 Krista - Milova\u0165 \u013eud\u00ed\",\"potentialAction\":[{\"@type\":\"SearchAction\",\"target\":{\"@type\":\"EntryPoint\",\"urlTemplate\":\"https:\\\/\\\/tv.joycemeyer.org\\\/slovak\\\/?s={search_term_string}\"},\"query-input\":{\"@type\":\"PropertyValueSpecification\",\"valueRequired\":true,\"valueName\":\"search_term_string\"}}],\"inLanguage\":\"en-US\"}]}<\/script>\n<!-- \/ Yoast SEO plugin. -->","yoast_head_json":{"title":"Pr\u00ed\u010f ku Mne - Joyce Meyer Ministries - Slovak","robots":{"index":"index","follow":"follow","max-snippet":"max-snippet:-1","max-image-preview":"max-image-preview:large","max-video-preview":"max-video-preview:-1"},"canonical":"https:\/\/tv.joycemeyer.org\/slovak\/devotional\/prid-ku-mne\/","og_locale":"en_US","og_type":"article","og_title":"Pr\u00ed\u010f ku Mne - Joyce Meyer Ministries - Slovak","og_description":"Ke\u010f n\u00e1m Boh povie, aby sme nie\u010do urobili, On n\u00e1m s t\u00fdm v\u017edy aj pom\u00f4\u017ee.","og_url":"https:\/\/tv.joycemeyer.org\/slovak\/devotional\/prid-ku-mne\/","og_site_name":"Joyce Meyer Ministries - Slovak","article_modified_time":"2025-07-08T12:43:45+00:00","og_image":[{"width":1800,"height":1050,"url":"https:\/\/tv.joycemeyer.org\/slovak\/wp-content\/uploads\/sites\/88\/2022\/03\/2250.jpg","type":"image\/jpeg"}],"twitter_card":"summary_large_image","twitter_misc":{"Est. reading time":"2 minutes"},"schema":{"@context":"https:\/\/schema.org","@graph":[{"@type":"WebPage","@id":"https:\/\/tv.joycemeyer.org\/slovak\/devotional\/prid-ku-mne\/","url":"https:\/\/tv.joycemeyer.org\/slovak\/devotional\/prid-ku-mne\/","name":"Pr\u00ed\u010f ku Mne - Joyce Meyer Ministries - Slovak","isPartOf":{"@id":"https:\/\/tv.joycemeyer.org\/slovak\/#website"},"primaryImageOfPage":{"@id":"https:\/\/tv.joycemeyer.org\/slovak\/devotional\/prid-ku-mne\/#primaryimage"},"image":{"@id":"https:\/\/tv.joycemeyer.org\/slovak\/devotional\/prid-ku-mne\/#primaryimage"},"thumbnailUrl":"https:\/\/tv.joycemeyer.org\/slovak\/wp-content\/uploads\/sites\/88\/2022\/03\/2250.jpg","datePublished":"2025-07-08T00:01:32+00:00","dateModified":"2025-07-08T12:43:45+00:00","breadcrumb":{"@id":"https:\/\/tv.joycemeyer.org\/slovak\/devotional\/prid-ku-mne\/#breadcrumb"},"inLanguage":"en-US","potentialAction":[{"@type":"ReadAction","target":["https:\/\/tv.joycemeyer.org\/slovak\/devotional\/prid-ku-mne\/"]}]},{"@type":"ImageObject","inLanguage":"en-US","@id":"https:\/\/tv.joycemeyer.org\/slovak\/devotional\/prid-ku-mne\/#primaryimage","url":"https:\/\/tv.joycemeyer.org\/slovak\/wp-content\/uploads\/sites\/88\/2022\/03\/2250.jpg","contentUrl":"https:\/\/tv.joycemeyer.org\/slovak\/wp-content\/uploads\/sites\/88\/2022\/03\/2250.jpg","width":1800,"height":1050,"caption":"Pr\u00ed\u010f ku Mne"},{"@type":"BreadcrumbList","@id":"https:\/\/tv.joycemeyer.org\/slovak\/devotional\/prid-ku-mne\/#breadcrumb","itemListElement":[{"@type":"ListItem","position":1,"name":"Home","item":"https:\/\/tv.joycemeyer.org\/slovak\/"},{"@type":"ListItem","position":2,"name":"Devotional","item":"https:\/\/tv.joycemeyer.org\/slovak\/devotional\/"},{"@type":"ListItem","position":3,"name":"Pr\u00ed\u010f ku Mne"}]},{"@type":"WebSite","@id":"https:\/\/tv.joycemeyer.org\/slovak\/#website","url":"https:\/\/tv.joycemeyer.org\/slovak\/","name":"Joyce Meyer Ministries - Slovak","description":"Zdie\u013ea\u0165 Krista - Milova\u0165 \u013eud\u00ed","potentialAction":[{"@type":"SearchAction","target":{"@type":"EntryPoint","urlTemplate":"https:\/\/tv.joycemeyer.org\/slovak\/?s={search_term_string}"},"query-input":{"@type":"PropertyValueSpecification","valueRequired":true,"valueName":"search_term_string"}}],"inLanguage":"en-US"}]}},"_links":{"self":[{"href":"https:\/\/tv.joycemeyer.org\/slovak\/wp-json\/wp\/v2\/devotional\/1552","targetHints":{"allow":["GET"]}}],"collection":[{"href":"https:\/\/tv.joycemeyer.org\/slovak\/wp-json\/wp\/v2\/devotional"}],"about":[{"href":"https:\/\/tv.joycemeyer.org\/slovak\/wp-json\/wp\/v2\/types\/devotional"}],"author":[{"embeddable":true,"href":"https:\/\/tv.joycemeyer.org\/slovak\/wp-json\/wp\/v2\/users\/19"}],"replies":[{"embeddable":true,"href":"https:\/\/tv.joycemeyer.org\/slovak\/wp-json\/wp\/v2\/comments?post=1552"}],"wp:featuredmedia":[{"embeddable":true,"href":"https:\/\/tv.joycemeyer.org\/slovak\/wp-json\/wp\/v2\/media\/1553"}],"wp:attachment":[{"href":"https:\/\/tv.joycemeyer.org\/slovak\/wp-json\/wp\/v2\/media?parent=1552"}],"curies":[{"name":"wp","href":"https:\/\/api.w.org\/{rel}","templated":true}]}}

Príď ku Mne

<blockquote><p>„Poďte ku mne všetci, ktorí pracujete a ste obtiažení, a ja vám dám odpočinutie [uľahčím vám to, uľaví sa vám a občerstvím vašu dušu].“ (MATÚŠ 11:28)</p></blockquote>
<p>Jednou z najväčších prekážok počutia Božieho hlasu, je snažiť sa k Nemu dostať skrze skutky a nie skrze osobný vzťah s Ním tým, že sa znovuzrodíte a budete s Ním spolupracovať. Boh vám dá silu a moc, ktorú potrebujete, aby ste Mu slúžili v spravodlivosti a svätosti. Ako vidíme v dnešnom verši, Ježiš nie je tvrdým dozorcom. Ježiš v tomto verši hovorí: „Som dobrý. Môj systém je dobrý, nie drsný, tvrdý, ostrý a neprináša tlak. Môžete byť veľmi jednoducho preťažení a pokúsiť sa urobiť všetko, čo cítite, že sa od vás očakáva. Ježiš vám však dnes hovorí: „Nezaťažím ťa bremenom a nebudem od teba požadovať veci, ktoré ťa unavia. Môj plán pre teba je dobrý, milostivý a príjemný.&#8221;</p>
<p>Keď nám Boh povie, aby sme niečo urobili, On nám s tým vždy aj pomôže. Dáva nám schopnosť, silu, pokoj a radosť. Keď plníme Božiu vôľu, On nás osviežuje kým pracujeme. Ak sa cítite preťažení, možno robíte veci, o ktoré vás Boh nežiadal, alebo sa ich pokúšate robiť vlastnou silou. Opýtajte sa Ho, čo chce, aby ste robili a čo nechce, a buďte dostatočne odvážni, aby ste odstránil všetko, čo On nepožehnáva.</p>
<hr />
<p>Božie slovo pre teba na dnes: Odstráň zo svojho programu všetko, čo neprináša dobré ovocie.</p>

<p>Keď nám Boh povie, aby sme niečo urobili, On nám s tým vždy aj pomôže.</p>

<div class="post-featured-wrap"><img width="1024" height="597" src="https://tv.joycemeyer.org/slovak/wp-content/uploads/sites/88/2022/03/2250-1024x597.jpg" class="post-featured wp-post-image" alt="Príď ku Mne" decoding="async" srcset="https://tv.joycemeyer.org/slovak/wp-content/uploads/sites/88/2022/03/2250-1024x597.jpg 1024w, https://tv.joycemeyer.org/slovak/wp-content/uploads/sites/88/2022/03/2250-300x175.jpg 300w, https://tv.joycemeyer.org/slovak/wp-content/uploads/sites/88/2022/03/2250-768x448.jpg 768w, https://tv.joycemeyer.org/slovak/wp-content/uploads/sites/88/2022/03/2250-1536x896.jpg 1536w, https://tv.joycemeyer.org/slovak/wp-content/uploads/sites/88/2022/03/2250.jpg 1800w" sizes="(max-width: 1024px) 100vw, 1024px" /></div>

<!-- This site is optimized with the Yoast SEO plugin v27.4 - https://yoast.com/product/yoast-seo-wordpress/ -->
<title>Príď ku Mne - Joyce Meyer Ministries - Slovak</title>
<meta name="robots" content="index, follow, max-snippet:-1, max-image-preview:large, max-video-preview:-1" />
<link rel="canonical" href="https://tv.joycemeyer.org/slovak/devotional/prid-ku-mne/" />
<meta property="og:locale" content="en_US" />
<meta property="og:type" content="article" />
<meta property="og:title" content="Príď ku Mne - Joyce Meyer Ministries - Slovak" />
<meta property="og:description" content="Keď nám Boh povie, aby sme niečo urobili, On nám s tým vždy aj pomôže." />
<meta property="og:url" content="https://tv.joycemeyer.org/slovak/devotional/prid-ku-mne/" />
<meta property="og:site_name" content="Joyce Meyer Ministries - Slovak" />
<meta property="article:modified_time" content="2025-07-08T12:43:45+00:00" />
<meta property="og:image" content="https://tv.joycemeyer.org/slovak/wp-content/uploads/sites/88/2022/03/2250.jpg" />
	<meta property="og:image:width" content="1800" />
	<meta property="og:image:height" content="1050" />
	<meta property="og:image:type" content="image/jpeg" />
<meta name="twitter:card" content="summary_large_image" />
<meta name="twitter:label1" content="Est. reading time" />
	<meta name="twitter:data1" content="2 minutes" />
<script type="application/ld+json" class="yoast-schema-graph">{"@context":"https:\/\/schema.org","@graph":[{"@type":"WebPage","@id":"https:\/\/tv.joycemeyer.org\/slovak\/devotional\/prid-ku-mne\/","url":"https:\/\/tv.joycemeyer.org\/slovak\/devotional\/prid-ku-mne\/","name":"Príď ku Mne - Joyce Meyer Ministries - Slovak","isPartOf":{"@id":"https:\/\/tv.joycemeyer.org\/slovak\/#website"},"primaryImageOfPage":{"@id":"https:\/\/tv.joycemeyer.org\/slovak\/devotional\/prid-ku-mne\/#primaryimage"},"image":{"@id":"https:\/\/tv.joycemeyer.org\/slovak\/devotional\/prid-ku-mne\/#primaryimage"},"thumbnailUrl":"https:\/\/tv.joycemeyer.org\/slovak\/wp-content\/uploads\/sites\/88\/2022\/03\/2250.jpg","datePublished":"2025-07-08T00:01:32+00:00","dateModified":"2025-07-08T12:43:45+00:00","breadcrumb":{"@id":"https:\/\/tv.joycemeyer.org\/slovak\/devotional\/prid-ku-mne\/#breadcrumb"},"inLanguage":"en-US","potentialAction":[{"@type":"ReadAction","target":["https:\/\/tv.joycemeyer.org\/slovak\/devotional\/prid-ku-mne\/"]}]},{"@type":"ImageObject","inLanguage":"en-US","@id":"https:\/\/tv.joycemeyer.org\/slovak\/devotional\/prid-ku-mne\/#primaryimage","url":"https:\/\/tv.joycemeyer.org\/slovak\/wp-content\/uploads\/sites\/88\/2022\/03\/2250.jpg","contentUrl":"https:\/\/tv.joycemeyer.org\/slovak\/wp-content\/uploads\/sites\/88\/2022\/03\/2250.jpg","width":1800,"height":1050,"caption":"Príď ku Mne"},{"@type":"BreadcrumbList","@id":"https:\/\/tv.joycemeyer.org\/slovak\/devotional\/prid-ku-mne\/#breadcrumb","itemListElement":[{"@type":"ListItem","position":1,"name":"Home","item":"https:\/\/tv.joycemeyer.org\/slovak\/"},{"@type":"ListItem","position":2,"name":"Devotional","item":"https:\/\/tv.joycemeyer.org\/slovak\/devotional\/"},{"@type":"ListItem","position":3,"name":"Príď ku Mne"}]},{"@type":"WebSite","@id":"https:\/\/tv.joycemeyer.org\/slovak\/#website","url":"https:\/\/tv.joycemeyer.org\/slovak\/","name":"Joyce Meyer Ministries - Slovak","description":"Zdieľať Krista - Milovať ľudí","potentialAction":[{"@type":"SearchAction","target":{"@type":"EntryPoint","urlTemplate":"https:\/\/tv.joycemeyer.org\/slovak\/?s={search_term_string}"},"query-input":{"@type":"PropertyValueSpecification","valueRequired":true,"valueName":"search_term_string"}}],"inLanguage":"en-US"}]}</script>
<!-- / Yoast SEO plugin. -->

Príď ku Mne - Joyce Meyer Ministries - Slovak

Keď nám Boh povie, aby sme niečo urobili, On nám s tým vždy aj pomôže.

Zdieľať Krista - Milovať ľudí
