{"id":1838,"date":"2025-11-20T00:01:52","date_gmt":"2025-11-20T00:01:52","guid":{"rendered":"https:\/\/tv.joycemeyer.org\/slovak\/?post_type=devotional&#038;p=1838"},"modified":"2025-10-07T16:46:10","modified_gmt":"2025-10-07T16:46:10","slug":"osamote-s-bohom","status":"publish","type":"devotional","link":"https:\/\/tv.joycemeyer.org\/slovak\/devotional\/osamote-s-bohom\/","title":{"rendered":"Osamote s Bohom"},"content":{"rendered":"<blockquote><p>\u201eA rozpustiac z\u00e1stupy vy\u0161iel na vrch osobitne modli\u0165 sa. A ke\u010f bol ve\u010der, bol tam s\u00e1m.\u201c (MAT\u00da\u0160 14:23)<\/p><\/blockquote>\n<p>Str\u00e1vi\u0165 \u010das osamote s Bohom na tichom mieste je pre m\u0148a \u017eivotne d\u00f4le\u017eit\u00e9 a ver\u00edm, \u017ee je to d\u00f4le\u017eit\u00e9 aj pre v\u00e1s. Vo svojom dome m\u00e1m kancel\u00e1riu, kde sa ka\u017ed\u00e9 r\u00e1no chod\u00edm stretn\u00fa\u0165 s Bohom predt\u00fdm, ne\u017e za\u010dnem svoj de\u0148. Okrem toho asi tak \u0161tyrikr\u00e1t do roka od\u00eddem pre\u010d a som sama. U\u017e\u00edvam si to a potrebujem dlh\u0161\u00ed \u010das na st\u00ed\u0161enie a s\u00fastredenie sa na Boha.<\/p>\n<p>V\u00e4\u010d\u0161ina \u013eud\u00ed si berie ka\u017ed\u00fd rok dovolenku a pl\u00e1nuje t\u00fd\u017ede\u0148 pln\u00fd z\u00e1bavy. Chceme sa bavi\u0165, relaxova\u0165 a nie je na tom ni\u010d zl\u00e9. Potrebujeme to, aby sme si udr\u017eali vyv\u00e1\u017een\u00fd, zdrav\u00fd \u017eivot a em\u00f3cie. V skuto\u010dnosti, ale ove\u013ea viac potrebujeme duchovn\u00e9 pr\u00e1zdniny a mali by by\u0165 prvou vecou, ktor\u00fa si zap\u00ed\u0161eme nielen do n\u00e1\u0161ho ro\u010dn\u00e9ho kalend\u00e1ra, ale aj do n\u00e1\u0161ho t\u00fd\u017edenn\u00e9ho rozvrhu.<\/p>\n<p>Len si predstavte ako by to ctilo Boha, keby ste si pre Neho zarezervovali \u010das sk\u00f4r, ako si ho zarezervujete na \u010doko\u013evek in\u00e9. Vediem konferencie v Spojen\u00fdch \u0161t\u00e1toch a v zahrani\u010d\u00ed, a v\u017edy na ma zap\u00f4sobia \u013eudia, ktor\u00ed cestuj\u00fa a ber\u00fa si dovolenky, aby na konferenciu pri\u0161li. Patr\u00ed im moja poklona a viem, \u017ee Boh je hrd\u00fd na ich rozhodnutie. T\u00edto \u013eudia bud\u00fa r\u00e1s\u0165 duchovne, preto\u017ee nie\u010do obetuj\u00fa, aby mohli tr\u00e1vi\u0165 \u010das s Bohom.<\/p>\n<p>Ne\u010dakajte, k\u00fdm pr\u00eddu nejak\u00e9 \u0165a\u017ekosti alebo trag\u00e9die, aby ste museli tr\u00e1vi\u0165 \u010das s Bohom a na\u0161li tak rie\u0161enie svojej situ\u00e1cie. Najprv h\u013eadajte Boha, robte to pravidelne a potom budete duchovne silnej\u0161\u00ed, a schopn\u00ed vysporiada\u0165 sa so v\u0161etk\u00fdm, \u010do pr\u00edde. Ak Je\u017ei\u0161 potreboval by\u0165 osamote s Bohom Otcom, potom to ur\u010dite potrebujeme aj my.<\/p>\n<hr \/>\n<p>Bo\u017eie slovo pre teba na dnes:\u00a0Vyber si svoj kalend\u00e1r hne\u010f teraz a napl\u00e1nuj si nejak\u00fd \u0161peci\u00e1lny \u010das s Bohom.<\/p>\n","protected":false},"excerpt":{"rendered":"<p>Str\u00e1vi\u0165 \u010das osamote s Bohom na tichom mieste je pre m\u0148a \u017eivotne d\u00f4le\u017eit\u00e9 a ver\u00edm, \u017ee je to d\u00f4le\u017eit\u00e9 aj pre v\u00e1s&#8230;<\/p>\n","protected":false},"author":19,"featured_media":1839,"parent":0,"menu_order":0,"comment_status":"closed","ping_status":"closed","template":"","class_list":["post-1838","devotional","type-devotional","status-publish","has-post-thumbnail","hentry"],"acf":[],"appp":{"post_detail":{"above_title":"<div class=\"post-featured-wrap\"><img width=\"1024\" height=\"597\" src=\"https:\/\/tv.joycemeyer.org\/slovak\/wp-content\/uploads\/sites\/88\/2022\/07\/2623-1024x597.jpg\" class=\"post-featured wp-post-image\" alt=\"Osamote s Bohom\" decoding=\"async\" srcset=\"https:\/\/tv.joycemeyer.org\/slovak\/wp-content\/uploads\/sites\/88\/2022\/07\/2623-1024x597.jpg 1024w, https:\/\/tv.joycemeyer.org\/slovak\/wp-content\/uploads\/sites\/88\/2022\/07\/2623-300x175.jpg 300w, https:\/\/tv.joycemeyer.org\/slovak\/wp-content\/uploads\/sites\/88\/2022\/07\/2623-768x448.jpg 768w, https:\/\/tv.joycemeyer.org\/slovak\/wp-content\/uploads\/sites\/88\/2022\/07\/2623-1536x896.jpg 1536w, https:\/\/tv.joycemeyer.org\/slovak\/wp-content\/uploads\/sites\/88\/2022\/07\/2623.jpg 1800w\" sizes=\"(max-width: 1024px) 100vw, 1024px\" \/><\/div>","below_content":"<div class=\"follow\"><ul class=\"nav nav--social nav--flex\"><\/ul><\/div>"}},"yoast_head":"<!-- This site is optimized with the Yoast SEO plugin v27.4 - https:\/\/yoast.com\/product\/yoast-seo-wordpress\/ -->\n<title>Osamote s Bohom - Joyce Meyer Ministries - Slovak<\/title>\n<meta name=\"robots\" content=\"index, follow, max-snippet:-1, max-image-preview:large, max-video-preview:-1\" \/>\n<link rel=\"canonical\" href=\"https:\/\/tv.joycemeyer.org\/slovak\/devotional\/osamote-s-bohom\/\" \/>\n<meta property=\"og:locale\" content=\"en_US\" \/>\n<meta property=\"og:type\" content=\"article\" \/>\n<meta property=\"og:title\" content=\"Osamote s Bohom - Joyce Meyer Ministries - Slovak\" \/>\n<meta property=\"og:description\" content=\"Str\u00e1vi\u0165 \u010das osamote s Bohom na tichom mieste je pre m\u0148a \u017eivotne d\u00f4le\u017eit\u00e9 a ver\u00edm, \u017ee je to d\u00f4le\u017eit\u00e9 aj pre v\u00e1s...\" \/>\n<meta property=\"og:url\" content=\"https:\/\/tv.joycemeyer.org\/slovak\/devotional\/osamote-s-bohom\/\" \/>\n<meta property=\"og:site_name\" content=\"Joyce Meyer Ministries - Slovak\" \/>\n<meta property=\"og:image\" content=\"https:\/\/tv.joycemeyer.org\/slovak\/wp-content\/uploads\/sites\/88\/2022\/07\/2623.jpg\" \/>\n\t<meta property=\"og:image:width\" content=\"1800\" \/>\n\t<meta property=\"og:image:height\" content=\"1050\" \/>\n\t<meta property=\"og:image:type\" content=\"image\/jpeg\" \/>\n<meta name=\"twitter:card\" content=\"summary_large_image\" \/>\n<meta name=\"twitter:label1\" content=\"Est. reading time\" \/>\n\t<meta name=\"twitter:data1\" content=\"2 minutes\" \/>\n<script type=\"application\/ld+json\" class=\"yoast-schema-graph\">{\"@context\":\"https:\\\/\\\/schema.org\",\"@graph\":[{\"@type\":\"WebPage\",\"@id\":\"https:\\\/\\\/tv.joycemeyer.org\\\/slovak\\\/devotional\\\/osamote-s-bohom\\\/\",\"url\":\"https:\\\/\\\/tv.joycemeyer.org\\\/slovak\\\/devotional\\\/osamote-s-bohom\\\/\",\"name\":\"Osamote s Bohom - Joyce Meyer Ministries - Slovak\",\"isPartOf\":{\"@id\":\"https:\\\/\\\/tv.joycemeyer.org\\\/slovak\\\/#website\"},\"primaryImageOfPage\":{\"@id\":\"https:\\\/\\\/tv.joycemeyer.org\\\/slovak\\\/devotional\\\/osamote-s-bohom\\\/#primaryimage\"},\"image\":{\"@id\":\"https:\\\/\\\/tv.joycemeyer.org\\\/slovak\\\/devotional\\\/osamote-s-bohom\\\/#primaryimage\"},\"thumbnailUrl\":\"https:\\\/\\\/tv.joycemeyer.org\\\/slovak\\\/wp-content\\\/uploads\\\/sites\\\/88\\\/2022\\\/07\\\/2623.jpg\",\"datePublished\":\"2025-11-20T00:01:52+00:00\",\"breadcrumb\":{\"@id\":\"https:\\\/\\\/tv.joycemeyer.org\\\/slovak\\\/devotional\\\/osamote-s-bohom\\\/#breadcrumb\"},\"inLanguage\":\"en-US\",\"potentialAction\":[{\"@type\":\"ReadAction\",\"target\":[\"https:\\\/\\\/tv.joycemeyer.org\\\/slovak\\\/devotional\\\/osamote-s-bohom\\\/\"]}]},{\"@type\":\"ImageObject\",\"inLanguage\":\"en-US\",\"@id\":\"https:\\\/\\\/tv.joycemeyer.org\\\/slovak\\\/devotional\\\/osamote-s-bohom\\\/#primaryimage\",\"url\":\"https:\\\/\\\/tv.joycemeyer.org\\\/slovak\\\/wp-content\\\/uploads\\\/sites\\\/88\\\/2022\\\/07\\\/2623.jpg\",\"contentUrl\":\"https:\\\/\\\/tv.joycemeyer.org\\\/slovak\\\/wp-content\\\/uploads\\\/sites\\\/88\\\/2022\\\/07\\\/2623.jpg\",\"width\":1800,\"height\":1050,\"caption\":\"Osamote s Bohom\"},{\"@type\":\"BreadcrumbList\",\"@id\":\"https:\\\/\\\/tv.joycemeyer.org\\\/slovak\\\/devotional\\\/osamote-s-bohom\\\/#breadcrumb\",\"itemListElement\":[{\"@type\":\"ListItem\",\"position\":1,\"name\":\"Home\",\"item\":\"https:\\\/\\\/tv.joycemeyer.org\\\/slovak\\\/\"},{\"@type\":\"ListItem\",\"position\":2,\"name\":\"Devotional\",\"item\":\"https:\\\/\\\/tv.joycemeyer.org\\\/slovak\\\/devotional\\\/\"},{\"@type\":\"ListItem\",\"position\":3,\"name\":\"Osamote s Bohom\"}]},{\"@type\":\"WebSite\",\"@id\":\"https:\\\/\\\/tv.joycemeyer.org\\\/slovak\\\/#website\",\"url\":\"https:\\\/\\\/tv.joycemeyer.org\\\/slovak\\\/\",\"name\":\"Joyce Meyer Ministries - Slovak\",\"description\":\"Zdie\u013ea\u0165 Krista - Milova\u0165 \u013eud\u00ed\",\"potentialAction\":[{\"@type\":\"SearchAction\",\"target\":{\"@type\":\"EntryPoint\",\"urlTemplate\":\"https:\\\/\\\/tv.joycemeyer.org\\\/slovak\\\/?s={search_term_string}\"},\"query-input\":{\"@type\":\"PropertyValueSpecification\",\"valueRequired\":true,\"valueName\":\"search_term_string\"}}],\"inLanguage\":\"en-US\"}]}<\/script>\n<!-- \/ Yoast SEO plugin. -->","yoast_head_json":{"title":"Osamote s Bohom - Joyce Meyer Ministries - Slovak","robots":{"index":"index","follow":"follow","max-snippet":"max-snippet:-1","max-image-preview":"max-image-preview:large","max-video-preview":"max-video-preview:-1"},"canonical":"https:\/\/tv.joycemeyer.org\/slovak\/devotional\/osamote-s-bohom\/","og_locale":"en_US","og_type":"article","og_title":"Osamote s Bohom - Joyce Meyer Ministries - Slovak","og_description":"Str\u00e1vi\u0165 \u010das osamote s Bohom na tichom mieste je pre m\u0148a \u017eivotne d\u00f4le\u017eit\u00e9 a ver\u00edm, \u017ee je to d\u00f4le\u017eit\u00e9 aj pre v\u00e1s...","og_url":"https:\/\/tv.joycemeyer.org\/slovak\/devotional\/osamote-s-bohom\/","og_site_name":"Joyce Meyer Ministries - Slovak","og_image":[{"width":1800,"height":1050,"url":"https:\/\/tv.joycemeyer.org\/slovak\/wp-content\/uploads\/sites\/88\/2022\/07\/2623.jpg","type":"image\/jpeg"}],"twitter_card":"summary_large_image","twitter_misc":{"Est. reading time":"2 minutes"},"schema":{"@context":"https:\/\/schema.org","@graph":[{"@type":"WebPage","@id":"https:\/\/tv.joycemeyer.org\/slovak\/devotional\/osamote-s-bohom\/","url":"https:\/\/tv.joycemeyer.org\/slovak\/devotional\/osamote-s-bohom\/","name":"Osamote s Bohom - Joyce Meyer Ministries - Slovak","isPartOf":{"@id":"https:\/\/tv.joycemeyer.org\/slovak\/#website"},"primaryImageOfPage":{"@id":"https:\/\/tv.joycemeyer.org\/slovak\/devotional\/osamote-s-bohom\/#primaryimage"},"image":{"@id":"https:\/\/tv.joycemeyer.org\/slovak\/devotional\/osamote-s-bohom\/#primaryimage"},"thumbnailUrl":"https:\/\/tv.joycemeyer.org\/slovak\/wp-content\/uploads\/sites\/88\/2022\/07\/2623.jpg","datePublished":"2025-11-20T00:01:52+00:00","breadcrumb":{"@id":"https:\/\/tv.joycemeyer.org\/slovak\/devotional\/osamote-s-bohom\/#breadcrumb"},"inLanguage":"en-US","potentialAction":[{"@type":"ReadAction","target":["https:\/\/tv.joycemeyer.org\/slovak\/devotional\/osamote-s-bohom\/"]}]},{"@type":"ImageObject","inLanguage":"en-US","@id":"https:\/\/tv.joycemeyer.org\/slovak\/devotional\/osamote-s-bohom\/#primaryimage","url":"https:\/\/tv.joycemeyer.org\/slovak\/wp-content\/uploads\/sites\/88\/2022\/07\/2623.jpg","contentUrl":"https:\/\/tv.joycemeyer.org\/slovak\/wp-content\/uploads\/sites\/88\/2022\/07\/2623.jpg","width":1800,"height":1050,"caption":"Osamote s Bohom"},{"@type":"BreadcrumbList","@id":"https:\/\/tv.joycemeyer.org\/slovak\/devotional\/osamote-s-bohom\/#breadcrumb","itemListElement":[{"@type":"ListItem","position":1,"name":"Home","item":"https:\/\/tv.joycemeyer.org\/slovak\/"},{"@type":"ListItem","position":2,"name":"Devotional","item":"https:\/\/tv.joycemeyer.org\/slovak\/devotional\/"},{"@type":"ListItem","position":3,"name":"Osamote s Bohom"}]},{"@type":"WebSite","@id":"https:\/\/tv.joycemeyer.org\/slovak\/#website","url":"https:\/\/tv.joycemeyer.org\/slovak\/","name":"Joyce Meyer Ministries - Slovak","description":"Zdie\u013ea\u0165 Krista - Milova\u0165 \u013eud\u00ed","potentialAction":[{"@type":"SearchAction","target":{"@type":"EntryPoint","urlTemplate":"https:\/\/tv.joycemeyer.org\/slovak\/?s={search_term_string}"},"query-input":{"@type":"PropertyValueSpecification","valueRequired":true,"valueName":"search_term_string"}}],"inLanguage":"en-US"}]}},"_links":{"self":[{"href":"https:\/\/tv.joycemeyer.org\/slovak\/wp-json\/wp\/v2\/devotional\/1838","targetHints":{"allow":["GET"]}}],"collection":[{"href":"https:\/\/tv.joycemeyer.org\/slovak\/wp-json\/wp\/v2\/devotional"}],"about":[{"href":"https:\/\/tv.joycemeyer.org\/slovak\/wp-json\/wp\/v2\/types\/devotional"}],"author":[{"embeddable":true,"href":"https:\/\/tv.joycemeyer.org\/slovak\/wp-json\/wp\/v2\/users\/19"}],"replies":[{"embeddable":true,"href":"https:\/\/tv.joycemeyer.org\/slovak\/wp-json\/wp\/v2\/comments?post=1838"}],"wp:featuredmedia":[{"embeddable":true,"href":"https:\/\/tv.joycemeyer.org\/slovak\/wp-json\/wp\/v2\/media\/1839"}],"wp:attachment":[{"href":"https:\/\/tv.joycemeyer.org\/slovak\/wp-json\/wp\/v2\/media?parent=1838"}],"curies":[{"name":"wp","href":"https:\/\/api.w.org\/{rel}","templated":true}]}}

<blockquote><p>„A rozpustiac zástupy vyšiel na vrch osobitne modliť sa. A keď bol večer, bol tam sám.“ (MATÚŠ 14:23)</p></blockquote>
<p>Stráviť čas osamote s Bohom na tichom mieste je pre mňa životne dôležité a verím, že je to dôležité aj pre vás. Vo svojom dome mám kanceláriu, kde sa každé ráno chodím stretnúť s Bohom predtým, než začnem svoj deň. Okrem toho asi tak štyrikrát do roka odídem preč a som sama. Užívam si to a potrebujem dlhší čas na stíšenie a sústredenie sa na Boha.</p>
<p>Väčšina ľudí si berie každý rok dovolenku a plánuje týždeň plný zábavy. Chceme sa baviť, relaxovať a nie je na tom nič zlé. Potrebujeme to, aby sme si udržali vyvážený, zdravý život a emócie. V skutočnosti, ale oveľa viac potrebujeme duchovné prázdniny a mali by byť prvou vecou, ktorú si zapíšeme nielen do nášho ročného kalendára, ale aj do nášho týždenného rozvrhu.</p>
<p>Len si predstavte ako by to ctilo Boha, keby ste si pre Neho zarezervovali čas skôr, ako si ho zarezervujete na čokoľvek iné. Vediem konferencie v Spojených štátoch a v zahraničí, a vždy na ma zapôsobia ľudia, ktorí cestujú a berú si dovolenky, aby na konferenciu prišli. Patrí im moja poklona a viem, že Boh je hrdý na ich rozhodnutie. Títo ľudia budú rásť duchovne, pretože niečo obetujú, aby mohli tráviť čas s Bohom.</p>
<p>Nečakajte, kým prídu nejaké ťažkosti alebo tragédie, aby ste museli tráviť čas s Bohom a našli tak riešenie svojej situácie. Najprv hľadajte Boha, robte to pravidelne a potom budete duchovne silnejší, a schopní vysporiadať sa so všetkým, čo príde. Ak Ježiš potreboval byť osamote s Bohom Otcom, potom to určite potrebujeme aj my.</p>
<hr />
<p>Božie slovo pre teba na dnes: Vyber si svoj kalendár hneď teraz a naplánuj si nejaký špeciálny čas s Bohom.</p>

<p>Stráviť čas osamote s Bohom na tichom mieste je pre mňa životne dôležité a verím, že je to dôležité aj pre vás&#8230;</p>

<!-- This site is optimized with the Yoast SEO plugin v27.4 - https://yoast.com/product/yoast-seo-wordpress/ -->
<title>Osamote s Bohom - Joyce Meyer Ministries - Slovak</title>
<meta name="robots" content="index, follow, max-snippet:-1, max-image-preview:large, max-video-preview:-1" />
<link rel="canonical" href="https://tv.joycemeyer.org/slovak/devotional/osamote-s-bohom/" />
<meta property="og:locale" content="en_US" />
<meta property="og:type" content="article" />
<meta property="og:title" content="Osamote s Bohom - Joyce Meyer Ministries - Slovak" />
<meta property="og:description" content="Stráviť čas osamote s Bohom na tichom mieste je pre mňa životne dôležité a verím, že je to dôležité aj pre vás..." />
<meta property="og:url" content="https://tv.joycemeyer.org/slovak/devotional/osamote-s-bohom/" />
<meta property="og:site_name" content="Joyce Meyer Ministries - Slovak" />
<meta property="og:image" content="https://tv.joycemeyer.org/slovak/wp-content/uploads/sites/88/2022/07/2623.jpg" />
	<meta property="og:image:width" content="1800" />
	<meta property="og:image:height" content="1050" />
	<meta property="og:image:type" content="image/jpeg" />
<meta name="twitter:card" content="summary_large_image" />
<meta name="twitter:label1" content="Est. reading time" />
	<meta name="twitter:data1" content="2 minutes" />
<script type="application/ld+json" class="yoast-schema-graph">{"@context":"https:\/\/schema.org","@graph":[{"@type":"WebPage","@id":"https:\/\/tv.joycemeyer.org\/slovak\/devotional\/osamote-s-bohom\/","url":"https:\/\/tv.joycemeyer.org\/slovak\/devotional\/osamote-s-bohom\/","name":"Osamote s Bohom - Joyce Meyer Ministries - Slovak","isPartOf":{"@id":"https:\/\/tv.joycemeyer.org\/slovak\/#website"},"primaryImageOfPage":{"@id":"https:\/\/tv.joycemeyer.org\/slovak\/devotional\/osamote-s-bohom\/#primaryimage"},"image":{"@id":"https:\/\/tv.joycemeyer.org\/slovak\/devotional\/osamote-s-bohom\/#primaryimage"},"thumbnailUrl":"https:\/\/tv.joycemeyer.org\/slovak\/wp-content\/uploads\/sites\/88\/2022\/07\/2623.jpg","datePublished":"2025-11-20T00:01:52+00:00","breadcrumb":{"@id":"https:\/\/tv.joycemeyer.org\/slovak\/devotional\/osamote-s-bohom\/#breadcrumb"},"inLanguage":"en-US","potentialAction":[{"@type":"ReadAction","target":["https:\/\/tv.joycemeyer.org\/slovak\/devotional\/osamote-s-bohom\/"]}]},{"@type":"ImageObject","inLanguage":"en-US","@id":"https:\/\/tv.joycemeyer.org\/slovak\/devotional\/osamote-s-bohom\/#primaryimage","url":"https:\/\/tv.joycemeyer.org\/slovak\/wp-content\/uploads\/sites\/88\/2022\/07\/2623.jpg","contentUrl":"https:\/\/tv.joycemeyer.org\/slovak\/wp-content\/uploads\/sites\/88\/2022\/07\/2623.jpg","width":1800,"height":1050,"caption":"Osamote s Bohom"},{"@type":"BreadcrumbList","@id":"https:\/\/tv.joycemeyer.org\/slovak\/devotional\/osamote-s-bohom\/#breadcrumb","itemListElement":[{"@type":"ListItem","position":1,"name":"Home","item":"https:\/\/tv.joycemeyer.org\/slovak\/"},{"@type":"ListItem","position":2,"name":"Devotional","item":"https:\/\/tv.joycemeyer.org\/slovak\/devotional\/"},{"@type":"ListItem","position":3,"name":"Osamote s Bohom"}]},{"@type":"WebSite","@id":"https:\/\/tv.joycemeyer.org\/slovak\/#website","url":"https:\/\/tv.joycemeyer.org\/slovak\/","name":"Joyce Meyer Ministries - Slovak","description":"Zdieľať Krista - Milovať ľudí","potentialAction":[{"@type":"SearchAction","target":{"@type":"EntryPoint","urlTemplate":"https:\/\/tv.joycemeyer.org\/slovak\/?s={search_term_string}"},"query-input":{"@type":"PropertyValueSpecification","valueRequired":true,"valueName":"search_term_string"}}],"inLanguage":"en-US"}]}</script>
<!-- / Yoast SEO plugin. -->

Stráviť čas osamote s Bohom na tichom mieste je pre mňa životne dôležité a verím, že je to dôležité aj pre vás...

Zdieľať Krista - Milovať ľudí
