{"id":2086,"date":"2026-04-02T00:01:07","date_gmt":"2026-04-02T00:01:07","guid":{"rendered":"https:\/\/tv.joycemeyer.org\/slovak\/?post_type=devotional&#038;p=2086"},"modified":"2026-03-04T16:18:36","modified_gmt":"2026-03-04T16:18:36","slug":"zvladat-svoje-emocie-2","status":"publish","type":"devotional","link":"https:\/\/tv.joycemeyer.org\/slovak\/devotional\/zvladat-svoje-emocie-2\/","title":{"rendered":"Zvl\u00e1da\u0165 svoje em\u00f3cie"},"content":{"rendered":"<blockquote><p>Hospodin, tvoj Boh je v tvojom strede, udatn\u00fd hrdina, ktor\u00fd zachr\u00e1ni&#8230; &#8211; SOFONI\u00c1\u0160 3:17<\/p><\/blockquote>\n<p>Jednanie s em\u00f3ciami je faktom v \u017eivote. K\u00fdm budeme \u017ei\u0165, budeme za\u017e\u00edva\u0165 r\u00f4zne druhy emocion\u00e1lnych pocitov a reakci\u00ed. Nem\u00f4\u017eeme popiera\u0165 ich existenciu a ani sa kv\u00f4li nim c\u00edti\u0165 vinn\u00fdmi.<\/p>\n<p>Av\u0161ak, potrebujeme sa nau\u010di\u0165 zvl\u00e1da\u0165 svoje em\u00f3cie. Je to jednoduch\u0161ie, ke\u010f pochop\u00edme, \u017ee im nem\u00f4\u017eeme veri\u0165. M\u00f4\u017eu by\u0165 na\u0161\u00edm najv\u00e4\u010d\u0161\u00edm nepriate\u013eom. Satan pou\u017e\u00edva na\u0161e em\u00f3cie proti n\u00e1m, aby n\u00e1m zabr\u00e1nil chodi\u0165 v Duchu.<\/p>\n<p>Je d\u00f4le\u017eit\u00e9 vedie\u0165, \u017ee P\u00e1n, n\u00e1\u0161 Boh, ktor\u00fd preb\u00fdva v ka\u017edom z n\u00e1s, je mocn\u00fd. Jeho moc v n\u00e1s n\u00e1m umo\u017e\u0148uje prem\u00f4c\u0165 na\u0161e pocity a by\u0165 veden\u00fdmi Jeho nemenn\u00fdm Slovom a Duchom, namiesto na\u0161ich nest\u00e1lych pocitov a em\u00f3ci\u00ed.<\/p>\n<p>Duchovn\u00e1 stabilita a emocion\u00e1lna zrelos\u0165 neprich\u00e1dzaj\u00fa prirodzene. Mus\u00ed\u0161 po nich t\u00fa\u017ei\u0165 cel\u00fdm svoj\u00edm srdcom a by\u0165 odhodlan\u00fd ich z\u00edska\u0165. Ke\u010f emocion\u00e1lnu stabilitu urob\u00ed\u0161 svojou prioritou, Boh je viac ne\u017e ochotn\u00fd pom\u00f4c\u0165 ti zvl\u00e1dnu\u0165 tvoje em\u00f3cie.<\/p>\n<p>Povzbudzujem \u0165a, aby si sa o to usiloval. U\u017e\u00edvaj si emocion\u00e1lnu stabilitu a radostn\u00fd, v\u00ed\u0165azn\u00fd \u017eivot!<\/p>\n<hr \/>\n<p>Modlitba<\/p>\n<p>Bo\u017ee, rozhodujem sa usilova\u0165 o emocion\u00e1lnu stabilitu. Nechcem by\u0165 kontrolovan\u00fd svojimi em\u00f3ciami, ale chcem sa nau\u010di\u0165 ich primerane zvl\u00e1da\u0165. \u010eakujem Ti, \u017ee \u017eije\u0161 vo mne a pom\u00e1ha\u0161 mi Svojou ve\u013ekou silou.<\/p>\n","protected":false},"excerpt":{"rendered":"<p>Av\u0161ak, potrebujeme sa nau\u010di\u0165 zvl\u00e1da\u0165 svoje em\u00f3cie&#8230;<\/p>\n","protected":false},"author":20,"featured_media":2087,"parent":0,"menu_order":0,"comment_status":"closed","ping_status":"closed","template":"","class_list":["post-2086","devotional","type-devotional","status-publish","has-post-thumbnail","hentry"],"acf":[],"appp":{"post_detail":{"above_title":"<div class=\"post-featured-wrap\"><img width=\"960\" height=\"560\" src=\"https:\/\/tv.joycemeyer.org\/slovak\/wp-content\/uploads\/sites\/88\/2022\/12\/1828.jpg\" class=\"post-featured wp-post-image\" alt=\"Zvl\u00e1da\u0165 svoje em\u00f3cie\" decoding=\"async\" srcset=\"https:\/\/tv.joycemeyer.org\/slovak\/wp-content\/uploads\/sites\/88\/2022\/12\/1828.jpg 960w, https:\/\/tv.joycemeyer.org\/slovak\/wp-content\/uploads\/sites\/88\/2022\/12\/1828-300x175.jpg 300w, https:\/\/tv.joycemeyer.org\/slovak\/wp-content\/uploads\/sites\/88\/2022\/12\/1828-768x448.jpg 768w\" sizes=\"(max-width: 960px) 100vw, 960px\" \/><\/div>","below_content":"<div class=\"follow\"><ul class=\"nav nav--social nav--flex\"><\/ul><\/div>"}},"yoast_head":"<!-- This site is optimized with the Yoast SEO plugin v27.4 - https:\/\/yoast.com\/product\/yoast-seo-wordpress\/ -->\n<title>Zvl\u00e1da\u0165 svoje em\u00f3cie - Joyce Meyer Ministries - Slovak<\/title>\n<meta name=\"robots\" content=\"index, follow, max-snippet:-1, max-image-preview:large, max-video-preview:-1\" \/>\n<link rel=\"canonical\" href=\"https:\/\/tv.joycemeyer.org\/slovak\/devotional\/zvladat-svoje-emocie-2\/\" \/>\n<meta property=\"og:locale\" content=\"en_US\" \/>\n<meta property=\"og:type\" content=\"article\" \/>\n<meta property=\"og:title\" content=\"Zvl\u00e1da\u0165 svoje em\u00f3cie - Joyce Meyer Ministries - Slovak\" \/>\n<meta property=\"og:description\" content=\"Av\u0161ak, potrebujeme sa nau\u010di\u0165 zvl\u00e1da\u0165 svoje em\u00f3cie...\" \/>\n<meta property=\"og:url\" content=\"https:\/\/tv.joycemeyer.org\/slovak\/devotional\/zvladat-svoje-emocie-2\/\" \/>\n<meta property=\"og:site_name\" content=\"Joyce Meyer Ministries - Slovak\" \/>\n<meta property=\"og:image\" content=\"https:\/\/tv.joycemeyer.org\/slovak\/wp-content\/uploads\/sites\/88\/2022\/12\/1828.jpg\" \/>\n\t<meta property=\"og:image:width\" content=\"960\" \/>\n\t<meta property=\"og:image:height\" content=\"560\" \/>\n\t<meta property=\"og:image:type\" content=\"image\/jpeg\" \/>\n<meta name=\"twitter:card\" content=\"summary_large_image\" \/>\n<meta name=\"twitter:label1\" content=\"Est. reading time\" \/>\n\t<meta name=\"twitter:data1\" content=\"2 minutes\" \/>\n<script type=\"application\/ld+json\" class=\"yoast-schema-graph\">{\"@context\":\"https:\\\/\\\/schema.org\",\"@graph\":[{\"@type\":\"WebPage\",\"@id\":\"https:\\\/\\\/tv.joycemeyer.org\\\/slovak\\\/devotional\\\/zvladat-svoje-emocie-2\\\/\",\"url\":\"https:\\\/\\\/tv.joycemeyer.org\\\/slovak\\\/devotional\\\/zvladat-svoje-emocie-2\\\/\",\"name\":\"Zvl\u00e1da\u0165 svoje em\u00f3cie - Joyce Meyer Ministries - Slovak\",\"isPartOf\":{\"@id\":\"https:\\\/\\\/tv.joycemeyer.org\\\/slovak\\\/#website\"},\"primaryImageOfPage\":{\"@id\":\"https:\\\/\\\/tv.joycemeyer.org\\\/slovak\\\/devotional\\\/zvladat-svoje-emocie-2\\\/#primaryimage\"},\"image\":{\"@id\":\"https:\\\/\\\/tv.joycemeyer.org\\\/slovak\\\/devotional\\\/zvladat-svoje-emocie-2\\\/#primaryimage\"},\"thumbnailUrl\":\"https:\\\/\\\/tv.joycemeyer.org\\\/slovak\\\/wp-content\\\/uploads\\\/sites\\\/88\\\/2022\\\/12\\\/1828.jpg\",\"datePublished\":\"2026-04-02T00:01:07+00:00\",\"breadcrumb\":{\"@id\":\"https:\\\/\\\/tv.joycemeyer.org\\\/slovak\\\/devotional\\\/zvladat-svoje-emocie-2\\\/#breadcrumb\"},\"inLanguage\":\"en-US\",\"potentialAction\":[{\"@type\":\"ReadAction\",\"target\":[\"https:\\\/\\\/tv.joycemeyer.org\\\/slovak\\\/devotional\\\/zvladat-svoje-emocie-2\\\/\"]}]},{\"@type\":\"ImageObject\",\"inLanguage\":\"en-US\",\"@id\":\"https:\\\/\\\/tv.joycemeyer.org\\\/slovak\\\/devotional\\\/zvladat-svoje-emocie-2\\\/#primaryimage\",\"url\":\"https:\\\/\\\/tv.joycemeyer.org\\\/slovak\\\/wp-content\\\/uploads\\\/sites\\\/88\\\/2022\\\/12\\\/1828.jpg\",\"contentUrl\":\"https:\\\/\\\/tv.joycemeyer.org\\\/slovak\\\/wp-content\\\/uploads\\\/sites\\\/88\\\/2022\\\/12\\\/1828.jpg\",\"width\":960,\"height\":560,\"caption\":\"Zvl\u00e1da\u0165 svoje em\u00f3cie\"},{\"@type\":\"BreadcrumbList\",\"@id\":\"https:\\\/\\\/tv.joycemeyer.org\\\/slovak\\\/devotional\\\/zvladat-svoje-emocie-2\\\/#breadcrumb\",\"itemListElement\":[{\"@type\":\"ListItem\",\"position\":1,\"name\":\"Home\",\"item\":\"https:\\\/\\\/tv.joycemeyer.org\\\/slovak\\\/\"},{\"@type\":\"ListItem\",\"position\":2,\"name\":\"Devotional\",\"item\":\"https:\\\/\\\/tv.joycemeyer.org\\\/slovak\\\/devotional\\\/\"},{\"@type\":\"ListItem\",\"position\":3,\"name\":\"Zvl\u00e1da\u0165 svoje em\u00f3cie\"}]},{\"@type\":\"WebSite\",\"@id\":\"https:\\\/\\\/tv.joycemeyer.org\\\/slovak\\\/#website\",\"url\":\"https:\\\/\\\/tv.joycemeyer.org\\\/slovak\\\/\",\"name\":\"Joyce Meyer Ministries - Slovak\",\"description\":\"Zdie\u013ea\u0165 Krista - Milova\u0165 \u013eud\u00ed\",\"potentialAction\":[{\"@type\":\"SearchAction\",\"target\":{\"@type\":\"EntryPoint\",\"urlTemplate\":\"https:\\\/\\\/tv.joycemeyer.org\\\/slovak\\\/?s={search_term_string}\"},\"query-input\":{\"@type\":\"PropertyValueSpecification\",\"valueRequired\":true,\"valueName\":\"search_term_string\"}}],\"inLanguage\":\"en-US\"}]}<\/script>\n<!-- \/ Yoast SEO plugin. -->","yoast_head_json":{"title":"Zvl\u00e1da\u0165 svoje em\u00f3cie - Joyce Meyer Ministries - Slovak","robots":{"index":"index","follow":"follow","max-snippet":"max-snippet:-1","max-image-preview":"max-image-preview:large","max-video-preview":"max-video-preview:-1"},"canonical":"https:\/\/tv.joycemeyer.org\/slovak\/devotional\/zvladat-svoje-emocie-2\/","og_locale":"en_US","og_type":"article","og_title":"Zvl\u00e1da\u0165 svoje em\u00f3cie - Joyce Meyer Ministries - Slovak","og_description":"Av\u0161ak, potrebujeme sa nau\u010di\u0165 zvl\u00e1da\u0165 svoje em\u00f3cie...","og_url":"https:\/\/tv.joycemeyer.org\/slovak\/devotional\/zvladat-svoje-emocie-2\/","og_site_name":"Joyce Meyer Ministries - Slovak","og_image":[{"width":960,"height":560,"url":"https:\/\/tv.joycemeyer.org\/slovak\/wp-content\/uploads\/sites\/88\/2022\/12\/1828.jpg","type":"image\/jpeg"}],"twitter_card":"summary_large_image","twitter_misc":{"Est. reading time":"2 minutes"},"schema":{"@context":"https:\/\/schema.org","@graph":[{"@type":"WebPage","@id":"https:\/\/tv.joycemeyer.org\/slovak\/devotional\/zvladat-svoje-emocie-2\/","url":"https:\/\/tv.joycemeyer.org\/slovak\/devotional\/zvladat-svoje-emocie-2\/","name":"Zvl\u00e1da\u0165 svoje em\u00f3cie - Joyce Meyer Ministries - Slovak","isPartOf":{"@id":"https:\/\/tv.joycemeyer.org\/slovak\/#website"},"primaryImageOfPage":{"@id":"https:\/\/tv.joycemeyer.org\/slovak\/devotional\/zvladat-svoje-emocie-2\/#primaryimage"},"image":{"@id":"https:\/\/tv.joycemeyer.org\/slovak\/devotional\/zvladat-svoje-emocie-2\/#primaryimage"},"thumbnailUrl":"https:\/\/tv.joycemeyer.org\/slovak\/wp-content\/uploads\/sites\/88\/2022\/12\/1828.jpg","datePublished":"2026-04-02T00:01:07+00:00","breadcrumb":{"@id":"https:\/\/tv.joycemeyer.org\/slovak\/devotional\/zvladat-svoje-emocie-2\/#breadcrumb"},"inLanguage":"en-US","potentialAction":[{"@type":"ReadAction","target":["https:\/\/tv.joycemeyer.org\/slovak\/devotional\/zvladat-svoje-emocie-2\/"]}]},{"@type":"ImageObject","inLanguage":"en-US","@id":"https:\/\/tv.joycemeyer.org\/slovak\/devotional\/zvladat-svoje-emocie-2\/#primaryimage","url":"https:\/\/tv.joycemeyer.org\/slovak\/wp-content\/uploads\/sites\/88\/2022\/12\/1828.jpg","contentUrl":"https:\/\/tv.joycemeyer.org\/slovak\/wp-content\/uploads\/sites\/88\/2022\/12\/1828.jpg","width":960,"height":560,"caption":"Zvl\u00e1da\u0165 svoje em\u00f3cie"},{"@type":"BreadcrumbList","@id":"https:\/\/tv.joycemeyer.org\/slovak\/devotional\/zvladat-svoje-emocie-2\/#breadcrumb","itemListElement":[{"@type":"ListItem","position":1,"name":"Home","item":"https:\/\/tv.joycemeyer.org\/slovak\/"},{"@type":"ListItem","position":2,"name":"Devotional","item":"https:\/\/tv.joycemeyer.org\/slovak\/devotional\/"},{"@type":"ListItem","position":3,"name":"Zvl\u00e1da\u0165 svoje em\u00f3cie"}]},{"@type":"WebSite","@id":"https:\/\/tv.joycemeyer.org\/slovak\/#website","url":"https:\/\/tv.joycemeyer.org\/slovak\/","name":"Joyce Meyer Ministries - Slovak","description":"Zdie\u013ea\u0165 Krista - Milova\u0165 \u013eud\u00ed","potentialAction":[{"@type":"SearchAction","target":{"@type":"EntryPoint","urlTemplate":"https:\/\/tv.joycemeyer.org\/slovak\/?s={search_term_string}"},"query-input":{"@type":"PropertyValueSpecification","valueRequired":true,"valueName":"search_term_string"}}],"inLanguage":"en-US"}]}},"_links":{"self":[{"href":"https:\/\/tv.joycemeyer.org\/slovak\/wp-json\/wp\/v2\/devotional\/2086","targetHints":{"allow":["GET"]}}],"collection":[{"href":"https:\/\/tv.joycemeyer.org\/slovak\/wp-json\/wp\/v2\/devotional"}],"about":[{"href":"https:\/\/tv.joycemeyer.org\/slovak\/wp-json\/wp\/v2\/types\/devotional"}],"author":[{"embeddable":true,"href":"https:\/\/tv.joycemeyer.org\/slovak\/wp-json\/wp\/v2\/users\/20"}],"replies":[{"embeddable":true,"href":"https:\/\/tv.joycemeyer.org\/slovak\/wp-json\/wp\/v2\/comments?post=2086"}],"wp:featuredmedia":[{"embeddable":true,"href":"https:\/\/tv.joycemeyer.org\/slovak\/wp-json\/wp\/v2\/media\/2087"}],"wp:attachment":[{"href":"https:\/\/tv.joycemeyer.org\/slovak\/wp-json\/wp\/v2\/media?parent=2086"}],"curies":[{"name":"wp","href":"https:\/\/api.w.org\/{rel}","templated":true}]}}

Zvládať svoje emócie

<blockquote><p>Hospodin, tvoj Boh je v tvojom strede, udatný hrdina, ktorý zachráni&#8230; &#8211; SOFONIÁŠ 3:17</p></blockquote>
<p>Jednanie s emóciami je faktom v živote. Kým budeme žiť, budeme zažívať rôzne druhy emocionálnych pocitov a reakcií. Nemôžeme popierať ich existenciu a ani sa kvôli nim cítiť vinnými.</p>
<p>Avšak, potrebujeme sa naučiť zvládať svoje emócie. Je to jednoduchšie, keď pochopíme, že im nemôžeme veriť. Môžu byť naším najväčším nepriateľom. Satan používa naše emócie proti nám, aby nám zabránil chodiť v Duchu.</p>
<p>Je dôležité vedieť, že Pán, náš Boh, ktorý prebýva v každom z nás, je mocný. Jeho moc v nás nám umožňuje premôcť naše pocity a byť vedenými Jeho nemenným Slovom a Duchom, namiesto našich nestálych pocitov a emócií.</p>
<p>Duchovná stabilita a emocionálna zrelosť neprichádzajú prirodzene. Musíš po nich túžiť celým svojím srdcom a byť odhodlaný ich získať. Keď emocionálnu stabilitu urobíš svojou prioritou, Boh je viac než ochotný pomôcť ti zvládnuť tvoje emócie.</p>
<p>Povzbudzujem ťa, aby si sa o to usiloval. Užívaj si emocionálnu stabilitu a radostný, víťazný život!</p>
<hr />
<p>Modlitba</p>
<p>Bože, rozhodujem sa usilovať o emocionálnu stabilitu. Nechcem byť kontrolovaný svojimi emóciami, ale chcem sa naučiť ich primerane zvládať. Ďakujem Ti, že žiješ vo mne a pomáhaš mi Svojou veľkou silou.</p>

<p>Avšak, potrebujeme sa naučiť zvládať svoje emócie&#8230;</p>

<div class="post-featured-wrap"><img width="960" height="560" src="https://tv.joycemeyer.org/slovak/wp-content/uploads/sites/88/2022/12/1828.jpg" class="post-featured wp-post-image" alt="Zvládať svoje emócie" decoding="async" srcset="https://tv.joycemeyer.org/slovak/wp-content/uploads/sites/88/2022/12/1828.jpg 960w, https://tv.joycemeyer.org/slovak/wp-content/uploads/sites/88/2022/12/1828-300x175.jpg 300w, https://tv.joycemeyer.org/slovak/wp-content/uploads/sites/88/2022/12/1828-768x448.jpg 768w" sizes="(max-width: 960px) 100vw, 960px" /></div>

<!-- This site is optimized with the Yoast SEO plugin v27.4 - https://yoast.com/product/yoast-seo-wordpress/ -->
<title>Zvládať svoje emócie - Joyce Meyer Ministries - Slovak</title>
<meta name="robots" content="index, follow, max-snippet:-1, max-image-preview:large, max-video-preview:-1" />
<link rel="canonical" href="https://tv.joycemeyer.org/slovak/devotional/zvladat-svoje-emocie-2/" />
<meta property="og:locale" content="en_US" />
<meta property="og:type" content="article" />
<meta property="og:title" content="Zvládať svoje emócie - Joyce Meyer Ministries - Slovak" />
<meta property="og:description" content="Avšak, potrebujeme sa naučiť zvládať svoje emócie..." />
<meta property="og:url" content="https://tv.joycemeyer.org/slovak/devotional/zvladat-svoje-emocie-2/" />
<meta property="og:site_name" content="Joyce Meyer Ministries - Slovak" />
<meta property="og:image" content="https://tv.joycemeyer.org/slovak/wp-content/uploads/sites/88/2022/12/1828.jpg" />
	<meta property="og:image:width" content="960" />
	<meta property="og:image:height" content="560" />
	<meta property="og:image:type" content="image/jpeg" />
<meta name="twitter:card" content="summary_large_image" />
<meta name="twitter:label1" content="Est. reading time" />
	<meta name="twitter:data1" content="2 minutes" />
<script type="application/ld+json" class="yoast-schema-graph">{"@context":"https:\/\/schema.org","@graph":[{"@type":"WebPage","@id":"https:\/\/tv.joycemeyer.org\/slovak\/devotional\/zvladat-svoje-emocie-2\/","url":"https:\/\/tv.joycemeyer.org\/slovak\/devotional\/zvladat-svoje-emocie-2\/","name":"Zvládať svoje emócie - Joyce Meyer Ministries - Slovak","isPartOf":{"@id":"https:\/\/tv.joycemeyer.org\/slovak\/#website"},"primaryImageOfPage":{"@id":"https:\/\/tv.joycemeyer.org\/slovak\/devotional\/zvladat-svoje-emocie-2\/#primaryimage"},"image":{"@id":"https:\/\/tv.joycemeyer.org\/slovak\/devotional\/zvladat-svoje-emocie-2\/#primaryimage"},"thumbnailUrl":"https:\/\/tv.joycemeyer.org\/slovak\/wp-content\/uploads\/sites\/88\/2022\/12\/1828.jpg","datePublished":"2026-04-02T00:01:07+00:00","breadcrumb":{"@id":"https:\/\/tv.joycemeyer.org\/slovak\/devotional\/zvladat-svoje-emocie-2\/#breadcrumb"},"inLanguage":"en-US","potentialAction":[{"@type":"ReadAction","target":["https:\/\/tv.joycemeyer.org\/slovak\/devotional\/zvladat-svoje-emocie-2\/"]}]},{"@type":"ImageObject","inLanguage":"en-US","@id":"https:\/\/tv.joycemeyer.org\/slovak\/devotional\/zvladat-svoje-emocie-2\/#primaryimage","url":"https:\/\/tv.joycemeyer.org\/slovak\/wp-content\/uploads\/sites\/88\/2022\/12\/1828.jpg","contentUrl":"https:\/\/tv.joycemeyer.org\/slovak\/wp-content\/uploads\/sites\/88\/2022\/12\/1828.jpg","width":960,"height":560,"caption":"Zvládať svoje emócie"},{"@type":"BreadcrumbList","@id":"https:\/\/tv.joycemeyer.org\/slovak\/devotional\/zvladat-svoje-emocie-2\/#breadcrumb","itemListElement":[{"@type":"ListItem","position":1,"name":"Home","item":"https:\/\/tv.joycemeyer.org\/slovak\/"},{"@type":"ListItem","position":2,"name":"Devotional","item":"https:\/\/tv.joycemeyer.org\/slovak\/devotional\/"},{"@type":"ListItem","position":3,"name":"Zvládať svoje emócie"}]},{"@type":"WebSite","@id":"https:\/\/tv.joycemeyer.org\/slovak\/#website","url":"https:\/\/tv.joycemeyer.org\/slovak\/","name":"Joyce Meyer Ministries - Slovak","description":"Zdieľať Krista - Milovať ľudí","potentialAction":[{"@type":"SearchAction","target":{"@type":"EntryPoint","urlTemplate":"https:\/\/tv.joycemeyer.org\/slovak\/?s={search_term_string}"},"query-input":{"@type":"PropertyValueSpecification","valueRequired":true,"valueName":"search_term_string"}}],"inLanguage":"en-US"}]}</script>
<!-- / Yoast SEO plugin. -->

Zvládať svoje emócie - Joyce Meyer Ministries - Slovak

Avšak, potrebujeme sa naučiť zvládať svoje emócie...

Zdieľať Krista - Milovať ľudí
