{"id":2135,"date":"2026-04-24T00:01:25","date_gmt":"2026-04-24T00:01:25","guid":{"rendered":"https:\/\/tv.joycemeyer.org\/slovak\/?post_type=devotional&#038;p=2135"},"modified":"2026-03-04T16:44:01","modified_gmt":"2026-03-04T16:44:01","slug":"jednanie-so-sklamanim-2","status":"publish","type":"devotional","link":"https:\/\/tv.joycemeyer.org\/slovak\/devotional\/jednanie-so-sklamanim-2\/","title":{"rendered":"Jednanie so sklaman\u00edm"},"content":{"rendered":"<blockquote><p>Poddajte sa tedy Bohu a sprotivte sa diablovi, a ute\u010die od v\u00e1s. &#8211; JAKUB 4:7<\/p><\/blockquote>\n<p>Ve\u013ea kres\u0165anov v \u017eivote le\u017e\u00ed pozd\u013a\u017e cesty znechuten\u00fdch a depres\u00edvnych, preto\u017ee sa nenau\u010dili, ako jedna\u0165 so sklaman\u00edm. Nie je to v\u0161ak Bo\u017eia v\u00f4\u013ea, aby si \u017eil \u017eivot pln\u00fd sklamania, depresie alebo znechutenia ani teraz &#8211; ani \u017eiadny in\u00fd de\u0148.<\/p>\n<p>S\u00fa\u010das\u0165ou Je\u017ei\u0161ovej pozemskej slu\u017eby bolo chodi\u0165 pod pomazan\u00edm Ducha Sv\u00e4t\u00e9ho a vyslobodzova\u0165 ka\u017ed\u00e9ho, kto bol utla\u010dan\u00fd diablom. Nov\u00fa n\u00e1dej nach\u00e1dzali sklaman\u00ed \u013eudia v\u0161ade tam, kde sa stretli s Je\u017ei\u0161ovou mocou. T\u00e1 ist\u00e1 moc je dnes dostupn\u00e1 aj n\u00e1m.<\/p>\n<p>Pou\u017ei t\u00fato moc na obranu pred sklaman\u00edm. Zameraj sa na Boha, rozj\u00edmaj nad Jeho zas\u013e\u00fabeniami, vyzn\u00e1vaj Jeho Slovo a podria\u010f s\u00e1m seba a aj svoju situ\u00e1ciu Bohu v modlitbe. Prostredn\u00edctvom Je\u017ei\u0161a m\u00f4\u017ee\u0161 bojova\u0165 s nepriate\u013eov\u00fdm \u00famyslom &#8211; stiahnu\u0165 \u0165a dole. Pokarhaj ho, aby \u0165a nemohol zni\u010di\u0165.<\/p>\n<p>Ke\u010f sa diabol pohne smerom k tebe, m\u00f4\u017ee\u0161 by\u0165 tak duchovne naladen\u00fd na Boha, \u017ee bude\u0161 schopn\u00fd rozpozna\u0165 diablov \u00famysel, vzoprie\u0161 sa mu a prin\u00fati\u0161 ho na \u00fatek. S Je\u017ei\u0161ovou mocou tebe danou nem\u00e1 na v\u00fdber, mus\u00ed len utiec\u0165.<\/p>\n<hr \/>\n<p>Modlitba<\/p>\n<p>Bo\u017ee, ne\u00faspechy a deprimuj\u00face veci mi pr\u00eddu do cesty, no nezostanem sklaman\u00fd. Ak zostanem zameran\u00fd na Teba, odol\u00e1m diablovi a v\u017edy ho prin\u00fatim utiec\u0165.<\/p>\n","protected":false},"excerpt":{"rendered":"<p>Nov\u00fa n\u00e1dej nach\u00e1dzali sklaman\u00ed \u013eudia v\u0161ade tam, kde sa stretli s Je\u017ei\u0161ovou mocou. <\/p>\n","protected":false},"author":20,"featured_media":2136,"parent":0,"menu_order":0,"comment_status":"closed","ping_status":"closed","template":"","class_list":["post-2135","devotional","type-devotional","status-publish","has-post-thumbnail","hentry"],"acf":[],"appp":{"post_detail":{"above_title":"<div class=\"post-featured-wrap\"><img width=\"1024\" height=\"597\" src=\"https:\/\/tv.joycemeyer.org\/slovak\/wp-content\/uploads\/sites\/88\/2023\/01\/2377-1024x597.jpg\" class=\"post-featured wp-post-image\" alt=\"Jednanie so sklaman\u00edm\" decoding=\"async\" srcset=\"https:\/\/tv.joycemeyer.org\/slovak\/wp-content\/uploads\/sites\/88\/2023\/01\/2377-1024x597.jpg 1024w, https:\/\/tv.joycemeyer.org\/slovak\/wp-content\/uploads\/sites\/88\/2023\/01\/2377-300x175.jpg 300w, https:\/\/tv.joycemeyer.org\/slovak\/wp-content\/uploads\/sites\/88\/2023\/01\/2377-768x448.jpg 768w, https:\/\/tv.joycemeyer.org\/slovak\/wp-content\/uploads\/sites\/88\/2023\/01\/2377-1536x896.jpg 1536w, https:\/\/tv.joycemeyer.org\/slovak\/wp-content\/uploads\/sites\/88\/2023\/01\/2377.jpg 1800w\" sizes=\"(max-width: 1024px) 100vw, 1024px\" \/><\/div>","below_content":"<div class=\"follow\"><ul class=\"nav nav--social nav--flex\"><\/ul><\/div>"}},"yoast_head":"<!-- This site is optimized with the Yoast SEO plugin v27.4 - https:\/\/yoast.com\/product\/yoast-seo-wordpress\/ -->\n<title>Jednanie so sklaman\u00edm - Joyce Meyer Ministries - Slovak<\/title>\n<meta name=\"robots\" content=\"index, follow, max-snippet:-1, max-image-preview:large, max-video-preview:-1\" \/>\n<link rel=\"canonical\" href=\"https:\/\/tv.joycemeyer.org\/slovak\/devotional\/jednanie-so-sklamanim-2\/\" \/>\n<meta property=\"og:locale\" content=\"en_US\" \/>\n<meta property=\"og:type\" content=\"article\" \/>\n<meta property=\"og:title\" content=\"Jednanie so sklaman\u00edm - Joyce Meyer Ministries - Slovak\" \/>\n<meta property=\"og:description\" content=\"Nov\u00fa n\u00e1dej nach\u00e1dzali sklaman\u00ed \u013eudia v\u0161ade tam, kde sa stretli s Je\u017ei\u0161ovou mocou.\" \/>\n<meta property=\"og:url\" content=\"https:\/\/tv.joycemeyer.org\/slovak\/devotional\/jednanie-so-sklamanim-2\/\" \/>\n<meta property=\"og:site_name\" content=\"Joyce Meyer Ministries - Slovak\" \/>\n<meta property=\"og:image\" content=\"https:\/\/tv.joycemeyer.org\/slovak\/wp-content\/uploads\/sites\/88\/2023\/01\/2377.jpg\" \/>\n\t<meta property=\"og:image:width\" content=\"1800\" \/>\n\t<meta property=\"og:image:height\" content=\"1050\" \/>\n\t<meta property=\"og:image:type\" content=\"image\/jpeg\" \/>\n<meta name=\"twitter:card\" content=\"summary_large_image\" \/>\n<meta name=\"twitter:label1\" content=\"Est. reading time\" \/>\n\t<meta name=\"twitter:data1\" content=\"2 minutes\" \/>\n<script type=\"application\/ld+json\" class=\"yoast-schema-graph\">{\"@context\":\"https:\\\/\\\/schema.org\",\"@graph\":[{\"@type\":\"WebPage\",\"@id\":\"https:\\\/\\\/tv.joycemeyer.org\\\/slovak\\\/devotional\\\/jednanie-so-sklamanim-2\\\/\",\"url\":\"https:\\\/\\\/tv.joycemeyer.org\\\/slovak\\\/devotional\\\/jednanie-so-sklamanim-2\\\/\",\"name\":\"Jednanie so sklaman\u00edm - Joyce Meyer Ministries - Slovak\",\"isPartOf\":{\"@id\":\"https:\\\/\\\/tv.joycemeyer.org\\\/slovak\\\/#website\"},\"primaryImageOfPage\":{\"@id\":\"https:\\\/\\\/tv.joycemeyer.org\\\/slovak\\\/devotional\\\/jednanie-so-sklamanim-2\\\/#primaryimage\"},\"image\":{\"@id\":\"https:\\\/\\\/tv.joycemeyer.org\\\/slovak\\\/devotional\\\/jednanie-so-sklamanim-2\\\/#primaryimage\"},\"thumbnailUrl\":\"https:\\\/\\\/tv.joycemeyer.org\\\/slovak\\\/wp-content\\\/uploads\\\/sites\\\/88\\\/2023\\\/01\\\/2377.jpg\",\"datePublished\":\"2026-04-24T00:01:25+00:00\",\"breadcrumb\":{\"@id\":\"https:\\\/\\\/tv.joycemeyer.org\\\/slovak\\\/devotional\\\/jednanie-so-sklamanim-2\\\/#breadcrumb\"},\"inLanguage\":\"en-US\",\"potentialAction\":[{\"@type\":\"ReadAction\",\"target\":[\"https:\\\/\\\/tv.joycemeyer.org\\\/slovak\\\/devotional\\\/jednanie-so-sklamanim-2\\\/\"]}]},{\"@type\":\"ImageObject\",\"inLanguage\":\"en-US\",\"@id\":\"https:\\\/\\\/tv.joycemeyer.org\\\/slovak\\\/devotional\\\/jednanie-so-sklamanim-2\\\/#primaryimage\",\"url\":\"https:\\\/\\\/tv.joycemeyer.org\\\/slovak\\\/wp-content\\\/uploads\\\/sites\\\/88\\\/2023\\\/01\\\/2377.jpg\",\"contentUrl\":\"https:\\\/\\\/tv.joycemeyer.org\\\/slovak\\\/wp-content\\\/uploads\\\/sites\\\/88\\\/2023\\\/01\\\/2377.jpg\",\"width\":1800,\"height\":1050,\"caption\":\"Jednanie so sklaman\u00edm\"},{\"@type\":\"BreadcrumbList\",\"@id\":\"https:\\\/\\\/tv.joycemeyer.org\\\/slovak\\\/devotional\\\/jednanie-so-sklamanim-2\\\/#breadcrumb\",\"itemListElement\":[{\"@type\":\"ListItem\",\"position\":1,\"name\":\"Home\",\"item\":\"https:\\\/\\\/tv.joycemeyer.org\\\/slovak\\\/\"},{\"@type\":\"ListItem\",\"position\":2,\"name\":\"Devotional\",\"item\":\"https:\\\/\\\/tv.joycemeyer.org\\\/slovak\\\/devotional\\\/\"},{\"@type\":\"ListItem\",\"position\":3,\"name\":\"Jednanie so sklaman\u00edm\"}]},{\"@type\":\"WebSite\",\"@id\":\"https:\\\/\\\/tv.joycemeyer.org\\\/slovak\\\/#website\",\"url\":\"https:\\\/\\\/tv.joycemeyer.org\\\/slovak\\\/\",\"name\":\"Joyce Meyer Ministries - Slovak\",\"description\":\"Zdie\u013ea\u0165 Krista - Milova\u0165 \u013eud\u00ed\",\"potentialAction\":[{\"@type\":\"SearchAction\",\"target\":{\"@type\":\"EntryPoint\",\"urlTemplate\":\"https:\\\/\\\/tv.joycemeyer.org\\\/slovak\\\/?s={search_term_string}\"},\"query-input\":{\"@type\":\"PropertyValueSpecification\",\"valueRequired\":true,\"valueName\":\"search_term_string\"}}],\"inLanguage\":\"en-US\"}]}<\/script>\n<!-- \/ Yoast SEO plugin. -->","yoast_head_json":{"title":"Jednanie so sklaman\u00edm - Joyce Meyer Ministries - Slovak","robots":{"index":"index","follow":"follow","max-snippet":"max-snippet:-1","max-image-preview":"max-image-preview:large","max-video-preview":"max-video-preview:-1"},"canonical":"https:\/\/tv.joycemeyer.org\/slovak\/devotional\/jednanie-so-sklamanim-2\/","og_locale":"en_US","og_type":"article","og_title":"Jednanie so sklaman\u00edm - Joyce Meyer Ministries - Slovak","og_description":"Nov\u00fa n\u00e1dej nach\u00e1dzali sklaman\u00ed \u013eudia v\u0161ade tam, kde sa stretli s Je\u017ei\u0161ovou mocou.","og_url":"https:\/\/tv.joycemeyer.org\/slovak\/devotional\/jednanie-so-sklamanim-2\/","og_site_name":"Joyce Meyer Ministries - Slovak","og_image":[{"width":1800,"height":1050,"url":"https:\/\/tv.joycemeyer.org\/slovak\/wp-content\/uploads\/sites\/88\/2023\/01\/2377.jpg","type":"image\/jpeg"}],"twitter_card":"summary_large_image","twitter_misc":{"Est. reading time":"2 minutes"},"schema":{"@context":"https:\/\/schema.org","@graph":[{"@type":"WebPage","@id":"https:\/\/tv.joycemeyer.org\/slovak\/devotional\/jednanie-so-sklamanim-2\/","url":"https:\/\/tv.joycemeyer.org\/slovak\/devotional\/jednanie-so-sklamanim-2\/","name":"Jednanie so sklaman\u00edm - Joyce Meyer Ministries - Slovak","isPartOf":{"@id":"https:\/\/tv.joycemeyer.org\/slovak\/#website"},"primaryImageOfPage":{"@id":"https:\/\/tv.joycemeyer.org\/slovak\/devotional\/jednanie-so-sklamanim-2\/#primaryimage"},"image":{"@id":"https:\/\/tv.joycemeyer.org\/slovak\/devotional\/jednanie-so-sklamanim-2\/#primaryimage"},"thumbnailUrl":"https:\/\/tv.joycemeyer.org\/slovak\/wp-content\/uploads\/sites\/88\/2023\/01\/2377.jpg","datePublished":"2026-04-24T00:01:25+00:00","breadcrumb":{"@id":"https:\/\/tv.joycemeyer.org\/slovak\/devotional\/jednanie-so-sklamanim-2\/#breadcrumb"},"inLanguage":"en-US","potentialAction":[{"@type":"ReadAction","target":["https:\/\/tv.joycemeyer.org\/slovak\/devotional\/jednanie-so-sklamanim-2\/"]}]},{"@type":"ImageObject","inLanguage":"en-US","@id":"https:\/\/tv.joycemeyer.org\/slovak\/devotional\/jednanie-so-sklamanim-2\/#primaryimage","url":"https:\/\/tv.joycemeyer.org\/slovak\/wp-content\/uploads\/sites\/88\/2023\/01\/2377.jpg","contentUrl":"https:\/\/tv.joycemeyer.org\/slovak\/wp-content\/uploads\/sites\/88\/2023\/01\/2377.jpg","width":1800,"height":1050,"caption":"Jednanie so sklaman\u00edm"},{"@type":"BreadcrumbList","@id":"https:\/\/tv.joycemeyer.org\/slovak\/devotional\/jednanie-so-sklamanim-2\/#breadcrumb","itemListElement":[{"@type":"ListItem","position":1,"name":"Home","item":"https:\/\/tv.joycemeyer.org\/slovak\/"},{"@type":"ListItem","position":2,"name":"Devotional","item":"https:\/\/tv.joycemeyer.org\/slovak\/devotional\/"},{"@type":"ListItem","position":3,"name":"Jednanie so sklaman\u00edm"}]},{"@type":"WebSite","@id":"https:\/\/tv.joycemeyer.org\/slovak\/#website","url":"https:\/\/tv.joycemeyer.org\/slovak\/","name":"Joyce Meyer Ministries - Slovak","description":"Zdie\u013ea\u0165 Krista - Milova\u0165 \u013eud\u00ed","potentialAction":[{"@type":"SearchAction","target":{"@type":"EntryPoint","urlTemplate":"https:\/\/tv.joycemeyer.org\/slovak\/?s={search_term_string}"},"query-input":{"@type":"PropertyValueSpecification","valueRequired":true,"valueName":"search_term_string"}}],"inLanguage":"en-US"}]}},"_links":{"self":[{"href":"https:\/\/tv.joycemeyer.org\/slovak\/wp-json\/wp\/v2\/devotional\/2135","targetHints":{"allow":["GET"]}}],"collection":[{"href":"https:\/\/tv.joycemeyer.org\/slovak\/wp-json\/wp\/v2\/devotional"}],"about":[{"href":"https:\/\/tv.joycemeyer.org\/slovak\/wp-json\/wp\/v2\/types\/devotional"}],"author":[{"embeddable":true,"href":"https:\/\/tv.joycemeyer.org\/slovak\/wp-json\/wp\/v2\/users\/20"}],"replies":[{"embeddable":true,"href":"https:\/\/tv.joycemeyer.org\/slovak\/wp-json\/wp\/v2\/comments?post=2135"}],"wp:featuredmedia":[{"embeddable":true,"href":"https:\/\/tv.joycemeyer.org\/slovak\/wp-json\/wp\/v2\/media\/2136"}],"wp:attachment":[{"href":"https:\/\/tv.joycemeyer.org\/slovak\/wp-json\/wp\/v2\/media?parent=2135"}],"curies":[{"name":"wp","href":"https:\/\/api.w.org\/{rel}","templated":true}]}}

Jednanie so sklamaním

<blockquote><p>Poddajte sa tedy Bohu a sprotivte sa diablovi, a utečie od vás. &#8211; JAKUB 4:7</p></blockquote>
<p>Veľa kresťanov v živote leží pozdĺž cesty znechutených a depresívnych, pretože sa nenaučili, ako jednať so sklamaním. Nie je to však Božia vôľa, aby si žil život plný sklamania, depresie alebo znechutenia ani teraz &#8211; ani žiadny iný deň.</p>
<p>Súčasťou Ježišovej pozemskej služby bolo chodiť pod pomazaním Ducha Svätého a vyslobodzovať každého, kto bol utlačaný diablom. Novú nádej nachádzali sklamaní ľudia všade tam, kde sa stretli s Ježišovou mocou. Tá istá moc je dnes dostupná aj nám.</p>
<p>Použi túto moc na obranu pred sklamaním. Zameraj sa na Boha, rozjímaj nad Jeho zasľúbeniami, vyznávaj Jeho Slovo a podriaď sám seba a aj svoju situáciu Bohu v modlitbe. Prostredníctvom Ježiša môžeš bojovať s nepriateľovým úmyslom &#8211; stiahnuť ťa dole. Pokarhaj ho, aby ťa nemohol zničiť.</p>
<p>Keď sa diabol pohne smerom k tebe, môžeš byť tak duchovne naladený na Boha, že budeš schopný rozpoznať diablov úmysel, vzoprieš sa mu a prinútiš ho na útek. S Ježišovou mocou tebe danou nemá na výber, musí len utiecť.</p>
<hr />
<p>Modlitba</p>
<p>Bože, neúspechy a deprimujúce veci mi prídu do cesty, no nezostanem sklamaný. Ak zostanem zameraný na Teba, odolám diablovi a vždy ho prinútim utiecť.</p>

<p>Novú nádej nachádzali sklamaní ľudia všade tam, kde sa stretli s Ježišovou mocou. </p>

<div class="post-featured-wrap"><img width="1024" height="597" src="https://tv.joycemeyer.org/slovak/wp-content/uploads/sites/88/2023/01/2377-1024x597.jpg" class="post-featured wp-post-image" alt="Jednanie so sklamaním" decoding="async" srcset="https://tv.joycemeyer.org/slovak/wp-content/uploads/sites/88/2023/01/2377-1024x597.jpg 1024w, https://tv.joycemeyer.org/slovak/wp-content/uploads/sites/88/2023/01/2377-300x175.jpg 300w, https://tv.joycemeyer.org/slovak/wp-content/uploads/sites/88/2023/01/2377-768x448.jpg 768w, https://tv.joycemeyer.org/slovak/wp-content/uploads/sites/88/2023/01/2377-1536x896.jpg 1536w, https://tv.joycemeyer.org/slovak/wp-content/uploads/sites/88/2023/01/2377.jpg 1800w" sizes="(max-width: 1024px) 100vw, 1024px" /></div>

<!-- This site is optimized with the Yoast SEO plugin v27.4 - https://yoast.com/product/yoast-seo-wordpress/ -->
<title>Jednanie so sklamaním - Joyce Meyer Ministries - Slovak</title>
<meta name="robots" content="index, follow, max-snippet:-1, max-image-preview:large, max-video-preview:-1" />
<link rel="canonical" href="https://tv.joycemeyer.org/slovak/devotional/jednanie-so-sklamanim-2/" />
<meta property="og:locale" content="en_US" />
<meta property="og:type" content="article" />
<meta property="og:title" content="Jednanie so sklamaním - Joyce Meyer Ministries - Slovak" />
<meta property="og:description" content="Novú nádej nachádzali sklamaní ľudia všade tam, kde sa stretli s Ježišovou mocou." />
<meta property="og:url" content="https://tv.joycemeyer.org/slovak/devotional/jednanie-so-sklamanim-2/" />
<meta property="og:site_name" content="Joyce Meyer Ministries - Slovak" />
<meta property="og:image" content="https://tv.joycemeyer.org/slovak/wp-content/uploads/sites/88/2023/01/2377.jpg" />
	<meta property="og:image:width" content="1800" />
	<meta property="og:image:height" content="1050" />
	<meta property="og:image:type" content="image/jpeg" />
<meta name="twitter:card" content="summary_large_image" />
<meta name="twitter:label1" content="Est. reading time" />
	<meta name="twitter:data1" content="2 minutes" />
<script type="application/ld+json" class="yoast-schema-graph">{"@context":"https:\/\/schema.org","@graph":[{"@type":"WebPage","@id":"https:\/\/tv.joycemeyer.org\/slovak\/devotional\/jednanie-so-sklamanim-2\/","url":"https:\/\/tv.joycemeyer.org\/slovak\/devotional\/jednanie-so-sklamanim-2\/","name":"Jednanie so sklamaním - Joyce Meyer Ministries - Slovak","isPartOf":{"@id":"https:\/\/tv.joycemeyer.org\/slovak\/#website"},"primaryImageOfPage":{"@id":"https:\/\/tv.joycemeyer.org\/slovak\/devotional\/jednanie-so-sklamanim-2\/#primaryimage"},"image":{"@id":"https:\/\/tv.joycemeyer.org\/slovak\/devotional\/jednanie-so-sklamanim-2\/#primaryimage"},"thumbnailUrl":"https:\/\/tv.joycemeyer.org\/slovak\/wp-content\/uploads\/sites\/88\/2023\/01\/2377.jpg","datePublished":"2026-04-24T00:01:25+00:00","breadcrumb":{"@id":"https:\/\/tv.joycemeyer.org\/slovak\/devotional\/jednanie-so-sklamanim-2\/#breadcrumb"},"inLanguage":"en-US","potentialAction":[{"@type":"ReadAction","target":["https:\/\/tv.joycemeyer.org\/slovak\/devotional\/jednanie-so-sklamanim-2\/"]}]},{"@type":"ImageObject","inLanguage":"en-US","@id":"https:\/\/tv.joycemeyer.org\/slovak\/devotional\/jednanie-so-sklamanim-2\/#primaryimage","url":"https:\/\/tv.joycemeyer.org\/slovak\/wp-content\/uploads\/sites\/88\/2023\/01\/2377.jpg","contentUrl":"https:\/\/tv.joycemeyer.org\/slovak\/wp-content\/uploads\/sites\/88\/2023\/01\/2377.jpg","width":1800,"height":1050,"caption":"Jednanie so sklamaním"},{"@type":"BreadcrumbList","@id":"https:\/\/tv.joycemeyer.org\/slovak\/devotional\/jednanie-so-sklamanim-2\/#breadcrumb","itemListElement":[{"@type":"ListItem","position":1,"name":"Home","item":"https:\/\/tv.joycemeyer.org\/slovak\/"},{"@type":"ListItem","position":2,"name":"Devotional","item":"https:\/\/tv.joycemeyer.org\/slovak\/devotional\/"},{"@type":"ListItem","position":3,"name":"Jednanie so sklamaním"}]},{"@type":"WebSite","@id":"https:\/\/tv.joycemeyer.org\/slovak\/#website","url":"https:\/\/tv.joycemeyer.org\/slovak\/","name":"Joyce Meyer Ministries - Slovak","description":"Zdieľať Krista - Milovať ľudí","potentialAction":[{"@type":"SearchAction","target":{"@type":"EntryPoint","urlTemplate":"https:\/\/tv.joycemeyer.org\/slovak\/?s={search_term_string}"},"query-input":{"@type":"PropertyValueSpecification","valueRequired":true,"valueName":"search_term_string"}}],"inLanguage":"en-US"}]}</script>
<!-- / Yoast SEO plugin. -->

Jednanie so sklamaním - Joyce Meyer Ministries - Slovak

Novú nádej nachádzali sklamaní ľudia všade tam, kde sa stretli s Ježišovou mocou.

Zdieľať Krista - Milovať ľudí
