{"id":2824,"date":"2019-05-12T00:01:18","date_gmt":"2019-05-12T00:01:18","guid":{"rendered":"https:\/\/tv.joycemeyer.org\/slovak\/?post_type=devotional&#038;p=2824"},"modified":"2024-04-17T16:13:30","modified_gmt":"2024-04-17T16:13:30","slug":"jezis-je-tvojou-skalou","status":"publish","type":"devotional","link":"https:\/\/tv.joycemeyer.org\/slovak\/devotional\/jezis-je-tvojou-skalou\/","title":{"rendered":"Je\u017ei\u0161 je tvojou Skalou"},"content":{"rendered":"<blockquote><p>Ve\u010f ko\u013ekoko\u013evek je zas\u013e\u00faben\u00ed Bo\u017e\u00edch, v \u0147om [Kristovi] s\u00fa v\u0161etky; \u00e1no [odpove\u010f]; preto v \u0147om [v Jeho Osobnosti a Jeho prostredn\u00edctvom] je aj amen (tak nech sa stane) na sl\u00e1vu Bohu skrze n\u00e1s 2.KORIN\u0164ANOM 1:20<\/p><\/blockquote>\n<p>Na viacer\u00fdch miestach v Biblii, ako napr. v 1.Korin\u0165anom 10:4, je Je\u017ei\u0161 ozna\u010dovan\u00fd ako Skala. Apo\u0161tol Pavol \u010falej hovor\u00ed v Kolo\u0161anom 2:7, \u017ee m\u00e1me by\u0165 zakorenen\u00ed v Je\u017ei\u0161ovi.<\/p>\n<p>Ak svoje korene m\u00e1me ovinut\u00e9 okolo Je\u017ei\u0161a Krista, sme na dobrom mieste. Ale, ak ich ovinieme okolo \u010dohoko\u013evek alebo kohoko\u013evek in\u00e9ho, sme v probl\u00e9moch.<\/p>\n<p>\u017diadna osoba alebo vec nebude tak\u00e1 pevn\u00e1 a spo\u013eahliv\u00e1 ako Je\u017ei\u0161. To je d\u00f4vod, pre\u010do je d\u00f4le\u017eit\u00e9 nasmerova\u0165 \u013eud\u00ed na Je\u017ei\u0161a. \u013dudia s\u00fa v\u017edy n\u00e1chyln\u00ed na zlyhanie, ale Je\u017ei\u0161 Kristu nie je. Majte svoju n\u00e1dej \u00faplne a nezmenite\u013ene v \u0147om, nie v \u010dloveku, nie vo veci a ani v nikom inom.<\/p>\n<p>Ak nevlo\u017e\u00edte svoju n\u00e1dej a vieru do Skaly svojho spasenia, smerujete k sklamaniu, ktor\u00e9 vedie k sk\u013e\u00fa\u010denosti a devast\u00e1cii. Mali by sme \u00faplne d\u00f4verova\u0165 v Bo\u017eiu l\u00e1sku k n\u00e1m, \u017ee bez oh\u013eadu na to, \u010do sa proti n\u00e1m postav\u00ed, hlboko vo vn\u00fatri vieme, \u017ee On je s nami a nikdy n\u00e1s nesklame.<\/p>\n<hr \/>\n<p>Sme \u00faplne na dne vo svojich vlastn\u00fdch schopnostiach bez Krista. Bez Boha sme bezmocn\u00ed, s N\u00edm pre n\u00e1s ni\u010d nie je nemo\u017en\u00e9.<\/p>\n","protected":false},"excerpt":{"rendered":"<p>Ak nevlo\u017e\u00edte svoju n\u00e1dej a vieru do Skaly svojho spasenia, smerujete k sklamaniu, ktor\u00e9 vedie k sk\u013e\u00fa\u010denosti a devast\u00e1cii.<\/p>\n","protected":false},"author":20,"featured_media":2825,"parent":0,"menu_order":0,"comment_status":"closed","ping_status":"closed","template":"","class_list":["post-2824","devotional","type-devotional","status-publish","has-post-thumbnail","hentry"],"acf":[],"appp":{"post_detail":{"above_title":"<div class=\"post-featured-wrap\"><img width=\"1024\" height=\"597\" src=\"https:\/\/tv.joycemeyer.org\/slovak\/wp-content\/uploads\/sites\/88\/2024\/04\/2497-1024x597.jpg\" class=\"post-featured wp-post-image\" alt=\"\" decoding=\"async\" srcset=\"https:\/\/tv.joycemeyer.org\/slovak\/wp-content\/uploads\/sites\/88\/2024\/04\/2497-1024x597.jpg 1024w, https:\/\/tv.joycemeyer.org\/slovak\/wp-content\/uploads\/sites\/88\/2024\/04\/2497-300x175.jpg 300w, https:\/\/tv.joycemeyer.org\/slovak\/wp-content\/uploads\/sites\/88\/2024\/04\/2497-768x448.jpg 768w, https:\/\/tv.joycemeyer.org\/slovak\/wp-content\/uploads\/sites\/88\/2024\/04\/2497-1536x896.jpg 1536w, https:\/\/tv.joycemeyer.org\/slovak\/wp-content\/uploads\/sites\/88\/2024\/04\/2497.jpg 1800w\" sizes=\"(max-width: 1024px) 100vw, 1024px\" \/><\/div>","below_content":""}},"yoast_head":"<!-- This site is optimized with the Yoast SEO plugin v27.4 - https:\/\/yoast.com\/product\/yoast-seo-wordpress\/ -->\n<title>Je\u017ei\u0161 je tvojou Skalou - Joyce Meyer Ministries - Slovak<\/title>\n<meta name=\"robots\" content=\"index, follow, max-snippet:-1, max-image-preview:large, max-video-preview:-1\" \/>\n<link rel=\"canonical\" href=\"https:\/\/tv.joycemeyer.org\/slovak\/devotional\/jezis-je-tvojou-skalou\/\" \/>\n<meta property=\"og:locale\" content=\"en_US\" \/>\n<meta property=\"og:type\" content=\"article\" \/>\n<meta property=\"og:title\" content=\"Je\u017ei\u0161 je tvojou Skalou - Joyce Meyer Ministries - Slovak\" \/>\n<meta property=\"og:description\" content=\"Ak nevlo\u017e\u00edte svoju n\u00e1dej a vieru do Skaly svojho spasenia, smerujete k sklamaniu, ktor\u00e9 vedie k sk\u013e\u00fa\u010denosti a devast\u00e1cii.\" \/>\n<meta property=\"og:url\" content=\"https:\/\/tv.joycemeyer.org\/slovak\/devotional\/jezis-je-tvojou-skalou\/\" \/>\n<meta property=\"og:site_name\" content=\"Joyce Meyer Ministries - Slovak\" \/>\n<meta property=\"article:modified_time\" content=\"2024-04-17T16:13:30+00:00\" \/>\n<meta property=\"og:image\" content=\"https:\/\/tv.joycemeyer.org\/slovak\/wp-content\/uploads\/sites\/88\/2024\/04\/2497.jpg\" \/>\n\t<meta property=\"og:image:width\" content=\"1800\" \/>\n\t<meta property=\"og:image:height\" content=\"1050\" \/>\n\t<meta property=\"og:image:type\" content=\"image\/jpeg\" \/>\n<meta name=\"twitter:card\" content=\"summary_large_image\" \/>\n<meta name=\"twitter:label1\" content=\"Est. reading time\" \/>\n\t<meta name=\"twitter:data1\" content=\"1 minute\" \/>\n<script type=\"application\/ld+json\" class=\"yoast-schema-graph\">{\"@context\":\"https:\\\/\\\/schema.org\",\"@graph\":[{\"@type\":\"WebPage\",\"@id\":\"https:\\\/\\\/tv.joycemeyer.org\\\/slovak\\\/devotional\\\/jezis-je-tvojou-skalou\\\/\",\"url\":\"https:\\\/\\\/tv.joycemeyer.org\\\/slovak\\\/devotional\\\/jezis-je-tvojou-skalou\\\/\",\"name\":\"Je\u017ei\u0161 je tvojou Skalou - Joyce Meyer Ministries - Slovak\",\"isPartOf\":{\"@id\":\"https:\\\/\\\/tv.joycemeyer.org\\\/slovak\\\/#website\"},\"primaryImageOfPage\":{\"@id\":\"https:\\\/\\\/tv.joycemeyer.org\\\/slovak\\\/devotional\\\/jezis-je-tvojou-skalou\\\/#primaryimage\"},\"image\":{\"@id\":\"https:\\\/\\\/tv.joycemeyer.org\\\/slovak\\\/devotional\\\/jezis-je-tvojou-skalou\\\/#primaryimage\"},\"thumbnailUrl\":\"https:\\\/\\\/tv.joycemeyer.org\\\/slovak\\\/wp-content\\\/uploads\\\/sites\\\/88\\\/2024\\\/04\\\/2497.jpg\",\"datePublished\":\"2019-05-12T00:01:18+00:00\",\"dateModified\":\"2024-04-17T16:13:30+00:00\",\"breadcrumb\":{\"@id\":\"https:\\\/\\\/tv.joycemeyer.org\\\/slovak\\\/devotional\\\/jezis-je-tvojou-skalou\\\/#breadcrumb\"},\"inLanguage\":\"en-US\",\"potentialAction\":[{\"@type\":\"ReadAction\",\"target\":[\"https:\\\/\\\/tv.joycemeyer.org\\\/slovak\\\/devotional\\\/jezis-je-tvojou-skalou\\\/\"]}]},{\"@type\":\"ImageObject\",\"inLanguage\":\"en-US\",\"@id\":\"https:\\\/\\\/tv.joycemeyer.org\\\/slovak\\\/devotional\\\/jezis-je-tvojou-skalou\\\/#primaryimage\",\"url\":\"https:\\\/\\\/tv.joycemeyer.org\\\/slovak\\\/wp-content\\\/uploads\\\/sites\\\/88\\\/2024\\\/04\\\/2497.jpg\",\"contentUrl\":\"https:\\\/\\\/tv.joycemeyer.org\\\/slovak\\\/wp-content\\\/uploads\\\/sites\\\/88\\\/2024\\\/04\\\/2497.jpg\",\"width\":1800,\"height\":1050,\"caption\":\"Je\u017ei\u0161 je tvojou Skalou\"},{\"@type\":\"BreadcrumbList\",\"@id\":\"https:\\\/\\\/tv.joycemeyer.org\\\/slovak\\\/devotional\\\/jezis-je-tvojou-skalou\\\/#breadcrumb\",\"itemListElement\":[{\"@type\":\"ListItem\",\"position\":1,\"name\":\"Home\",\"item\":\"https:\\\/\\\/tv.joycemeyer.org\\\/slovak\\\/\"},{\"@type\":\"ListItem\",\"position\":2,\"name\":\"Devotional\",\"item\":\"https:\\\/\\\/tv.joycemeyer.org\\\/slovak\\\/devotional\\\/\"},{\"@type\":\"ListItem\",\"position\":3,\"name\":\"Je\u017ei\u0161 je tvojou Skalou\"}]},{\"@type\":\"WebSite\",\"@id\":\"https:\\\/\\\/tv.joycemeyer.org\\\/slovak\\\/#website\",\"url\":\"https:\\\/\\\/tv.joycemeyer.org\\\/slovak\\\/\",\"name\":\"Joyce Meyer Ministries - Slovak\",\"description\":\"Zdie\u013ea\u0165 Krista - Milova\u0165 \u013eud\u00ed\",\"potentialAction\":[{\"@type\":\"SearchAction\",\"target\":{\"@type\":\"EntryPoint\",\"urlTemplate\":\"https:\\\/\\\/tv.joycemeyer.org\\\/slovak\\\/?s={search_term_string}\"},\"query-input\":{\"@type\":\"PropertyValueSpecification\",\"valueRequired\":true,\"valueName\":\"search_term_string\"}}],\"inLanguage\":\"en-US\"}]}<\/script>\n<!-- \/ Yoast SEO plugin. -->","yoast_head_json":{"title":"Je\u017ei\u0161 je tvojou Skalou - Joyce Meyer Ministries - Slovak","robots":{"index":"index","follow":"follow","max-snippet":"max-snippet:-1","max-image-preview":"max-image-preview:large","max-video-preview":"max-video-preview:-1"},"canonical":"https:\/\/tv.joycemeyer.org\/slovak\/devotional\/jezis-je-tvojou-skalou\/","og_locale":"en_US","og_type":"article","og_title":"Je\u017ei\u0161 je tvojou Skalou - Joyce Meyer Ministries - Slovak","og_description":"Ak nevlo\u017e\u00edte svoju n\u00e1dej a vieru do Skaly svojho spasenia, smerujete k sklamaniu, ktor\u00e9 vedie k sk\u013e\u00fa\u010denosti a devast\u00e1cii.","og_url":"https:\/\/tv.joycemeyer.org\/slovak\/devotional\/jezis-je-tvojou-skalou\/","og_site_name":"Joyce Meyer Ministries - Slovak","article_modified_time":"2024-04-17T16:13:30+00:00","og_image":[{"width":1800,"height":1050,"url":"https:\/\/tv.joycemeyer.org\/slovak\/wp-content\/uploads\/sites\/88\/2024\/04\/2497.jpg","type":"image\/jpeg"}],"twitter_card":"summary_large_image","twitter_misc":{"Est. reading time":"1 minute"},"schema":{"@context":"https:\/\/schema.org","@graph":[{"@type":"WebPage","@id":"https:\/\/tv.joycemeyer.org\/slovak\/devotional\/jezis-je-tvojou-skalou\/","url":"https:\/\/tv.joycemeyer.org\/slovak\/devotional\/jezis-je-tvojou-skalou\/","name":"Je\u017ei\u0161 je tvojou Skalou - Joyce Meyer Ministries - Slovak","isPartOf":{"@id":"https:\/\/tv.joycemeyer.org\/slovak\/#website"},"primaryImageOfPage":{"@id":"https:\/\/tv.joycemeyer.org\/slovak\/devotional\/jezis-je-tvojou-skalou\/#primaryimage"},"image":{"@id":"https:\/\/tv.joycemeyer.org\/slovak\/devotional\/jezis-je-tvojou-skalou\/#primaryimage"},"thumbnailUrl":"https:\/\/tv.joycemeyer.org\/slovak\/wp-content\/uploads\/sites\/88\/2024\/04\/2497.jpg","datePublished":"2019-05-12T00:01:18+00:00","dateModified":"2024-04-17T16:13:30+00:00","breadcrumb":{"@id":"https:\/\/tv.joycemeyer.org\/slovak\/devotional\/jezis-je-tvojou-skalou\/#breadcrumb"},"inLanguage":"en-US","potentialAction":[{"@type":"ReadAction","target":["https:\/\/tv.joycemeyer.org\/slovak\/devotional\/jezis-je-tvojou-skalou\/"]}]},{"@type":"ImageObject","inLanguage":"en-US","@id":"https:\/\/tv.joycemeyer.org\/slovak\/devotional\/jezis-je-tvojou-skalou\/#primaryimage","url":"https:\/\/tv.joycemeyer.org\/slovak\/wp-content\/uploads\/sites\/88\/2024\/04\/2497.jpg","contentUrl":"https:\/\/tv.joycemeyer.org\/slovak\/wp-content\/uploads\/sites\/88\/2024\/04\/2497.jpg","width":1800,"height":1050,"caption":"Je\u017ei\u0161 je tvojou Skalou"},{"@type":"BreadcrumbList","@id":"https:\/\/tv.joycemeyer.org\/slovak\/devotional\/jezis-je-tvojou-skalou\/#breadcrumb","itemListElement":[{"@type":"ListItem","position":1,"name":"Home","item":"https:\/\/tv.joycemeyer.org\/slovak\/"},{"@type":"ListItem","position":2,"name":"Devotional","item":"https:\/\/tv.joycemeyer.org\/slovak\/devotional\/"},{"@type":"ListItem","position":3,"name":"Je\u017ei\u0161 je tvojou Skalou"}]},{"@type":"WebSite","@id":"https:\/\/tv.joycemeyer.org\/slovak\/#website","url":"https:\/\/tv.joycemeyer.org\/slovak\/","name":"Joyce Meyer Ministries - Slovak","description":"Zdie\u013ea\u0165 Krista - Milova\u0165 \u013eud\u00ed","potentialAction":[{"@type":"SearchAction","target":{"@type":"EntryPoint","urlTemplate":"https:\/\/tv.joycemeyer.org\/slovak\/?s={search_term_string}"},"query-input":{"@type":"PropertyValueSpecification","valueRequired":true,"valueName":"search_term_string"}}],"inLanguage":"en-US"}]}},"_links":{"self":[{"href":"https:\/\/tv.joycemeyer.org\/slovak\/wp-json\/wp\/v2\/devotional\/2824","targetHints":{"allow":["GET"]}}],"collection":[{"href":"https:\/\/tv.joycemeyer.org\/slovak\/wp-json\/wp\/v2\/devotional"}],"about":[{"href":"https:\/\/tv.joycemeyer.org\/slovak\/wp-json\/wp\/v2\/types\/devotional"}],"author":[{"embeddable":true,"href":"https:\/\/tv.joycemeyer.org\/slovak\/wp-json\/wp\/v2\/users\/20"}],"replies":[{"embeddable":true,"href":"https:\/\/tv.joycemeyer.org\/slovak\/wp-json\/wp\/v2\/comments?post=2824"}],"wp:featuredmedia":[{"embeddable":true,"href":"https:\/\/tv.joycemeyer.org\/slovak\/wp-json\/wp\/v2\/media\/2825"}],"wp:attachment":[{"href":"https:\/\/tv.joycemeyer.org\/slovak\/wp-json\/wp\/v2\/media?parent=2824"}],"curies":[{"name":"wp","href":"https:\/\/api.w.org\/{rel}","templated":true}]}}

Ježiš je tvojou Skalou

<blockquote><p>Veď koľkokoľvek je zasľúbení Božích, v Ňom [Kristovi] sú všetky; áno [odpoveď]; preto v Ňom [v Jeho Osobnosti a Jeho prostredníctvom] je aj amen (tak nech sa stane) na slávu Bohu skrze nás 2.KORINŤANOM 1:20</p></blockquote>
<p>Na viacerých miestach v Biblii, ako napr. v 1.Korinťanom 10:4, je Ježiš označovaný ako Skala. Apoštol Pavol ďalej hovorí v Kološanom 2:7, že máme byť zakorenení v Ježišovi.</p>
<p>Ak svoje korene máme ovinuté okolo Ježiša Krista, sme na dobrom mieste. Ale, ak ich ovinieme okolo čohokoľvek alebo kohokoľvek iného, sme v problémoch.</p>
<p>Žiadna osoba alebo vec nebude taká pevná a spoľahlivá ako Ježiš. To je dôvod, prečo je dôležité nasmerovať ľudí na Ježiša. Ľudia sú vždy náchylní na zlyhanie, ale Ježiš Kristu nie je. Majte svoju nádej úplne a nezmeniteľne v Ňom, nie v človeku, nie vo veci a ani v nikom inom.</p>
<p>Ak nevložíte svoju nádej a vieru do Skaly svojho spasenia, smerujete k sklamaniu, ktoré vedie k skľúčenosti a devastácii. Mali by sme úplne dôverovať v Božiu lásku k nám, že bez ohľadu na to, čo sa proti nám postaví, hlboko vo vnútri vieme, že On je s nami a nikdy nás nesklame.</p>
<hr />
<p>Sme úplne na dne vo svojich vlastných schopnostiach bez Krista. Bez Boha sme bezmocní, s Ním pre nás nič nie je nemožné.</p>

<p>Ak nevložíte svoju nádej a vieru do Skaly svojho spasenia, smerujete k sklamaniu, ktoré vedie k skľúčenosti a devastácii.</p>

<!-- This site is optimized with the Yoast SEO plugin v27.4 - https://yoast.com/product/yoast-seo-wordpress/ -->
<title>Ježiš je tvojou Skalou - Joyce Meyer Ministries - Slovak</title>
<meta name="robots" content="index, follow, max-snippet:-1, max-image-preview:large, max-video-preview:-1" />
<link rel="canonical" href="https://tv.joycemeyer.org/slovak/devotional/jezis-je-tvojou-skalou/" />
<meta property="og:locale" content="en_US" />
<meta property="og:type" content="article" />
<meta property="og:title" content="Ježiš je tvojou Skalou - Joyce Meyer Ministries - Slovak" />
<meta property="og:description" content="Ak nevložíte svoju nádej a vieru do Skaly svojho spasenia, smerujete k sklamaniu, ktoré vedie k skľúčenosti a devastácii." />
<meta property="og:url" content="https://tv.joycemeyer.org/slovak/devotional/jezis-je-tvojou-skalou/" />
<meta property="og:site_name" content="Joyce Meyer Ministries - Slovak" />
<meta property="article:modified_time" content="2024-04-17T16:13:30+00:00" />
<meta property="og:image" content="https://tv.joycemeyer.org/slovak/wp-content/uploads/sites/88/2024/04/2497.jpg" />
	<meta property="og:image:width" content="1800" />
	<meta property="og:image:height" content="1050" />
	<meta property="og:image:type" content="image/jpeg" />
<meta name="twitter:card" content="summary_large_image" />
<meta name="twitter:label1" content="Est. reading time" />
	<meta name="twitter:data1" content="1 minute" />
<script type="application/ld+json" class="yoast-schema-graph">{"@context":"https:\/\/schema.org","@graph":[{"@type":"WebPage","@id":"https:\/\/tv.joycemeyer.org\/slovak\/devotional\/jezis-je-tvojou-skalou\/","url":"https:\/\/tv.joycemeyer.org\/slovak\/devotional\/jezis-je-tvojou-skalou\/","name":"Ježiš je tvojou Skalou - Joyce Meyer Ministries - Slovak","isPartOf":{"@id":"https:\/\/tv.joycemeyer.org\/slovak\/#website"},"primaryImageOfPage":{"@id":"https:\/\/tv.joycemeyer.org\/slovak\/devotional\/jezis-je-tvojou-skalou\/#primaryimage"},"image":{"@id":"https:\/\/tv.joycemeyer.org\/slovak\/devotional\/jezis-je-tvojou-skalou\/#primaryimage"},"thumbnailUrl":"https:\/\/tv.joycemeyer.org\/slovak\/wp-content\/uploads\/sites\/88\/2024\/04\/2497.jpg","datePublished":"2019-05-12T00:01:18+00:00","dateModified":"2024-04-17T16:13:30+00:00","breadcrumb":{"@id":"https:\/\/tv.joycemeyer.org\/slovak\/devotional\/jezis-je-tvojou-skalou\/#breadcrumb"},"inLanguage":"en-US","potentialAction":[{"@type":"ReadAction","target":["https:\/\/tv.joycemeyer.org\/slovak\/devotional\/jezis-je-tvojou-skalou\/"]}]},{"@type":"ImageObject","inLanguage":"en-US","@id":"https:\/\/tv.joycemeyer.org\/slovak\/devotional\/jezis-je-tvojou-skalou\/#primaryimage","url":"https:\/\/tv.joycemeyer.org\/slovak\/wp-content\/uploads\/sites\/88\/2024\/04\/2497.jpg","contentUrl":"https:\/\/tv.joycemeyer.org\/slovak\/wp-content\/uploads\/sites\/88\/2024\/04\/2497.jpg","width":1800,"height":1050,"caption":"Ježiš je tvojou Skalou"},{"@type":"BreadcrumbList","@id":"https:\/\/tv.joycemeyer.org\/slovak\/devotional\/jezis-je-tvojou-skalou\/#breadcrumb","itemListElement":[{"@type":"ListItem","position":1,"name":"Home","item":"https:\/\/tv.joycemeyer.org\/slovak\/"},{"@type":"ListItem","position":2,"name":"Devotional","item":"https:\/\/tv.joycemeyer.org\/slovak\/devotional\/"},{"@type":"ListItem","position":3,"name":"Ježiš je tvojou Skalou"}]},{"@type":"WebSite","@id":"https:\/\/tv.joycemeyer.org\/slovak\/#website","url":"https:\/\/tv.joycemeyer.org\/slovak\/","name":"Joyce Meyer Ministries - Slovak","description":"Zdieľať Krista - Milovať ľudí","potentialAction":[{"@type":"SearchAction","target":{"@type":"EntryPoint","urlTemplate":"https:\/\/tv.joycemeyer.org\/slovak\/?s={search_term_string}"},"query-input":{"@type":"PropertyValueSpecification","valueRequired":true,"valueName":"search_term_string"}}],"inLanguage":"en-US"}]}</script>
<!-- / Yoast SEO plugin. -->

Ježiš je tvojou Skalou - Joyce Meyer Ministries - Slovak

Ak nevložíte svoju nádej a vieru do Skaly svojho spasenia, smerujete k sklamaniu, ktoré vedie k skľúčenosti a devastácii.

Zdieľať Krista - Milovať ľudí
